000
CDUS42 KRAH 010642
CLIGSO


CLIMATE REPORT
NATIONAL WEATHER SERVICE RALEIGH NC
240 AM EDT SUN MAY 1 2016


...................................

...THE PIEDMONT TRIAD INTL AIRPORT NC CLIMATE SUMMARY FOR APRIL 30 2016...

CLIMATE NORMAL PERIOD 1981 TO 2010
CLIMATE RECORD PERIOD 1903 TO 2016


WEATHER ITEM   OBSERVED TIME   RECORD YEAR NORMAL DEPARTURE LAST
                VALUE   (LST)  VALUE       VALUE  FROM      YEAR
                                                  NORMAL
..................................................................
TEMPERATURE (F)
 YESTERDAY
  MAXIMUM         65   1213 AM  91    1915  74     -9       74
                                      1914
  MINIMUM         58   1159 PM  33    1961  51      7       47
  AVERAGE         62                        63     -1       61

PRECIPITATION (IN)
  YESTERDAY        0.15          0.99 1923   0.10   0.05     0.02
  MONTH TO DATE    2.20                      3.57  -1.37     2.50
  SINCE MAR 1      4.16                      7.30  -3.14     5.22
  SINCE JAN 1     10.30                     13.32  -3.02     9.90

SNOWFALL (IN)
  YESTERDAY        0.0           0.0    MM   0.0    0.0      0.0
  MONTH TO DATE    0.0                       0.0    0.0      0.0
  SINCE MAR 1      0.0                       0.8   -0.8       T
  SINCE JUL 1      4.5                       7.5   -3.0      9.6
  SNOW DEPTH       0

DEGREE DAYS
 HEATING
  YESTERDAY        3                         4     -1        4
  MONTH TO DATE  185                       220    -35      162
  SINCE MAR 1    453                       691   -238      590
  SINCE JUL 1   2839                      3546   -707     3675

 COOLING
  YESTERDAY        0                         2     -2        0
  MONTH TO DATE   51                        33     18       35
  SINCE MAR 1     77                        38     39       37
  SINCE JAN 1     77                        38     39       37
..................................................................


WIND (MPH)
  HIGHEST WIND SPEED    15   HIGHEST WIND DIRECTION     E (80)
  HIGHEST GUST SPEED    17   HIGHEST GUST DIRECTION     E (70)
  AVERAGE WIND SPEED     8.9


SKY COVER
  POSSIBLE SUNSHINE  MM
  AVERAGE SKY COVER 1.0


WEATHER CONDITIONS
 THE FOLLOWING WEATHER WAS RECORDED YESTERDAY.
  LIGHT RAIN
  FOG


RELATIVE HUMIDITY (PERCENT)
 HIGHEST   100          1000 AM
 LOWEST     81          1200 AM
 AVERAGE    91

..........................................................


THE PIEDMONT TRIAD INTL AIRPORT NC CLIMATE NORMALS FOR TODAY
                         NORMAL    RECORD    YEAR
 MAXIMUM TEMPERATURE (F)   74        92      1962
 MINIMUM TEMPERATURE (F)   52        36      1996
                                             1925
                                             1908


SUNRISE AND SUNSET
MAY  1 2016...........SUNRISE   627 AM EDT   SUNSET   808 PM EDT
MAY  2 2016...........SUNRISE   625 AM EDT   SUNSET   808 PM EDT


-  INDICATES NEGATIVE NUMBERS.
R  INDICATES RECORD WAS SET OR TIED.
MM INDICATES DATA IS MISSING.
T  INDICATES TRACE AMOUNT.




$$
