000
CDUS42 KRAH 240703
CLIGSO


CLIMATE REPORT
NATIONAL WEATHER SERVICE RALEIGH NC
301 AM EDT WED AUG 24 2016


...................................

...THE PIEDMONT TRIAD INTL AIRPORT NC CLIMATE SUMMARY FOR AUGUST 23 2016...

CLIMATE NORMAL PERIOD 1981 TO 2010
CLIMATE RECORD PERIOD 1903 TO 2016


WEATHER ITEM   OBSERVED TIME   RECORD YEAR NORMAL DEPARTURE LAST
                VALUE   (LST)  VALUE       VALUE  FROM      YEAR
                                                  NORMAL
..................................................................
TEMPERATURE (F)
 YESTERDAY
  MAXIMUM         86    239 PM  99    1983  86      0       84
  MINIMUM         66    537 AM  52    1925  68     -2       69
  AVERAGE         76                        77     -1       77

PRECIPITATION (IN)
  YESTERDAY        0.00          1.10 1949   0.13  -0.13     0.00
  MONTH TO DATE    4.57                      2.84   1.73     6.66
  SINCE JUN 1     11.43                     11.05   0.38    12.06
  SINCE JAN 1     30.40                     27.75   2.65    25.02

DEGREE DAYS
 HEATING
  YESTERDAY        0                         0      0        0
  MONTH TO DATE    0                         0      0        0
  SINCE JUN 1      0                         6     -6        3
  SINCE JUL 1      0                         0      0        0

 COOLING
  YESTERDAY       11                        12     -1       12
  MONTH TO DATE  353                       291     62      308
  SINCE JUN 1   1242                      1017    225     1195
  SINCE JAN 1   1442                      1176    266     1429
..................................................................


WIND (MPH)
  HIGHEST WIND SPEED    12   HIGHEST WIND DIRECTION    NE (60)
  HIGHEST GUST SPEED    16   HIGHEST GUST DIRECTION     E (110)
  AVERAGE WIND SPEED     4.7


SKY COVER
  POSSIBLE SUNSHINE  MM
  AVERAGE SKY COVER 0.6


WEATHER CONDITIONS
 THE FOLLOWING WEATHER WAS RECORDED YESTERDAY.
  NO SIGNIFICANT WEATHER WAS OBSERVED.


RELATIVE HUMIDITY (PERCENT)
 HIGHEST    87           200 AM
 LOWEST     40           300 PM
 AVERAGE    64

..........................................................


THE PIEDMONT TRIAD INTL AIRPORT NC CLIMATE NORMALS FOR TODAY
                         NORMAL    RECORD    YEAR
 MAXIMUM TEMPERATURE (F)   86        98      1968
 MINIMUM TEMPERATURE (F)   67        51      1931
                                             1930


SUNRISE AND SUNSET
AUGUST 24 2016........SUNRISE   646 AM EDT   SUNSET   758 PM EDT
AUGUST 25 2016........SUNRISE   646 AM EDT   SUNSET   756 PM EDT


-  INDICATES NEGATIVE NUMBERS.
R  INDICATES RECORD WAS SET OR TIED.
MM INDICATES DATA IS MISSING.
T  INDICATES TRACE AMOUNT.




$$
