000
CDUS42 KRAH 230643
CLIGSO


CLIMATE REPORT
NATIONAL WEATHER SERVICE RALEIGH NC
242 AM EDT WED AUG 23 2017


...................................

...THE PIEDMONT TRIAD INTL AIRPORT NC CLIMATE SUMMARY FOR AUGUST 22 2017...

CLIMATE NORMAL PERIOD 1981 TO 2010
CLIMATE RECORD PERIOD 1903 TO 2017


WEATHER ITEM   OBSERVED TIME   RECORD YEAR NORMAL DEPARTURE LAST
                VALUE   (LST)  VALUE       VALUE  FROM      YEAR
                                                  NORMAL
..................................................................
TEMPERATURE (F)
 YESTERDAY
  MAXIMUM         92    328 PM 100    1983  86      6       84
  MINIMUM         69    612 AM  50    1922  68      1       65
  AVERAGE         81                        77      4       75

PRECIPITATION (IN)
  YESTERDAY        0.00          2.96 1931   0.13  -0.13     0.00
  MONTH TO DATE    2.13                      2.71  -0.58     4.57
  SINCE JUN 1     13.11                     10.92   2.19    11.43
  SINCE JAN 1     34.14                     27.62   6.52    30.40

DEGREE DAYS
 HEATING
  YESTERDAY        0                         0      0        0
  MONTH TO DATE    0                         0      0        0
  SINCE JUN 1      1                         6     -5        0
  SINCE JUL 1      0                         0      0        0

 COOLING
  YESTERDAY       16                        12      4       10
  MONTH TO DATE  284                       279      5      342
  SINCE JUN 1   1047                      1005     42     1231
  SINCE JAN 1   1281                      1164    117     1431
..................................................................


WIND (MPH)
  HIGHEST WIND SPEED    15   HIGHEST WIND DIRECTION     W (250)
  HIGHEST GUST SPEED    19   HIGHEST GUST DIRECTION     W (270)
  AVERAGE WIND SPEED     7.5


SKY COVER
  POSSIBLE SUNSHINE  MM
  AVERAGE SKY COVER 0.2


WEATHER CONDITIONS
 THE FOLLOWING WEATHER WAS RECORDED YESTERDAY.
  FOG


RELATIVE HUMIDITY (PERCENT)
 HIGHEST   100           300 AM
 LOWEST     44           500 PM
 AVERAGE    72

..........................................................


THE PIEDMONT TRIAD INTL AIRPORT NC CLIMATE NORMALS FOR TODAY
                         NORMAL    RECORD    YEAR
 MAXIMUM TEMPERATURE (F)   86        99      1983
 MINIMUM TEMPERATURE (F)   68        52      1925


SUNRISE AND SUNSET
AUGUST 23 2017........SUNRISE   645 AM EDT   SUNSET   759 PM EDT
AUGUST 24 2017........SUNRISE   645 AM EDT   SUNSET   758 PM EDT


-  INDICATES NEGATIVE NUMBERS.
R  INDICATES RECORD WAS SET OR TIED.
MM INDICATES DATA IS MISSING.
T  INDICATES TRACE AMOUNT.




$$
