094
CDUS42 KRAH 170637
CLIGSO

CLIMATE REPORT
NATIONAL WEATHER SERVICE RALEIGH NC
135 AM EST TUE JAN 17 2017
...................................

...THE PIEDMONT TRIAD INTL AIRPORT NC CLIMATE SUMMARY FOR JANUARY 16 2017...

CLIMATE NORMAL PERIOD 1981 TO 2010
CLIMATE RECORD PERIOD 1903 TO 2017


WEATHER ITEM   OBSERVED TIME   RECORD YEAR NORMAL DEPARTURE LAST
                VALUE   (LST)  VALUE       VALUE  FROM      YEAR
                                                  NORMAL
..................................................................
TEMPERATURE (F)
 YESTERDAY
  MAXIMUM         54    403 PM  78    1907  48      6       59
  MINIMUM         45    907 AM  -1    1972  29     16       37
  AVERAGE         50                        39     11       48

PRECIPITATION (IN)
  YESTERDAY        0.00          1.02 1941   0.10  -0.10     0.00
  MONTH TO DATE    2.18                      1.61   0.57     0.93
  SINCE DEC 1      3.88                      4.59  -0.71     7.58
  SINCE JAN 1      2.18                      1.61   0.57     0.93

SNOWFALL (IN)
  YESTERDAY        0.0           3.7  1965   0.1   -0.1      0.0
  MONTH TO DATE    8.0                       1.7    6.3       T
  SINCE DEC 1      8.0                       2.5    5.5       T
  SINCE JUL 1      8.0                       2.6    5.4       T
  SNOW DEPTH       0

DEGREE DAYS
 HEATING
  YESTERDAY       15                        26    -11       17
  MONTH TO DATE  386                       416    -30      414
  SINCE DEC 1   1071                      1150    -79      778
  SINCE JUL 1   1521                      1830   -309     1292

 COOLING
  YESTERDAY        0                         0      0        0
  MONTH TO DATE    0                         0      0        0
  SINCE DEC 1      0                         1     -1       15
  SINCE JAN 1      0                         0      0        0
..................................................................


WIND (MPH)
  HIGHEST WIND SPEED    10   HIGHEST WIND DIRECTION     E (100)
  HIGHEST GUST SPEED    12   HIGHEST GUST DIRECTION     E (100)
  AVERAGE WIND SPEED     5.0


SKY COVER
  POSSIBLE SUNSHINE  MM
  AVERAGE SKY COVER 1.0


WEATHER CONDITIONS
 THE FOLLOWING WEATHER WAS RECORDED YESTERDAY.
  NO SIGNIFICANT WEATHER WAS OBSERVED.


RELATIVE HUMIDITY (PERCENT)
 HIGHEST    93           900 PM
 LOWEST     66          1100 AM
 AVERAGE    80

..........................................................


THE PIEDMONT TRIAD INTL AIRPORT NC CLIMATE NORMALS FOR TODAY
                         NORMAL    RECORD    YEAR
 MAXIMUM TEMPERATURE (F)   48        76      1943
 MINIMUM TEMPERATURE (F)   29        -2      1977


SUNRISE AND SUNSET
JANUARY 17 2017.......SUNRISE   729 AM EST   SUNSET   531 PM EST
JANUARY 18 2017.......SUNRISE   729 AM EST   SUNSET   532 PM EST


-  INDICATES NEGATIVE NUMBERS.
R  INDICATES RECORD WAS SET OR TIED.
MM INDICATES DATA IS MISSING.
T  INDICATES TRACE AMOUNT.

$$
