000
CDUS42 KRAH 222147
CLIGSO


CLIMATE REPORT
NATIONAL WEATHER SERVICE RALEIGH NC
445 PM EST MON DEC 22 2014


...................................

...THE PIEDMONT TRIAD INTL AIRPORT NC CLIMATE SUMMARY FOR DECEMBER 22 2014...
VALID TODAY AS OF 0445 PM LOCAL TIME.

CLIMATE NORMAL PERIOD 1981 TO 2010
CLIMATE RECORD PERIOD 1903 TO 2014


WEATHER ITEM   OBSERVED TIME   RECORD YEAR NORMAL DEPARTURE LAST
                VALUE   (LST)  VALUE       VALUE  FROM      YEAR
                                                  NORMAL
..................................................................
TEMPERATURE (F)
 TODAY
  MAXIMUM         40    150 AM  73    2013  49     -9       73
  MINIMUM         34    845 AM   7    1989  31      3       60
  AVERAGE         37                        40     -3       67

PRECIPITATION (IN)
  TODAY            0.10          1.36 1967   0.10   0.00     0.76
  MONTH TO DATE    0.63                      2.14  -1.51     3.06
  SINCE DEC 1      0.63                      2.14  -1.51     3.06
  SINCE JAN 1     34.78                     41.36  -6.58    48.30

SNOWFALL (IN)
  TODAY            0.0           2.0  1935   0.1   -0.1      0.0
  MONTH TO DATE    T                         0.4   -0.4      0.0
  SINCE DEC 1      T                         0.4   -0.4      0.0
  SINCE JUL 1      T                         0.5   -0.5       T
  SNOW DEPTH       0

DEGREE DAYS
 HEATING
  TODAY           28                        25      3        0
  MONTH TO DATE  463                       503    -40      414
  SINCE DEC 1    463                       503    -40      414
  SINCE JUL 1   1213                      1183     30     1148

 COOLING
  TODAY            0                         0      0        2
  MONTH TO DATE    0                         0      0        8
  SINCE DEC 1      0                         0      0        8
  SINCE JAN 1   1499                      1483     16     1389
..................................................................


WIND (MPH)
  HIGHEST WIND SPEED    16   HIGHEST WIND DIRECTION    NE (50)
  HIGHEST GUST SPEED    21   HIGHEST GUST DIRECTION    NE (50)
  AVERAGE WIND SPEED    10.5


SKY COVER
  POSSIBLE SUNSHINE  MM
  AVERAGE SKY COVER 0.9


WEATHER CONDITIONS
 THE FOLLOWING WEATHER WAS RECORDED TODAY.
  LIGHT RAIN
  FOG
  HAZE


RELATIVE HUMIDITY (PERCENT)
 HIGHEST    96           800 AM
 LOWEST     76           200 AM
 AVERAGE    86

..........................................................


THE PIEDMONT TRIAD INTL AIRPORT NC CLIMATE NORMALS FOR TOMORROW
                         NORMAL    RECORD    YEAR
 MAXIMUM TEMPERATURE (F)   49        69      1990
 MINIMUM TEMPERATURE (F)   31         1      1935


SUNRISE AND SUNSET
DECEMBER 22 2014......SUNRISE   727 AM EST   SUNSET   510 PM EST
DECEMBER 23 2014......SUNRISE   728 AM EST   SUNSET   510 PM EST


-  INDICATES NEGATIVE NUMBERS.
R  INDICATES RECORD WAS SET OR TIED.
MM INDICATES DATA IS MISSING.
T  INDICATES TRACE AMOUNT.




$$
