000
CDUS42 KRAH 270541
CLIGSO


CLIMATE REPORT
NATIONAL WEATHER SERVICE RALEIGH NC
140 AM EDT TUE SEP 27 2016


...................................

...THE PIEDMONT TRIAD INTL AIRPORT NC CLIMATE SUMMARY FOR SEPTEMBER 26 2016...

CLIMATE NORMAL PERIOD 1981 TO 2010
CLIMATE RECORD PERIOD 1903 TO 2016


WEATHER ITEM   OBSERVED TIME   RECORD YEAR NORMAL DEPARTURE LAST
                VALUE   (LST)  VALUE       VALUE  FROM      YEAR
                                                  NORMAL
..................................................................
TEMPERATURE (F)
 YESTERDAY
  MAXIMUM         80    224 PM  93    1986  76      4       66
  MINIMUM         66   1025 PM  37    1950  56     10       62
  AVERAGE         73                        66      7       64

PRECIPITATION (IN)
  YESTERDAY        0.75          3.71 1956   0.12   0.63     0.91
  MONTH TO DATE    1.27                      3.70  -2.43     3.63
  SINCE SEP 1      1.27                      3.70  -2.43     3.63
  SINCE JAN 1     32.07                     32.49  -0.42    28.84

DEGREE DAYS
 HEATING
  YESTERDAY        0                         2     -2        1
  MONTH TO DATE    0                        19    -19        7
  SINCE SEP 1      0                        19    -19        7
  SINCE JUL 1      0                        20    -20        7

 COOLING
  YESTERDAY        8                         3      5        0
  MONTH TO DATE  306                       172    134      202
  SINCE SEP 1    306                       172    134      202
  SINCE JAN 1   1873                      1434    439     1716
..................................................................


WIND (MPH)
  HIGHEST WIND SPEED    20   HIGHEST WIND DIRECTION    NW (300)
  HIGHEST GUST SPEED    22   HIGHEST GUST DIRECTION    NW (300)
  AVERAGE WIND SPEED     8.8


SKY COVER
  POSSIBLE SUNSHINE  MM
  AVERAGE SKY COVER 1.0


WEATHER CONDITIONS
 THE FOLLOWING WEATHER WAS RECORDED YESTERDAY.
  HEAVY RAIN
  RAIN
  LIGHT RAIN
  FOG


RELATIVE HUMIDITY (PERCENT)
 HIGHEST   100           400 AM
 LOWEST     74           200 PM
 AVERAGE    87

..........................................................


THE PIEDMONT TRIAD INTL AIRPORT NC CLIMATE NORMALS FOR TODAY
                         NORMAL    RECORD    YEAR
 MAXIMUM TEMPERATURE (F)   76        90      2007
                                             1986
 MINIMUM TEMPERATURE (F)   56        39      1940


SUNRISE AND SUNSET
SEPTEMBER 27 2016.....SUNRISE   712 AM EDT   SUNSET   709 PM EDT
SEPTEMBER 28 2016.....SUNRISE   713 AM EDT   SUNSET   707 PM EDT


-  INDICATES NEGATIVE NUMBERS.
R  INDICATES RECORD WAS SET OR TIED.
MM INDICATES DATA IS MISSING.
T  INDICATES TRACE AMOUNT.




$$
