000
CDUS42 KRAH 250629
CLIGSO


CLIMATE REPORT
NATIONAL WEATHER SERVICE RALEIGH NC
227 AM EDT SUN JUN 25 2017


...................................

...THE PIEDMONT TRIAD INTL AIRPORT NC CLIMATE SUMMARY FOR JUNE 24 2017...

CLIMATE NORMAL PERIOD 1981 TO 2010
CLIMATE RECORD PERIOD 1903 TO 2017


WEATHER ITEM   OBSERVED TIME   RECORD YEAR NORMAL DEPARTURE LAST
                VALUE   (LST)  VALUE       VALUE  FROM      YEAR
                                                  NORMAL
..................................................................
TEMPERATURE (F)
 YESTERDAY
  MAXIMUM         87   1227 PM 103    1914  87      0       90
  MINIMUM         70   1159 PM  51    1918  68      2       68
                                      1915
  AVERAGE         79                        77      2       79

PRECIPITATION (IN)
  YESTERDAY        0.16          1.29 1995   0.12   0.04     0.05
  MONTH TO DATE    9.81                      3.02   6.79     1.64
  SINCE JUN 1      9.81                      3.02   6.79     1.64
  SINCE JAN 1     30.84                     19.72  11.12    20.61

DEGREE DAYS
 HEATING
  YESTERDAY        0                         0      0        0
  MONTH TO DATE    1                         5     -4        0
  SINCE JUN 1      1                         5     -4        0
  SINCE JUL 1   2774                      3617   -843     2906

 COOLING
  YESTERDAY       14                        12      2       14
  MONTH TO DATE  244                       231     13      291
  SINCE JUN 1    244                       231     13      291
  SINCE JAN 1    478                       390     88      491
..................................................................


WIND (MPH)
  HIGHEST WIND SPEED    29   HIGHEST WIND DIRECTION    SW (220)
  HIGHEST GUST SPEED    38   HIGHEST GUST DIRECTION    SW (220)
  AVERAGE WIND SPEED     8.5


SKY COVER
  POSSIBLE SUNSHINE  MM
  AVERAGE SKY COVER 0.8


WEATHER CONDITIONS
 THE FOLLOWING WEATHER WAS RECORDED YESTERDAY.
  THUNDERSTORM
  HEAVY RAIN
  LIGHT RAIN
  FOG


RELATIVE HUMIDITY (PERCENT)
 HIGHEST   100           400 PM
 LOWEST     65          1000 AM
 AVERAGE    83

..........................................................


THE PIEDMONT TRIAD INTL AIRPORT NC CLIMATE NORMALS FOR TODAY
                         NORMAL    RECORD    YEAR
 MAXIMUM TEMPERATURE (F)   87       101      1914
 MINIMUM TEMPERATURE (F)   68        52      1936


SUNRISE AND SUNSET
JUNE 25 2017..........SUNRISE   604 AM EDT   SUNSET   841 PM EDT
JUNE 26 2017..........SUNRISE   605 AM EDT   SUNSET   841 PM EDT


-  INDICATES NEGATIVE NUMBERS.
R  INDICATES RECORD WAS SET OR TIED.
MM INDICATES DATA IS MISSING.
T  INDICATES TRACE AMOUNT.




$$
