000
CDUS42 KRAH 182047
CLIGSO


CLIMATE REPORT
NATIONAL WEATHER SERVICE RALEIGH NC
446 PM EDT WED OCT 18 2017


...................................

...THE PIEDMONT TRIAD INTL AIRPORT NC CLIMATE SUMMARY FOR OCTOBER 18 2017...
VALID TODAY AS OF 0446 PM LOCAL TIME.

CLIMATE NORMAL PERIOD 1981 TO 2010
CLIMATE RECORD PERIOD 1903 TO 2017


WEATHER ITEM   OBSERVED TIME   RECORD YEAR NORMAL DEPARTURE LAST
                VALUE   (LST)  VALUE       VALUE  FROM      YEAR
                                                  NORMAL
..................................................................
TEMPERATURE (F)
 TODAY
  MAXIMUM         68    343 PM  89    1938  70     -2       83
  MINIMUM         39    643 AM  25    1943  48     -9       59
  AVERAGE         54                        59     -5       71

PRECIPITATION (IN)
  TODAY            0.00          1.97 1968   0.10  -0.10     0.00
  MONTH TO DATE    1.16                      1.81  -0.65     3.91
  SINCE SEP 1      3.96                      6.00  -2.04     6.13
  SINCE JAN 1     38.41                     34.79   3.62    36.93

DEGREE DAYS
 HEATING
  TODAY           11                         7      4        0
  MONTH TO DATE   42                        89    -47       35
  SINCE SEP 1     64                       119    -55       35
  SINCE JUL 1     64                       120    -56       35

 COOLING
  TODAY            0                         1     -1        6
  MONTH TO DATE   71                        27     44       34
  SINCE SEP 1    257                       212     45      373
  SINCE JAN 1   1611                      1474    137     1940
..................................................................


WIND (MPH)
  HIGHEST WIND SPEED    10   HIGHEST WIND DIRECTION    NE (50)
  HIGHEST GUST SPEED    13   HIGHEST GUST DIRECTION     E (100)
  AVERAGE WIND SPEED     2.2


SKY COVER
  POSSIBLE SUNSHINE  MM
  AVERAGE SKY COVER 0.2


WEATHER CONDITIONS
 THE FOLLOWING WEATHER WAS RECORDED TODAY.
  HAZE


RELATIVE HUMIDITY (PERCENT)
 HIGHEST    93           400 AM
 LOWEST     32           200 PM
 AVERAGE    63

..........................................................


THE PIEDMONT TRIAD INTL AIRPORT NC CLIMATE NORMALS FOR TOMORROW
                         NORMAL    RECORD    YEAR
 MAXIMUM TEMPERATURE (F)   70        88      2016
 MINIMUM TEMPERATURE (F)   48        28      1948


SUNRISE AND SUNSET
OCTOBER 18 2017.......SUNRISE   730 AM EDT   SUNSET   640 PM EDT
OCTOBER 19 2017.......SUNRISE   730 AM EDT   SUNSET   638 PM EDT


-  INDICATES NEGATIVE NUMBERS.
R  INDICATES RECORD WAS SET OR TIED.
MM INDICATES DATA IS MISSING.
T  INDICATES TRACE AMOUNT.




$$
