000
CDUS42 KRAH 030551
CLIGSO


CLIMATE REPORT
NATIONAL WEATHER SERVICE RALEIGH NC
148 AM EDT WED JUN 3 2015


...................................

...THE PIEDMONT TRIAD INTL AIRPORT NC CLIMATE SUMMARY FOR JUNE 2 2015...

CLIMATE NORMAL PERIOD 1981 TO 2010
CLIMATE RECORD PERIOD 1903 TO 2015


WEATHER ITEM   OBSERVED TIME   RECORD YEAR NORMAL DEPARTURE LAST
                VALUE   (LST)  VALUE       VALUE  FROM      YEAR
                                                  NORMAL
..................................................................
TEMPERATURE (F)
 YESTERDAY
  MAXIMUM         79    229 PM 100    1951  82     -3       80
  MINIMUM         65   1159 PM  44    1966  62      3       55
  AVERAGE         72                        72      0       68

PRECIPITATION (IN)
  YESTERDAY        0.74          1.97 1915   0.13   0.61     0.00
  MONTH TO DATE    0.91                      0.26   0.65     0.00
  SINCE JUN 1      0.91                      0.26   0.65     0.00
  SINCE JAN 1     13.87                     16.96  -3.09    17.49

DEGREE DAYS
 HEATING
  YESTERDAY        0                         1     -1        0
  MONTH TO DATE    0                         2     -2        0
  SINCE JUN 1      0                         2     -2        0
  SINCE JUL 1   3695                      3614     81     3818

 COOLING
  YESTERDAY        7                         7      0        3
  MONTH TO DATE   18                        14      4        9
  SINCE JUN 1     18                        14      4        9
  SINCE JAN 1    252                       173     79      206
..................................................................


WIND (MPH)
  HIGHEST WIND SPEED    13   HIGHEST WIND DIRECTION    NE (40)
  HIGHEST GUST SPEED    17   HIGHEST GUST DIRECTION     E (100)
  AVERAGE WIND SPEED     3.3


SKY COVER
  POSSIBLE SUNSHINE  MM
  AVERAGE SKY COVER 0.9


WEATHER CONDITIONS
 THE FOLLOWING WEATHER WAS RECORDED YESTERDAY.
  THUNDERSTORM
  HEAVY RAIN
  RAIN
  LIGHT RAIN
  FOG


RELATIVE HUMIDITY (PERCENT)
 HIGHEST   100           700 AM
 LOWEST     56           300 PM
 AVERAGE    78

..........................................................


THE PIEDMONT TRIAD INTL AIRPORT NC CLIMATE NORMALS FOR TODAY
                         NORMAL    RECORD    YEAR
 MAXIMUM TEMPERATURE (F)   82        99      1918
 MINIMUM TEMPERATURE (F)   62        47      1966


SUNRISE AND SUNSET
JUNE  3 2015..........SUNRISE   604 AM EDT   SUNSET   832 PM EDT
JUNE  4 2015..........SUNRISE   603 AM EDT   SUNSET   833 PM EDT


-  INDICATES NEGATIVE NUMBERS.
R  INDICATES RECORD WAS SET OR TIED.
MM INDICATES DATA IS MISSING.
T  INDICATES TRACE AMOUNT.




$$
