000
CDUS42 KRAH 280640
CLIGSO

CLIMATE REPORT
NATIONAL WEATHER SERVICE RALEIGH NC
237 AM EDT TUE MAR 28 2017
...................................

...THE PIEDMONT TRIAD INTL AIRPORT NC CLIMATE SUMMARY FOR MARCH 27 2017...

CLIMATE NORMAL PERIOD 1981 TO 2010
CLIMATE RECORD PERIOD 1903 TO 2017


WEATHER ITEM   OBSERVED TIME   RECORD YEAR NORMAL DEPARTURE LAST
                VALUE   (LST)  VALUE       VALUE  FROM      YEAR
                                                  NORMAL
..................................................................
TEMPERATURE (F)
 YESTERDAY
  MAXIMUM         76    455 PM  86    1921  64     12       56
  MINIMUM         58    706 AM  17    1955  42     16       50
  AVERAGE         67                        53     14       53

PRECIPITATION (IN)
  YESTERDAY        0.10          1.42 1936   0.12  -0.02     1.25
  MONTH TO DATE    1.68                      3.23  -1.55     1.82
  SINCE MAR 1      1.68                      3.23  -1.55     1.82
  SINCE JAN 1      7.29                      9.25  -1.96     7.96

SNOWFALL (IN)
  YESTERDAY        0.0           2.3  1947   0.0    0.0      0.0
  MONTH TO DATE    T                         0.8   -0.8      0.0
  SINCE MAR 1      T                         0.8   -0.8      0.0
  SINCE JUL 1      8.0                       7.5    0.5      4.5
  SNOW DEPTH       0

DEGREE DAYS
 HEATING
  YESTERDAY        0                        12    -12       12
  MONTH TO DATE  429                       424      5      242
  SINCE MAR 1    429                       424      5      242
  SINCE JUL 1   2599                      3279   -680     2628

 COOLING
  YESTERDAY        2                         0      2        0
  MONTH TO DATE    5                         0      5       26
  SINCE MAR 1      5                         0      5       26
  SINCE JAN 1      9                         0      9       26
..................................................................


WIND (MPH)
  HIGHEST WIND SPEED    15   HIGHEST WIND DIRECTION     S (190)
  HIGHEST GUST SPEED    20   HIGHEST GUST DIRECTION     S (180)
  AVERAGE WIND SPEED     9.4


SKY COVER
  POSSIBLE SUNSHINE  MM
  AVERAGE SKY COVER 0.8


WEATHER CONDITIONS
 THE FOLLOWING WEATHER WAS RECORDED YESTERDAY.
  RAIN
  LIGHT RAIN
  FOG


RELATIVE HUMIDITY (PERCENT)
 HIGHEST   100           600 AM
 LOWEST     54           400 PM
 AVERAGE    77

..........................................................


THE PIEDMONT TRIAD INTL AIRPORT NC CLIMATE NORMALS FOR TODAY
                         NORMAL    RECORD    YEAR
 MAXIMUM TEMPERATURE (F)   65        87      1907
 MINIMUM TEMPERATURE (F)   42        20      1982


SUNRISE AND SUNSET
MARCH 28 2017.........SUNRISE   711 AM EDT   SUNSET   739 PM EDT
MARCH 29 2017.........SUNRISE   710 AM EDT   SUNSET   739 PM EDT


-  INDICATES NEGATIVE NUMBERS.
R  INDICATES RECORD WAS SET OR TIED.
MM INDICATES DATA IS MISSING.
T  INDICATES TRACE AMOUNT.




$$
