000
CDUS42 KGSP 020634
CLIGSP

CLIMATE REPORT
NATIONAL WEATHER SERVICE GREENVILLE-SPARTANBURG SC
234 AM EDT WED SEP 2 2015


...................................

...THE GREENVILLE-SPARTANBURG SC CLIMATE SUMMARY FOR SEPTEMBER 1 2015...

CLIMATE NORMAL PERIOD 1981 TO 2010
CLIMATE RECORD PERIOD 1884 TO 2015


WEATHER ITEM   OBSERVED TIME   RECORD YEAR NORMAL DEPARTURE LAST
                VALUE   (LST)  VALUE       VALUE  FROM      YEAR
                                                  NORMAL
..................................................................
TEMPERATURE (F)
 YESTERDAY
  MAXIMUM         92    254 PM  99    1912  86      6       92
  MINIMUM         66    604 AM  53    1976  67     -1       70
  AVERAGE         79                        76      3       81

PRECIPITATION (IN)
  YESTERDAY        0.00          2.52 1917   0.12  -0.12     0.00
  MONTH TO DATE    0.00                      0.12  -0.12     0.00
  SINCE SEP 1      0.00                      0.12  -0.12     0.00
  SINCE JAN 1     25.54                     32.63  -7.09    34.96

SNOWFALL (IN)
  YESTERDAY        0.0           0.0    MM   0.0    0.0      0.0
  MONTH TO DATE    0.0                       0.0    0.0      0.0
  SINCE SEP 1      0.0                       0.0    0.0      0.0
  SINCE JUL 1      0.0                       0.0    0.0      0.0
  SNOW DEPTH       0

DEGREE DAYS
 HEATING
  YESTERDAY        0                         0      0        0
  MONTH TO DATE    0                         0      0        0
  SINCE SEP 1      0                         0      0        0
  SINCE JUL 1      0                         0      0        0

 COOLING
  YESTERDAY       14                        11      3       16
  MONTH TO DATE   14                        11      3       16
  SINCE SEP 1     14                        11      3       16
  SINCE JAN 1   1686                      1446    240     1413
..................................................................


WIND (MPH)
  HIGHEST WIND SPEED    12   HIGHEST WIND DIRECTION     S (200)
  HIGHEST GUST SPEED    14   HIGHEST GUST DIRECTION     S (200)
  AVERAGE WIND SPEED     3.3


SKY COVER
  POSSIBLE SUNSHINE  MM
  AVERAGE SKY COVER 0.2


WEATHER CONDITIONS
 THE FOLLOWING WEATHER WAS RECORDED YESTERDAY.
  NO SIGNIFICANT WEATHER WAS OBSERVED.


RELATIVE HUMIDITY (PERCENT)
 HIGHEST    93           400 AM
 LOWEST     41           300 PM
 AVERAGE    67

..........................................................


THE GREENVILLE-SPARTANBURG SC CLIMATE NORMALS FOR TODAY
                         NORMAL    RECORD    YEAR
 MAXIMUM TEMPERATURE (F)   86       100      1912
 MINIMUM TEMPERATURE (F)   66        50      1887


SUNRISE AND SUNSET
SEPTEMBER  2 2015.....SUNRISE   702 AM EDT   SUNSET   754 PM EDT
SEPTEMBER  3 2015.....SUNRISE   703 AM EDT   SUNSET   753 PM EDT


-  INDICATES NEGATIVE NUMBERS.
R  INDICATES RECORD WAS SET OR TIED.
MM INDICATES DATA IS MISSING.
T  INDICATES TRACE AMOUNT.

$$
