000
CDUS42 KGSP 280638
CLIGSP

CLIMATE REPORT
NATIONAL WEATHER SERVICE GREENVILLE-SPARTANBURG SC
236 AM EDT THU MAY 28 2015


...................................

...THE GREENVILLE-SPARTANBURG SC CLIMATE SUMMARY FOR MAY 27 2015...

CLIMATE NORMAL PERIOD 1981 TO 2010
CLIMATE RECORD PERIOD 1884 TO 2015


WEATHER ITEM   OBSERVED TIME   RECORD YEAR NORMAL DEPARTURE LAST
                VALUE   (LST)  VALUE       VALUE  FROM      YEAR
                                                  NORMAL
..................................................................
TEMPERATURE (F)
 YESTERDAY
  MAXIMUM         82    333 PM  98    1916  83     -1       88
  MINIMUM         64    513 AM  43    1961  61      3       65
  AVERAGE         73                        72      1       77

PRECIPITATION (IN)
  YESTERDAY        0.00          3.25 1986   0.12  -0.12     0.00
  MONTH TO DATE    2.98                      3.26  -0.28     2.53
  SINCE MAR 1     11.25                     11.14   0.11    11.67
  SINCE JAN 1     18.57                     18.93  -0.36    17.91

SNOWFALL (IN)
  YESTERDAY        0.0           0.0    MM   0.0    0.0      0.0
  MONTH TO DATE    0.0                       0.0    0.0      0.0
  SINCE MAR 1      0.0                       0.9   -0.9       T
  SINCE JUL 1      3.7                       4.7   -1.0      7.2
  SNOW DEPTH       0

DEGREE DAYS
 HEATING
  YESTERDAY        0                         0      0        0
  MONTH TO DATE    8                        39    -31       36
  SINCE MAR 1    403                       596   -193      649
  SINCE JUL 1   3017                      3045    -28     3208

 COOLING
  YESTERDAY        8                         7      1       12
  MONTH TO DATE  180                       122     58      169
  SINCE MAR 1    236                       170     66      211
  SINCE JAN 1    236                       170     66      211
..................................................................


WIND (MPH)
  HIGHEST WIND SPEED    13   HIGHEST WIND DIRECTION    SW (220)
  HIGHEST GUST SPEED    16   HIGHEST GUST DIRECTION    SW (210)
  AVERAGE WIND SPEED     4.6


SKY COVER
  POSSIBLE SUNSHINE  MM
  AVERAGE SKY COVER 0.6


WEATHER CONDITIONS
 THE FOLLOWING WEATHER WAS RECORDED YESTERDAY.
  NO SIGNIFICANT WEATHER WAS OBSERVED.


RELATIVE HUMIDITY (PERCENT)
 HIGHEST   100          1200 AM
 LOWEST     58           300 PM
 AVERAGE    79

..........................................................


THE GREENVILLE-SPARTANBURG SC CLIMATE NORMALS FOR TODAY
                         NORMAL    RECORD    YEAR
 MAXIMUM TEMPERATURE (F)   83       100      1916
 MINIMUM TEMPERATURE (F)   61        43      1907


SUNRISE AND SUNSET
MAY 28 2015...........SUNRISE   618 AM EDT   SUNSET   835 PM EDT
MAY 29 2015...........SUNRISE   618 AM EDT   SUNSET   835 PM EDT


-  INDICATES NEGATIVE NUMBERS.
R  INDICATES RECORD WAS SET OR TIED.
MM INDICATES DATA IS MISSING.
T  INDICATES TRACE AMOUNT.




$$
