000
CDUS42 KGSP 280629 RRA
CLIGSP

CLIMATE REPORT
NATIONAL WEATHER SERVICE GREENVILLE-SPARTANBURG SC
228 AM EDT WED SEP 28 2016

...THE GREENVILLE-SPARTANBURG SC CLIMATE SUMMARY FOR SEPTEMBER 27 2016...

CLIMATE NORMAL PERIOD 1981 TO 2010
CLIMATE RECORD PERIOD 1884 TO 2016


WEATHER ITEM   OBSERVED TIME   RECORD YEAR NORMAL DEPARTURE LAST
                VALUE   (LST)  VALUE       VALUE  FROM      YEAR
                                                  NORMAL
..................................................................
TEMPERATURE (F)
 YESTERDAY
  MAXIMUM         86    238 PM  93    1986  79      7       68
                                      1933
  MINIMUM         67    654 AM  38    1899  57     10       62
  AVERAGE         77                        68      9       65

PRECIPITATION (IN)
  YESTERDAY        T             3.42 2004   0.11  -0.11     0.07
  MONTH TO DATE    0.99                      3.07  -2.08     5.19
  SINCE SEP 1      0.99                      3.07  -2.08     5.19
  SINCE JAN 1     29.22                     35.58  -6.36    30.73

SNOWFALL (IN)
  YESTERDAY        0.0           0.0    MM   0.0    0.0      0.0
  MONTH TO DATE    0.0                       0.0    0.0      0.0
  SINCE SEP 1      0.0                       0.0    0.0      0.0
  SINCE JUL 1      0.0                       0.0    0.0      0.0
  SNOW DEPTH       0

DEGREE DAYS
 HEATING
  YESTERDAY        0                         1     -1        0
  MONTH TO DATE    0                        10    -10        5
  SINCE SEP 1      0                        10    -10        5
  SINCE JUL 1      0                        10    -10        5

 COOLING
  YESTERDAY       12                         4      8        0
  MONTH TO DATE  356                       215    141      218
  SINCE SEP 1    356                       215    141      218
  SINCE JAN 1   2075                      1650    425     1890
..................................................................


WIND (MPH)
  HIGHEST WIND SPEED    16   HIGHEST WIND DIRECTION     S (200)
  HIGHEST GUST SPEED    21   HIGHEST GUST DIRECTION     S (200)
  AVERAGE WIND SPEED     5.5


SKY COVER
  POSSIBLE SUNSHINE  MM
  AVERAGE SKY COVER 0.6


WEATHER CONDITIONS
 THE FOLLOWING WEATHER WAS RECORDED YESTERDAY.
  THUNDERSTORM
  LIGHT RAIN
  FOG
  FOG W/VISIBILITY <= 1/4 MILE


RELATIVE HUMIDITY (PERCENT)
 HIGHEST   100           600 AM
 LOWEST     58           100 PM
 AVERAGE    79

..........................................................


THE GREENVILLE-SPARTANBURG SC CLIMATE NORMALS FOR TODAY
                         NORMAL    RECORD    YEAR
 MAXIMUM TEMPERATURE (F)   78        91      1986
                                             1933
                                             1897
 MINIMUM TEMPERATURE (F)   57        39      1993
                                             1899


SUNRISE AND SUNSET
SEPTEMBER 28 2016.....SUNRISE   722 AM EDT   SUNSET   716 PM EDT
SEPTEMBER 29 2016.....SUNRISE   722 AM EDT   SUNSET   715 PM EDT


-  INDICATES NEGATIVE NUMBERS.
R  INDICATES RECORD WAS SET OR TIED.
MM INDICATES DATA IS MISSING.
T  INDICATES TRACE AMOUNT.

$$
