000
CDUS42 KGSP 182031
CLIGSP

CLIMATE REPORT
NATIONAL WEATHER SERVICE GREENVILLE-SPARTANBURG SC
429 PM EDT WED OCT 8  2017


...................................

...THE GREENVILLE-SPARTANBURG SC CLIMATE SUMMARY FOR OCTOBER 18 2017...
VALID TODAY AS OF 400 PM LOCAL TIME.

CLIMATE NORMAL PERIOD 1981 TO 2010
CLIMATE RECORD PERIOD 1884 TO 2017


WEATHER ITEM   OBSERVED TIME   RECORD YEAR NORMAL DEPARTURE LAST
                VALUE   (LST)  VALUE       VALUE  FROM      YEAR
                                                  NORMAL
..................................................................
TEMPERATURE (F)
 TODAY
  MAXIMUM         69    238 PM  86    2016  72     -3       86
                                      1938
  MINIMUM         43    640 AM  31    1893  50     -7       61
  AVERAGE         56                        61     -5       74

PRECIPITATION (IN)
  TODAY            0.00          1.15 1968   0.11  -0.11     0.00
  MONTH TO DATE    2.91                      2.07   0.84     0.44
  SINCE SEP 1      7.13                      5.50   1.63     1.43
  SINCE JAN 1     45.10                     38.01   7.09    29.66

SNOWFALL (IN)
  TODAY            0.0           0.0    MM   0.0    0.0      0.0
  MONTH TO DATE    0.0                       0.0    0.0      0.0
  SINCE SEP 1      0.0                       0.0    0.0      0.0
  SINCE JUL 1      0.0                       0.0    0.0      0.0
  SNOW DEPTH       0

DEGREE DAYS
 HEATING
  TODAY            9                         5      4        0
  MONTH TO DATE   26                        63    -37       12
  SINCE SEP 1     37                        80    -43       12
  SINCE JUL 1     37                        80    -43       12

 COOLING
  TODAY            0                         1     -1        9
  MONTH TO DATE   96                        37     59       50
  SINCE SEP 1    328                       264     64      422
  SINCE JAN 1   1794                      1699     95     2141
..................................................................


WIND (MPH)
  HIGHEST WIND SPEED    10   HIGHEST WIND DIRECTION    NE (60)
  HIGHEST GUST SPEED    16   HIGHEST GUST DIRECTION    NE (60)
  AVERAGE WIND SPEED     3.8


SKY COVER
  POSSIBLE SUNSHINE  MM
  AVERAGE SKY COVER 0.0


WEATHER CONDITIONS
 THE FOLLOWING WEATHER WAS RECORDED TODAY.
  NO SIGNIFICANT WEATHER WAS OBSERVED.


RELATIVE HUMIDITY (PERCENT)
 HIGHEST    93          1200 AM
 LOWEST     37           300 PM
 AVERAGE    65

..........................................................


THE GREENVILLE-SPARTANBURG SC CLIMATE NORMALS FOR TOMORROW
                         NORMAL    RECORD    YEAR
 MAXIMUM TEMPERATURE (F)   72        89      2016
 MINIMUM TEMPERATURE (F)   49        32      2009


SUNRISE AND SUNSET
OCTOBER 18 2017.......SUNRISE   737 AM EDT   SUNSET   650 PM EDT
OCTOBER 19 2017.......SUNRISE   738 AM EDT   SUNSET   649 PM EDT


-  INDICATES NEGATIVE NUMBERS.
R  INDICATES RECORD WAS SET OR TIED.
MM INDICATES DATA IS MISSING.
T  INDICATES TRACE AMOUNT.




$$
JPT
