729
CDUS42 KGSP 050629 RRA
CLIGSP

CLIMATE REPORT
NATIONAL WEATHER SERVICE GREENVILLE-SPARTANBURG SC
227 AM EDT THU MAY 5 2016


...................................

...THE GREENVILLE-SPARTANBURG SC CLIMATE SUMMARY FOR MAY 4 2016...

CLIMATE NORMAL PERIOD 1981 TO 2010
CLIMATE RECORD PERIOD 1884 TO 2016


WEATHER ITEM   OBSERVED TIME   RECORD YEAR NORMAL DEPARTURE LAST
                VALUE   (LST)  VALUE       VALUE  FROM      YEAR
                                                  NORMAL
..................................................................
TEMPERATURE (F)
 YESTERDAY
  MAXIMUM         72    337 PM  91    1887  77     -5       81
  MINIMUM         54    550 AM  30    1885  54      0       54
  AVERAGE         63                        65     -2       68

PRECIPITATION (IN)
  YESTERDAY        0.00          2.00 2002   0.12  -0.12     0.00
  MONTH TO DATE    1.79                      0.49   1.30     0.00
  SINCE MAR 1      5.80                      8.37  -2.57     8.27
  SINCE JAN 1     14.06                     16.16  -2.10    15.59

SNOWFALL (IN)
  YESTERDAY        0.0           0.0    MM   0.0    0.0      0.0
  MONTH TO DATE    0.0                       0.0    0.0      0.0
  SINCE MAR 1      T                         0.9   -0.9      0.0
  SINCE JUL 1      2.6                       4.7   -2.1      3.7
  SNOW DEPTH       0

DEGREE DAYS
 HEATING
  YESTERDAY        2                         2      0        0
  MONTH TO DATE    2                        11     -9        8
  SINCE MAR 1    369                       568   -199      403
  SINCE JUL 1   2466                      3017   -551     3017

 COOLING
  YESTERDAY        0                         3     -3        3
  MONTH TO DATE   22                        10     12        3
  SINCE MAR 1    107                        58     49       59
  SINCE JAN 1    107                        58     49       59
..................................................................


WIND (MPH)
  HIGHEST WIND SPEED    15   HIGHEST WIND DIRECTION     S (200)
  HIGHEST GUST SPEED    20   HIGHEST GUST DIRECTION     S (190)
  AVERAGE WIND SPEED     4.7


SKY COVER
  POSSIBLE SUNSHINE  MM
  AVERAGE SKY COVER 0.3


WEATHER CONDITIONS
 THE FOLLOWING WEATHER WAS RECORDED YESTERDAY.
  NO SIGNIFICANT WEATHER WAS OBSERVED.


RELATIVE HUMIDITY (PERCENT)
 HIGHEST    77           300 AM
 LOWEST     36           400 PM
 AVERAGE    57

..........................................................


THE GREENVILLE-SPARTANBURG SC CLIMATE NORMALS FOR TODAY
                         NORMAL    RECORD    YEAR
 MAXIMUM TEMPERATURE (F)   77        91      2014
                                             1934
 MINIMUM TEMPERATURE (F)   54        35      1885


SUNRISE AND SUNSET
MAY  5 2016...........SUNRISE   634 AM EDT   SUNSET   818 PM EDT
MAY  6 2016...........SUNRISE   633 AM EDT   SUNSET   819 PM EDT


-  INDICATES NEGATIVE NUMBERS.
R  INDICATES RECORD WAS SET OR TIED.
MM INDICATES DATA IS MISSING.
T  INDICATES TRACE AMOUNT.




$$
