000
CDUS42 KGSP 130648
CLIGSP

CLIMATE REPORT
NATIONAL WEATHER SERVICE GREENVILLE-SPARTANBURG SC
147 AM EST WED DEC 13 2017


...................................

...THE GREENVILLE-SPARTANBURG SC CLIMATE SUMMARY FOR DECEMBER 12 2017...

CLIMATE NORMAL PERIOD 1981 TO 2010
CLIMATE RECORD PERIOD 1884 TO 2017


WEATHER ITEM   OBSERVED TIME   RECORD YEAR NORMAL DEPARTURE LAST
                VALUE   (LST)  VALUE       VALUE  FROM      YEAR
                                                  NORMAL
..................................................................
TEMPERATURE (F)
 YESTERDAY
  MAXIMUM         57    155 PM  78    2007  55      2       66
  MINIMUM         29   1143 PM   9    1962  34     -5       40
  AVERAGE         43                        44     -1       53

PRECIPITATION (IN)
  YESTERDAY        0.00          2.48 1961   0.13  -0.13      T
  MONTH TO DATE    1.34                      1.69  -0.35     1.43
  SINCE DEC 1      1.34                      1.69  -0.35     1.43
  SINCE JAN 1     51.54                     44.77   6.77    33.17

SNOWFALL (IN)
  YESTERDAY        0.0           3.0  1915   0.0    0.0      0.0
  MONTH TO DATE    1.6                       0.1    1.5      0.0
  SINCE DEC 1      1.6                       0.1    1.5      0.0
  SINCE JUL 1      1.6                       0.2    1.4      0.0
  SNOW DEPTH       0

DEGREE DAYS
 HEATING
  YESTERDAY       22                        21      1       12
  MONTH TO DATE  213                       231    -18      248
  SINCE DEC 1    213                       231    -18      248
  SINCE JUL 1    707                       784    -77      574

 COOLING
  YESTERDAY        0                         0      0        0
  MONTH TO DATE    0                         0      0        0
  SINCE DEC 1      0                         0      0        0
  SINCE JAN 1   1802                      1715     87     2188
..................................................................


WIND (MPH)
  HIGHEST WIND SPEED    22   HIGHEST WIND DIRECTION     W (260)
  HIGHEST GUST SPEED    31   HIGHEST GUST DIRECTION     W (270)
  AVERAGE WIND SPEED     8.1


SKY COVER
  POSSIBLE SUNSHINE  MM
  AVERAGE SKY COVER 0.1


WEATHER CONDITIONS
 THE FOLLOWING WEATHER WAS RECORDED YESTERDAY.
  NO SIGNIFICANT WEATHER WAS OBSERVED.


RELATIVE HUMIDITY (PERCENT)
 HIGHEST    85           700 AM
 LOWEST     28           300 PM
 AVERAGE    57

..........................................................


THE GREENVILLE-SPARTANBURG SC CLIMATE NORMALS FOR TODAY
                         NORMAL    RECORD    YEAR
 MAXIMUM TEMPERATURE (F)   54        75      2007
 MINIMUM TEMPERATURE (F)   34         6      1962


SUNRISE AND SUNSET
DECEMBER 13 2017......SUNRISE   728 AM EST   SUNSET   518 PM EST
DECEMBER 14 2017......SUNRISE   729 AM EST   SUNSET   519 PM EST


-  INDICATES NEGATIVE NUMBERS.
R  INDICATES RECORD WAS SET OR TIED.
MM INDICATES DATA IS MISSING.
T  INDICATES TRACE AMOUNT.

$$

OUTLAW
