000
CDUS42 KGSP 010628
CLIGSP

CLIMATE REPORT
NATIONAL WEATHER SERVICE GREENVILLE-SPARTANBURG SC
226 AM EDT WED OCT 1 2014


...................................

...THE GREENVILLE-SPARTANBURG SC CLIMATE SUMMARY FOR SEPTEMBER 30 2014...

CLIMATE NORMAL PERIOD 1981 TO 2010
CLIMATE RECORD PERIOD 1884 TO 2014


WEATHER ITEM   OBSERVED TIME   RECORD YEAR NORMAL DEPARTURE LAST
                VALUE   (LST)  VALUE       VALUE  FROM      YEAR
                                                  NORMAL
..................................................................
TEMPERATURE (F)
 YESTERDAY
  MAXIMUM         83    420 PM  94    1933  78      5       76
  MINIMUM         57    658 AM  32    1888  56      1       57
  AVERAGE         70                        67      3       67

PRECIPITATION (IN)
  YESTERDAY        0.00          6.52 1936   0.12  -0.12     0.00
  MONTH TO DATE    3.68                      3.43   0.25     2.50
  SINCE SEP 1      3.68                      3.43   0.25     2.50
  SINCE JAN 1     38.64                     35.94   2.70    56.85

SNOWFALL (IN)
  YESTERDAY        0.0           0.0    MM   0.0    0.0      0.0
  MONTH TO DATE    0.0                       0.0    0.0      0.0
  SINCE SEP 1      0.0                       0.0    0.0      0.0
  SINCE JUL 1      0.0                       0.0    0.0      0.0
  SNOW DEPTH       0

DEGREE DAYS
 HEATING
  YESTERDAY        0                         2     -2        0
  MONTH TO DATE    6                        16    -10        1
  SINCE SEP 1      6                        17    -11        1
  SINCE JUL 1      6                        17    -11        1

 COOLING
  YESTERDAY        5                         4      1        2
  MONTH TO DATE  241                       227     14      224
  SINCE SEP 1    241                       227     14      224
  SINCE JAN 1   1638                      1662    -24     1473
..................................................................


WIND (MPH)
  HIGHEST WIND SPEED     8   HIGHEST WIND DIRECTION    NE (30)
  HIGHEST GUST SPEED    11   HIGHEST GUST DIRECTION    NE (50)
  AVERAGE WIND SPEED     1.3


SKY COVER
  POSSIBLE SUNSHINE  MM
  AVERAGE SKY COVER 0.3


WEATHER CONDITIONS
 THE FOLLOWING WEATHER WAS RECORDED YESTERDAY.
  FOG
  FOG W/VISIBILITY <= 1/4 MILE


RELATIVE HUMIDITY (PERCENT)
 HIGHEST   100           200 AM
 LOWEST     45           400 PM
 AVERAGE    73

..........................................................


THE GREENVILLE-SPARTANBURG SC CLIMATE NORMALS FOR TODAY
                         NORMAL    RECORD    YEAR
 MAXIMUM TEMPERATURE (F)   77        93      1911
 MINIMUM TEMPERATURE (F)   56        39      1993
                                             1899


SUNRISE AND SUNSET
OCTOBER  1 2014.......SUNRISE   724 AM EDT   SUNSET   713 PM EDT
OCTOBER  2 2014.......SUNRISE   724 AM EDT   SUNSET   711 PM EDT


-  INDICATES NEGATIVE NUMBERS.
R  INDICATES RECORD WAS SET OR TIED.
MM INDICATES DATA IS MISSING.
T  INDICATES TRACE AMOUNT.

$$
