000
CDUS42 KGSP 280628 RRA
CLIGSP

CLIMATE REPORT
NATIONAL WEATHER SERVICE GREENVILLE-SPARTANBURG SC
227 AM EDT FRI APR 28 2017


...................................

...THE GREENVILLE-SPARTANBURG SC CLIMATE SUMMARY FOR APRIL 27 2017...

CLIMATE NORMAL PERIOD 1981 TO 2010
CLIMATE RECORD PERIOD 1884 TO 2017


WEATHER ITEM   OBSERVED TIME   RECORD YEAR NORMAL DEPARTURE LAST
                VALUE   (LST)  VALUE       VALUE  FROM      YEAR
                                                  NORMAL
..................................................................
TEMPERATURE (F)
 YESTERDAY
  MAXIMUM         74    608 PM  93    1986  76     -2       86
  MINIMUM         59    310 AM  34    1993  51      8       63
  AVERAGE         67                        64      3       75

PRECIPITATION (IN)
  YESTERDAY        0.06          1.40 1991   0.11  -0.05     0.00
  MONTH TO DATE    7.11                      3.03   4.08     1.41
  SINCE MAR 1     14.46                      7.55   6.91     3.10
  SINCE JAN 1     20.18                     15.34   4.84    11.36

SNOWFALL (IN)
  YESTERDAY        0.0           0.0    MM   0.0    0.0      0.0
  MONTH TO DATE    0.0                       0.0    0.0      0.0
  SINCE MAR 1      0.5                       0.9   -0.4       T
  SINCE JUL 1      3.6                       4.7   -1.1      2.6
  SNOW DEPTH       0

DEGREE DAYS
 HEATING
  YESTERDAY        0                         4     -4        0
  MONTH TO DATE   75                       164    -89      141
  SINCE MAR 1    429                       548   -119      367
  SINCE JUL 1   2155                      2997   -842     2464

 COOLING
  YESTERDAY        2                         2      0       10
  MONTH TO DATE   62                        35     27       35
  SINCE MAR 1     78                        43     35       61
  SINCE JAN 1     84                        43     41       61
..................................................................


WIND (MPH)
  HIGHEST WIND SPEED    12   HIGHEST WIND DIRECTION    SW (210)
  HIGHEST GUST SPEED    14   HIGHEST GUST DIRECTION    SW (210)
  AVERAGE WIND SPEED     4.3


SKY COVER
  POSSIBLE SUNSHINE  MM
  AVERAGE SKY COVER 0.8


WEATHER CONDITIONS
 THE FOLLOWING WEATHER WAS RECORDED YESTERDAY.
  LIGHT RAIN
  FOG
  FOG W/VISIBILITY <= 1/4 MILE


RELATIVE HUMIDITY (PERCENT)
 HIGHEST   100          1000 PM
 LOWEST     73          1200 AM
 AVERAGE    87

..........................................................


THE GREENVILLE-SPARTANBURG SC CLIMATE NORMALS FOR TODAY
                         NORMAL    RECORD    YEAR
 MAXIMUM TEMPERATURE (F)   76        90      1943
                                             1915
                                             1914
 MINIMUM TEMPERATURE (F)   52        36      1898


SUNRISE AND SUNSET
APRIL 28 2017.........SUNRISE   641 AM EDT   SUNSET   812 PM EDT
APRIL 29 2017.........SUNRISE   640 AM EDT   SUNSET   813 PM EDT


-  INDICATES NEGATIVE NUMBERS.
R  INDICATES RECORD WAS SET OR TIED.
MM INDICATES DATA IS MISSING.
T  INDICATES TRACE AMOUNT.




$$
