000
CDUS45 KTFX 150810
CLIGTF


CLIMATE REPORT
NATIONAL WEATHER SERVICE GREAT FALLS MT
209 AM MDT MON SEP 15 2014


...................................

...THE GREAT FALLS MT CLIMATE SUMMARY FOR SEPTEMBER 14 2014...

CLIMATE NORMAL PERIOD 1981 TO 2010
CLIMATE RECORD PERIOD 1886 TO 2014


WEATHER ITEM   OBSERVED TIME   RECORD YEAR NORMAL DEPARTURE LAST
                VALUE   (LST)  VALUE       VALUE  FROM      YEAR
                                                  NORMAL
..................................................................
TEMPERATURE (F)
 YESTERDAY
  MAXIMUM         66    400 PM  92    1948  71     -5       78
  MINIMUM         32    606 AM  27    1970  43    -11       54
  AVERAGE         49                        57     -8       66

PRECIPITATION (IN)
  YESTERDAY        0.00          0.95 1917   0.05  -0.05     0.00
  MONTH TO DATE    0.30                      0.72  -0.42     0.38
  SINCE OCT 1     18.81                     14.05   4.76    12.61
  SINCE JAN 1     16.76                     12.05   4.71     9.27

SNOWFALL (IN)
  YESTERDAY        0.0           5.5  1973   0.1   -0.1      0.0
  MONTH TO DATE    T                         0.4   -0.4      0.0
  SINCE SEP 1      T                         0.4   -0.4      0.0
  SINCE JUL 1      T                         0.7   -0.7      0.0
  SNOW DEPTH       0

DEGREE DAYS
 HEATING
  YESTERDAY       16                         9      7        0
  MONTH TO DATE  179                        97     82        3
  SINCE SEP 1    179                        97     82        3
  SINCE JUL 1    249                       218     31       27

 COOLING
  YESTERDAY        0                         1     -1        1
  MONTH TO DATE    0                        16    -16       64
  SINCE SEP 1      0                        16    -16       64
  SINCE JAN 1    324                       292     32      433
..................................................................


WIND (MPH)
  HIGHEST WIND SPEED    13   HIGHEST WIND DIRECTION    NE (40)
  HIGHEST GUST SPEED    15   HIGHEST GUST DIRECTION    SE (120)
  AVERAGE WIND SPEED     5.7


SKY COVER
  AVERAGE SKY COVER 0.0


WEATHER CONDITIONS
 THE FOLLOWING WEATHER WAS RECORDED YESTERDAY.
  NO SIGNIFICANT WEATHER WAS OBSERVED.


RELATIVE HUMIDITY (PERCENT)
 HIGHEST   100           700 AM
 LOWEST     34           200 PM
 AVERAGE    67

..........................................................


THE GREAT FALLS MT CLIMATE NORMALS FOR TODAY
                         NORMAL    RECORD    YEAR
 MAXIMUM TEMPERATURE (F)   70        95      2000
 MINIMUM TEMPERATURE (F)   42        29      1982
                                             1965
                                             1918


SUNRISE AND SUNSET
SEPTEMBER 15 2014.....SUNRISE   703 AM MDT   SUNSET   737 PM MDT
SEPTEMBER 16 2014.....SUNRISE   704 AM MDT   SUNSET   735 PM MDT


-  INDICATES NEGATIVE NUMBERS.
R  INDICATES RECORD WAS SET OR TIED.
MM INDICATES DATA IS MISSING.
T  INDICATES TRACE AMOUNT.




$$
