000
CDUS45 KTFX 292220
CLIGTF


CLIMATE REPORT
NATIONAL WEATHER SERVICE GREAT FALLS MT
420 PM MDT TUE JUL 29 2014


...................................

...THE GREAT FALLS MT CLIMATE SUMMARY FOR JULY 29 2014...
VALID TODAY AS OF 0400 PM LOCAL TIME.

CLIMATE NORMAL PERIOD 1981 TO 2010
CLIMATE RECORD PERIOD 1886 TO 2014


WEATHER ITEM   OBSERVED TIME   RECORD YEAR NORMAL DEPARTURE LAST
                VALUE   (LST)  VALUE       VALUE  FROM      YEAR
                                                  NORMAL
..................................................................
TEMPERATURE (F)
 TODAY
  MAXIMUM         92    259 PM 102    1934  86      6       69
  MINIMUM         57    533 AM  45    1971  53      4       50
                                      1924
                                      1896
  AVERAGE         75                        69      6       60

PRECIPITATION (IN)
  TODAY            0.00          0.24 1905   0.04  -0.04     0.07
  MONTH TO DATE    0.78                      1.43  -0.65     0.37
  SINCE OCT 1     14.12                     11.69   2.43    11.15
  SINCE JAN 1     12.07                      9.69   2.38     7.81

SNOWFALL (IN)
  TODAY            0.0           0.0  2002   0.0    0.0      0.0
  MONTH TO DATE    0.0                       0.0    0.0      0.0
  SINCE JUN 1      0.0                       0.3   -0.3      0.0
  SINCE JUL 1      0.0                       0.0    0.0      0.0
  SNOW DEPTH       0

DEGREE DAYS
 HEATING
  TODAY            0                         1     -1        5
  MONTH TO DATE    5                        48    -43       14
  SINCE JUN 1    228                       239    -11      186
  SINCE JUL 1      5                        48    -43       14

 COOLING
  TODAY           10                         5      5        0
  MONTH TO DATE  154                       115     39      173
  SINCE JUN 1    154                       147      7      200
  SINCE JAN 1    154                       154      0      203
..................................................................


WIND (MPH)
  HIGHEST WIND SPEED    13   HIGHEST WIND DIRECTION     E (70)
  HIGHEST GUST SPEED    22   HIGHEST GUST DIRECTION     E (70)
  AVERAGE WIND SPEED     5.5


SKY COVER
  AVERAGE SKY COVER 0.0


WEATHER CONDITIONS
 THE FOLLOWING WEATHER WAS RECORDED TODAY.
  NO SIGNIFICANT WEATHER WAS OBSERVED.


RELATIVE HUMIDITY (PERCENT)
 HIGHEST    72           500 AM
 LOWEST     16           300 PM
 AVERAGE    44

..........................................................


THE GREAT FALLS MT CLIMATE NORMALS FOR TOMORROW
                         NORMAL    RECORD    YEAR
 MAXIMUM TEMPERATURE (F)   86       102      1934
 MINIMUM TEMPERATURE (F)   53        43      1892


SUNRISE AND SUNSET
JULY 29 2014..........SUNRISE   600 AM MDT   SUNSET   903 PM MDT
JULY 30 2014..........SUNRISE   601 AM MDT   SUNSET   902 PM MDT


-  INDICATES NEGATIVE NUMBERS.
R  INDICATES RECORD WAS SET OR TIED.
MM INDICATES DATA IS MISSING.
T  INDICATES TRACE AMOUNT.




$$
