000
CDUS45 KTFX 231209
CLIGTF


CLIMATE REPORT
NATIONAL WEATHER SERVICE GREAT FALLS MT
509 AM MST THU FEB 23 2017


...................................

...THE GREAT FALLS MT CLIMATE SUMMARY FOR FEBRUARY 22 2017...

CLIMATE NORMAL PERIOD 1981 TO 2010
CLIMATE RECORD PERIOD 1886 TO 2017


WEATHER ITEM   OBSERVED TIME   RECORD YEAR NORMAL DEPARTURE LAST
                VALUE   (LST)  VALUE       VALUE  FROM      YEAR
                                                  NORMAL
..................................................................
TEMPERATURE (F)
 YESTERDAY
  MAXIMUM         39    208 PM  61    1958  40     -1       43
  MINIMUM         29   1159 PM -34    1910  17     12       19
  AVERAGE         34                        28      6       31

PRECIPITATION (IN)
  YESTERDAY        T             0.36 1972   0.02  -0.02     0.00
  MONTH TO DATE    0.35                      0.36  -0.01     0.03
  SINCE OCT 1      4.13                      2.87   1.26     5.75
  SINCE JAN 1      1.20                      0.87   0.33     0.65

SNOWFALL (IN)
  YESTERDAY        T             3.7  1972   0.3   -0.3      0.0
  MONTH TO DATE    3.6                       6.4   -2.8      0.1
  SINCE DEC 1     31.9                      24.5    7.4     22.0
  SINCE JUL 1     34.6                      38.2   -3.6     37.9
  SNOW DEPTH       T

DEGREE DAYS
 HEATING
  YESTERDAY       31                        37     -6       34
  MONTH TO DATE  841                       839      2      578
  SINCE DEC 1   3856                      3321    535     2921
  SINCE JUL 1   5441                      5290    151     4742

 COOLING
  YESTERDAY        0                         0      0        0
  MONTH TO DATE    0                         0      0        0
  SINCE DEC 1      0                         0      0        0
  SINCE JAN 1      0                         0      0        0
..................................................................


WIND (MPH)
  HIGHEST WIND SPEED    15   HIGHEST WIND DIRECTION     N (10)
  HIGHEST GUST SPEED    17   HIGHEST GUST DIRECTION     N (360)
  AVERAGE WIND SPEED     6.3


SKY COVER
  AVERAGE SKY COVER 0.9


WEATHER CONDITIONS
 THE FOLLOWING WEATHER WAS RECORDED YESTERDAY.
  LIGHT SNOW
  FOG


RELATIVE HUMIDITY (PERCENT)
 HIGHEST   100           400 AM
 LOWEST     59           200 PM
 AVERAGE    80

..........................................................


THE GREAT FALLS MT CLIMATE NORMALS FOR TODAY
                         NORMAL    RECORD    YEAR
 MAXIMUM TEMPERATURE (F)   40        63      1921
 MINIMUM TEMPERATURE (F)   17       -23      1922


SUNRISE AND SUNSET
FEBRUARY 23 2017......SUNRISE   716 AM MST   SUNSET   602 PM MST
FEBRUARY 24 2017......SUNRISE   714 AM MST   SUNSET   603 PM MST


-  INDICATES NEGATIVE NUMBERS.
R  INDICATES RECORD WAS SET OR TIED.
MM INDICATES DATA IS MISSING.
T  INDICATES TRACE AMOUNT.




$$
