000
CDUS45 KTFX 212227
CLIGTF


CLIMATE REPORT
NATIONAL WEATHER SERVICE GREAT FALLS MT
424 PM MDT THU AUG 21 2014


...................................

...THE GREAT FALLS MT CLIMATE SUMMARY FOR AUGUST 21 2014...
VALID TODAY AS OF 0400 PM LOCAL TIME.

CLIMATE NORMAL PERIOD 1981 TO 2010
CLIMATE RECORD PERIOD 1886 TO 2014


WEATHER ITEM   OBSERVED TIME   RECORD YEAR NORMAL DEPARTURE LAST
                VALUE   (LST)  VALUE       VALUE  FROM      YEAR
                                                  NORMAL
..................................................................
TEMPERATURE (F)
 TODAY
  MAXIMUM         68    226 PM  99    1894  81    -13       82
  MINIMUM         53    316 AM  38    1992  50      3       47
  AVERAGE         61                        65     -4       65

PRECIPITATION (IN)
  TODAY            T             2.72 1933   0.05  -0.05     0.00
  MONTH TO DATE    0.57                      1.01  -0.44     0.89
  SINCE OCT 1     14.69                     12.77   1.92    12.04
  SINCE JAN 1     12.64                     10.77   1.87     8.70

SNOWFALL (IN)
  TODAY            0.0           0.0  2002   0.1   -0.1      0.0
  MONTH TO DATE    0.0                       0.2   -0.2      0.0
  SINCE JUN 1      0.0                       0.5   -0.5      0.0
  SINCE JUL 1      0.0                       0.2   -0.2      0.0
  SNOW DEPTH       0

DEGREE DAYS
 HEATING
  TODAY            4                         3      1        0
  MONTH TO DATE    4                        34    -30        8
  SINCE JUN 1    232                       275    -43      196
  SINCE JUL 1      9                        84    -75       24

 COOLING
  TODAY            0                         3     -3        0
  MONTH TO DATE  138                        90     48       91
  SINCE JUN 1    317                       246     71      292
  SINCE JAN 1    317                       253     64      295
..................................................................


WIND (MPH)
  HIGHEST WIND SPEED    13   HIGHEST WIND DIRECTION    NW (320)
  HIGHEST GUST SPEED    15   HIGHEST GUST DIRECTION    NW (330)
  AVERAGE WIND SPEED     6.8


SKY COVER
  AVERAGE SKY COVER 1.0


WEATHER CONDITIONS
 THE FOLLOWING WEATHER WAS RECORDED TODAY.
  LIGHT RAIN


RELATIVE HUMIDITY (PERCENT)
 HIGHEST   100          1200 AM
 LOWEST     52           300 PM
 AVERAGE    76

..........................................................


THE GREAT FALLS MT CLIMATE NORMALS FOR TOMORROW
                         NORMAL    RECORD    YEAR
 MAXIMUM TEMPERATURE (F)   81        98      1976
                                             1935
 MINIMUM TEMPERATURE (F)   49        32      1992


SUNRISE AND SUNSET
AUGUST 21 2014........SUNRISE   630 AM MDT   SUNSET   827 PM MDT
AUGUST 22 2014........SUNRISE   631 AM MDT   SUNSET   825 PM MDT


-  INDICATES NEGATIVE NUMBERS.
R  INDICATES RECORD WAS SET OR TIED.
MM INDICATES DATA IS MISSING.
T  INDICATES TRACE AMOUNT.




$$
