000
CDUS45 KTFX 250848
CLIGTF


CLIMATE REPORT
NATIONAL WEATHER SERVICE GREAT FALLS MT
247 AM MDT SAT MAR 25 2017


...................................

...THE GREAT FALLS MT CLIMATE SUMMARY FOR MARCH 24 2017...

CLIMATE NORMAL PERIOD 1981 TO 2010
CLIMATE RECORD PERIOD 1886 TO 2017


WEATHER ITEM   OBSERVED TIME   RECORD YEAR NORMAL DEPARTURE LAST
                VALUE   (LST)  VALUE       VALUE  FROM      YEAR
                                                  NORMAL
..................................................................
TEMPERATURE (F)
 YESTERDAY
  MAXIMUM         65    402 PM  72    1939  48     17       56
  MINIMUM         24    409 AM -20    1955  25     -1       32
  AVERAGE         45                        37      8       44

PRECIPITATION (IN)
  YESTERDAY        0.00          0.30 1984   0.04  -0.04      T
  MONTH TO DATE    0.39                      0.66  -0.27     0.39
  SINCE OCT 1      4.74                      3.64   1.10     6.14
  SINCE JAN 1      1.81                      1.64   0.17     1.04

SNOWFALL (IN)
  YESTERDAY        0.0           3.5  1948   0.3   -0.3       T
  MONTH TO DATE    5.6                       9.1   -3.5      1.8
  SINCE MAR 1      5.6                       9.1   -3.5      1.8
  SINCE JUL 1     43.4                      49.1   -5.7     39.7
  SNOW DEPTH       0

DEGREE DAYS
 HEATING
  YESTERDAY       20                        28     -8       21
  MONTH TO DATE  695                       764    -69      588
  SINCE MAR 1    695                       764    -69      588
  SINCE JUL 1   6393                      6269    124     5526

 COOLING
  YESTERDAY        0                         0      0        0
  MONTH TO DATE    0                         0      0        0
  SINCE MAR 1      0                         0      0        0
  SINCE JAN 1      0                         0      0        0
..................................................................


WIND (MPH)
  HIGHEST WIND SPEED    31   HIGHEST WIND DIRECTION     W (250)
  HIGHEST GUST SPEED    38   HIGHEST GUST DIRECTION     W (250)
  AVERAGE WIND SPEED    14.2


SKY COVER
  AVERAGE SKY COVER 0.2


WEATHER CONDITIONS
 THE FOLLOWING WEATHER WAS RECORDED YESTERDAY.
  NO SIGNIFICANT WEATHER WAS OBSERVED.


RELATIVE HUMIDITY (PERCENT)
 HIGHEST    69           500 AM
 LOWEST     14           100 PM
 AVERAGE    42

..........................................................


THE GREAT FALLS MT CLIMATE NORMALS FOR TODAY
                         NORMAL    RECORD    YEAR
 MAXIMUM TEMPERATURE (F)   49        73      1999
 MINIMUM TEMPERATURE (F)   25       -17      1955


SUNRISE AND SUNSET
MARCH 25 2017.........SUNRISE   718 AM MDT   SUNSET   746 PM MDT
MARCH 26 2017.........SUNRISE   716 AM MDT   SUNSET   747 PM MDT


-  INDICATES NEGATIVE NUMBERS.
R  INDICATES RECORD WAS SET OR TIED.
MM INDICATES DATA IS MISSING.
T  INDICATES TRACE AMOUNT.




$$
