000
CDUS45 KTFX 281014
CLIGTF


CLIMATE REPORT
NATIONAL WEATHER SERVICE GREAT FALLS MT
412 AM MDT SUN AUG 28 2016


...................................

...THE GREAT FALLS MT CLIMATE SUMMARY FOR AUGUST 27 2016...

CLIMATE NORMAL PERIOD 1981 TO 2010
CLIMATE RECORD PERIOD 1886 TO 2016


WEATHER ITEM   OBSERVED TIME   RECORD YEAR NORMAL DEPARTURE LAST
                VALUE   (LST)  VALUE       VALUE  FROM      YEAR
                                                  NORMAL
..................................................................
TEMPERATURE (F)
 YESTERDAY
  MAXIMUM         84    316 PM  98    1971  79      5       90
  MINIMUM         52   1208 AM  39    1911  48      4       56
  AVERAGE         68                        63      5       73

PRECIPITATION (IN)
  YESTERDAY        0.00          0.51 1928   0.06  -0.06     0.00
  MONTH TO DATE    1.12                      1.35  -0.23     0.36
  SINCE OCT 1     14.40                     13.11   1.29    10.98
  SINCE JAN 1      9.30                     11.11  -1.81     8.03

SNOWFALL (IN)
  YESTERDAY        0.0           0.0  2002   0.0    0.0      0.0
  MONTH TO DATE    T                         0.2   -0.2      0.0
  SINCE JUN 1      T                         0.5   -0.5      0.0
  SINCE JUL 1      T                         0.2   -0.2      0.0
  SNOW DEPTH       0

DEGREE DAYS
 HEATING
  YESTERDAY        0                         4     -4        0
  MONTH TO DATE   57                        54      3       48
  SINCE JUN 1    209                       295    -86      177
  SINCE JUL 1    101                       104     -3       95

 COOLING
  YESTERDAY        3                         2      1        8
  MONTH TO DATE   57                       105    -48      143
  SINCE JUN 1    221                       261    -40      367
  SINCE JAN 1    221                       268    -47      367
..................................................................


WIND (MPH)
  HIGHEST WIND SPEED    28   HIGHEST WIND DIRECTION    SW (220)
  HIGHEST GUST SPEED    33   HIGHEST GUST DIRECTION    SW (210)
  AVERAGE WIND SPEED    14.6


SKY COVER
  AVERAGE SKY COVER 0.1


WEATHER CONDITIONS
 THE FOLLOWING WEATHER WAS RECORDED YESTERDAY.
  NO SIGNIFICANT WEATHER WAS OBSERVED.


RELATIVE HUMIDITY (PERCENT)
 HIGHEST    63          1200 AM
 LOWEST     17           300 PM
 AVERAGE    40

..........................................................


THE GREAT FALLS MT CLIMATE NORMALS FOR TODAY
                         NORMAL    RECORD    YEAR
 MAXIMUM TEMPERATURE (F)   78        99      2012
 MINIMUM TEMPERATURE (F)   48        35      1918


SUNRISE AND SUNSET
AUGUST 28 2016........SUNRISE   640 AM MDT   SUNSET   812 PM MDT
AUGUST 29 2016........SUNRISE   641 AM MDT   SUNSET   810 PM MDT


-  INDICATES NEGATIVE NUMBERS.
R  INDICATES RECORD WAS SET OR TIED.
MM INDICATES DATA IS MISSING.
T  INDICATES TRACE AMOUNT.




$$
