141
CDUS45 KTFX 280935
CLIGTF


CLIMATE REPORT
NATIONAL WEATHER SERVICE GREAT FALLS MT
334 AM MDT WED JUN 28 2017


...................................

...THE GREAT FALLS MT CLIMATE SUMMARY FOR JUNE 27 2017...

CLIMATE NORMAL PERIOD 1981 TO 2010
CLIMATE RECORD PERIOD 1886 TO 2017


WEATHER ITEM   OBSERVED TIME   RECORD YEAR NORMAL DEPARTURE LAST
                VALUE   (LST)  VALUE       VALUE  FROM      YEAR
                                                  NORMAL
..................................................................
TEMPERATURE (F)
 YESTERDAY
  MAXIMUM         82    154 PM 101    1936  77      5       83
  MINIMUM         53   1128 PM  37    1951  48      5       44
  AVERAGE         68                        63      5       64

PRECIPITATION (IN)
  YESTERDAY        T             1.03 1944   0.07  -0.07     0.00
  MONTH TO DATE    2.09                      2.35  -0.26     0.93
  SINCE OCT 1     12.44                     10.08   2.36    12.05
  SINCE JAN 1      9.51                      8.08   1.43     6.95

SNOWFALL (IN)
  YESTERDAY        0.0           T    1993   0.0    0.0      0.0
  MONTH TO DATE    0.0                       0.3   -0.3       T
  SINCE JUN 1      0.0                       0.3   -0.3       T
  SINCE JUL 1     48.4                      63.5  -15.1     46.9
  SNOW DEPTH       0

DEGREE DAYS
 HEATING
  YESTERDAY        0                         4     -4        1
  MONTH TO DATE  118                       179    -61      108
  SINCE JUN 1    118                       179    -61      108
  SINCE JUL 1   7610                      7714   -104     6797

 COOLING
  YESTERDAY        3                         2      1        0
  MONTH TO DATE   34                        27      7       27
  SINCE JUN 1     34                        27      7       27
  SINCE JAN 1     41                        34      7       27
..................................................................


WIND (MPH)
  HIGHEST WIND SPEED    30   HIGHEST WIND DIRECTION     S (190)
  HIGHEST GUST SPEED    38   HIGHEST GUST DIRECTION    SW (220)
  AVERAGE WIND SPEED    11.9


SKY COVER
  AVERAGE SKY COVER 0.3


WEATHER CONDITIONS
 THE FOLLOWING WEATHER WAS RECORDED YESTERDAY.
  THUNDERSTORM
  LIGHT RAIN


RELATIVE HUMIDITY (PERCENT)
 HIGHEST    77          1100 PM
 LOWEST     31           200 PM
 AVERAGE    54

..........................................................


THE GREAT FALLS MT CLIMATE NORMALS FOR TODAY
                         NORMAL    RECORD    YEAR
 MAXIMUM TEMPERATURE (F)   78        99      2015
 MINIMUM TEMPERATURE (F)   49        36      1995


SUNRISE AND SUNSET
JUNE 28 2017..........SUNRISE   531 AM MDT   SUNSET   927 PM MDT
JUNE 29 2017..........SUNRISE   531 AM MDT   SUNSET   926 PM MDT


-  INDICATES NEGATIVE NUMBERS.
R  INDICATES RECORD WAS SET OR TIED.
MM INDICATES DATA IS MISSING.
T  INDICATES TRACE AMOUNT.




$$
