000
CDUS45 KTFX 270817
CLIGTF


CLIMATE REPORT
NATIONAL WEATHER SERVICE GREAT FALLS MT
216 AM MDT FRI MAR 27 2015


...................................

...THE GREAT FALLS MT CLIMATE SUMMARY FOR MARCH 26 2015...

CLIMATE NORMAL PERIOD 1981 TO 2010
CLIMATE RECORD PERIOD 1886 TO 2015


WEATHER ITEM   OBSERVED TIME   RECORD YEAR NORMAL DEPARTURE LAST
                VALUE   (LST)  VALUE       VALUE  FROM      YEAR
                                                  NORMAL
..................................................................
TEMPERATURE (F)
 YESTERDAY
  MAXIMUM         67    404 PM  71    1946  49     18       42
  MINIMUM         43    513 AM -15    1898  26     17       21
  AVERAGE         55                        37     18       32

PRECIPITATION (IN)
  YESTERDAY        0.00          0.41 2006   0.04  -0.04     0.00
                                      1972
  MONTH TO DATE    0.09                      0.73  -0.64     1.09
  SINCE OCT 1      4.44                      3.71   0.73     5.56
  SINCE JAN 1      1.49                      1.71  -0.22     3.51

SNOWFALL (IN)
  YESTERDAY        0.0           5.3  1991   0.4   -0.4      0.0
  MONTH TO DATE    0.8                       9.9   -9.1     11.2
  SINCE MAR 1      0.8                       9.9   -9.1     11.2
  SINCE JUL 1     57.1                      49.9    7.2     68.7
  SNOW DEPTH       0

DEGREE DAYS
 HEATING
  YESTERDAY       10                        28    -18       33
  MONTH TO DATE  601                       820   -219      930
  SINCE MAR 1    601                       820   -219      930
  SINCE JUL 1   5739                      6325   -586     6584

 COOLING
  YESTERDAY        0                         0      0        0
  MONTH TO DATE    0                         0      0        0
  SINCE MAR 1      0                         0      0        0
  SINCE JAN 1      0                         0      0        0
..................................................................


WIND (MPH)
  HIGHEST WIND SPEED    32   HIGHEST WIND DIRECTION     W (270)
  HIGHEST GUST SPEED    40   HIGHEST GUST DIRECTION     W (280)
  AVERAGE WIND SPEED    17.9


SKY COVER
  AVERAGE SKY COVER 0.3


WEATHER CONDITIONS
 THE FOLLOWING WEATHER WAS RECORDED YESTERDAY.
  NO SIGNIFICANT WEATHER WAS OBSERVED.


RELATIVE HUMIDITY (PERCENT)
 HIGHEST    67           500 AM
 LOWEST     31           300 PM
 AVERAGE    49

..........................................................


THE GREAT FALLS MT CLIMATE NORMALS FOR TODAY
                         NORMAL    RECORD    YEAR
 MAXIMUM TEMPERATURE (F)   49        73      1986
 MINIMUM TEMPERATURE (F)   26        -8      1898


SUNRISE AND SUNSET
MARCH 27 2015.........SUNRISE   715 AM MDT   SUNSET   748 PM MDT
MARCH 28 2015.........SUNRISE   713 AM MDT   SUNSET   749 PM MDT


-  INDICATES NEGATIVE NUMBERS.
R  INDICATES RECORD WAS SET OR TIED.
MM INDICATES DATA IS MISSING.
T  INDICATES TRACE AMOUNT.




$$
