000
CDUS45 KTFX 282358
CLIGTF

CLIMATE REPORT
NATIONAL WEATHER SERVICE GREAT FALLS MT
431 PM MDT THU APR 28 2016


...................................

...THE GREAT FALLS MT CLIMATE SUMMARY FOR APRIL 28 2016...
VALID TODAY AS OF 0400 PM LOCAL TIME.

CLIMATE NORMAL PERIOD 1981 TO 2010
CLIMATE RECORD PERIOD 1886 TO 2016


WEATHER ITEM   OBSERVED TIME   RECORD YEAR NORMAL DEPARTURE LAST
                VALUE   (LST)  VALUE       VALUE  FROM      YEAR
                                                  NORMAL
..................................................................
TEMPERATURE (F)
 TODAY
  MAXIMUM         43    145 PM  87    1987  60    -17       76
  MINIMUM         32    742 AM  13    1907  33     -1       38
  AVERAGE         38                        46     -8       57

PRECIPITATION (IN)
  TODAY            0.10          0.73 1970   0.06   0.04     0.00
  MONTH TO DATE    2.83                      1.32   1.51     0.89
  SINCE OCT 1      9.08                      5.21   3.87     5.33
  SINCE JAN 1      3.98                      3.21   0.77     2.38

SNOWFALL (IN)
  TODAY            0.1           8.1  2009   0.2   -0.1      0.0
  MONTH TO DATE    7.2                       8.2   -1.0      0.8
  SINCE MAR 1      9.0                      20.1  -11.1      1.6
  SINCE JUL 1     46.9                      60.1  -13.2     57.9

DEGREE DAYS
 HEATING
  TODAY           27                        19      8        8
  MONTH TO DATE  508                       623   -115      599
  SINCE MAR 1   1290                      1576   -286     1255
  SINCE JUL 1   6228                      7081   -853     6393

 COOLING
  TODAY            0                         0      0        0
  MONTH TO DATE    0                         0      0        0
  SINCE MAR 1      0                         0      0        0
  SINCE JAN 1      0                         0      0        0
..................................................................


WIND (MPH)
  HIGHEST WIND SPEED    20   HIGHEST WIND DIRECTION     E (70)
  HIGHEST GUST SPEED    25   HIGHEST GUST DIRECTION    NE (60)
  AVERAGE WIND SPEED    11.9


SKY COVER
  AVERAGE SKY COVER 0.9


WEATHER CONDITIONS
 THE FOLLOWING WEATHER WAS RECORDED TODAY.
  LIGHT RAIN
  LIGHT SNOW
  FOG


RELATIVE HUMIDITY (PERCENT)
 HIGHEST    96           800 AM
 LOWEST     70           300 PM
 AVERAGE    83

..........................................................


THE GREAT FALLS MT CLIMATE NORMALS FOR TOMORROW
                         NORMAL    RECORD    YEAR
 MAXIMUM TEMPERATURE (F)   60        87      1939
 MINIMUM TEMPERATURE (F)   34        14      1954


SUNRISE AND SUNSET
APRIL 28 2016.........SUNRISE   613 AM MDT   SUNSET   834 PM MDT
APRIL 29 2016.........SUNRISE   611 AM MDT   SUNSET   835 PM MDT


-  INDICATES NEGATIVE NUMBERS.
R  INDICATES RECORD WAS SET OR TIED.
MM INDICATES DATA IS MISSING.
T  INDICATES TRACE AMOUNT.




$$
