000
CDUS45 KTFX 300838
CLIGTF


CLIMATE REPORT
NATIONAL WEATHER SERVICE GREAT FALLS MT
237 AM MDT FRI SEP 30 2016


...................................

...THE GREAT FALLS MT CLIMATE SUMMARY FOR SEPTEMBER 29 2016...

CLIMATE NORMAL PERIOD 1981 TO 2010
CLIMATE RECORD PERIOD 1886 TO 2016


WEATHER ITEM   OBSERVED TIME   RECORD YEAR NORMAL DEPARTURE LAST
                VALUE   (LST)  VALUE       VALUE  FROM      YEAR
                                                  NORMAL
..................................................................
TEMPERATURE (F)
 YESTERDAY
  MAXIMUM         76    407 PM  91    1967  65     11       77
  MINIMUM         40    607 AM  21    1985  38      2       30
  AVERAGE         58                        51      7       54

PRECIPITATION (IN)
  YESTERDAY        0.00          0.40 1937   0.04  -0.04     0.00
  MONTH TO DATE    2.22                      1.38   0.84     2.54
  SINCE OCT 1     16.62                     14.71   1.91    13.54
  SINCE JAN 1     11.52                     12.71  -1.19    10.59

SNOWFALL (IN)
  YESTERDAY        0.0           1.1  1954   0.1   -0.1      0.0
  MONTH TO DATE    0.0                       1.1   -1.1      0.0
  SINCE SEP 1      0.0                       1.1   -1.1      0.0
  SINCE JUL 1      T                         1.4   -1.4      0.0
  SNOW DEPTH       0

DEGREE DAYS
 HEATING
  YESTERDAY        7                        14     -7       11
  MONTH TO DATE  280                       272      8      216
  SINCE SEP 1    280                       272      8      216
  SINCE JUL 1    381                       393    -12      312

 COOLING
  YESTERDAY        0                         0      0        0
  MONTH TO DATE   10                        20    -10       15
  SINCE SEP 1     10                        20    -10       15
  SINCE JAN 1    252                       296    -44      406
..................................................................


WIND (MPH)
  HIGHEST WIND SPEED    14   HIGHEST WIND DIRECTION    NE (40)
  HIGHEST GUST SPEED    16   HIGHEST GUST DIRECTION    NE (50)
  AVERAGE WIND SPEED     6.2


SKY COVER
  AVERAGE SKY COVER 0.0


WEATHER CONDITIONS
 THE FOLLOWING WEATHER WAS RECORDED YESTERDAY.
  NO SIGNIFICANT WEATHER WAS OBSERVED.


RELATIVE HUMIDITY (PERCENT)
 HIGHEST    96           500 AM
 LOWEST     38           400 PM
 AVERAGE    67

..........................................................


THE GREAT FALLS MT CLIMATE NORMALS FOR TODAY
                         NORMAL    RECORD    YEAR
 MAXIMUM TEMPERATURE (F)   64        91      1992
 MINIMUM TEMPERATURE (F)   38        22      1985


SUNRISE AND SUNSET
SEPTEMBER 30 2016.....SUNRISE   724 AM MDT   SUNSET   706 PM MDT
OCTOBER  1 2016.......SUNRISE   725 AM MDT   SUNSET   704 PM MDT


-  INDICATES NEGATIVE NUMBERS.
R  INDICATES RECORD WAS SET OR TIED.
MM INDICATES DATA IS MISSING.
T  INDICATES TRACE AMOUNT.




$$
