000
CDGM40 PGUM 250634
CLIGUM


CLIMATE REPORT
NATIONAL WEATHER SERVICE TIYAN, GUAM
431 PM CHST SUN JAN 25 2015


...................................

...THE GUAM INTERNATIONAL AIRPORT GU CLIMATE SUMMARY FOR JANUARY 25 2015...
VALID TODAY AS OF 0400 PM LOCAL TIME.

CLIMATE NORMAL PERIOD 1981 TO 2010
CLIMATE RECORD PERIOD 1945 TO 2015


WEATHER ITEM   OBSERVED TIME   RECORD YEAR NORMAL DEPARTURE LAST
                VALUE   (LST)  VALUE       VALUE  FROM      YEAR
                                                  NORMAL
..................................................................
TEMPERATURE (F)
 TODAY
  MAXIMUM         88    315 PM  89    1973  85      3       86
  MINIMUM         76   1246 AM  70    1973  75      1       77
                                      1956
  AVERAGE         82                        80      2       82

PRECIPITATION (IN)
  TODAY            0.19          4.33 1976   0.14   0.05     1.79
  MONTH TO DATE    8.14                      4.16   3.98     8.48
  SINCE DEC 1     12.01                     10.14   1.87    11.81
  SINCE JAN 1      8.14                      4.16   3.98     8.48

SNOWFALL (IN)
  TODAY            0.0
  MONTH TO DATE    0.0
  SINCE DEC 1      0.0
  SINCE JUL 1      0.0
  SNOW DEPTH       0

DEGREE DAYS
 HEATING
  TODAY            0
  MONTH TO DATE    0
  SINCE DEC 1      0
  SINCE JUL 1      0

 COOLING
  TODAY           17                        15      2       17
  MONTH TO DATE  413                       378     35      411
  SINCE DEC 1    991                       880    111      941
  SINCE JAN 1    413                       378     35      411
..................................................................


WIND (MPH)
  RESULTANT WIND SPEED  12   RESULTANT WIND DIRECTION   E (70)
  HIGHEST WIND SPEED    24   HIGHEST WIND DIRECTION     E (80)
  HIGHEST GUST SPEED    28   HIGHEST GUST DIRECTION     E (80)
  AVERAGE WIND SPEED    11.7


SKY COVER
  POSSIBLE SUNSHINE  MM
  AVERAGE SKY COVER 0.4


WEATHER CONDITIONS
 THE FOLLOWING WEATHER WAS RECORDED TODAY.
  LIGHT RAIN
  FOG


RELATIVE HUMIDITY (PERCENT)
 HIGHEST    85          1200 AM
 LOWEST     63          1200 PM
 AVERAGE    74

..........................................................


THE GUAM INTERNATIONAL AIRPORT GU CLIMATE NORMALS FOR TOMORROW
                         NORMAL    RECORD    YEAR
 MAXIMUM TEMPERATURE (F)   85        89      1989
                                             1972
                                             1971
 MINIMUM TEMPERATURE (F)   75        72      2005
                                             1983
                                             1973


SUNRISE AND SUNSET
JANUARY 25 2015.......SUNRISE   648 AM CHST  SUNSET   618 PM CHST
JANUARY 26 2015.......SUNRISE   648 AM CHST  SUNSET   618 PM CHST


-  INDICATES NEGATIVE NUMBERS.
R  INDICATES RECORD WAS SET OR TIED.
MM INDICATES DATA IS MISSING.
T  INDICATES TRACE AMOUNT.




$$
