000
CDGM40 PGUM 230650
CLIGUM


CLIMATE REPORT
NATIONAL WEATHER SERVICE TIYAN, GUAM
440 PM CHST FRI JUN 23 2017


...................................

...THE GUAM INTERNATIONAL AIRPORT GU CLIMATE SUMMARY FOR JUNE 23 2017...
VALID TODAY AS OF 0400 PM LOCAL TIME.

CLIMATE NORMAL PERIOD 1981 TO 2010
CLIMATE RECORD PERIOD 1945 TO 2017


WEATHER ITEM   OBSERVED TIME   RECORD YEAR NORMAL DEPARTURE LAST
                VALUE   (LST)  VALUE       VALUE  FROM      YEAR
                                                  NORMAL
..................................................................
TEMPERATURE (F)
 TODAY
  MAXIMUM         91    238 PM  92    2016  88      3       92
                                      2013
                                      1985
  MINIMUM         79    657 AM  72    1997  77      2       83
                                      1967
  AVERAGE         85                        82      3       88

PRECIPITATION (IN)
  TODAY            0.26          3.86 1982   0.27  -0.01     0.16
  MONTH TO DATE    5.06                      4.99   0.07     6.54
  SINCE JUN 1      5.06                      4.99   0.07     6.54
  SINCE JAN 1     32.13                     25.13   7.00    17.53

SNOWFALL (IN)
  TODAY            0.0
  MONTH TO DATE    0.0
  SINCE JUN 1      0.0
  SINCE JUL 1      0.0
  SNOW DEPTH       0

DEGREE DAYS
 HEATING
  TODAY            0
  MONTH TO DATE    0
  SINCE JUN 1      0
  SINCE JUL 1      0

 COOLING
  TODAY           20                        18      2       23
  MONTH TO DATE  452                       414     38      483
  SINCE JUN 1    452                       414     38      483
  SINCE JAN 1   3125                      2842    283     3169
..................................................................


WIND (MPH)
  RESULTANT WIND SPEED   9   RESULTANT WIND DIRECTION   E (80)
  HIGHEST WIND SPEED    17   HIGHEST WIND DIRECTION     E (80)
  HIGHEST GUST SPEED    23   HIGHEST GUST DIRECTION     E (80)
  AVERAGE WIND SPEED     9.5


SKY COVER
  POSSIBLE SUNSHINE  MM
  AVERAGE SKY COVER 0.3


WEATHER CONDITIONS
 THE FOLLOWING WEATHER WAS RECORDED TODAY.
  LIGHT RAIN


RELATIVE HUMIDITY (PERCENT)
 HIGHEST    97           300 AM
 LOWEST     64           200 PM
 AVERAGE    81

..........................................................


THE GUAM INTERNATIONAL AIRPORT GU CLIMATE NORMALS FOR TOMORROW
                         NORMAL    RECORD    YEAR
 MAXIMUM TEMPERATURE (F)   88        93      1987
                                             1985
 MINIMUM TEMPERATURE (F)   77        73      2000


SUNRISE AND SUNSET
JUNE 23 2017..........SUNRISE   555 AM CHST  SUNSET   651 PM CHST
JUNE 24 2017..........SUNRISE   556 AM CHST  SUNSET   651 PM CHST


-  INDICATES NEGATIVE NUMBERS.
R  INDICATES RECORD WAS SET OR TIED.
MM INDICATES DATA IS MISSING.
T  INDICATES TRACE AMOUNT.




$$
