000
CDGM40 PGUM 290700
CLIGUM


CLIMATE REPORT
NATIONAL WEATHER SERVICE TIYAN, GUAM
450 PM CHST FRI JUL 29 2016


...................................

...THE GUAM INTERNATIONAL AIRPORT GU CLIMATE SUMMARY FOR JULY 29 2016...
VALID TODAY AS OF 0400 PM LOCAL TIME.

CLIMATE NORMAL PERIOD 1981 TO 2010
CLIMATE RECORD PERIOD 1945 TO 2016


WEATHER ITEM   OBSERVED TIME   RECORD YEAR NORMAL DEPARTURE LAST
                VALUE   (LST)  VALUE       VALUE  FROM      YEAR
                                                  NORMAL
..................................................................
TEMPERATURE (F)
 TODAY
  MAXIMUM         89   1109 AM  92    2013  87      2       87
  MINIMUM         79    140 AM  72    1999  76      3       74
                                      1982
  AVERAGE         84                        82      2       81

PRECIPITATION (IN)
  TODAY            0.03          3.34 1999   0.45  -0.42      T
  MONTH TO DATE    6.69                     11.25  -4.56    21.72
  SINCE JUN 1     14.42                     18.34  -3.92    27.04
  SINCE JAN 1     25.41                     38.48 -13.07    56.43

SNOWFALL (IN)
  TODAY            0.0
  MONTH TO DATE    0.0
  SINCE JUN 1      0.0
  SINCE JUL 1      0.0
  SNOW DEPTH       0

DEGREE DAYS
 HEATING
  TODAY            0
  MONTH TO DATE    0
  SINCE JUN 1      0
  SINCE JUL 1      0

 COOLING
  TODAY           19                        17      2       16
  MONTH TO DATE  552                       493     59      490
  SINCE JUN 1   1183                      1022    161     1038
  SINCE JAN 1   3869                      3450    419     3543
..................................................................


WIND (MPH)
  RESULTANT WIND SPEED   4   RESULTANT WIND DIRECTION   E (110)
  HIGHEST WIND SPEED    13   HIGHEST WIND DIRECTION     E (110)
  HIGHEST GUST SPEED    16   HIGHEST GUST DIRECTION    SE (120)
  AVERAGE WIND SPEED     4.8


SKY COVER
  POSSIBLE SUNSHINE  MM
  AVERAGE SKY COVER 0.1


WEATHER CONDITIONS
 THE FOLLOWING WEATHER WAS RECORDED TODAY.
  FOG


RELATIVE HUMIDITY (PERCENT)
 HIGHEST    91          1200 AM
 LOWEST     68          1200 PM
 AVERAGE    80

..........................................................


THE GUAM INTERNATIONAL AIRPORT GU CLIMATE NORMALS FOR TOMORROW
                         NORMAL    RECORD    YEAR
 MAXIMUM TEMPERATURE (F)   87        92      2013
                                             1984
 MINIMUM TEMPERATURE (F)   76        71      1964
                                             1956


SUNRISE AND SUNSET
JULY 29 2016..........SUNRISE   605 AM CHST  SUNSET   649 PM CHST
JULY 30 2016..........SUNRISE   605 AM CHST  SUNSET   649 PM CHST


-  INDICATES NEGATIVE NUMBERS.
R  INDICATES RECORD WAS SET OR TIED.
MM INDICATES DATA IS MISSING.
T  INDICATES TRACE AMOUNT.




$$
