000
CDUS44 KAMA 260730
CLIGUY


CLIMATE REPORT
NATIONAL WEATHER SERVICE AMARILLO TX
129 AM CST WED NOV 26 2014


...................................

...THE GUYMON CLIMATE SUMMARY FOR NOVEMBER 25 2014...

CLIMATE NORMAL PERIOD 1981 TO 2010
CLIMATE RECORD PERIOD 1998 TO 2014


WEATHER ITEM   OBSERVED TIME   NORMAL DEPARTURE LAST
                VALUE   (LST)  VALUE  FROM      YEAR
                                      NORMAL
......................................................
TEMPERATURE (F)
 YESTERDAY
  MAXIMUM         55    304 PM  56     -1       31
  MINIMUM         23    748 AM  27     -4       14
  AVERAGE         39            41     -2       23

PRECIPITATION (IN)
  YESTERDAY        0.00          0.02  -0.02     0.00
  MONTH TO DATE    0.14          0.47  -0.33     0.68
  SINCE SEP 1      3.87          3.83   0.04     4.45
  SINCE JAN 1     12.31         18.60  -6.29    15.00

SNOWFALL (IN)
  YESTERDAY        0.0                           0.0
  MONTH TO DATE    3.0                           3.7
  SINCE SEP 1      3.0                           3.7
  SINCE JUL 1      3.0                           3.7
  SNOW DEPTH       0

DEGREE DAYS
 HEATING
  YESTERDAY       26            24      2       42
  MONTH TO DATE  544           457     87      490
  SINCE SEP 1    714           765    -51      761
  SINCE JUL 1    718           766    -48      761

 COOLING
  YESTERDAY        0             0      0        0
  MONTH TO DATE    0             0      0        0
  SINCE SEP 1    260           232     28      295
  SINCE JAN 1   1706          1481    225     1846
......................................................


WIND (MPH)
  RESULTANT WIND SPEED  12   RESULTANT WIND DIRECTION  SW (240)
  HIGHEST WIND SPEED    30   HIGHEST WIND DIRECTION    SW (230)
  HIGHEST GUST SPEED    38   HIGHEST GUST DIRECTION    SW (230)
  AVERAGE WIND SPEED    12.8


SKY COVER
  AVERAGE SKY COVER 0.0


WEATHER CONDITIONS
 THE FOLLOWING WEATHER WAS RECORDED YESTERDAY.
  NO SIGNIFICANT WEATHER WAS OBSERVED.


RELATIVE HUMIDITY (PERCENT)
 HIGHEST    75           500 AM
 LOWEST     19           300 PM
 AVERAGE    47

..........................................................


THE GUYMON CLIMATE NORMALS FOR TODAY
                         NORMAL
 MAXIMUM TEMPERATURE (F)   55
 MINIMUM TEMPERATURE (F)   27


SUNRISE AND SUNSET
NOVEMBER 26 2014......SUNRISE   735 AM CST   SUNSET   531 PM CST
NOVEMBER 27 2014......SUNRISE   736 AM CST   SUNSET   531 PM CST


-  INDICATES NEGATIVE NUMBERS.
R  INDICATES RECORD WAS SET OR TIED.
MM INDICATES DATA IS MISSING.
T  INDICATES TRACE AMOUNT.




$$
