000
CDUS44 KAMA 192247
CLIGUY


CLIMATE REPORT
NATIONAL WEATHER SERVICE AMARILLO TX
446 PM CST SUN NOV 19 2017


...................................

...THE GUYMON CLIMATE SUMMARY FOR NOVEMBER 19 2017...
VALID TODAY AS OF 0400 PM LOCAL TIME.

CLIMATE NORMAL PERIOD 1981 TO 2010
CLIMATE RECORD PERIOD 1998 TO 2017


WEATHER ITEM   OBSERVED TIME   RECORD YEAR NORMAL DEPARTURE LAST
                VALUE   (LST)  VALUE       VALUE  FROM      YEAR
                                                  NORMAL
..................................................................
TEMPERATURE (F)
 TODAY
  MAXIMUM         64    238 PM  83    2007  59      5       59
  MINIMUM         21    701 AM  14    2016  29     -8       14
  AVERAGE         43                        44     -1       37

PRECIPITATION (IN)
  TODAY            0.00          0.02 2001   0.02  -0.02     0.00
  MONTH TO DATE    T                         0.37  -0.37      T
  SINCE SEP 1      6.13                      3.73   2.40     0.66
  SINCE JAN 1     21.69                     18.50   3.19    15.10

SNOWFALL (IN)
  TODAY            0.0          MM      MM  MM     MM        0.0
  MONTH TO DATE    0.0                      MM     MM        0.0
  SINCE SEP 1      0.0                      MM     MM        0.0
  SINCE JUL 1      0.0                      MM     MM        0.0
  SNOW DEPTH       0

DEGREE DAYS
 HEATING
  TODAY           22                        21      1       28
  MONTH TO DATE  304                       322    -18      224
  SINCE SEP 1    574                       630    -56      337
  SINCE JUL 1    574                       631    -57      337

 COOLING
  TODAY            0                         0      0        0
  MONTH TO DATE    0                         0      0        0
  SINCE SEP 1    271                       232     39      370
  SINCE JAN 1   1592                      1481    111     1807
..................................................................


WIND (MPH)
  RESULTANT WIND SPEED  12   RESULTANT WIND DIRECTION  SW (210)
  HIGHEST WIND SPEED    28   HIGHEST WIND DIRECTION    SW (220)
  HIGHEST GUST SPEED    34   HIGHEST GUST DIRECTION    SW (210)
  AVERAGE WIND SPEED    11.9


SKY COVER
  AVERAGE SKY COVER 0.0


WEATHER CONDITIONS
 THE FOLLOWING WEATHER WAS RECORDED TODAY.
  NO SIGNIFICANT WEATHER WAS OBSERVED.


RELATIVE HUMIDITY (PERCENT)
 HIGHEST    77           700 AM
 LOWEST     16           200 PM
 AVERAGE    47

..........................................................


THE GUYMON CLIMATE NORMALS FOR TOMORROW
                         NORMAL    RECORD    YEAR
 MAXIMUM TEMPERATURE (F)   58        75      2003
 MINIMUM TEMPERATURE (F)   29        20      2006


SUNRISE AND SUNSET
NOVEMBER 19 2017......SUNRISE   728 AM CST   SUNSET   534 PM CST
NOVEMBER 20 2017......SUNRISE   729 AM CST   SUNSET   534 PM CST


-  INDICATES NEGATIVE NUMBERS.
R  INDICATES RECORD WAS SET OR TIED.
MM INDICATES DATA IS MISSING.
T  INDICATES TRACE AMOUNT.




$$
