000
CDUS44 KAMA 160730
CLIGUY


CLIMATE REPORT
NATIONAL WEATHER SERVICE AMARILLO TX
130 AM CST MON JAN 16 2017


...................................

...THE GUYMON CLIMATE SUMMARY FOR JANUARY 15 2017...

CLIMATE NORMAL PERIOD 1981 TO 2010
CLIMATE RECORD PERIOD 1998 TO 2017


WEATHER ITEM   OBSERVED TIME   RECORD YEAR NORMAL DEPARTURE LAST
                VALUE   (LST)  VALUE       VALUE  FROM      YEAR
                                                  NORMAL
..................................................................
TEMPERATURE (F)
 YESTERDAY
  MAXIMUM         32   1159 PM  74    2006  50    -18       49
                                      1999
  MINIMUM         31    821 AM   7    2007  22      9       23
  AVERAGE         32                        36     -4       36

PRECIPITATION (IN)
  YESTERDAY        1.23         MM      MM   0.01   1.22     0.00
  MONTH TO DATE    1.74                      0.10   1.64     0.14
  SINCE DEC 1      2.18                      0.74   1.44     0.98
  SINCE JAN 1      1.74                      0.10   1.64     0.14

SNOWFALL (IN)
  YESTERDAY       MM            MM      MM  MM     MM        0.0
  MONTH TO DATE    0.0                      MM     MM        0.0
  SINCE DEC 1      0.8                      MM     MM        0.0
  SINCE JUL 1      0.8                      MM     MM        0.0
  SNOW DEPTH       0

DEGREE DAYS
 HEATING
  YESTERDAY       33                        29      4       29
  MONTH TO DATE  516                       452     64      472
  SINCE DEC 1   1468                      1378     90     1279
  SINCE JUL 1   2006                      2269   -263     1993

 COOLING
  YESTERDAY        0                         0      0        0
  MONTH TO DATE    0                         0      0        0
  SINCE DEC 1      0                         0      0        0
  SINCE JAN 1      0                         0      0        0
..................................................................


WIND (MPH)
  RESULTANT WIND SPEED   5   RESULTANT WIND DIRECTION  NE (40)
  HIGHEST WIND SPEED    15   HIGHEST WIND DIRECTION     N (360)
  HIGHEST GUST SPEED    20   HIGHEST GUST DIRECTION     N (350)
  AVERAGE WIND SPEED     6.7


SKY COVER
  AVERAGE SKY COVER 1.0


WEATHER CONDITIONS
 THE FOLLOWING WEATHER WAS RECORDED YESTERDAY.
  LIGHT SNOW
  FOG


RELATIVE HUMIDITY (PERCENT)
 HIGHEST   100          1200 AM
 LOWEST     92           500 AM
 AVERAGE    96

..........................................................


THE GUYMON CLIMATE NORMALS FOR TODAY
                         NORMAL    RECORD    YEAR
 MAXIMUM TEMPERATURE (F)   50        69      2012
 MINIMUM TEMPERATURE (F)   22         7      2007


SUNRISE AND SUNSET
JANUARY 16 2017.......SUNRISE   757 AM CST   SUNSET   555 PM CST
JANUARY 17 2017.......SUNRISE   757 AM CST   SUNSET   556 PM CST


-  INDICATES NEGATIVE NUMBERS.
R  INDICATES RECORD WAS SET OR TIED.
MM INDICATES DATA IS MISSING.
T  INDICATES TRACE AMOUNT.




$$
