000
CDUS44 KAMA 290634
CLIGUY


CLIMATE REPORT
NATIONAL WEATHER SERVICE AMARILLO TX
130 AM CDT WED JUL 29 2015


...................................

...THE GUYMON CLIMATE SUMMARY FOR JULY 28 2015...

CLIMATE NORMAL PERIOD 1981 TO 2010
CLIMATE RECORD PERIOD 1998 TO 2015


WEATHER ITEM   OBSERVED TIME   RECORD YEAR NORMAL DEPARTURE LAST
                VALUE   (LST)  VALUE       VALUE  FROM      YEAR
                                                  NORMAL
..................................................................
TEMPERATURE (F)
 YESTERDAY
  MAXIMUM         92    349 PM  MM      MM  94     -2       75
  MINIMUM         68   1159 PM  MM      MM  66      2       63
  AVERAGE         80                        80      0       69

PRECIPITATION (IN)
  YESTERDAY        0.86         MM      MM   0.10   0.76     0.21
  MONTH TO DATE    4.33                      2.39   1.94     1.46
  SINCE JUN 1      6.02                      5.33   0.69     3.80
  SINCE JAN 1     16.97                     11.58   5.39     7.19

SNOWFALL (IN)
  YESTERDAY        0.0          MM      MM  MM     MM        0.0
  MONTH TO DATE    0.0                      MM     MM        0.0
  SINCE JUN 1      0.0                      MM     MM        0.0
  SINCE JUL 1      0.0                      MM     MM        0.0
  SNOW DEPTH       0

DEGREE DAYS
 HEATING
  YESTERDAY        0                         0      0        0
  MONTH TO DATE    0                         0      0        4
  SINCE JUN 1      0                         8     -8        9
  SINCE JUL 1      0                         0      0        4

 COOLING
  YESTERDAY       15                        15      0        4
  MONTH TO DATE  442                       410     32      413
  SINCE JUN 1    823                       690    133      762
  SINCE JAN 1    887                       798     89      940
..................................................................


WIND (MPH)
  RESULTANT WIND SPEED   3   RESULTANT WIND DIRECTION   N (20)
  HIGHEST WIND SPEED    25   HIGHEST WIND DIRECTION     W (260)
  HIGHEST GUST SPEED    33   HIGHEST GUST DIRECTION     W (250)
  AVERAGE WIND SPEED    14.2


SKY COVER
  AVERAGE SKY COVER 0.0


WEATHER CONDITIONS
 THE FOLLOWING WEATHER WAS RECORDED YESTERDAY.
  THUNDERSTORM
  HEAVY RAIN
  RAIN
  LIGHT RAIN
  FOG


RELATIVE HUMIDITY (PERCENT)
 HIGHEST    69           500 AM
 LOWEST     30           200 PM
 AVERAGE    50

..........................................................


THE GUYMON CLIMATE NORMALS FOR TODAY
                         NORMAL    RECORD    YEAR
 MAXIMUM TEMPERATURE (F)   94        MM        MM
 MINIMUM TEMPERATURE (F)   66        MM        MM


SUNRISE AND SUNSET
JULY 29 2015..........SUNRISE   649 AM CDT   SUNSET   855 PM CDT
JULY 30 2015..........SUNRISE   650 AM CDT   SUNSET   854 PM CDT


-  INDICATES NEGATIVE NUMBERS.
R  INDICATES RECORD WAS SET OR TIED.
MM INDICATES DATA IS MISSING.
T  INDICATES TRACE AMOUNT.




$$
