000
CDUS44 KAMA 230625
CLIGUY


CLIMATE REPORT
NATIONAL WEATHER SERVICE AMARILLO TX
125 AM CDT SUN APR 23 2017


...................................

...THE GUYMON CLIMATE SUMMARY FOR APRIL 22 2017...

CLIMATE NORMAL PERIOD 1981 TO 2010
CLIMATE RECORD PERIOD 1998 TO 2017


WEATHER ITEM   OBSERVED TIME   RECORD YEAR NORMAL DEPARTURE LAST
                VALUE   (LST)  VALUE       VALUE  FROM      YEAR
                                                  NORMAL
..................................................................
TEMPERATURE (F)
 YESTERDAY
  MAXIMUM         60    407 PM  MM      MM  72    -12       78
  MINIMUM         36   1155 PM  MM      MM  42     -6       41
  AVERAGE         48                        57     -9       60

PRECIPITATION (IN)
  YESTERDAY        0.00         MM      MM   0.05  -0.05     0.00
  MONTH TO DATE    1.82                      1.09   0.73     3.72
  SINCE MAR 1      3.77                      2.52   1.25     3.98
  SINCE JAN 1      5.79                      3.39   2.40     4.41

SNOWFALL (IN)
  YESTERDAY        0.0          MM      MM  MM     MM        0.0
  MONTH TO DATE    2.0                      MM     MM        0.0
  SINCE MAR 1      2.0                      MM     MM        0.0
  SINCE JUL 1      2.8                      MM     MM        0.0
  SNOW DEPTH       0

DEGREE DAYS
 HEATING
  YESTERDAY       17                         8      9        5
  MONTH TO DATE  171                       250    -79      178
  SINCE MAR 1    585                       831   -246      622
  SINCE JUL 1   3488                      4298   -810     3589

 COOLING
  YESTERDAY        0                         1     -1        0
  MONTH TO DATE   37                         2     35        4
  SINCE MAR 1     52                         4     48       10
  SINCE JAN 1     60                         4     56       13
..................................................................


WIND (MPH)
  RESULTANT WIND SPEED  11   RESULTANT WIND DIRECTION   N (10)
  HIGHEST WIND SPEED    22   HIGHEST WIND DIRECTION     N (10)
  HIGHEST GUST SPEED    27   HIGHEST GUST DIRECTION     N (20)
  AVERAGE WIND SPEED    10.9


SKY COVER
  AVERAGE SKY COVER 0.5


WEATHER CONDITIONS
 THE FOLLOWING WEATHER WAS RECORDED YESTERDAY.
  FOG


RELATIVE HUMIDITY (PERCENT)
 HIGHEST    96          1200 AM
 LOWEST     37           400 PM
 AVERAGE    67

..........................................................


THE GUYMON CLIMATE NORMALS FOR TODAY
                         NORMAL    RECORD    YEAR
 MAXIMUM TEMPERATURE (F)   73        MM        MM
 MINIMUM TEMPERATURE (F)   42        MM        MM


SUNRISE AND SUNSET
APRIL 23 2017.........SUNRISE   701 AM CDT   SUNSET   828 PM CDT
APRIL 24 2017.........SUNRISE   700 AM CDT   SUNSET   829 PM CDT


-  INDICATES NEGATIVE NUMBERS.
R  INDICATES RECORD WAS SET OR TIED.
MM INDICATES DATA IS MISSING.
T  INDICATES TRACE AMOUNT.




$$
