000
CDUS44 KAMA 202141
CLIGUY


CLIMATE REPORT
NATIONAL WEATHER SERVICE AMARILLO TX
441 PM CDT SAT SEP 20 2014


...................................

...THE GUYMON CLIMATE SUMMARY FOR SEPTEMBER 20 2014...
VALID TODAY AS OF 0400 PM LOCAL TIME.

CLIMATE NORMAL PERIOD 1981 TO 2010
CLIMATE RECORD PERIOD 1998 TO 2014


WEATHER ITEM   OBSERVED TIME   NORMAL DEPARTURE LAST
                VALUE   (LST)  VALUE  FROM      YEAR
                                      NORMAL
......................................................
TEMPERATURE (F)
 TODAY
  MAXIMUM         90    227 PM  84      6       74
  MINIMUM         62    701 AM  54      8       55
  AVERAGE         76            69      7       65

PRECIPITATION (IN)
  TODAY            0.00          0.06  -0.06      T
  MONTH TO DATE    1.70          1.22   0.48     2.29
  SINCE SEP 1      1.70          1.22   0.48     2.29
  SINCE JAN 1     10.14         15.99  -5.85    12.84

SNOWFALL (IN)
  TODAY            0.0                           0.0
  MONTH TO DATE    0.0                           0.0
  SINCE SEP 1      0.0                           0.0
  SINCE JUL 1      0.0                           0.0
  SNOW DEPTH       0

DEGREE DAYS
 HEATING
  TODAY            0             2     -2        0
  MONTH TO DATE   26            12     14        0
  SINCE SEP 1     26            12     14        0
  SINCE JUL 1     30            13     17        0

 COOLING
  TODAY           11             5      6        0
  MONTH TO DATE  160           165     -5      227
  SINCE SEP 1    160           165     -5      227
  SINCE JAN 1   1606          1414    192     1778
......................................................


WIND (MPH)
  RESULTANT WIND SPEED   7   RESULTANT WIND DIRECTION   S (200)
  HIGHEST WIND SPEED    16   HIGHEST WIND DIRECTION     S (200)
  HIGHEST GUST SPEED    20   HIGHEST GUST DIRECTION     S (200)
  AVERAGE WIND SPEED     8.1


SKY COVER
  AVERAGE SKY COVER 0.0


WEATHER CONDITIONS
 THE FOLLOWING WEATHER WAS RECORDED TODAY.
  NO SIGNIFICANT WEATHER WAS OBSERVED.


RELATIVE HUMIDITY (PERCENT)
 HIGHEST    93          1200 AM
 LOWEST     43           200 PM
 AVERAGE    68

..........................................................


THE GUYMON CLIMATE NORMALS FOR TOMORROW
                         NORMAL
 MAXIMUM TEMPERATURE (F)   83
 MINIMUM TEMPERATURE (F)   54


SUNRISE AND SUNSET
SEPTEMBER 20 2014.....SUNRISE   732 AM CDT   SUNSET   746 PM CDT
SEPTEMBER 21 2014.....SUNRISE   733 AM CDT   SUNSET   744 PM CDT


-  INDICATES NEGATIVE NUMBERS.
R  INDICATES RECORD WAS SET OR TIED.
MM INDICATES DATA IS MISSING.
T  INDICATES TRACE AMOUNT.




$$
