000
CDUS44 KAMA 190729
CLIGUY


CLIMATE REPORT
NATIONAL WEATHER SERVICE AMARILLO TX
129 AM CST FRI DEC 19 2014


...................................

...THE GUYMON CLIMATE SUMMARY FOR DECEMBER 18 2014...

CLIMATE NORMAL PERIOD 1981 TO 2010
CLIMATE RECORD PERIOD 1998 TO 2014


WEATHER ITEM   OBSERVED TIME   RECORD YEAR NORMAL DEPARTURE LAST
                VALUE   (LST)  VALUE       VALUE  FROM      YEAR
                                                  NORMAL
..................................................................
TEMPERATURE (F)
 YESTERDAY
  MAXIMUM         38    512 PM  68    2008  47     -9       67
  MINIMUM         33    813 AM  19    2005  21     12       29
  AVERAGE         36                        34      2       48

PRECIPITATION (IN)
  YESTERDAY        0.01         MM      MM   0.01   0.00     0.00
  MONTH TO DATE    0.76                      0.40   0.36     0.02
  SINCE DEC 1      0.76                      0.40   0.36     0.02
  SINCE JAN 1     13.07                     19.06  -5.99    15.02

SNOWFALL (IN)
  YESTERDAY        0.0          MM      MM  MM     MM        0.0
  MONTH TO DATE    0.0                      MM     MM        0.5
  SINCE DEC 1      0.0                      MM     MM        0.5
  SINCE JUL 1      3.0                      MM     MM        4.2
  SNOW DEPTH       0

DEGREE DAYS
 HEATING
  YESTERDAY       29                        31     -2       17
  MONTH TO DATE  397                       522   -125      552
  SINCE DEC 1    397                       522   -125      552
  SINCE JUL 1   1204                      1413   -209     1438

 COOLING
  YESTERDAY        0                         0      0        0
  MONTH TO DATE    0                         0      0        0
  SINCE DEC 1      0                         0      0        0
  SINCE JAN 1   1706                      1482    224     1846
..................................................................


WIND (MPH)
  RESULTANT WIND SPEED   4   RESULTANT WIND DIRECTION   N (350)
  HIGHEST WIND SPEED    13   HIGHEST WIND DIRECTION     N (340)
  HIGHEST GUST SPEED    16   HIGHEST GUST DIRECTION    NW (320)
  AVERAGE WIND SPEED     6.0


SKY COVER
  AVERAGE SKY COVER 1.0


WEATHER CONDITIONS
 THE FOLLOWING WEATHER WAS RECORDED YESTERDAY.
  LIGHT RAIN
  FOG


RELATIVE HUMIDITY (PERCENT)
 HIGHEST    96           100 AM
 LOWEST     76           100 PM
 AVERAGE    86

..........................................................


THE GUYMON CLIMATE NORMALS FOR TODAY
                         NORMAL    RECORD    YEAR
 MAXIMUM TEMPERATURE (F)   47        64      2013
                                             2007
 MINIMUM TEMPERATURE (F)   21        14      2000


SUNRISE AND SUNSET
DECEMBER 19 2014......SUNRISE   754 AM CST   SUNSET   533 PM CST
DECEMBER 20 2014......SUNRISE   754 AM CST   SUNSET   533 PM CST


-  INDICATES NEGATIVE NUMBERS.
R  INDICATES RECORD WAS SET OR TIED.
MM INDICATES DATA IS MISSING.
T  INDICATES TRACE AMOUNT.




$$
