000
CDUS42 KFFC 130931
CLIGVL


CLIMATE REPORT
NATIONAL WEATHER SERVICE PEACHTREE CITY GA
430 AM EST SAT FEB 13 2016


...................................

...THE GAINESVILLE   CLIMATE SUMMARY FOR FEBRUARY 12 2016...

CLIMATE NORMAL PERIOD 1981 TO 2010
CLIMATE RECORD PERIOD 9999 TO 9999


WEATHER ITEM   OBSERVED TIME   RECORD YEAR NORMAL DEPARTURE LAST
                VALUE   (LST)  VALUE       VALUE  FROM      YEAR
                                                  NORMAL
..................................................................
TEMPERATURE (F)
 YESTERDAY
  MAXIMUM         57    331 PM  MM      MM  54      3       48
  MINIMUM         35    254 AM  MM      MM  36     -1       25
  AVERAGE         46                        45      1       37

PRECIPITATION (IN)
  YESTERDAY        0.00         MM      MM   0.17  -0.17     0.00
  MONTH TO DATE    1.48                      1.90  -0.42     1.96
  SINCE DEC 1     16.52                     11.43   5.09     9.71
  SINCE JAN 1      6.15                      6.93  -0.78     5.62

SNOWFALL (IN)
  YESTERDAY       MM            MM      MM  MM     MM       MM
  MONTH TO DATE    T                        MM     MM        0.0
  SINCE DEC 1      T                        MM     MM        0.0
  SINCE JUL 1      T                        MM     MM        0.0
  SNOW DEPTH      MM

DEGREE DAYS
 HEATING
  YESTERDAY       19                        20     -1       28
  MONTH TO DATE  254                       254      0      259
  SINCE DEC 1   1326                      1637   -311     1522
  SINCE JUL 1   1735                      2172   -437     2165
..................................................................


WIND (MPH)
  RESULTANT WIND SPEED   3   RESULTANT WIND DIRECTION  NW (310)
  HIGHEST WIND SPEED    20   HIGHEST WIND DIRECTION     W (280)
  HIGHEST GUST SPEED    27   HIGHEST GUST DIRECTION     W (290)
  AVERAGE WIND SPEED     8.8


SKY COVER
  AVERAGE SKY COVER 0.2


WEATHER CONDITIONS
 THE FOLLOWING WEATHER WAS RECORDED YESTERDAY.
  NO SIGNIFICANT WEATHER WAS OBSERVED.


RELATIVE HUMIDITY (PERCENT)
 HIGHEST    64           100 AM
 LOWEST     33           300 PM
 AVERAGE    49

..........................................................


THE GAINESVILLE   CLIMATE NORMALS FOR TODAY
                         NORMAL    RECORD    YEAR
 MAXIMUM TEMPERATURE (F)   55        MM        MM
 MINIMUM TEMPERATURE (F)   36        MM        MM


SUNRISE AND SUNSET
FEBRUARY 13 2016......SUNRISE   723 AM EST   SUNSET   617 PM EST
FEBRUARY 14 2016......SUNRISE   722 AM EST   SUNSET   618 PM EST


-  INDICATES NEGATIVE NUMBERS.
R  INDICATES RECORD WAS SET OR TIED.
MM INDICATES DATA IS MISSING.
T  INDICATES TRACE AMOUNT.




$$
