000
CDUS44 KJAN 192108
CLIGWO


CLIMATE REPORT
NATIONAL WEATHER SERVICE JACKSON MS
406 PM CDT SAT APR 19 2014


...................................

...THE GREENWOOD CLIMATE SUMMARY FOR APRIL 19 2014...
VALID TODAY AS OF 0400 PM LOCAL TIME.

CLIMATE NORMAL PERIOD 1981 TO 2010
CLIMATE RECORD PERIOD 1948 TO 2014


WEATHER ITEM   OBSERVED TIME   RECORD YEAR NORMAL DEPARTURE LAST
                VALUE   (LST)  VALUE       VALUE  FROM      YEAR
                                                  NORMAL
..................................................................
TEMPERATURE (F)
 TODAY
  MAXIMUM         79    242 PM  91    2006  76      3       57
                                      1987
  MINIMUM         47    532 AM  36    1983  53     -6       41
  AVERAGE         63                        64     -1       49

PRECIPITATION (IN)
  TODAY            0.00          4.13 1982   0.17  -0.17     0.01
  MONTH TO DATE    6.59                      3.28   3.31     5.20
  SINCE MAR 1     10.67                      7.59   3.08    11.02
  SINCE JAN 1     16.95                     16.53   0.42    23.48

SNOWFALL (IN)
  TODAY            0.0

DEGREE DAYS
 HEATING
  TODAY            2                         3     -1       16
  MONTH TO DATE  135                        97     38      103
  SINCE MAR 1    573                       413    160      591
  SINCE JUL 1   3227                      2644    583     2671

 COOLING
  TODAY            0                         3     -3        0
  MONTH TO DATE   30                        39     -9       58
  SINCE MAR 1     34                        60    -26       58
  SINCE JAN 1     34                        65    -31       70
..................................................................


WIND (MPH)
  HIGHEST WIND SPEED    14   HIGHEST WIND DIRECTION     N (360)
  HIGHEST GUST SPEED    19   HIGHEST GUST DIRECTION    NE (30)
  AVERAGE WIND SPEED     2.1


SKY COVER
  POSSIBLE SUNSHINE  MM
  AVERAGE SKY COVER 0.1


WEATHER CONDITIONS
 THE FOLLOWING WEATHER WAS RECORDED TODAY.
  FOG
  FOG W/VISIBILITY <= 1/4 MILE


RELATIVE HUMIDITY (PERCENT)
 HIGHEST   100           500 AM
 LOWEST     35           200 PM
 AVERAGE    68

..........................................................


THE GREENWOOD CLIMATE NORMALS FOR TOMORROW
                         NORMAL    RECORD    YEAR
 MAXIMUM TEMPERATURE (F)   76        92      1987
 MINIMUM TEMPERATURE (F)   53        37      2013


SUNRISE AND SUNSET
APRIL 19 2014.........SUNRISE   625 AM CDT   SUNSET   734 PM CDT
APRIL 20 2014.........SUNRISE   624 AM CDT   SUNSET   735 PM CDT


-  INDICATES NEGATIVE NUMBERS.
R  INDICATES RECORD WAS SET OR TIED.
MM INDICATES DATA IS MISSING.
T  INDICATES TRACE AMOUNT.




$$
