260
CDUS44 KJAN 282130
CLIGWO


CLIMATE REPORT
NATIONAL WEATHER SERVICE JACKSON MS
427 PM CDT FRI APR 28 2017


...................................

...THE GREENWOOD CLIMATE SUMMARY FOR APRIL 28 2017...
VALID TODAY AS OF 0400 PM LOCAL TIME.

CLIMATE NORMAL PERIOD 1981 TO 2010
CLIMATE RECORD PERIOD 1948 TO 2017


WEATHER ITEM   OBSERVED TIME   RECORD YEAR NORMAL DEPARTURE LAST
                VALUE   (LST)  VALUE       VALUE  FROM      YEAR
                                                  NORMAL
..................................................................
TEMPERATURE (F)
 TODAY
  MAXIMUM         88    206 PM  90    1994  78     10       88
  MINIMUM         57   1232 AM  40    1992  55      2       62
  AVERAGE         73                        67      6       75

PRECIPITATION (IN)
  TODAY            0.00          4.37 1991   0.18  -0.18     0.00
  MONTH TO DATE    4.86                      4.80   0.06     3.53
  SINCE MAR 1      8.83                      9.11  -0.28    16.03
  SINCE JAN 1     17.11                     18.05  -0.94    23.48

SNOWFALL (IN)
  TODAY            0.0

DEGREE DAYS
 HEATING
  TODAY            0                         2     -2        0
  MONTH TO DATE   43                       120    -77       62
  SINCE MAR 1    275                       436   -161      252
  SINCE JUL 1   1758                      2667   -909     1913

 COOLING
  TODAY            8                         4      4       10
  MONTH TO DATE  118                        68     50       69
  SINCE MAR 1    179                        89     90      108
  SINCE JAN 1    213                        94    119      116
..................................................................


WIND (MPH)
  HIGHEST WIND SPEED    26   HIGHEST WIND DIRECTION     S (170)
  HIGHEST GUST SPEED    32   HIGHEST GUST DIRECTION     S (170)
  AVERAGE WIND SPEED    14.3


SKY COVER
  POSSIBLE SUNSHINE  MM
  AVERAGE SKY COVER 0.5


WEATHER CONDITIONS
 THE FOLLOWING WEATHER WAS RECORDED TODAY.
  NO SIGNIFICANT WEATHER WAS OBSERVED.


RELATIVE HUMIDITY (PERCENT)
 HIGHEST    93          1200 AM
 LOWEST     61           100 PM
 AVERAGE    77

..........................................................


THE GREENWOOD CLIMATE NORMALS FOR TOMORROW
                         NORMAL    RECORD    YEAR
 MAXIMUM TEMPERATURE (F)   79        90      1962
 MINIMUM TEMPERATURE (F)   56        43      1973


SUNRISE AND SUNSET
APRIL 28 2017.........SUNRISE   615 AM CDT   SUNSET   741 PM CDT
APRIL 29 2017.........SUNRISE   614 AM CDT   SUNSET   742 PM CDT


-  INDICATES NEGATIVE NUMBERS.
R  INDICATES RECORD WAS SET OR TIED.
MM INDICATES DATA IS MISSING.
T  INDICATES TRACE AMOUNT.




$$
