000
CDUS44 KJAN 310737
CLIGWO


CLIMATE REPORT
NATIONAL WEATHER SERVICE JACKSON MS
233 AM CDT THU JUL 31 2014


...................................

...THE GREENWOOD CLIMATE SUMMARY FOR JULY 30 2014...

CLIMATE NORMAL PERIOD 1981 TO 2010
CLIMATE RECORD PERIOD 1948 TO 2014


WEATHER ITEM   OBSERVED TIME   RECORD YEAR NORMAL DEPARTURE LAST
                VALUE   (LST)  VALUE       VALUE  FROM      YEAR
                                                  NORMAL
..................................................................
TEMPERATURE (F)
 YESTERDAY
  MAXIMUM         84    311 PM 105    1986  92     -8       93
  MINIMUM         58R   525 AM  63    1994  71    -13       74
  AVERAGE         71                        81    -10       84

PRECIPITATION (IN)
  YESTERDAY        0.00          1.50 1963   0.10  -0.10      T
  MONTH TO DATE    5.57                      3.51   2.06     2.27
  SINCE JUN 1     14.60                      7.82   6.78     5.31
  SINCE JAN 1     37.72                     31.15   6.57    35.72

SNOWFALL (IN)
  YESTERDAY        0.0

DEGREE DAYS
 HEATING
  YESTERDAY        0                         0      0        0
  MONTH TO DATE    0                         0      0        0
  SINCE JUN 1      0                         0      0        0
  SINCE JUL 1      0                         0      0        0

 COOLING
  YESTERDAY        6                        16    -10       19
  MONTH TO DATE  360                       480   -120      423
  SINCE JUN 1    784                       893   -109      842
  SINCE JAN 1   1078                      1223   -145     1118
..................................................................


WIND (MPH)
  HIGHEST WIND SPEED     9   HIGHEST WIND DIRECTION     N (350)
  HIGHEST GUST SPEED    12   HIGHEST GUST DIRECTION     N (20)
  AVERAGE WIND SPEED     2.2


SKY COVER
  POSSIBLE SUNSHINE  MM
  AVERAGE SKY COVER 0.0


WEATHER CONDITIONS
 THE FOLLOWING WEATHER WAS RECORDED YESTERDAY.
  FOG


RELATIVE HUMIDITY (PERCENT)
 HIGHEST    93          1200 AM
 LOWEST     40           200 PM
 AVERAGE    67

..........................................................


THE GREENWOOD CLIMATE NORMALS FOR TODAY
                         NORMAL    RECORD    YEAR
 MAXIMUM TEMPERATURE (F)   92       103      1986
 MINIMUM TEMPERATURE (F)   71        61      1971


SUNRISE AND SUNSET
JULY 31 2014..........SUNRISE   612 AM CDT   SUNSET   801 PM CDT
AUGUST  1 2014........SUNRISE   613 AM CDT   SUNSET   800 PM CDT


-  INDICATES NEGATIVE NUMBERS.
R  INDICATES RECORD WAS SET OR TIED.
MM INDICATES DATA IS MISSING.
T  INDICATES TRACE AMOUNT.




$$
