000
CDUS44 KJAN 220643
CLIGWO


CLIMATE REPORT
NATIONAL WEATHER SERVICE JACKSON MS
140 AM CDT MON SEP 22 2014


...................................

...THE GREENWOOD CLIMATE SUMMARY FOR SEPTEMBER 21 2014...

CLIMATE NORMAL PERIOD 1981 TO 2010
CLIMATE RECORD PERIOD 1948 TO 2014


WEATHER ITEM   OBSERVED TIME   RECORD YEAR NORMAL DEPARTURE LAST
                VALUE   (LST)  VALUE       VALUE  FROM      YEAR
                                                  NORMAL
..................................................................
TEMPERATURE (F)
 YESTERDAY
  MAXIMUM         93    257 PM  98    1955  85      8       81
  MINIMUM         66    619 AM  44    1983  61      5       57
  AVERAGE         80                        73      7       69

PRECIPITATION (IN)
  YESTERDAY        0.07          2.48 1958   0.12  -0.05     0.27
  MONTH TO DATE    0.38                      2.48  -2.10     2.69
  SINCE SEP 1      0.38                      2.48  -2.10     2.69
  SINCE JAN 1     41.14                     36.55   4.59    40.94

SNOWFALL (IN)
  YESTERDAY        0.0

DEGREE DAYS
 HEATING
  YESTERDAY        0                         1     -1        0
  MONTH TO DATE    0                         2     -2        0
  SINCE SEP 1      0                         2     -2        0
  SINCE JUL 1      0                         2     -2        0

 COOLING
  YESTERDAY       15                         9      6        4
  MONTH TO DATE  300                       241     59      295
  SINCE SEP 1    300                       241     59      295
  SINCE JAN 1   1856                      1983   -127     1917
..................................................................


WIND (MPH)
  HIGHEST WIND SPEED    14   HIGHEST WIND DIRECTION     N (20)
  HIGHEST GUST SPEED    18   HIGHEST GUST DIRECTION     N (20)
  AVERAGE WIND SPEED     2.9


SKY COVER
  POSSIBLE SUNSHINE  MM
  AVERAGE SKY COVER 0.3


WEATHER CONDITIONS
 THE FOLLOWING WEATHER WAS RECORDED YESTERDAY.
  LIGHT RAIN
  FOG


RELATIVE HUMIDITY (PERCENT)
 HIGHEST    94           800 PM
 LOWEST     41           300 PM
 AVERAGE    68

..........................................................


THE GREENWOOD CLIMATE NORMALS FOR TODAY
                         NORMAL    RECORD    YEAR
 MAXIMUM TEMPERATURE (F)   85        98      1970
 MINIMUM TEMPERATURE (F)   60        40      1983


SUNRISE AND SUNSET
SEPTEMBER 22 2014.....SUNRISE   648 AM CDT   SUNSET   657 PM CDT
SEPTEMBER 23 2014.....SUNRISE   649 AM CDT   SUNSET   656 PM CDT


-  INDICATES NEGATIVE NUMBERS.
R  INDICATES RECORD WAS SET OR TIED.
MM INDICATES DATA IS MISSING.
T  INDICATES TRACE AMOUNT.




$$
