000
CDUS44 KJAN 260636
CLIGWO


CLIMATE REPORT
NATIONAL WEATHER SERVICE JACKSON MS
133 AM CDT FRI AUG 26 2016


...................................

...THE GREENWOOD CLIMATE SUMMARY FOR AUGUST 25 2016...

CLIMATE NORMAL PERIOD 1981 TO 2010
CLIMATE RECORD PERIOD 1948 TO 2016


WEATHER ITEM   OBSERVED TIME   RECORD YEAR NORMAL DEPARTURE LAST
                VALUE   (LST)  VALUE       VALUE  FROM      YEAR
                                                  NORMAL
..................................................................
TEMPERATURE (F)
 YESTERDAY
  MAXIMUM         96    347 PM 101    1983  92      4       86
  MINIMUM         75    545 AM  58    2015  69      6       58
  AVERAGE         86                        80      6       72

PRECIPITATION (IN)
  YESTERDAY        0.04          0.43 2002   0.10  -0.06     0.00
  MONTH TO DATE    4.01                      2.24   1.77     1.76
  SINCE JUN 1     10.70                     10.15   0.55     6.13
  SINCE JAN 1     36.49                     33.48   3.01    34.06

SNOWFALL (IN)
  YESTERDAY        0.0

DEGREE DAYS
 HEATING
  YESTERDAY        0                         0      0        0
  MONTH TO DATE    0                         0      0        0
  SINCE JUN 1      0                         0      0        0
  SINCE JUL 1      0                         0      0        0

 COOLING
  YESTERDAY       21                        15      6        7
  MONTH TO DATE  460                       399     61      414
  SINCE JUN 1   1500                      1317    183     1416
  SINCE JAN 1   1829                      1647    182     1780
..................................................................


WIND (MPH)
  HIGHEST WIND SPEED    31   HIGHEST WIND DIRECTION     N (20)
  HIGHEST GUST SPEED    41   HIGHEST GUST DIRECTION    NE (30)
  AVERAGE WIND SPEED     2.7


SKY COVER
  POSSIBLE SUNSHINE  MM
  AVERAGE SKY COVER 0.1


WEATHER CONDITIONS
 THE FOLLOWING WEATHER WAS RECORDED YESTERDAY.
  THUNDERSTORM
  LIGHT RAIN
  FOG


RELATIVE HUMIDITY (PERCENT)
 HIGHEST    94           300 AM
 LOWEST     45           300 PM
 AVERAGE    70

..........................................................


THE GREENWOOD CLIMATE NORMALS FOR TODAY
                         NORMAL    RECORD    YEAR
 MAXIMUM TEMPERATURE (F)   92       100      2000
 MINIMUM TEMPERATURE (F)   69        54      2015


SUNRISE AND SUNSET
AUGUST 26 2016........SUNRISE   631 AM CDT   SUNSET   733 PM CDT
AUGUST 27 2016........SUNRISE   631 AM CDT   SUNSET   731 PM CDT


-  INDICATES NEGATIVE NUMBERS.
R  INDICATES RECORD WAS SET OR TIED.
MM INDICATES DATA IS MISSING.
T  INDICATES TRACE AMOUNT.




$$
