000
CDUS44 KJAN 260721
CLIGWO


CLIMATE REPORT
NATIONAL WEATHER SERVICE JACKSON MS
119 AM CST SUN FEB 26 2017


...................................

...THE GREENWOOD CLIMATE SUMMARY FOR FEBRUARY 25 2017...

CLIMATE NORMAL PERIOD 1981 TO 2010
CLIMATE RECORD PERIOD 1948 TO 2017


WEATHER ITEM   OBSERVED TIME   RECORD YEAR NORMAL DEPARTURE LAST
                VALUE   (LST)  VALUE       VALUE  FROM      YEAR
                                                  NORMAL
..................................................................
TEMPERATURE (F)
 YESTERDAY
  MAXIMUM         57   1214 AM  81    1996  61     -4       53
  MINIMUM         33   1159 PM  20    2010  39     -6       32
                                      1965
  AVERAGE         45                        50     -5       43

PRECIPITATION (IN)
  YESTERDAY        0.00          1.51 1957   0.15  -0.15     0.00
  MONTH TO DATE    2.69                      3.96  -1.27     4.27
  SINCE DEC 1     11.61                     14.13  -2.52    12.55
  SINCE JAN 1      6.92                      8.48  -1.56     7.45

SNOWFALL (IN)
  YESTERDAY        0.0

DEGREE DAYS
 HEATING
  YESTERDAY       20                        15      5       22
  MONTH TO DATE  225                       449   -224      385
  SINCE DEC 1   1165                      1720   -555     1380
  SINCE JUL 1   1457                      2188   -731     1608

 COOLING
  YESTERDAY        0                         0      0        0
  MONTH TO DATE   17                         0     17        7
  SINCE DEC 1     40                         7     33       73
  SINCE JAN 1     27                         2     25        8
..................................................................


WIND (MPH)
  HIGHEST WIND SPEED    15   HIGHEST WIND DIRECTION     N (350)
  HIGHEST GUST SPEED    23   HIGHEST GUST DIRECTION     N (350)
  AVERAGE WIND SPEED     6.6


SKY COVER
  POSSIBLE SUNSHINE  MM
  AVERAGE SKY COVER 0.1


WEATHER CONDITIONS
 THE FOLLOWING WEATHER WAS RECORDED YESTERDAY.
  NO SIGNIFICANT WEATHER WAS OBSERVED.


RELATIVE HUMIDITY (PERCENT)
 HIGHEST    64          1000 PM
 LOWEST     24           400 PM
 AVERAGE    44

..........................................................


THE GREENWOOD CLIMATE NORMALS FOR TODAY
                         NORMAL    RECORD    YEAR
 MAXIMUM TEMPERATURE (F)   62        81      1962
 MINIMUM TEMPERATURE (F)   40        22      1974


SUNRISE AND SUNSET
FEBRUARY 26 2017......SUNRISE   632 AM CST   SUNSET   555 PM CST
FEBRUARY 27 2017......SUNRISE   631 AM CST   SUNSET   556 PM CST


-  INDICATES NEGATIVE NUMBERS.
R  INDICATES RECORD WAS SET OR TIED.
MM INDICATES DATA IS MISSING.
T  INDICATES TRACE AMOUNT.




$$
