000
CDUS44 KJAN 010652
CLIGWO


CLIMATE REPORT
NATIONAL WEATHER SERVICE JACKSON MS
150 AM CDT SAT OCT 1 2016


...................................

...THE GREENWOOD CLIMATE SUMMARY FOR SEPTEMBER 30 2016...

CLIMATE NORMAL PERIOD 1981 TO 2010
CLIMATE RECORD PERIOD 1948 TO 2016


WEATHER ITEM   OBSERVED TIME   RECORD YEAR NORMAL DEPARTURE LAST
                VALUE   (LST)  VALUE       VALUE  FROM      YEAR
                                                  NORMAL
..................................................................
TEMPERATURE (F)
 YESTERDAY
  MAXIMUM         80    317 PM  95    1953  82     -2       82
  MINIMUM         50    558 AM  39    1967  57     -7       67
  AVERAGE         65                        70     -5       75

PRECIPITATION (IN)
  YESTERDAY        0.00          4.95 2012   0.13  -0.13     0.00
  MONTH TO DATE    1.88                      3.66  -1.78     0.34
  SINCE SEP 1      1.88                      3.66  -1.78     0.34
  SINCE JAN 1     38.38                     37.73   0.65    34.40

SNOWFALL (IN)
  YESTERDAY        0.0

DEGREE DAYS
 HEATING
  YESTERDAY        0                         1     -1        0
  MONTH TO DATE    0                        11    -11        1
  SINCE SEP 1      0                        12    -12        1
  SINCE JUL 1      0                        12    -12        1

 COOLING
  YESTERDAY        0                         6     -6       10
  MONTH TO DATE  427                       305    122      385
  SINCE SEP 1    427                       305    122      385
  SINCE JAN 1   2374                      2047    327     2234
..................................................................


WIND (MPH)
  HIGHEST WIND SPEED    10   HIGHEST WIND DIRECTION    NW (320)
  HIGHEST GUST SPEED    18   HIGHEST GUST DIRECTION     N (340)
  AVERAGE WIND SPEED     2.6


SKY COVER
  POSSIBLE SUNSHINE  MM
  AVERAGE SKY COVER 0.2


WEATHER CONDITIONS
 THE FOLLOWING WEATHER WAS RECORDED YESTERDAY.
  FOG


RELATIVE HUMIDITY (PERCENT)
 HIGHEST    93           600 AM
 LOWEST     36           200 PM
 AVERAGE    65

..........................................................


THE GREENWOOD CLIMATE NORMALS FOR TODAY
                         NORMAL    RECORD    YEAR
 MAXIMUM TEMPERATURE (F)   82        93      2006
 MINIMUM TEMPERATURE (F)   57        35      1984


SUNRISE AND SUNSET
OCTOBER  1 2016.......SUNRISE   655 AM CDT   SUNSET   644 PM CDT
OCTOBER  2 2016.......SUNRISE   656 AM CDT   SUNSET   643 PM CDT


-  INDICATES NEGATIVE NUMBERS.
R  INDICATES RECORD WAS SET OR TIED.
MM INDICATES DATA IS MISSING.
T  INDICATES TRACE AMOUNT.




$$
