000
CDUS44 KJAN 220653
CLIGWO


CLIMATE REPORT
NATIONAL WEATHER SERVICE JACKSON MS
150 AM CDT TUE AUG 22 2017


...................................

...THE GREENWOOD CLIMATE SUMMARY FOR AUGUST 21 2017...

CLIMATE NORMAL PERIOD 1981 TO 2010
CLIMATE RECORD PERIOD 1948 TO 2017


WEATHER ITEM   OBSERVED TIME   RECORD YEAR NORMAL DEPARTURE LAST
                VALUE   (LST)  VALUE       VALUE  FROM      YEAR
                                                  NORMAL
..................................................................
TEMPERATURE (F)
 YESTERDAY
  MAXIMUM         95    248 PM 102    2005  92      3       88
  MINIMUM         75   1159 PM  60    2012  70      5       74
                                      1991
  AVERAGE         85                        81      4       81

PRECIPITATION (IN)
  YESTERDAY        0.03          1.65 1969   0.09  -0.06      T
  MONTH TO DATE    5.06                      1.87   3.19     3.69
  SINCE JUN 1     13.17                      9.78   3.39    10.38
  SINCE JAN 1     34.61                     33.11   1.50    36.17

SNOWFALL (IN)
  YESTERDAY        0.0

DEGREE DAYS
 HEATING
  YESTERDAY        0                         0      0        0
  MONTH TO DATE    0                         0      0        0
  SINCE JUN 1      0                         0      0        0
  SINCE JUL 1      0                         0      0        0

 COOLING
  YESTERDAY       20                        16      4       16
  MONTH TO DATE  341                       336      5      386
  SINCE JUN 1   1260                      1254      6     1426
  SINCE JAN 1   1704                      1584    120     1755
..................................................................


WIND (MPH)
  HIGHEST WIND SPEED    20   HIGHEST WIND DIRECTION     E (100)
  HIGHEST GUST SPEED    26   HIGHEST GUST DIRECTION     E (100)
  AVERAGE WIND SPEED     2.1


SKY COVER
  POSSIBLE SUNSHINE  MM
  AVERAGE SKY COVER 0.2


WEATHER CONDITIONS
 THE FOLLOWING WEATHER WAS RECORDED YESTERDAY.
  THUNDERSTORM
  LIGHT RAIN
  FOG


RELATIVE HUMIDITY (PERCENT)
 HIGHEST   100           400 AM
 LOWEST     56          1100 AM
 AVERAGE    78

..........................................................


THE GREENWOOD CLIMATE NORMALS FOR TODAY
                         NORMAL    RECORD    YEAR
 MAXIMUM TEMPERATURE (F)   92       100      2007
 MINIMUM TEMPERATURE (F)   69        56      1956


SUNRISE AND SUNSET
AUGUST 22 2017........SUNRISE   628 AM CDT   SUNSET   738 PM CDT
AUGUST 23 2017........SUNRISE   628 AM CDT   SUNSET   737 PM CDT


-  INDICATES NEGATIVE NUMBERS.
R  INDICATES RECORD WAS SET OR TIED.
MM INDICATES DATA IS MISSING.
T  INDICATES TRACE AMOUNT.




$$
