000
CDUS44 KJAN 062219
CLIGWO


CLIMATE REPORT
NATIONAL WEATHER SERVICE JACKSON MS
417 PM CST TUE DEC 6 2016


...................................

...THE GREENWOOD CLIMATE SUMMARY FOR DECEMBER 6 2016...
VALID TODAY AS OF 0400 PM LOCAL TIME.

CLIMATE NORMAL PERIOD 1981 TO 2010
CLIMATE RECORD PERIOD 1948 TO 2016


WEATHER ITEM   OBSERVED TIME   RECORD YEAR NORMAL DEPARTURE LAST
                VALUE   (LST)  VALUE       VALUE  FROM      YEAR
                                                  NORMAL
..................................................................
TEMPERATURE (F)
 TODAY
  MAXIMUM         54    129 AM  81    1951  59     -5       67
  MINIMUM         48   1017 AM  20    2010  37     11       43
  AVERAGE         51                        48      3       55

PRECIPITATION (IN)
  TODAY            0.08          2.56 1969   0.20  -0.12     0.00
  MONTH TO DATE    2.42                      1.21   1.21     0.36
  SINCE DEC 1      2.42                      1.21   1.21     0.36
  SINCE JAN 1     45.23                     47.33  -2.10    45.79

SNOWFALL (IN)
  TODAY           MM

DEGREE DAYS
 HEATING
  TODAY           14                        17     -3       10
  MONTH TO DATE  102                       100      2       94
  SINCE DEC 1    102                       100      2       94
  SINCE JUL 1    394                       568   -174      322

 COOLING
  TODAY            0                         0      0        0
  MONTH TO DATE    0                         0      0        0
  SINCE DEC 1      0                         0      0        0
  SINCE JAN 1   2559                      2159    400     2420
..................................................................


WIND (MPH)
  HIGHEST WIND SPEED    13   HIGHEST WIND DIRECTION    SW (230)
  HIGHEST GUST SPEED    21   HIGHEST GUST DIRECTION    SW (230)
  AVERAGE WIND SPEED     5.8


SKY COVER
  POSSIBLE SUNSHINE  MM
  AVERAGE SKY COVER 1.0


WEATHER CONDITIONS
 THE FOLLOWING WEATHER WAS RECORDED TODAY.
  LIGHT RAIN
  FOG


RELATIVE HUMIDITY (PERCENT)
 HIGHEST   100          1200 AM
 LOWEST     74           300 PM
 AVERAGE    87

..........................................................


THE GREENWOOD CLIMATE NORMALS FOR TOMORROW
                         NORMAL    RECORD    YEAR
 MAXIMUM TEMPERATURE (F)   58        80      1951
 MINIMUM TEMPERATURE (F)   37        17      1984


SUNRISE AND SUNSET
DECEMBER  6 2016......SUNRISE   651 AM CST   SUNSET   452 PM CST
DECEMBER  7 2016......SUNRISE   652 AM CST   SUNSET   452 PM CST


-  INDICATES NEGATIVE NUMBERS.
R  INDICATES RECORD WAS SET OR TIED.
MM INDICATES DATA IS MISSING.
T  INDICATES TRACE AMOUNT.




$$
