000
CDUS44 KJAN 070705
CLIGWO


CLIMATE REPORT
NATIONAL WEATHER SERVICE JACKSON MS
202 AM CDT TUE JUL 7 2015


...................................

...THE GREENWOOD CLIMATE SUMMARY FOR JULY 6 2015...

CLIMATE NORMAL PERIOD 1981 TO 2010
CLIMATE RECORD PERIOD 1948 TO 2015


WEATHER ITEM   OBSERVED TIME   RECORD YEAR NORMAL DEPARTURE LAST
                VALUE   (LST)  VALUE       VALUE  FROM      YEAR
                                                  NORMAL
..................................................................
TEMPERATURE (F)
 YESTERDAY
  MAXIMUM         88    354 PM 101    1954  92     -4       88
  MINIMUM         67    320 AM  59    1972  71     -4       61
  AVERAGE         78                        81     -3       75

PRECIPITATION (IN)
  YESTERDAY        0.00          1.12 2007   0.13  -0.13     0.00
  MONTH TO DATE    1.37                      0.79   0.58     0.04
  SINCE JUN 1      3.66                      5.10  -1.44     9.07
  SINCE JAN 1     31.59                     28.43   3.16    32.19

SNOWFALL (IN)
  YESTERDAY        0.0

DEGREE DAYS
 HEATING
  YESTERDAY        0                         0      0        0
  MONTH TO DATE    0                         0      0        0
  SINCE JUN 1      0                         0      0        0
  SINCE JUL 1      0                         0      0        0

 COOLING
  YESTERDAY       13                        16     -3       10
  MONTH TO DATE   73                        96    -23       68
  SINCE JUN 1    511                       509      2      492
  SINCE JAN 1    875                       839     36      786
..................................................................


WIND (MPH)
  HIGHEST WIND SPEED    15   HIGHEST WIND DIRECTION     S (200)
  HIGHEST GUST SPEED    17   HIGHEST GUST DIRECTION    SW (210)
  AVERAGE WIND SPEED     6.3


SKY COVER
  POSSIBLE SUNSHINE  MM
  AVERAGE SKY COVER 0.4


WEATHER CONDITIONS
 THE FOLLOWING WEATHER WAS RECORDED YESTERDAY.
  NO SIGNIFICANT WEATHER WAS OBSERVED.


RELATIVE HUMIDITY (PERCENT)
 HIGHEST    94           900 PM
 LOWEST     63           300 PM
 AVERAGE    79

..........................................................


THE GREENWOOD CLIMATE NORMALS FOR TODAY
                         NORMAL    RECORD    YEAR
 MAXIMUM TEMPERATURE (F)   92       100      1964
                                             1954
 MINIMUM TEMPERATURE (F)   71        56      1972


SUNRISE AND SUNSET
JULY  7 2015..........SUNRISE   557 AM CDT   SUNSET   814 PM CDT
JULY  8 2015..........SUNRISE   557 AM CDT   SUNSET   813 PM CDT


-  INDICATES NEGATIVE NUMBERS.
R  INDICATES RECORD WAS SET OR TIED.
MM INDICATES DATA IS MISSING.
T  INDICATES TRACE AMOUNT.




$$
