000
CDUS44 KJAN 280721
CLIGWO


CLIMATE REPORT
NATIONAL WEATHER SERVICE JACKSON MS
219 AM CDT WED JUN 28 2017


...................................

...THE GREENWOOD CLIMATE SUMMARY FOR JUNE 27 2017...

CLIMATE NORMAL PERIOD 1981 TO 2010
CLIMATE RECORD PERIOD 1948 TO 2017


WEATHER ITEM   OBSERVED TIME   RECORD YEAR NORMAL DEPARTURE LAST
                VALUE   (LST)  VALUE       VALUE  FROM      YEAR
                                                  NORMAL
..................................................................
TEMPERATURE (F)
 YESTERDAY
  MAXIMUM         89    314 PM 103    1952  91     -2       94
  MINIMUM         64    419 AM  55    1974  70     -6       73
  AVERAGE         77                        81     -4       84

PRECIPITATION (IN)
  YESTERDAY        0.00          1.39 1976   0.14  -0.14     0.01
  MONTH TO DATE    5.70                      3.89   1.81     3.37
  SINCE JUN 1      5.70                      3.89   1.81     3.37
  SINCE JAN 1     27.14                     27.22  -0.08    29.16

SNOWFALL (IN)
  YESTERDAY        0.0

DEGREE DAYS
 HEATING
  YESTERDAY        0                         0      0        0
  MONTH TO DATE    0                         0      0        0
  SINCE JUN 1      0                         0      0        0
  SINCE JUL 1   1780                      2688   -908     1929

 COOLING
  YESTERDAY       12                        16     -4       19
  MONTH TO DATE  335                       366    -31      426
  SINCE JUN 1    335                       366    -31      426
  SINCE JAN 1    779                       696     83      755
..................................................................


WIND (MPH)
  HIGHEST WIND SPEED    12   HIGHEST WIND DIRECTION    NE (60)
  HIGHEST GUST SPEED    20   HIGHEST GUST DIRECTION     N (20)
  AVERAGE WIND SPEED     5.0


SKY COVER
  POSSIBLE SUNSHINE  MM
  AVERAGE SKY COVER 0.0


WEATHER CONDITIONS
 THE FOLLOWING WEATHER WAS RECORDED YESTERDAY.
  NO SIGNIFICANT WEATHER WAS OBSERVED.


RELATIVE HUMIDITY (PERCENT)
 HIGHEST    93           300 AM
 LOWEST     40           300 PM
 AVERAGE    67

..........................................................


THE GREENWOOD CLIMATE NORMALS FOR TODAY
                         NORMAL    RECORD    YEAR
 MAXIMUM TEMPERATURE (F)   91       104      1954
 MINIMUM TEMPERATURE (F)   70        57      1974


SUNRISE AND SUNSET
JUNE 28 2017..........SUNRISE   553 AM CDT   SUNSET   814 PM CDT
JUNE 29 2017..........SUNRISE   553 AM CDT   SUNSET   814 PM CDT


-  INDICATES NEGATIVE NUMBERS.
R  INDICATES RECORD WAS SET OR TIED.
MM INDICATES DATA IS MISSING.
T  INDICATES TRACE AMOUNT.




$$
