000
CDUS41 KGYX 300802
CLIGYX


CLIMATE REPORT
NATIONAL WEATHER SERVICE GRAY ME
401 AM EDT SAT MAY 30 2015


...................................

...THE GRAY ME CLIMATE SUMMARY FOR MAY 29 2015...

CLIMATE NORMAL PERIOD 1981 TO 2010
CLIMATE RECORD PERIOD 1995 TO 2015


WEATHER ITEM   OBSERVED TIME   RECORD YEAR NORMAL DEPARTURE LAST
                VALUE   (LST)  VALUE       VALUE  FROM      YEAR
                                                  NORMAL
..................................................................
TEMPERATURE (F)
 YESTERDAY
  MAXIMUM         74        MM  MM      MM  69      5       66
  MINIMUM         57        MM  MM      MM  48      9       39
  AVERAGE         66                        59      7       53

PRECIPITATION (IN)
  YESTERDAY        0.00         MM      MM   0.14  -0.14     0.00
  MONTH TO DATE    1.45                      3.62  -2.17     4.37
  SINCE MAR 1      6.46                     12.17  -5.71    11.26
  SINCE JAN 1     12.43                     19.01  -6.58    18.25

SNOWFALL (IN)
  YESTERDAY        0.0          MM      MM   0.0    0.0      0.0
  MONTH TO DATE    0.0                       0.2   -0.2      0.0
  SINCE MAR 1      8.2                      24.9  -16.7      8.9
  SINCE JUL 1    107.3                      84.0   23.3     83.0
  SNOW DEPTH       0

DEGREE DAYS
 HEATING
  YESTERDAY        0                         7     -7       12
  MONTH TO DATE  173                       310   -137      294
  SINCE MAR 1   1951                      1927     24     2186
  SINCE JUL 1   7427                      7085    342     7596

 COOLING
  YESTERDAY        1                         1      0        0
  MONTH TO DATE   37                         5     32        1
  SINCE MAR 1     37                         6     31        1
  SINCE JAN 1     37                         6     31        1
..................................................................







THE GRAY ME CLIMATE NORMALS FOR TODAY
                         NORMAL
 MAXIMUM TEMPERATURE (F)   69
 MINIMUM TEMPERATURE (F)   49


SUNRISE AND SUNSET
MAY 30 2015...........SUNRISE   503 AM EDT   SUNSET   815 PM EDT
MAY 31 2015...........SUNRISE   502 AM EDT   SUNSET   816 PM EDT


-  INDICATES NEGATIVE NUMBERS.
R  INDICATES RECORD WAS SET OR TIED.
MM INDICATES DATA IS MISSING.
T  INDICATES TRACE AMOUNT.




$$
