000
CDUS41 KGYX 200801
CLIGYX


CLIMATE REPORT
NATIONAL WEATHER SERVICE GRAY ME
400 AM EDT SUN APR 20 2014


...................................

...THE GRAY ME CLIMATE SUMMARY FOR APRIL 19 2014...

CLIMATE NORMAL PERIOD 1981 TO 2010
CLIMATE RECORD PERIOD 1995 TO 2014


WEATHER ITEM   OBSERVED NORMAL DEPARTURE LAST
                VALUE   VALUE  FROM      YEAR
                               NORMAL
...............................................
TEMPERATURE (F)
 YESTERDAY
  MAXIMUM         55     55      0       72
  MINIMUM         28     36     -8       45
  AVERAGE         42     46     -4       59

PRECIPITATION (IN)
  YESTERDAY        0.00   0.14  -0.14      T
  MONTH TO DATE    2.40   2.81  -0.41     1.49
  SINCE MAR 1      6.28   6.98  -0.70     3.59
  SINCE JAN 1     13.27  13.82  -0.55     8.89

SNOWFALL (IN)
  YESTERDAY        0.0    0.2   -0.2      0.0
  MONTH TO DATE    1.1    4.1   -3.0      0.6
  SINCE MAR 1      8.8   24.0  -15.2     13.1
  SINCE JUL 1     82.9   83.1   -0.2     92.9
  SNOW DEPTH       0

DEGREE DAYS
 HEATING
  YESTERDAY       23     19      4        6
  MONTH TO DATE  447    437     10      434
  SINCE MAR 1   1673   1430    243     1389
  SINCE JUL 1   7083   6588    495     6310

 COOLING
  YESTERDAY        0      0      0        0
  MONTH TO DATE    0      0      0        0
  SINCE MAR 1      0      0      0        0
  SINCE JAN 1      0      0      0        0
...............................................





WEATHER CONDITIONS
 THE FOLLOWING WEATHER WAS RECORDED YESTERDAY.
  NO SIGNIFICANT WEATHER WAS OBSERVED.


..........................................................


THE GRAY ME CLIMATE NORMALS FOR TODAY
                         NORMAL
 MAXIMUM TEMPERATURE (F)   56
 MINIMUM TEMPERATURE (F)   37


SUNRISE AND SUNSET
APRIL 20 2014.........SUNRISE   550 AM EDT   SUNSET   731 PM EDT
APRIL 21 2014.........SUNRISE   548 AM EDT   SUNSET   732 PM EDT


-  INDICATES NEGATIVE NUMBERS.
R  INDICATES RECORD WAS SET OR TIED.
MM INDICATES DATA IS MISSING.
T  INDICATES TRACE AMOUNT.




$$
