000
CDUS41 KGYX 270803
CLIGYX


CLIMATE REPORT
NATIONAL WEATHER SERVICE GRAY ME
403 AM EDT TUE JUN 27 2017


...................................

...THE GRAY ME CLIMATE SUMMARY FOR JUNE 26 2017...

CLIMATE NORMAL PERIOD 1981 TO 2010
CLIMATE RECORD PERIOD 1995 TO 2017


WEATHER ITEM   OBSERVED TIME   RECORD YEAR NORMAL DEPARTURE LAST
                VALUE   (LST)  VALUE       VALUE  FROM      YEAR
                                                  NORMAL
..................................................................
TEMPERATURE (F)
 YESTERDAY
  MAXIMUM         74        MM  MM      MM  77     -3       79
  MINIMUM         58        MM  MM      MM  57      1       53
  AVERAGE         66                        67     -1       66

PRECIPITATION (IN)
  YESTERDAY        0.00         MM      MM   0.14  -0.14     0.00
  MONTH TO DATE    1.56                      3.76  -2.20     2.57
  SINCE JUN 1      1.56                      3.76  -2.20     2.57
  SINCE JAN 1     22.10                     23.05  -0.95    20.20

SNOWFALL (IN)
  YESTERDAY        0.0          MM      MM   0.0    0.0      0.0
  MONTH TO DATE    0.0                       0.0    0.0      0.0
  SINCE JUN 1      0.0                       0.0    0.0      0.0
  SINCE JUL 1    123.9                      83.8   40.1     51.8
  SNOW DEPTH       0

DEGREE DAYS
 HEATING
  YESTERDAY        0                         1     -1        0
  MONTH TO DATE   75                        90    -15       70
  SINCE JUN 1     75                        90    -15       70
  SINCE JUL 1   6851                      7188   -337     6452

 COOLING
  YESTERDAY        1                         3     -2        1
  MONTH TO DATE  101                        51     50       30
  SINCE JUN 1    101                        51     50       30
  SINCE JAN 1    122                        62     60       52
..................................................................







THE GRAY ME CLIMATE NORMALS FOR TODAY
                         NORMAL
 MAXIMUM TEMPERATURE (F)   77
 MINIMUM TEMPERATURE (F)   58


SUNRISE AND SUNSET
JUNE 27 2017..........SUNRISE   501 AM EDT   SUNSET   828 PM EDT
JUNE 28 2017..........SUNRISE   501 AM EDT   SUNSET   827 PM EDT


-  INDICATES NEGATIVE NUMBERS.
R  INDICATES RECORD WAS SET OR TIED.
MM INDICATES DATA IS MISSING.
T  INDICATES TRACE AMOUNT.




$$
