000
CDUS41 KGYX 280903
CLIGYX


CLIMATE REPORT
NATIONAL WEATHER SERVICE GRAY ME
503 AM EDT FRI APR 28 2017


...................................

...THE GRAY ME CLIMATE SUMMARY FOR APRIL 27 2017...

CLIMATE NORMAL PERIOD 1981 TO 2010
CLIMATE RECORD PERIOD 1995 TO 2017


WEATHER ITEM   OBSERVED TIME   RECORD YEAR NORMAL DEPARTURE LAST
                VALUE   (LST)  VALUE       VALUE  FROM      YEAR
                                                  NORMAL
..................................................................
TEMPERATURE (F)
 YESTERDAY
  MAXIMUM         63        MM  MM      MM  59      4       54
  MINIMUM         47        MM  MM      MM  39      8       29
  AVERAGE         55                        49      6       42

PRECIPITATION (IN)
  YESTERDAY        0.02         MM      MM   0.14  -0.12     0.00
  MONTH TO DATE    4.99                      3.94   1.05     2.81
  SINCE MAR 1      7.81                      8.11  -0.30     7.35
  SINCE JAN 1     14.49                     14.95  -0.46    15.61

SNOWFALL (IN)
  YESTERDAY        0.0          MM      MM   0.0    0.0      0.0
  MONTH TO DATE   11.0                       4.7    6.3      5.2
  SINCE MAR 1     34.1                      24.6    9.5     14.5
  SINCE JUL 1    123.9                      83.7   40.2     51.8
  SNOW DEPTH       0

DEGREE DAYS
 HEATING
  YESTERDAY       10                        16     -6       23
  MONTH TO DATE  518                       577    -59      602
  SINCE MAR 1   1681                      1570    111     1494
  SINCE JUL 1   6375                      6728   -353     6014

 COOLING
  YESTERDAY        0                         0      0        0
  MONTH TO DATE    2                         0      2        0
  SINCE MAR 1      2                         0      2        0
  SINCE JAN 1      2                         0      2        0
..................................................................







THE GRAY ME CLIMATE NORMALS FOR TODAY
                         NORMAL
 MAXIMUM TEMPERATURE (F)   59
 MINIMUM TEMPERATURE (F)   40


SUNRISE AND SUNSET
APRIL 28 2017.........SUNRISE   537 AM EDT   SUNSET   741 PM EDT
APRIL 29 2017.........SUNRISE   535 AM EDT   SUNSET   742 PM EDT


-  INDICATES NEGATIVE NUMBERS.
R  INDICATES RECORD WAS SET OR TIED.
MM INDICATES DATA IS MISSING.
T  INDICATES TRACE AMOUNT.




$$
