000
CDUS41 KGYX 270904
CLIGYX


CLIMATE REPORT
NATIONAL WEATHER SERVICE GRAY ME
404 AM EST MON FEB 27 2017


...................................

...THE GRAY ME CLIMATE SUMMARY FOR FEBRUARY 26 2017...

CLIMATE NORMAL PERIOD 1981 TO 2010
CLIMATE RECORD PERIOD 1995 TO 2017


WEATHER ITEM   OBSERVED TIME   RECORD YEAR NORMAL DEPARTURE LAST
                VALUE   (LST)  VALUE       VALUE  FROM      YEAR
                                                  NORMAL
..................................................................
TEMPERATURE (F)
 YESTERDAY
  MAXIMUM         40        MM  MM      MM  37      3       37
  MINIMUM         22        MM  MM      MM  19      3       15
  AVERAGE         31                        28      3       26

PRECIPITATION (IN)
  YESTERDAY        T            MM      MM   0.14  -0.14      T
  MONTH TO DATE    3.70                      3.05   0.65     4.52
  SINCE DEC 1     11.50                     10.64   0.86    12.81
  SINCE JAN 1      6.68                      6.58   0.10     8.25

SNOWFALL (IN)
  YESTERDAY        0.0          MM      MM   0.7   -0.7       T
  MONTH TO DATE   44.6                      15.2   29.4     16.0
  SINCE DEC 1     88.5                      54.7   33.8     37.1
  SINCE JUL 1     89.8                      57.8   32.0     37.3
  SNOW DEPTH      13

DEGREE DAYS
 HEATING
  YESTERDAY       34                        37     -3       39
  MONTH TO DATE  984                      1055    -71     1003
  SINCE DEC 1   3361                      3588   -227     3130
  SINCE JUL 1   4640                      5085   -445     4429

 COOLING
  YESTERDAY        0                         0      0        0
  MONTH TO DATE    0                         0      0        0
  SINCE DEC 1      0                         0      0        0
  SINCE JAN 1      0                         0      0        0
..................................................................







THE GRAY ME CLIMATE NORMALS FOR TODAY
                         NORMAL
 MAXIMUM TEMPERATURE (F)   37
 MINIMUM TEMPERATURE (F)   19


SUNRISE AND SUNSET
FEBRUARY 27 2017......SUNRISE   621 AM EST   SUNSET   527 PM EST
FEBRUARY 28 2017......SUNRISE   619 AM EST   SUNSET   528 PM EST


-  INDICATES NEGATIVE NUMBERS.
R  INDICATES RECORD WAS SET OR TIED.
MM INDICATES DATA IS MISSING.
T  INDICATES TRACE AMOUNT.




$$
