000
CDUS41 KGYX 300804
CLIGYX


CLIMATE REPORT
NATIONAL WEATHER SERVICE GRAY ME
404 AM EDT TUE JUN 30 2015


...................................

...THE GRAY ME CLIMATE SUMMARY FOR JUNE 29 2015...

CLIMATE NORMAL PERIOD 1981 TO 2010
CLIMATE RECORD PERIOD 1995 TO 2015


WEATHER ITEM   OBSERVED TIME   RECORD YEAR NORMAL DEPARTURE LAST
                VALUE   (LST)  VALUE       VALUE  FROM      YEAR
                                                  NORMAL
..................................................................
TEMPERATURE (F)
 YESTERDAY
  MAXIMUM         67        MM  MM      MM  77    -10       86
  MINIMUM         50        MM  MM      MM  58     -8       60
  AVERAGE         59                        68     -9       73

PRECIPITATION (IN)
  YESTERDAY        0.00         MM      MM   0.13  -0.13     0.00
  MONTH TO DATE    6.07                      4.17   1.90     3.00
  SINCE JUN 1      6.07                      4.17   1.90     3.00
  SINCE JAN 1     19.12                     23.46  -4.34    21.35

SNOWFALL (IN)
  YESTERDAY        0.0          MM      MM   0.0    0.0      0.0
  MONTH TO DATE    0.0                       0.0    0.0      0.0
  SINCE JUN 1      0.0                       0.0    0.0      0.0
  SINCE JUL 1    107.3                      83.8   23.5     83.0
  SNOW DEPTH       0

DEGREE DAYS
 HEATING
  YESTERDAY        6                         1      5        0
  MONTH TO DATE  157                        93     64       74
  SINCE JUN 1    157                        93     64       74
  SINCE JUL 1   7627                      7191    436     7692

 COOLING
  YESTERDAY        0                         4     -4        8
  MONTH TO DATE   33                        62    -29       58
  SINCE JUN 1     33                        62    -29       58
  SINCE JAN 1     73                        73      0       59
..................................................................







THE GRAY ME CLIMATE NORMALS FOR TODAY
                         NORMAL
 MAXIMUM TEMPERATURE (F)   78
 MINIMUM TEMPERATURE (F)   58


SUNRISE AND SUNSET
JUNE 30 2015..........SUNRISE   502 AM EDT   SUNSET   827 PM EDT
JULY  1 2015..........SUNRISE   502 AM EDT   SUNSET   827 PM EDT


-  INDICATES NEGATIVE NUMBERS.
R  INDICATES RECORD WAS SET OR TIED.
MM INDICATES DATA IS MISSING.
T  INDICATES TRACE AMOUNT.




$$
