000
CDUS41 KGYX 190804
CLIGYX


CLIMATE REPORT
NATIONAL WEATHER SERVICE GRAY ME
403 AM EDT THU OCT 19 2017


...................................

...THE GRAY ME CLIMATE SUMMARY FOR OCTOBER 18 2017...

CLIMATE NORMAL PERIOD 1981 TO 2010
CLIMATE RECORD PERIOD 1995 TO 2017


WEATHER ITEM   OBSERVED TIME   RECORD YEAR NORMAL DEPARTURE LAST
                VALUE   (LST)  VALUE       VALUE  FROM      YEAR
                                                  NORMAL
..................................................................
TEMPERATURE (F)
 YESTERDAY
  MAXIMUM         70        MM  MM      MM  57     13       55
  MINIMUM         40        MM  MM      MM  39      1       50
  AVERAGE         55                        48      7       53

PRECIPITATION (IN)
  YESTERDAY        0.00         MM      MM   0.18  -0.18     0.03
  MONTH TO DATE    0.13                      3.01  -2.88     0.84
  SINCE SEP 1      2.70                      7.20  -4.50     1.90
  SINCE JAN 1     30.63                     38.68  -8.05    31.07

SNOWFALL (IN)
  YESTERDAY        0.0          MM      MM   0.0    0.0      0.0
  MONTH TO DATE    0.0                       0.0    0.0      0.0
  SINCE SEP 1      0.0                       0.0    0.0      0.0
  SINCE JUL 1      0.0                       0.0    0.0      0.0
  SNOW DEPTH       0

DEGREE DAYS
 HEATING
  YESTERDAY       10                        17     -7       12
  MONTH TO DATE  131                       249   -118      191
  SINCE SEP 1    197                       417   -220      286
  SINCE JUL 1    228                       453   -225      305

 COOLING
  YESTERDAY        0                         0      0        0
  MONTH TO DATE   11                         0     11        0
  SINCE SEP 1     93                        28     65       80
  SINCE JAN 1    531                       387    144      607
..................................................................







THE GRAY ME CLIMATE NORMALS FOR TODAY
                         NORMAL
 MAXIMUM TEMPERATURE (F)   57
 MINIMUM TEMPERATURE (F)   39


SUNRISE AND SUNSET
OCTOBER 19 2017.......SUNRISE   701 AM EDT   SUNSET   550 PM EDT
OCTOBER 20 2017.......SUNRISE   702 AM EDT   SUNSET   549 PM EDT


-  INDICATES NEGATIVE NUMBERS.
R  INDICATES RECORD WAS SET OR TIED.
MM INDICATES DATA IS MISSING.
T  INDICATES TRACE AMOUNT.




$$
