000
CDUS41 KGYX 160903
CLIGYX


CLIMATE REPORT
NATIONAL WEATHER SERVICE GRAY ME
403 AM EST MON JAN 16 2017


...................................

...THE GRAY ME CLIMATE SUMMARY FOR JANUARY 15 2017...

CLIMATE NORMAL PERIOD 1981 TO 2010
CLIMATE RECORD PERIOD 1995 TO 2017


WEATHER ITEM   OBSERVED TIME   RECORD YEAR NORMAL DEPARTURE LAST
                VALUE   (LST)  VALUE       VALUE  FROM      YEAR
                                                  NORMAL
..................................................................
TEMPERATURE (F)
 YESTERDAY
  MAXIMUM         29        MM  MM      MM  29      0       25
  MINIMUM         11        MM -15    2004  12     -1       12
  AVERAGE         20                        20      0       19

PRECIPITATION (IN)
  YESTERDAY        0.00         MM      MM   0.11  -0.11     0.00
  MONTH TO DATE    1.22                      1.73  -0.51     3.24
  SINCE DEC 1      6.04                      5.79   0.25     7.80
  SINCE JAN 1      1.22                      1.73  -0.51     3.24

SNOWFALL (IN)
  YESTERDAY        0.0          MM      MM   0.7   -0.7      0.0
  MONTH TO DATE    1.9                      10.6   -8.7      9.0
  SINCE DEC 1     37.4                      28.9    8.5     14.2
  SINCE JUL 1     38.7                      32.0    6.7     14.4
  SNOW DEPTH       7

DEGREE DAYS
 HEATING
  YESTERDAY       45                        44      1       46
  MONTH TO DATE  601                       653    -52      588
  SINCE DEC 1   1822                      1822      0     1489
  SINCE JUL 1   3101                      3319   -218     2788

 COOLING
  YESTERDAY        0                         0      0        0
  MONTH TO DATE    0                         0      0        0
  SINCE DEC 1      0                         0      0        0
  SINCE JAN 1      0                         0      0        0
..................................................................







THE GRAY ME CLIMATE NORMALS FOR TODAY
                         NORMAL
 MAXIMUM TEMPERATURE (F)   29
 MINIMUM TEMPERATURE (F)   12


SUNRISE AND SUNSET
JANUARY 16 2017.......SUNRISE   711 AM EST   SUNSET   431 PM EST
JANUARY 17 2017.......SUNRISE   711 AM EST   SUNSET   432 PM EST


-  INDICATES NEGATIVE NUMBERS.
R  INDICATES RECORD WAS SET OR TIED.
MM INDICATES DATA IS MISSING.
T  INDICATES TRACE AMOUNT.




$$
