000
CDUS41 KGYX 270808
CLIGYX


CLIMATE REPORT
NATIONAL WEATHER SERVICE GRAY ME
407 AM EDT THU AUG 27 2015


...................................

...THE GRAY ME CLIMATE SUMMARY FOR AUGUST 26 2015...

CLIMATE NORMAL PERIOD 1981 TO 2010
CLIMATE RECORD PERIOD 1995 TO 2015


WEATHER ITEM   OBSERVED TIME   RECORD YEAR NORMAL DEPARTURE LAST
                VALUE   (LST)  VALUE       VALUE  FROM      YEAR
                                                  NORMAL
..................................................................
TEMPERATURE (F)
 YESTERDAY
  MAXIMUM         79        MM  MM      MM  77      2       83
  MINIMUM         64        MM  MM      MM  58      6       60
  AVERAGE         72                        67      5       72

PRECIPITATION (IN)
  YESTERDAY        0.01         MM      MM   0.13  -0.12     0.00
  MONTH TO DATE    3.92                      2.99   0.93     6.73
  SINCE JUN 1     12.32                     11.59   0.73    16.71
  SINCE JAN 1     25.37                     30.88  -5.51    35.06

SNOWFALL (IN)
  YESTERDAY        0.0          MM      MM   0.0    0.0      0.0
  MONTH TO DATE    0.0                       0.0    0.0      0.0
  SINCE JUN 1      0.0                       0.0    0.0      0.0
  SINCE JUL 1      0.0                       0.0    0.0      0.0
  SNOW DEPTH       0

DEGREE DAYS
 HEATING
  YESTERDAY        0                         1     -1        0
  MONTH TO DATE    3                        14    -11       11
  SINCE JUN 1    173                       122     51       85
  SINCE JUL 1     16                        28    -12       11

 COOLING
  YESTERDAY        7                         3      4        7
  MONTH TO DATE  146                       119     27       68
  SINCE JUN 1    312                       334    -22      295
  SINCE JAN 1    352                       345      7      296
..................................................................







THE GRAY ME CLIMATE NORMALS FOR TODAY
                         NORMAL
 MAXIMUM TEMPERATURE (F)   77
 MINIMUM TEMPERATURE (F)   57


SUNRISE AND SUNSET
AUGUST 27 2015........SUNRISE   558 AM EDT   SUNSET   726 PM EDT
AUGUST 28 2015........SUNRISE   559 AM EDT   SUNSET   724 PM EDT


-  INDICATES NEGATIVE NUMBERS.
R  INDICATES RECORD WAS SET OR TIED.
MM INDICATES DATA IS MISSING.
T  INDICATES TRACE AMOUNT.




$$
