000
CDUS41 KGYX 171307
CLIGYX


CLIMATE REPORT
NATIONAL WEATHER SERVICE GRAY ME
807 AM EST WED JAN 17 2018


...................................

...THE GRAY ME CLIMATE SUMMARY FOR JANUARY 16 2018...

CLIMATE NORMAL PERIOD 1981 TO 2010
CLIMATE RECORD PERIOD 1995 TO 2018


WEATHER ITEM   OBSERVED TIME   RECORD YEAR NORMAL DEPARTURE LAST
                VALUE   (LST)  VALUE       VALUE  FROM      YEAR
                                                  NORMAL
..................................................................
TEMPERATURE (F)
 YESTERDAY
  MAXIMUM         26        MM  MM      MM  29     -3       36
  MINIMUM         12        MM  MM      MM  12      0       11
  AVERAGE         19                        20     -1       24

PRECIPITATION (IN)
  YESTERDAY        0.02         MM      MM   0.11  -0.09     0.00
  MONTH TO DATE    2.38                      1.84   0.54     1.22
  SINCE DEC 1      5.85                      5.90  -0.05     6.04
  SINCE JAN 1      2.38                      1.84   0.54     1.22

SNOWFALL (IN)
  YESTERDAY        0.4          MM      MM   0.7   -0.3      0.0
  MONTH TO DATE   13.3                      11.3    2.0      1.9
  SINCE DEC 1     36.9                      29.6    7.3     37.4
  SINCE JUL 1     38.1                      32.7    5.4     38.7
  SNOW DEPTH       7

DEGREE DAYS
 HEATING
  YESTERDAY       46                        45      1       41
  MONTH TO DATE  731                       698     33      642
  SINCE DEC 1   2085                      1867    218     1863
  SINCE JUL 1   3278                      3364    -86     3142

 COOLING
  YESTERDAY        0                         0      0        0
  MONTH TO DATE    0                         0      0        0
  SINCE DEC 1      0                         0      0        0
  SINCE JAN 1      0                         0      0        0
..................................................................







THE GRAY ME CLIMATE NORMALS FOR TODAY
                         NORMAL
 MAXIMUM TEMPERATURE (F)   29
 MINIMUM TEMPERATURE (F)   12


SUNRISE AND SUNSET
JANUARY 17 2018.......SUNRISE   711 AM EST   SUNSET   432 PM EST
JANUARY 18 2018.......SUNRISE   710 AM EST   SUNSET   433 PM EST


-  INDICATES NEGATIVE NUMBERS.
R  INDICATES RECORD WAS SET OR TIED.
MM INDICATES DATA IS MISSING.
T  INDICATES TRACE AMOUNT.




$$
