290
CDUS41 KGYX 010807
CLIGYX


CLIMATE REPORT
NATIONAL WEATHER SERVICE GRAY ME
407 AM EDT SUN MAY 1 2016


...................................

...THE GRAY ME CLIMATE SUMMARY FOR APRIL 30 2016...

CLIMATE NORMAL PERIOD 1981 TO 2010
CLIMATE RECORD PERIOD 1995 TO 2016


WEATHER ITEM   OBSERVED TIME   RECORD YEAR NORMAL DEPARTURE LAST
                VALUE   (LST)  VALUE       VALUE  FROM      YEAR
                                                  NORMAL
..................................................................
TEMPERATURE (F)
 YESTERDAY
  MAXIMUM         58        MM  MM      MM  60     -2       58
  MINIMUM         32        MM  MM      MM  40     -8       41
  AVERAGE         45                        50     -5       50

PRECIPITATION (IN)
  YESTERDAY        0.00         MM      MM   0.15  -0.15     0.00
  MONTH TO DATE    2.81                      4.38  -1.57     3.49
  SINCE MAR 1      7.35                      8.55  -1.20     5.01
  SINCE JAN 1     15.61                     15.39   0.22    10.98

SNOWFALL (IN)
  YESTERDAY        0.0          MM      MM   0.0    0.0      0.0
  MONTH TO DATE    5.2                       4.8    0.4      3.0
  SINCE MAR 1     14.5                      24.7  -10.2      8.2
  SINCE JUL 1     51.8                      83.8  -32.0    107.3
  SNOW DEPTH       0

DEGREE DAYS
 HEATING
  YESTERDAY       20                        15      5       15
  MONTH TO DATE  671                       623     48      643
  SINCE MAR 1   1563                      1617    -54     1778
  SINCE JUL 1   6083                      6775   -692     7254

 COOLING
  YESTERDAY        0                         0      0        0
  MONTH TO DATE    0                         1     -1        0
  SINCE MAR 1      0                         1     -1        0
  SINCE JAN 1      0                         1     -1        0
..................................................................







THE GRAY ME CLIMATE NORMALS FOR TODAY
                         NORMAL
 MAXIMUM TEMPERATURE (F)   60
 MINIMUM TEMPERATURE (F)   41


SUNRISE AND SUNSET
MAY  1 2016...........SUNRISE   532 AM EDT   SUNSET   745 PM EDT
MAY  2 2016...........SUNRISE   531 AM EDT   SUNSET   746 PM EDT


-  INDICATES NEGATIVE NUMBERS.
R  INDICATES RECORD WAS SET OR TIED.
MM INDICATES DATA IS MISSING.
T  INDICATES TRACE AMOUNT.




$$
