000
CDUS44 KJAN 162213
CLIHBG


CLIMATE REPORT
NATIONAL WEATHER SERVICE JACKSON MS
411 PM CST TUE JAN 16 2018


...................................

...THE HATTIESBURG CLIMATE SUMMARY FOR JANUARY 16 2018...
VALID TODAY AS OF 0400 PM LOCAL TIME.

CLIMATE NORMAL PERIOD 1981 TO 2010
CLIMATE RECORD PERIOD 1948 TO 2018


WEATHER ITEM   OBSERVED TIME   RECORD YEAR NORMAL DEPARTURE LAST
                VALUE   (LST)  VALUE       VALUE  FROM      YEAR
                                                  NORMAL
..................................................................
TEMPERATURE (F)
 TODAY
  MAXIMUM         44   1135 AM  80    1952  60    -16       79
  MINIMUM         30    529 AM  21    1972  37     -7       59
  AVERAGE         37                        48    -11       69

PRECIPITATION (IN)
  TODAY            0.00          2.50 1955   0.16  -0.16     0.00
  MONTH TO DATE    1.65                      2.83  -1.18     4.90
  SINCE DEC 1      6.37                      7.74  -1.37    11.96
  SINCE JAN 1      1.65                      2.83  -1.18     4.90

SNOWFALL (IN)
  TODAY            0.0

DEGREE DAYS
 HEATING
  TODAY           28                        17     11        0
  MONTH TO DATE  372                       265    107      166
  SINCE DEC 1    858                       722    136      504
  SINCE JUL 1   1163                      1050    113      700

 COOLING
  TODAY            0                         0      0        4
  MONTH TO DATE    0                         0      0       10
  SINCE DEC 1      5                        13     -8       49
  SINCE JAN 1      0                         0      0       10
..................................................................


WIND (MPH)
  HIGHEST WIND SPEED    18   HIGHEST WIND DIRECTION    NW (330)
  HIGHEST GUST SPEED    24   HIGHEST GUST DIRECTION     N (350)
  AVERAGE WIND SPEED     7.0


SKY COVER
  POSSIBLE SUNSHINE  MM
  AVERAGE SKY COVER 0.6


WEATHER CONDITIONS
 THE FOLLOWING WEATHER WAS RECORDED TODAY.
  NO SIGNIFICANT WEATHER WAS OBSERVED.


RELATIVE HUMIDITY (PERCENT)
 HIGHEST   100          1200 AM
 LOWEST     65          1100 AM
 AVERAGE    83

..........................................................


THE HATTIESBURG CLIMATE NORMALS FOR TOMORROW
                         NORMAL    RECORD    YEAR
 MAXIMUM TEMPERATURE (F)   60        81      2017
 MINIMUM TEMPERATURE (F)   37        14      1977


SUNRISE AND SUNSET
JANUARY 16 2018.......SUNRISE   656 AM CST   SUNSET   518 PM CST
JANUARY 17 2018.......SUNRISE   656 AM CST   SUNSET   519 PM CST


-  INDICATES NEGATIVE NUMBERS.
R  INDICATES RECORD WAS SET OR TIED.
MM INDICATES DATA IS MISSING.
T  INDICATES TRACE AMOUNT.




$$
