000
CDUS44 KJAN 290631
CLIHBG


CLIMATE REPORT
NATIONAL WEATHER SERVICE JACKSON MS
130 AM CDT MON AUG 29 2016


...................................

...THE HATTIESBURG CLIMATE SUMMARY FOR AUGUST 28 2016...

CLIMATE NORMAL PERIOD 1981 TO 2010
CLIMATE RECORD PERIOD 1948 TO 2016


WEATHER ITEM   OBSERVED TIME   RECORD YEAR NORMAL DEPARTURE LAST
                VALUE   (LST)  VALUE       VALUE  FROM      YEAR
                                                  NORMAL
..................................................................
TEMPERATURE (F)
 YESTERDAY
  MAXIMUM         91   1216 PM  99    2000  92     -1       93
  MINIMUM         73    541 AM  55    1952  70      3       62
  AVERAGE         82                        81      1       78

PRECIPITATION (IN)
  YESTERDAY        T             1.57 1991   0.15  -0.15     0.00
  MONTH TO DATE    5.60                      4.28   1.32     2.46
  SINCE JUN 1     19.85                     15.17   4.68    13.39
  SINCE JAN 1     51.01                     41.71   9.30    37.21

SNOWFALL (IN)
  YESTERDAY        0.0

DEGREE DAYS
 HEATING
  YESTERDAY        0                         0      0        0
  MONTH TO DATE    0                         0      0        0
  SINCE JUN 1      0                         0      0        0
  SINCE JUL 1      0                         0      0        0

 COOLING
  YESTERDAY       17                        16      1       13
  MONTH TO DATE  515                       466     49      493
  SINCE JUN 1   1594                      1411    183     1591
  SINCE JAN 1   2058                      1826    232     2168
..................................................................


WIND (MPH)
  HIGHEST WIND SPEED    10   HIGHEST WIND DIRECTION     E (90)
  HIGHEST GUST SPEED    14   HIGHEST GUST DIRECTION     E (110)
  AVERAGE WIND SPEED     2.8


SKY COVER
  POSSIBLE SUNSHINE  MM
  AVERAGE SKY COVER 0.1


WEATHER CONDITIONS
 THE FOLLOWING WEATHER WAS RECORDED YESTERDAY.
  THUNDERSTORM


RELATIVE HUMIDITY (PERCENT)
 HIGHEST    94          1200 AM
 LOWEST     59          1200 PM
 AVERAGE    77

..........................................................


THE HATTIESBURG CLIMATE NORMALS FOR TODAY
                         NORMAL    RECORD    YEAR
 MAXIMUM TEMPERATURE (F)   91       104      2000
 MINIMUM TEMPERATURE (F)   70        58      1992


SUNRISE AND SUNSET
AUGUST 29 2016........SUNRISE   631 AM CDT   SUNSET   724 PM CDT
AUGUST 30 2016........SUNRISE   632 AM CDT   SUNSET   722 PM CDT


-  INDICATES NEGATIVE NUMBERS.
R  INDICATES RECORD WAS SET OR TIED.
MM INDICATES DATA IS MISSING.
T  INDICATES TRACE AMOUNT.




$$
