000
CDUS44 KJAN 220701
CLIHBG


CLIMATE REPORT
NATIONAL WEATHER SERVICE JACKSON MS
157 AM CDT SAT JUL 22 2017


...................................

...THE HATTIESBURG CLIMATE SUMMARY FOR JULY 21 2017...

CLIMATE NORMAL PERIOD 1981 TO 2010
CLIMATE RECORD PERIOD 1948 TO 2017


WEATHER ITEM   OBSERVED TIME   RECORD YEAR NORMAL DEPARTURE LAST
                VALUE   (LST)  VALUE       VALUE  FROM      YEAR
                                                  NORMAL
..................................................................
TEMPERATURE (F)
 YESTERDAY
  MAXIMUM         95   1121 AM 101    2008  92      3       97
                                      2000
  MINIMUM         74   1157 PM  64    1989  72      2       75
  AVERAGE         85                        82      3       86

PRECIPITATION (IN)
  YESTERDAY        0.02          2.34 1993   0.15  -0.13     0.00
  MONTH TO DATE    1.90                      3.90  -2.00     4.45
  SINCE JUN 1     13.30                      9.40   3.90    12.58
  SINCE JAN 1     43.73                     35.94   7.79    43.74

SNOWFALL (IN)
  YESTERDAY        0.0

DEGREE DAYS
 HEATING
  YESTERDAY        0                         0      0        0
  MONTH TO DATE    0                         0      0        0
  SINCE JUN 1      0                         0      0        0
  SINCE JUL 1      0                         0      0        0

 COOLING
  YESTERDAY       20                        17      3       21
  MONTH TO DATE  378                       352     26      393
  SINCE JUN 1    762                       775    -13      900
  SINCE JAN 1   1283                      1190     93     1364
..................................................................


WIND (MPH)
  HIGHEST WIND SPEED    28   HIGHEST WIND DIRECTION     S (190)
  HIGHEST GUST SPEED    34   HIGHEST GUST DIRECTION     S (180)
  AVERAGE WIND SPEED     3.1


SKY COVER
  POSSIBLE SUNSHINE  MM
  AVERAGE SKY COVER 0.0


WEATHER CONDITIONS
 THE FOLLOWING WEATHER WAS RECORDED YESTERDAY.
  LIGHT RAIN


RELATIVE HUMIDITY (PERCENT)
 HIGHEST   100           300 AM
 LOWEST     52          1100 AM
 AVERAGE    76

..........................................................


THE HATTIESBURG CLIMATE NORMALS FOR TODAY
                         NORMAL    RECORD    YEAR
 MAXIMUM TEMPERATURE (F)   92       100      2000
                                             1948
 MINIMUM TEMPERATURE (F)   72        64      1971


SUNRISE AND SUNSET
JULY 22 2017..........SUNRISE   608 AM CDT   SUNSET   759 PM CDT
JULY 23 2017..........SUNRISE   608 AM CDT   SUNSET   758 PM CDT


-  INDICATES NEGATIVE NUMBERS.
R  INDICATES RECORD WAS SET OR TIED.
MM INDICATES DATA IS MISSING.
T  INDICATES TRACE AMOUNT.




$$
