000
CDUS44 KJAN 242212
CLIHBG


CLIMATE REPORT
NATIONAL WEATHER SERVICE JACKSON MS
409 PM CST FRI FEB 24 2017


...................................

...THE HATTIESBURG CLIMATE SUMMARY FOR FEBRUARY 24 2017...
VALID TODAY AS OF 0400 PM LOCAL TIME.

CLIMATE NORMAL PERIOD 1981 TO 2010
CLIMATE RECORD PERIOD 1948 TO 2017


WEATHER ITEM   OBSERVED TIME   RECORD YEAR NORMAL DEPARTURE LAST
                VALUE   (LST)  VALUE       VALUE  FROM      YEAR
                                                  NORMAL
..................................................................
TEMPERATURE (F)
 TODAY
  MAXIMUM         80    251 PM  83    1996  66     14       63
  MINIMUM         59    711 AM  20    1989  43     16       43
  AVERAGE         70                        54     16       53

PRECIPITATION (IN)
  TODAY            0.00          2.40 1979   0.19  -0.19     0.03
  MONTH TO DATE    1.99                      4.61  -2.62     4.85
  SINCE DEC 1     18.12                     15.26   2.86    19.38
  SINCE JAN 1     11.06                     10.35   0.71     9.37

SNOWFALL (IN)
  TODAY            0.0

DEGREE DAYS
 HEATING
  TODAY            0                        11    -11       12
  MONTH TO DATE  130                       336   -206      257
  SINCE DEC 1    743                      1307   -564      995
  SINCE JUL 1    939                      1635   -696     1173

 COOLING
  TODAY            5                         0      5        0
  MONTH TO DATE   30                         0     30       25
  SINCE DEC 1    101                        19     82       96
  SINCE JAN 1     62                         6     56       25
..................................................................


WIND (MPH)
  HIGHEST WIND SPEED    21   HIGHEST WIND DIRECTION     S (170)
  HIGHEST GUST SPEED    25   HIGHEST GUST DIRECTION     S (190)
  AVERAGE WIND SPEED     7.7


SKY COVER
  POSSIBLE SUNSHINE  MM
  AVERAGE SKY COVER 0.6


WEATHER CONDITIONS
 THE FOLLOWING WEATHER WAS RECORDED TODAY.
  FOG


RELATIVE HUMIDITY (PERCENT)
 HIGHEST   100           200 AM
 LOWEST     52           200 PM
 AVERAGE    76

..........................................................


THE HATTIESBURG CLIMATE NORMALS FOR TOMORROW
                         NORMAL    RECORD    YEAR
 MAXIMUM TEMPERATURE (F)   66        82      1950
 MINIMUM TEMPERATURE (F)   43        21      1989


SUNRISE AND SUNSET
FEBRUARY 24 2017......SUNRISE   629 AM CST   SUNSET   552 PM CST
FEBRUARY 25 2017......SUNRISE   628 AM CST   SUNSET   552 PM CST


-  INDICATES NEGATIVE NUMBERS.
R  INDICATES RECORD WAS SET OR TIED.
MM INDICATES DATA IS MISSING.
T  INDICATES TRACE AMOUNT.




$$
