000
CDUS44 KJAN 072210
CLIHBG


CLIMATE REPORT
NATIONAL WEATHER SERVICE JACKSON MS
408 PM CST SUN FEB 7 2016


...................................

...THE HATTIESBURG CLIMATE SUMMARY FOR FEBRUARY 7 2016...
VALID TODAY AS OF 0400 PM LOCAL TIME.

CLIMATE NORMAL PERIOD 1981 TO 2010
CLIMATE RECORD PERIOD 1948 TO 2016


WEATHER ITEM   OBSERVED TIME   RECORD YEAR NORMAL DEPARTURE LAST
                VALUE   (LST)  VALUE       VALUE  FROM      YEAR
                                                  NORMAL
..................................................................
TEMPERATURE (F)
 TODAY
  MAXIMUM         61    347 PM  82    1948  61      0       70
  MINIMUM         27    659 AM  19    1967  38    -11       29
  AVERAGE         44                        50     -6       50

PRECIPITATION (IN)
  TODAY            0.00          1.93 1974   0.17  -0.17     0.00
  MONTH TO DATE    0.92                      1.19  -0.27     0.59
  SINCE DEC 1     15.45                     11.84   3.61    12.14
  SINCE JAN 1      5.44                      6.93  -1.49     5.94

SNOWFALL (IN)
  TODAY            0.0

DEGREE DAYS
 HEATING
  TODAY           21                        15      6       15
  MONTH TO DATE   92                       111    -19      128
  SINCE DEC 1    830                      1082   -252     1002
  SINCE JUL 1   1008                      1410   -402     1418

 COOLING
  TODAY            0                         0      0        0
  MONTH TO DATE   12                         0     12        0
  SINCE DEC 1     83                        19     64       13
  SINCE JAN 1     12                         6      6        6
..................................................................


WIND (MPH)
  HIGHEST WIND SPEED    12   HIGHEST WIND DIRECTION    NW (310)
  HIGHEST GUST SPEED    15   HIGHEST GUST DIRECTION     W (250)
  AVERAGE WIND SPEED     1.7


SKY COVER
  POSSIBLE SUNSHINE  MM
  AVERAGE SKY COVER 0.0


WEATHER CONDITIONS
 THE FOLLOWING WEATHER WAS RECORDED TODAY.
  NO SIGNIFICANT WEATHER WAS OBSERVED.


RELATIVE HUMIDITY (PERCENT)
 HIGHEST    92           300 AM
 LOWEST     22           300 PM
 AVERAGE    57

..........................................................


THE HATTIESBURG CLIMATE NORMALS FOR TOMORROW
                         NORMAL    RECORD    YEAR
 MAXIMUM TEMPERATURE (F)   62        82      1957
 MINIMUM TEMPERATURE (F)   39        19      1967


SUNRISE AND SUNSET
FEBRUARY  7 2016......SUNRISE   645 AM CST   SUNSET   537 PM CST
FEBRUARY  8 2016......SUNRISE   645 AM CST   SUNSET   538 PM CST


-  INDICATES NEGATIVE NUMBERS.
R  INDICATES RECORD WAS SET OR TIED.
MM INDICATES DATA IS MISSING.
T  INDICATES TRACE AMOUNT.




$$
