000
CDUS44 KJAN 302206
CLIHBG


CLIMATE REPORT
NATIONAL WEATHER SERVICE JACKSON MS
506 PM CDT THU MAR 30 2017


...................................

...THE HATTIESBURG CLIMATE SUMMARY FOR MARCH 30 2017...
VALID TODAY AS OF 0500 PM LOCAL TIME.

CLIMATE NORMAL PERIOD 1981 TO 2010
CLIMATE RECORD PERIOD 1948 TO 2017


WEATHER ITEM   OBSERVED TIME   RECORD YEAR NORMAL DEPARTURE LAST
                VALUE   (LST)  VALUE       VALUE  FROM      YEAR
                                                  NORMAL
..................................................................
TEMPERATURE (F)
 TODAY
  MAXIMUM         71   1243 AM  89    1974  74     -3       77
  MINIMUM         62    735 AM  28    1964  49     13       57
  AVERAGE         67                        62      5       67

PRECIPITATION (IN)
  TODAY            0.71          3.63 1981   0.18   0.53      T
  MONTH TO DATE    3.14                      5.31  -2.17    11.15
  SINCE MAR 1      3.14                      5.31  -2.17    11.15
  SINCE JAN 1     14.74                     16.44  -1.70    20.52

SNOWFALL (IN)
  TODAY            0.0

DEGREE DAYS
 HEATING
  TODAY            0                         5     -5        0
  MONTH TO DATE  143                       212    -69      113
  SINCE MAR 1    143                       212    -69      113
  SINCE JUL 1   1110                      1890   -780     1351

 COOLING
  TODAY            2                         2      0        2
  MONTH TO DATE   87                        32     55       56
  SINCE MAR 1     87                        32     55       56
  SINCE JAN 1    156                        47    109       81
..................................................................


WIND (MPH)
  HIGHEST WIND SPEED    23   HIGHEST WIND DIRECTION     W (280)
  HIGHEST GUST SPEED    31   HIGHEST GUST DIRECTION     W (280)
  AVERAGE WIND SPEED     7.8


SKY COVER
  POSSIBLE SUNSHINE  MM
  AVERAGE SKY COVER 0.9


WEATHER CONDITIONS
 THE FOLLOWING WEATHER WAS RECORDED TODAY.
  THUNDERSTORM
  HEAVY RAIN
  RAIN
  LIGHT RAIN
  FOG


RELATIVE HUMIDITY (PERCENT)
 HIGHEST    93           300 AM
 LOWEST     84          1200 AM
 AVERAGE    89

..........................................................


THE HATTIESBURG CLIMATE NORMALS FOR TOMORROW
                         NORMAL    RECORD    YEAR
 MAXIMUM TEMPERATURE (F)   75        89      1954
 MINIMUM TEMPERATURE (F)   49        30      2003
                                             1987


SUNRISE AND SUNSET
MARCH 30 2017.........SUNRISE   648 AM CDT   SUNSET   715 PM CDT
MARCH 31 2017.........SUNRISE   647 AM CDT   SUNSET   716 PM CDT


-  INDICATES NEGATIVE NUMBERS.
R  INDICATES RECORD WAS SET OR TIED.
MM INDICATES DATA IS MISSING.
T  INDICATES TRACE AMOUNT.




$$
