000
CDUS44 KJAN 272133
CLIHBG


CLIMATE REPORT
NATIONAL WEATHER SERVICE JACKSON MS
427 PM CDT WED MAY 27 2015


...................................

...THE HATTIESBURG CLIMATE SUMMARY FOR MAY 27 2015...
VALID TODAY AS OF 0400 PM LOCAL TIME.

CLIMATE NORMAL PERIOD 1981 TO 2010
CLIMATE RECORD PERIOD 1948 TO 2015


WEATHER ITEM   OBSERVED TIME   RECORD YEAR NORMAL DEPARTURE LAST
                VALUE   (LST)  VALUE       VALUE  FROM      YEAR
                                                  NORMAL
..................................................................
TEMPERATURE (F)
 TODAY
  MAXIMUM         85   1125 AM  98    2012  88     -3       91
  MINIMUM         70    126 PM  45    1961  65      5       69
  AVERAGE         78                        76      2       80

PRECIPITATION (IN)
  TODAY            0.88          1.10 1966   0.16   0.72      T
  MONTH TO DATE    5.90                      4.32   1.58     2.68
  SINCE MAR 1     14.98                     14.75   0.23    15.29
  SINCE JAN 1     22.81                     25.88  -3.07    25.19

SNOWFALL (IN)
  TODAY            0.0

DEGREE DAYS
 HEATING
  TODAY            0                         0      0        0
  MONTH TO DATE    1                         5     -4       11
  SINCE MAR 1    131                       305   -174      353
  SINCE JUL 1   1912                      1983    -71     2276

 COOLING
  TODAY           13                        11      2       15
  MONTH TO DATE  250                       228     22      211
  SINCE MAR 1    523                       353    170      319
  SINCE JAN 1    529                       368    161      336
..................................................................


WIND (MPH)
  HIGHEST WIND SPEED    28   HIGHEST WIND DIRECTION    SW (210)
  HIGHEST GUST SPEED    38   HIGHEST GUST DIRECTION     S (200)
  AVERAGE WIND SPEED     5.1


SKY COVER
  POSSIBLE SUNSHINE  MM
  AVERAGE SKY COVER 0.8


WEATHER CONDITIONS
 THE FOLLOWING WEATHER WAS RECORDED TODAY.
  THUNDERSTORM
  HEAVY RAIN
  RAIN
  LIGHT RAIN
  FOG
  FOG W/VISIBILITY <= 1/4 MILE
  HAZE


RELATIVE HUMIDITY (PERCENT)
 HIGHEST   100           200 AM
 LOWEST     65          1100 AM
 AVERAGE    83

..........................................................


THE HATTIESBURG CLIMATE NORMALS FOR TOMORROW
                         NORMAL    RECORD    YEAR
 MAXIMUM TEMPERATURE (F)   88        98      2012
 MINIMUM TEMPERATURE (F)   65        45      1961


SUNRISE AND SUNSET
MAY 27 2015...........SUNRISE   555 AM CDT   SUNSET   753 PM CDT
MAY 28 2015...........SUNRISE   555 AM CDT   SUNSET   754 PM CDT


-  INDICATES NEGATIVE NUMBERS.
R  INDICATES RECORD WAS SET OR TIED.
MM INDICATES DATA IS MISSING.
T  INDICATES TRACE AMOUNT.




$$
