000
CDUS44 KJAN 282112
CLIHBG


CLIMATE REPORT
NATIONAL WEATHER SERVICE JACKSON MS
411 PM CDT THU JUL 28 2016


...................................

...THE HATTIESBURG CLIMATE SUMMARY FOR JULY 28 2016...
VALID TODAY AS OF 0400 PM LOCAL TIME.

CLIMATE NORMAL PERIOD 1981 TO 2010
CLIMATE RECORD PERIOD 1948 TO 2016


WEATHER ITEM   OBSERVED TIME   RECORD YEAR NORMAL DEPARTURE LAST
                VALUE   (LST)  VALUE       VALUE  FROM      YEAR
                                                  NORMAL
..................................................................
TEMPERATURE (F)
 TODAY
  MAXIMUM         93    258 PM 100    1952  93      0       95
  MINIMUM         73    522 AM  64    1994  72      1       75
  AVERAGE         83                        82      1       85

PRECIPITATION (IN)
  TODAY            0.00          2.70 1978   0.15  -0.15      T
  MONTH TO DATE    5.77                      4.93   0.84     5.46
  SINCE JUN 1     13.90                     10.43   3.47    10.19
  SINCE JAN 1     45.06                     36.97   8.09    34.01

SNOWFALL (IN)
  TODAY            0.0

DEGREE DAYS
 HEATING
  TODAY            0                         0      0        0
  MONTH TO DATE    0                         0      0        0
  SINCE JUN 1      0                         0      0        0
  SINCE JUL 1      0                         0      0        0

 COOLING
  TODAY           18                        17      1       20
  MONTH TO DATE  518                       471     47      556
  SINCE JUN 1   1025                       894    131     1035
  SINCE JAN 1   1489                      1309    180     1612
..................................................................


WIND (MPH)
  HIGHEST WIND SPEED    13   HIGHEST WIND DIRECTION    SW (240)
  HIGHEST GUST SPEED    17   HIGHEST GUST DIRECTION    SW (220)
  AVERAGE WIND SPEED     4.4


SKY COVER
  POSSIBLE SUNSHINE  MM
  AVERAGE SKY COVER 0.1


WEATHER CONDITIONS
 THE FOLLOWING WEATHER WAS RECORDED TODAY.
  NO SIGNIFICANT WEATHER WAS OBSERVED.


RELATIVE HUMIDITY (PERCENT)
 HIGHEST    93           200 AM
 LOWEST     52           200 PM
 AVERAGE    73

..........................................................


THE HATTIESBURG CLIMATE NORMALS FOR TOMORROW
                         NORMAL    RECORD    YEAR
 MAXIMUM TEMPERATURE (F)   93        99      1987
 MINIMUM TEMPERATURE (F)   72        64      1994


SUNRISE AND SUNSET
JULY 28 2016..........SUNRISE   612 AM CDT   SUNSET   755 PM CDT
JULY 29 2016..........SUNRISE   612 AM CDT   SUNSET   754 PM CDT


-  INDICATES NEGATIVE NUMBERS.
R  INDICATES RECORD WAS SET OR TIED.
MM INDICATES DATA IS MISSING.
T  INDICATES TRACE AMOUNT.




$$
