000
CDUS41 KLWX 180525
CLIHGR


CLIMATE REPORT
NATIONAL WEATHER SERVICE BALTIMORE MD/WASHINGTON DC
1224 AM EST THU DEC 18 2014


...................................

...THE HAGERSTOWN MD CLIMATE SUMMARY FOR DECEMBER 17 2014...

CLIMATE NORMAL PERIOD 1981 TO 2010
CLIMATE RECORD PERIOD 9999 TO 9999


WEATHER ITEM   OBSERVED TIME   RECORD YEAR NORMAL DEPARTURE LAST
                VALUE   (LST)  VALUE       VALUE  FROM      YEAR
                                                  NORMAL
..................................................................
TEMPERATURE (F)
 YESTERDAY
  MAXIMUM         48   1149 AM  MM      MM  41      7       31
  MINIMUM         35   1055 PM  MM      MM  26      9       22
  AVERAGE         42                        33      9       27

PRECIPITATION (IN)
  YESTERDAY        0.00         MM      MM   0.08  -0.08     0.02
  MONTH TO DATE    1.94                      1.70   0.24     2.64
  SINCE DEC 1      1.94                      1.70   0.24     2.64
  SINCE JAN 1     35.28                     38.10  -2.82    32.57

DEGREE DAYS
 HEATING
  YESTERDAY       23                        32     -9       38
  MONTH TO DATE  434                       496    -62      523
  SINCE DEC 1    434                       496    -62      523
  SINCE JUL 1   1387                      1501   -114     1585

 COOLING
  YESTERDAY        0                         0      0        0
  MONTH TO DATE    0                         0      0        0
  SINCE DEC 1      0                         0      0        0
  SINCE JAN 1    941                       969    -28     1133
..................................................................


WIND (MPH)
  HIGHEST WIND SPEED    25   HIGHEST WIND DIRECTION     W (270)
  HIGHEST GUST SPEED    31   HIGHEST GUST DIRECTION     W (270)
  AVERAGE WIND SPEED    11.8


SKY COVER
  POSSIBLE SUNSHINE  MM
  AVERAGE SKY COVER 1.0


WEATHER CONDITIONS
 THE FOLLOWING WEATHER WAS RECORDED YESTERDAY.
  FOG
  FOG W/VISIBILITY <= 1/4 MILE


RELATIVE HUMIDITY (PERCENT)
 HIGHEST    93          1200 AM
 LOWEST     45           300 PM
 AVERAGE    69

..........................................................


THE HAGERSTOWN MD CLIMATE NORMALS FOR TODAY
                         NORMAL    RECORD    YEAR
 MAXIMUM TEMPERATURE (F)   40        MM        MM
 MINIMUM TEMPERATURE (F)   26        MM        MM


SUNRISE AND SUNSET
DECEMBER 18 2014......SUNRISE   727 AM EST   SUNSET   448 PM EST
DECEMBER 19 2014......SUNRISE   727 AM EST   SUNSET   449 PM EST


-  INDICATES NEGATIVE NUMBERS.
R  INDICATES RECORD WAS SET OR TIED.
MM INDICATES DATA IS MISSING.
T  INDICATES TRACE AMOUNT.




$$
