000
CDUS41 KLWX 030521
CLIHGR


CLIMATE REPORT
NATIONAL WEATHER SERVICE BALTIMORE MD/WASHINGTON DC
1221 AM EST SAT DEC 3 2016


...................................

...THE HAGERSTOWN MD CLIMATE SUMMARY FOR DECEMBER 2 2016...

CLIMATE NORMAL PERIOD 1981 TO 2010
CLIMATE RECORD PERIOD 9999 TO 9999


WEATHER ITEM   OBSERVED TIME   RECORD YEAR NORMAL DEPARTURE LAST
                VALUE   (LST)  VALUE       VALUE  FROM      YEAR
                                                  NORMAL
..................................................................
TEMPERATURE (F)
 YESTERDAY
  MAXIMUM         44   1212 PM  MM      MM  46     -2       50
  MINIMUM         41   1003 PM  MM      MM  31     10       43
  AVERAGE         43                        38      5       47

PRECIPITATION (IN)
  YESTERDAY        0.00         MM      MM   0.11  -0.11     0.39
  MONTH TO DATE    0.03                      0.22  -0.19     0.77
  SINCE DEC 1      0.03                      0.22  -0.19     0.77
  SINCE JAN 1     25.53                     36.62 -11.09    25.78

DEGREE DAYS
 HEATING
  YESTERDAY       22                        27     -5       18
  MONTH TO DATE   37                        53    -16       42
  SINCE DEC 1     37                        53    -16       42
  SINCE JUL 1    745                      1058   -313      774

 COOLING
  YESTERDAY        0                         0      0        0
  MONTH TO DATE    0                         0      0        0
  SINCE DEC 1      0                         0      0        0
  SINCE JAN 1   1551                       969    582     1347
..................................................................


WIND (MPH)
  HIGHEST WIND SPEED    23   HIGHEST WIND DIRECTION     W (280)
  HIGHEST GUST SPEED    29   HIGHEST GUST DIRECTION     W (270)
  AVERAGE WIND SPEED    12.5


SKY COVER
  POSSIBLE SUNSHINE  MM
  AVERAGE SKY COVER 0.9


WEATHER CONDITIONS
 THE FOLLOWING WEATHER WAS RECORDED YESTERDAY.
  NO SIGNIFICANT WEATHER WAS OBSERVED.


RELATIVE HUMIDITY (PERCENT)
 HIGHEST    55           800 AM
 LOWEST     49           100 AM
 AVERAGE    52

..........................................................


THE HAGERSTOWN MD CLIMATE NORMALS FOR TODAY
                         NORMAL    RECORD    YEAR
 MAXIMUM TEMPERATURE (F)   45        MM        MM
 MINIMUM TEMPERATURE (F)   31        MM        MM


SUNRISE AND SUNSET
DECEMBER  3 2016......SUNRISE   715 AM EST   SUNSET   447 PM EST
DECEMBER  4 2016......SUNRISE   716 AM EST   SUNSET   446 PM EST


-  INDICATES NEGATIVE NUMBERS.
R  INDICATES RECORD WAS SET OR TIED.
MM INDICATES DATA IS MISSING.
T  INDICATES TRACE AMOUNT.




$$
