000
CDUS41 KLWX 250524
CLIHGR


CLIMATE REPORT
NATIONAL WEATHER SERVICE BALTIMORE MD/WASHINGTON DC
124 AM EDT MON MAY 25 2015


...................................

...THE HAGERSTOWN MD CLIMATE SUMMARY FOR MAY 24 2015...

CLIMATE NORMAL PERIOD 1981 TO 2010
CLIMATE RECORD PERIOD 9999 TO 9999


WEATHER ITEM   OBSERVED TIME   RECORD YEAR NORMAL DEPARTURE LAST
                VALUE   (LST)  VALUE       VALUE  FROM      YEAR
                                                  NORMAL
..................................................................
TEMPERATURE (F)
 YESTERDAY
  MAXIMUM         83    424 PM  MM      MM  74      9       75
  MINIMUM         50    351 AM  MM      MM  54     -4       49
  AVERAGE         67                        64      3       62

PRECIPITATION (IN)
  YESTERDAY        0.00         MM      MM   0.15  -0.15      T
  MONTH TO DATE    0.71                      3.01  -2.30     4.36
  SINCE MAR 1      6.24                      9.95  -3.71     8.58
  SINCE JAN 1      8.52                     15.18  -6.66    12.36

DEGREE DAYS
 HEATING
  YESTERDAY        0                         3     -3        3
  MONTH TO DATE   50                       135    -85       98
  SINCE MAR 1   1123                      1246   -123     1348
  SINCE JUL 1   5129                      5149    -20     5363

 COOLING
  YESTERDAY        2                         3     -1        0
  MONTH TO DATE  118                        36     82       46
  SINCE MAR 1    120                        51     69       56
  SINCE JAN 1    120                        51     69       56
..................................................................


WIND (MPH)
  HIGHEST WIND SPEED    10   HIGHEST WIND DIRECTION     S (190)
  HIGHEST GUST SPEED    13   HIGHEST GUST DIRECTION     S (190)
  AVERAGE WIND SPEED     4.5


SKY COVER
  POSSIBLE SUNSHINE  MM
  AVERAGE SKY COVER 0.0


WEATHER CONDITIONS
 THE FOLLOWING WEATHER WAS RECORDED YESTERDAY.
  NO SIGNIFICANT WEATHER WAS OBSERVED.


RELATIVE HUMIDITY (PERCENT)
 HIGHEST    71           400 AM
 LOWEST     21           600 PM
 AVERAGE    46

..........................................................


THE HAGERSTOWN MD CLIMATE NORMALS FOR TODAY
                         NORMAL    RECORD    YEAR
 MAXIMUM TEMPERATURE (F)   75        MM        MM
 MINIMUM TEMPERATURE (F)   55        MM        MM


SUNRISE AND SUNSET
MAY 25 2015...........SUNRISE   549 AM EDT   SUNSET   827 PM EDT
MAY 26 2015...........SUNRISE   548 AM EDT   SUNSET   828 PM EDT


-  INDICATES NEGATIVE NUMBERS.
R  INDICATES RECORD WAS SET OR TIED.
MM INDICATES DATA IS MISSING.
T  INDICATES TRACE AMOUNT.




$$
