702
CDUS41 KLWX 202123
CLIHGR


CLIMATE REPORT
NATIONAL WEATHER SERVICE BALTIMORE MD/WASHINGTON DC
423 PM EST MON NOV 20 2017


...................................

...THE HAGERSTOWN MD CLIMATE SUMMARY FOR NOVEMBER 20 2017...
VALID TODAY AS OF 0400 PM LOCAL TIME.

CLIMATE NORMAL PERIOD 1981 TO 2010
CLIMATE RECORD PERIOD 1998 TO 2017


WEATHER ITEM   OBSERVED TIME   RECORD YEAR NORMAL DEPARTURE LAST
                VALUE   (LST)  VALUE       VALUE  FROM      YEAR
                                                  NORMAL
..................................................................
TEMPERATURE (F)
 TODAY
  MAXIMUM         49    359 PM  MM      MM  51     -2       40
  MINIMUM         34    717 AM  MM      MM  35     -1       35
  AVERAGE         42                        43     -1       38

PRECIPITATION (IN)
  TODAY            0.00         MM      MM   0.11  -0.11      T
  MONTH TO DATE    1.62                      2.02  -0.40     0.34
  SINCE SEP 1      6.61                      8.57  -1.96     3.42
  SINCE JAN 1     32.22                     35.20  -2.98    24.52

DEGREE DAYS
 HEATING
  TODAY           23                        22      1       27
  MONTH TO DATE  383                       364     19      276
  SINCE SEP 1    583                       761   -178      494
  SINCE JUL 1    584                       766   -182      494

 COOLING
  TODAY            0                         0      0        0
  MONTH TO DATE    0                         0      0        0
  SINCE SEP 1    233                       101    132      292
  SINCE JAN 1   1333                       969    364     1551
..................................................................


WIND (MPH)
  HIGHEST WIND SPEED    26   HIGHEST WIND DIRECTION    NW (300)
  HIGHEST GUST SPEED    33   HIGHEST GUST DIRECTION    NW (300)
  AVERAGE WIND SPEED    11.3


SKY COVER
  POSSIBLE SUNSHINE  MM
  AVERAGE SKY COVER 0.4


WEATHER CONDITIONS
 THE FOLLOWING WEATHER WAS RECORDED TODAY.
  NO SIGNIFICANT WEATHER WAS OBSERVED.


RELATIVE HUMIDITY (PERCENT)
 HIGHEST    59          1200 AM
 LOWEST     31           300 PM
 AVERAGE    45

..........................................................


THE HAGERSTOWN MD CLIMATE NORMALS FOR TOMORROW
                         NORMAL    RECORD    YEAR
 MAXIMUM TEMPERATURE (F)   51        MM        MM
 MINIMUM TEMPERATURE (F)   35        MM        MM


SUNRISE AND SUNSET
NOVEMBER 20 2017......SUNRISE   701 AM EST   SUNSET   452 PM EST
NOVEMBER 21 2017......SUNRISE   702 AM EST   SUNSET   451 PM EST


-  INDICATES NEGATIVE NUMBERS.
R  INDICATES RECORD WAS SET OR TIED.
MM INDICATES DATA IS MISSING.
T  INDICATES TRACE AMOUNT.




$$
