000
CDUS41 KLWX 280527
CLIHGR


CLIMATE REPORT
NATIONAL WEATHER SERVICE BALTIMORE MD/WASHINGTON DC
126 AM EDT THU JUL 28 2016


...................................

...THE HAGERSTOWN MD CLIMATE SUMMARY FOR JULY 27 2016...

CLIMATE NORMAL PERIOD 1981 TO 2010
CLIMATE RECORD PERIOD 9999 TO 9999


WEATHER ITEM   OBSERVED TIME   RECORD YEAR NORMAL DEPARTURE LAST
                VALUE   (LST)  VALUE       VALUE  FROM      YEAR
                                                  NORMAL
..................................................................
TEMPERATURE (F)
 YESTERDAY
  MAXIMUM         94    349 PM  MM      MM  85      9       86
  MINIMUM         75    645 AM  MM      MM  65     10       72
  AVERAGE         85                        75     10       79

PRECIPITATION (IN)
  YESTERDAY        T            MM      MM   0.11  -0.11     0.02
  MONTH TO DATE    0.88                      2.93  -2.05     1.18
  SINCE JUN 1      4.28                      6.81  -2.53     7.04
  SINCE JAN 1     17.32                     23.01  -5.69    17.23

DEGREE DAYS
 HEATING
  YESTERDAY        0                         0      0        0
  MONTH TO DATE    0                         0      0        0
  SINCE JUN 1      3                        18    -15       14
  SINCE JUL 1      0                         0      0        0

 COOLING
  YESTERDAY       20                        10     10       14
  MONTH TO DATE  393                       282    111      302
  SINCE JUN 1    654                       491    163      560
  SINCE JAN 1    758                       567    191      761
..................................................................


WIND (MPH)
  HIGHEST WIND SPEED     9   HIGHEST WIND DIRECTION    SW (220)
  HIGHEST GUST SPEED    15   HIGHEST GUST DIRECTION     N (360)
  AVERAGE WIND SPEED     4.4


SKY COVER
  POSSIBLE SUNSHINE  MM
  AVERAGE SKY COVER 0.3


WEATHER CONDITIONS
 THE FOLLOWING WEATHER WAS RECORDED YESTERDAY.
  NO SIGNIFICANT WEATHER WAS OBSERVED.


RELATIVE HUMIDITY (PERCENT)
 HIGHEST    82           300 AM
 LOWEST     33           200 PM
 AVERAGE    58

..........................................................


THE HAGERSTOWN MD CLIMATE NORMALS FOR TODAY
                         NORMAL    RECORD    YEAR
 MAXIMUM TEMPERATURE (F)   85        MM        MM
 MINIMUM TEMPERATURE (F)   65        MM        MM


SUNRISE AND SUNSET
JULY 28 2016..........SUNRISE   607 AM EDT   SUNSET   827 PM EDT
JULY 29 2016..........SUNRISE   608 AM EDT   SUNSET   826 PM EDT


-  INDICATES NEGATIVE NUMBERS.
R  INDICATES RECORD WAS SET OR TIED.
MM INDICATES DATA IS MISSING.
T  INDICATES TRACE AMOUNT.




$$
