244
CDUS46 KPQR 111145
CLIHIO


CLIMATE REPORT
NATIONAL WEATHER SERVICE PORTLAND OREGON
344 AM PST THU FEB 11 2016


...................................

...THE HILLSBORO OR CLIMATE SUMMARY FOR FEBRUARY 10 2016...

CLIMATE NORMAL PERIOD 1981 TO 2010
CLIMATE RECORD PERIOD 1929 TO 2016


WEATHER ITEM   OBSERVED TIME   RECORD YEAR NORMAL DEPARTURE LAST
                VALUE   (LST)  VALUE       VALUE  FROM      YEAR
                                                  NORMAL
..................................................................
TEMPERATURE (F)
 YESTERDAY
  MAXIMUM         57    345 PM  66    1963  50      7       53
  MINIMUM         38    148 AM  13    1933  34      4       44
  AVERAGE         48                        42      6       49

PRECIPITATION (IN)
  YESTERDAY        T             2.68 1949   0.18  -0.18
  MONTH TO DATE    0.94                      1.89  -0.95
  SINCE OCT 1     30.49                     24.34   6.15
  SINCE JAN 1      8.47                      7.95   0.52

SNOWFALL (IN)
  YESTERDAY       MM
  MONTH TO DATE   MM
  SINCE DEC 1      0.0
  SINCE JUL 1      0.0
  SNOW DEPTH      MM

DEGREE DAYS
 HEATING
  YESTERDAY       17                        23     -6
  MONTH TO DATE  199                       230    -31
  SINCE JUL 1   2642                      3123   -481

 COOLING
  YESTERDAY        0                         0      0
  MONTH TO DATE    0                         0      0
  SINCE JAN 1      0                         0      0
..................................................................


WIND (MPH)
  HIGHEST WIND SPEED     7   HIGHEST WIND DIRECTION    NW (310)
  HIGHEST GUST SPEED    10   HIGHEST GUST DIRECTION     W (290)
  AVERAGE WIND SPEED     1.5


SKY COVER
  POSSIBLE SUNSHINE  MM
  AVERAGE SKY COVER 0.7


WEATHER CONDITIONS
 THE FOLLOWING WEATHER WAS RECORDED YESTERDAY.
  FOG
  HAZE


RELATIVE HUMIDITY (PERCENT)
 HIGHEST   100           500 AM
 LOWEST     71           100 PM
 AVERAGE    86

..........................................................


THE HILLSBORO OR CLIMATE NORMALS FOR TODAY
                         NORMAL    RECORD    YEAR
 MAXIMUM TEMPERATURE (F)   50        66      1963
 MINIMUM TEMPERATURE (F)   34        18      1982


SUNRISE AND SUNSET
FEBRUARY 11 2016......SUNRISE   720 AM PST   SUNSET   533 PM PST
FEBRUARY 12 2016......SUNRISE   719 AM PST   SUNSET   534 PM PST


-  INDICATES NEGATIVE NUMBERS.
R  INDICATES RECORD WAS SET OR TIED.
MM INDICATES DATA IS MISSING.
T  INDICATES TRACE AMOUNT.




$$
