000
CDUS46 KPQR 231425
CLIHIO


CLIMATE REPORT
NATIONAL WEATHER SERVICE PORTLAND OREGON
724 AM PDT FRI JUN 23 2017


...................................

...THE HILLSBORO OR CLIMATE SUMMARY FOR JUNE 22 2017...

CLIMATE NORMAL PERIOD 1981 TO 2010
CLIMATE RECORD PERIOD 1929 TO 2017


WEATHER ITEM   OBSERVED TIME   RECORD YEAR NORMAL DEPARTURE LAST
                VALUE   (LST)  VALUE       VALUE  FROM      YEAR
                                                  NORMAL
..................................................................
TEMPERATURE (F)
 YESTERDAY
  MAXIMUM         84    333 PM 102    1992  74     10       79
  MINIMUM         47    433 AM  35    1935  49     -2       49
  AVERAGE         66                        61      5       64

PRECIPITATION (IN)
  YESTERDAY        0.00          0.42 1993   0.04  -0.04
  MONTH TO DATE    1.05                      1.17  -0.12
  SINCE OCT 1     47.24                     37.05  10.19
  SINCE JAN 1     27.56                     20.66   6.90

SNOWFALL (IN)
  YESTERDAY        0.0
  MONTH TO DATE    0.0
  SINCE JUN 1      0.0
  SINCE JUL 1      0.0
  SNOW DEPTH       0

DEGREE DAYS
 HEATING
  YESTERDAY        0                         4     -4
  MONTH TO DATE   95                       125    -30
  SINCE JUL 1   4870                      4975   -105

 COOLING
  YESTERDAY        1                         1      0
  MONTH TO DATE   16                         8      8
  SINCE JAN 1     46                        14     32
..................................................................


WIND (MPH)
  HIGHEST WIND SPEED    15   HIGHEST WIND DIRECTION     N (360)
  HIGHEST GUST SPEED    20   HIGHEST GUST DIRECTION     N (360)
  AVERAGE WIND SPEED     7.0


SKY COVER
  POSSIBLE SUNSHINE  MM
  AVERAGE SKY COVER 0.0


WEATHER CONDITIONS
 THE FOLLOWING WEATHER WAS RECORDED YESTERDAY.
  NO SIGNIFICANT WEATHER WAS OBSERVED.


RELATIVE HUMIDITY (PERCENT)
 HIGHEST    86           400 AM
 LOWEST     18           400 PM
 AVERAGE    52

..........................................................


THE HILLSBORO OR CLIMATE NORMALS FOR TODAY
                         NORMAL    RECORD    YEAR
 MAXIMUM TEMPERATURE (F)   74        99      1992
 MINIMUM TEMPERATURE (F)   49        35      1935


SUNRISE AND SUNSET
JUNE 23 2017..........SUNRISE   524 AM PDT   SUNSET   905 PM PDT
JUNE 24 2017..........SUNRISE   524 AM PDT   SUNSET   905 PM PDT


-  INDICATES NEGATIVE NUMBERS.
R  INDICATES RECORD WAS SET OR TIED.
MM INDICATES DATA IS MISSING.
T  INDICATES TRACE AMOUNT.




$$
