000
CDUS46 KPQR 161145
CLIHIO


CLIMATE REPORT
NATIONAL WEATHER SERVICE PORTLAND OREGON
444 AM PDT TUE SEP 16 2014


...................................

...THE HILLSBORO OR CLIMATE SUMMARY FOR SEPTEMBER 15 2014...

CLIMATE NORMAL PERIOD 1981 TO 2010
CLIMATE RECORD PERIOD 1929 TO 2014


WEATHER ITEM   OBSERVED TIME   RECORD YEAR NORMAL DEPARTURE LAST
                VALUE   (LST)  VALUE       VALUE  FROM      YEAR
                                                  NORMAL
..................................................................
TEMPERATURE (F)
 YESTERDAY
  MAXIMUM         91    212 PM  98    1981  75     16       66
  MINIMUM         45    548 AM  35    1970  47     -2       58
  AVERAGE         68                        61      7       62

PRECIPITATION (IN)
  YESTERDAY        0.00          1.47 1996   0.03  -0.03
  MONTH TO DATE    0.00                      0.46  -0.46
  SINCE OCT 1     24.92                     38.92 -14.00
  SINCE JAN 1     20.24                     22.53  -2.29

SNOWFALL (IN)
  YESTERDAY        0.0
  MONTH TO DATE    0.0
  SINCE SEP 1      0.0
  SINCE JUL 1      0.0
  SNOW DEPTH       0

DEGREE DAYS
 HEATING
  YESTERDAY        0                         5     -5
  MONTH TO DATE   12                        53    -41
  SINCE JUL 1     21                       160   -139

 COOLING
  YESTERDAY        3                         0      3
  MONTH TO DATE   26                        16     10
  SINCE JAN 1    376                       194    182
..................................................................


WIND (MPH)
  HIGHEST WIND SPEED     8   HIGHEST WIND DIRECTION    SE (150)
  HIGHEST GUST SPEED    12   HIGHEST GUST DIRECTION     S (170)
  AVERAGE WIND SPEED     1.2


SKY COVER
  POSSIBLE SUNSHINE  MM
  AVERAGE SKY COVER 0.0


WEATHER CONDITIONS
 THE FOLLOWING WEATHER WAS RECORDED YESTERDAY.
  FOG
  HAZE


RELATIVE HUMIDITY (PERCENT)
 HIGHEST    86           500 AM
 LOWEST     19           200 PM
 AVERAGE    53

..........................................................


THE HILLSBORO OR CLIMATE NORMALS FOR TODAY
                         NORMAL    RECORD    YEAR
 MAXIMUM TEMPERATURE (F)   75        92      1951
 MINIMUM TEMPERATURE (F)   46        38      1987


SUNRISE AND SUNSET
SEPTEMBER 16 2014.....SUNRISE   652 AM PDT   SUNSET   721 PM PDT
SEPTEMBER 17 2014.....SUNRISE   653 AM PDT   SUNSET   719 PM PDT


-  INDICATES NEGATIVE NUMBERS.
R  INDICATES RECORD WAS SET OR TIED.
MM INDICATES DATA IS MISSING.
T  INDICATES TRACE AMOUNT.




$$
