814
CDUS46 KHNX 190823
CLIHJO


CLIMATE REPORT
NATIONAL WEATHER SERVICE SAN JOAQUIN VALLEY, CA
1222 AM PST SUN NOV 19 2017


...................................

...THE HANFORD CA CLIMATE SUMMARY FOR NOVEMBER 18 2017...

CLIMATE NORMAL PERIOD 1981 TO 2010
CLIMATE RECORD PERIOD 1998 TO 2017


WEATHER ITEM   OBSERVED TIME   RECORD YEAR NORMAL DEPARTURE
                VALUE   (LST)  VALUE       VALUE  FROM
                                                  NORMAL
...............................................................
TEMPERATURE (F)
 YESTERDAY
  MAXIMUM         67    306 PM  80    2008  64      3
  MINIMUM         38    616 AM  31    2000  38      0
  AVERAGE         53                        51      2

PRECIPITATION (IN)
  YESTERDAY        0.00          0.01 2012   0.03  -0.03
  MONTH TO DATE    0.11                      0.71  -0.60
  SINCE OCT 1      0.17                      1.21  -1.04
  SINCE JAN 1      8.51                      8.18   0.33

SNOWFALL (IN)
  YESTERDAY        0.0
  MONTH TO DATE    0.0
  SINCE SEP 1      0.0
  SINCE JUL 1      0.0
  SNOW DEPTH       0

DEGREE DAYS
 HEATING
  YESTERDAY       12
  MONTH TO DATE  125
  SINCE SEP 1    207
  SINCE JUL 1    207

 COOLING
  YESTERDAY        0
  MONTH TO DATE    4
  SINCE SEP 1    365
  SINCE JAN 1   2182
...............................................................


WIND (MPH)
  HIGHEST WIND SPEED    10   HIGHEST WIND DIRECTION    NW (320)
  HIGHEST GUST SPEED    13   HIGHEST GUST DIRECTION    NW (320)
  AVERAGE WIND SPEED     1.8




RELATIVE HUMIDITY (PERCENT)
 HIGHEST    93
 LOWEST     52
 AVERAGE    73

..........................................................


THE HANFORD CA CLIMATE NORMALS FOR TODAY
                         NORMAL    RECORD    YEAR
 MAXIMUM TEMPERATURE (F)   63        75      2008
 MINIMUM TEMPERATURE (F)   38        30      2000


SUNRISE AND SUNSET
NOVEMBER 19 2017......SUNRISE   640 AM PST   SUNSET   448 PM PST
NOVEMBER 20 2017......SUNRISE   641 AM PST   SUNSET   447 PM PST


-  INDICATES NEGATIVE NUMBERS.
R  INDICATES RECORD WAS SET OR TIED.
MM INDICATES DATA IS MISSING.
T  INDICATES TRACE AMOUNT.




$$
