000
CDUS46 KHNX 290823
CLIHJO


CLIMATE REPORT
NATIONAL WEATHER SERVICE SAN JOAQUIN VALLEY, CA
122 AM PDT WED MAR 29 2017


...................................

...THE HANFORD CA CLIMATE SUMMARY FOR MARCH 28 2017...

CLIMATE NORMAL PERIOD 1981 TO 2010
CLIMATE RECORD PERIOD 1998 TO 2017


WEATHER ITEM   OBSERVED TIME   RECORD YEAR NORMAL DEPARTURE
                VALUE   (LST)  VALUE       VALUE  FROM
                                                  NORMAL
...............................................................
TEMPERATURE (F)
 YESTERDAY
  MAXIMUM         69    438 PM  86    2015  70     -1
  MINIMUM         42    635 AM  34    2008  44     -2
  AVERAGE         56                        57     -1

PRECIPITATION (IN)
  YESTERDAY        0.00          0.56 1998   0.04  -0.04
  MONTH TO DATE    0.52                      1.51  -0.99
  SINCE OCT 1      9.62                      8.41   1.21
  SINCE JAN 1      6.75                      5.28   1.47

SNOWFALL (IN)
  YESTERDAY        0.0
  MONTH TO DATE    0.0
  SINCE MAR 1      0.0
  SINCE JUL 1      0.0
  SNOW DEPTH       0

DEGREE DAYS
 HEATING
  YESTERDAY        9
  MONTH TO DATE  224
  SINCE MAR 1    224
  SINCE JUL 1   1951

 COOLING
  YESTERDAY        0
  MONTH TO DATE    8
  SINCE MAR 1      8
  SINCE JAN 1      8
...............................................................


WIND (MPH)
  HIGHEST WIND SPEED    10   HIGHEST WIND DIRECTION    NW (330)
  HIGHEST GUST SPEED    14   HIGHEST GUST DIRECTION     N (20)
  AVERAGE WIND SPEED     3.9




RELATIVE HUMIDITY (PERCENT)
 HIGHEST   100
 LOWEST     44
 AVERAGE    72

..........................................................


THE HANFORD CA CLIMATE NORMALS FOR TODAY
                         NORMAL    RECORD    YEAR
 MAXIMUM TEMPERATURE (F)   70        88      2015
 MINIMUM TEMPERATURE (F)   44        33      1998


SUNRISE AND SUNSET
MARCH 29 2017.........SUNRISE   649 AM PDT   SUNSET   718 PM PDT
MARCH 30 2017.........SUNRISE   647 AM PDT   SUNSET   719 PM PDT


-  INDICATES NEGATIVE NUMBERS.
R  INDICATES RECORD WAS SET OR TIED.
MM INDICATES DATA IS MISSING.
T  INDICATES TRACE AMOUNT.




$$
