033
CDUS46 KHNX 200824
CLIHJO


CLIMATE REPORT
NATIONAL WEATHER SERVICE SAN JOAQUIN VALLEY, CA
123 AM PDT THU JUL 20 2017


...................................

...THE HANFORD CA CLIMATE SUMMARY FOR JULY 19 2017...

CLIMATE NORMAL PERIOD 1981 TO 2010
CLIMATE RECORD PERIOD 1998 TO 2017


WEATHER ITEM   OBSERVED TIME   RECORD YEAR NORMAL DEPARTURE
                VALUE   (LST)  VALUE       VALUE  FROM
                                                  NORMAL
...............................................................
TEMPERATURE (F)
 YESTERDAY
  MAXIMUM         99        MM 108    2009  96      3
  MINIMUM         59        MM  58    2000  63     -4
  AVERAGE         79                        80     -1

PRECIPITATION (IN)
  YESTERDAY        0.00          T    2012   0.00   0.00
                                      2012
                                      2014
  MONTH TO DATE    0.00                      0.02  -0.02
  SINCE OCT 1     11.05                      9.91   1.14
  SINCE JAN 1      8.18                      6.78   1.40

SNOWFALL (IN)
  YESTERDAY        0.0
  MONTH TO DATE    0.0
  SINCE JUN 1      0.0
  SINCE JUL 1      0.0
  SNOW DEPTH       0

DEGREE DAYS
 HEATING
  YESTERDAY        0
  MONTH TO DATE    0
  SINCE JUN 1      5
  SINCE JUL 1      0

 COOLING
  YESTERDAY       14
  MONTH TO DATE  368
  SINCE JUN 1    806
  SINCE JAN 1   1014
...............................................................


WIND (MPH)
  HIGHEST WIND SPEED    15   HIGHEST WIND DIRECTION    NW (320)
  HIGHEST GUST SPEED    MM   HIGHEST GUST DIRECTION    MM
  AVERAGE WIND SPEED     7.9




RELATIVE HUMIDITY (PERCENT)
 HIGHEST    93
 LOWEST     16
 AVERAGE    55

..........................................................


THE HANFORD CA CLIMATE NORMALS FOR TODAY
                         NORMAL    RECORD    YEAR
 MAXIMUM TEMPERATURE (F)   96       106      2009
 MINIMUM TEMPERATURE (F)   63        57      1999


SUNRISE AND SUNSET
JULY 20 2017..........SUNRISE   556 AM PDT   SUNSET   813 PM PDT
JULY 21 2017..........SUNRISE   557 AM PDT   SUNSET   812 PM PDT


-  INDICATES NEGATIVE NUMBERS.
R  INDICATES RECORD WAS SET OR TIED.
MM INDICATES DATA IS MISSING.
T  INDICATES TRACE AMOUNT.




$$
