000
CDUS46 KHNX 200826
CLIHJO


CLIMATE REPORT
NATIONAL WEATHER SERVICE SAN JOAQUIN VALLEY, CA
1224 AM PST MON FEB 20 2017


...................................

...THE HANFORD CA CLIMATE SUMMARY FOR FEBRUARY 19 2017...

CLIMATE NORMAL PERIOD 1981 TO 2010
CLIMATE RECORD PERIOD 1998 TO 2017


WEATHER ITEM   OBSERVED TIME   RECORD YEAR NORMAL DEPARTURE
                VALUE   (LST)  VALUE       VALUE  FROM
                                                  NORMAL
...............................................................
TEMPERATURE (F)
 YESTERDAY
  MAXIMUM         56    228 PM  72    2015  63     -7
  MINIMUM         48    822 AM  33    2009  40      8
  AVERAGE         52                        51      1

PRECIPITATION (IN)
  YESTERDAY        0.18          0.50 1998   0.07   0.11
  MONTH TO DATE    2.59                      1.12   1.47
  SINCE OCT 1      8.83                      6.29   2.54
  SINCE JAN 1      5.96                      3.16   2.80

SNOWFALL (IN)
  YESTERDAY       MM
  MONTH TO DATE    0.0
  SINCE DEC 1      0.0
  SINCE JUL 1      0.0
  SNOW DEPTH       0

DEGREE DAYS
 HEATING
  YESTERDAY       13
  MONTH TO DATE  177
  SINCE DEC 1   1275
  SINCE JUL 1   1581

 COOLING
  YESTERDAY        0
  MONTH TO DATE    0
  SINCE DEC 1      0
  SINCE JAN 1      0
...............................................................


WIND (MPH)
  HIGHEST WIND SPEED    16   HIGHEST WIND DIRECTION    NW (320)
  HIGHEST GUST SPEED    21   HIGHEST GUST DIRECTION    NW (330)
  AVERAGE WIND SPEED     5.2




RELATIVE HUMIDITY (PERCENT)
 HIGHEST    89
 LOWEST     61
 AVERAGE    75

..........................................................


THE HANFORD CA CLIMATE NORMALS FOR TODAY
                         NORMAL    RECORD    YEAR
 MAXIMUM TEMPERATURE (F)   63        69      2000
 MINIMUM TEMPERATURE (F)   40        31      2006


SUNRISE AND SUNSET
FEBRUARY 20 2017......SUNRISE   640 AM PST   SUNSET   545 PM PST
FEBRUARY 21 2017......SUNRISE   639 AM PST   SUNSET   546 PM PST


-  INDICATES NEGATIVE NUMBERS.
R  INDICATES RECORD WAS SET OR TIED.
MM INDICATES DATA IS MISSING.
T  INDICATES TRACE AMOUNT.




$$
