000
CDUS46 KHNX 250822
CLIHJO


CLIMATE REPORT
NATIONAL WEATHER SERVICE SAN JOAQUIN VALLEY, CA
1222 AM PST THU DEC 25 2014


...................................

...THE HANFORD CA CLIMATE SUMMARY FOR DECEMBER 24 2014...

CLIMATE NORMAL PERIOD 1981 TO 2010
CLIMATE RECORD PERIOD 1998 TO 2014


WEATHER ITEM   OBSERVED TIME   RECORD YEAR NORMAL DEPARTURE
                VALUE   (LST)  VALUE       VALUE  FROM
                                                  NORMAL
...............................................................
TEMPERATURE (F)
 YESTERDAY
  MAXIMUM         59    419 PM  64    2013  53      6
  MINIMUM         41    647 AM  20    1998  35      6
  AVERAGE         50                        44      6

PRECIPITATION (IN)
  YESTERDAY        0.01          0.12 2003   0.07  -0.06
  MONTH TO DATE    2.32                      1.03   1.29
  SINCE JUL 1      3.13                      2.74   0.39
  SINCE JAN 1      5.56                      9.50  -3.94

SNOWFALL (IN)
  YESTERDAY       MM
  MONTH TO DATE    0.0
  SINCE DEC 1      0.0
  SINCE JUL 1      0.0
  SNOW DEPTH       0

DEGREE DAYS
 HEATING
  YESTERDAY       15
  MONTH TO DATE  273
  SINCE DEC 1    273
  SINCE JUL 1    584

 COOLING
  YESTERDAY        0
  MONTH TO DATE    0
  SINCE DEC 1      0
  SINCE JAN 1   2274
...............................................................


WIND (MPH)
  HIGHEST WIND SPEED    26   HIGHEST WIND DIRECTION    NW (320)
  HIGHEST GUST SPEED    33   HIGHEST GUST DIRECTION    NW (310)
  AVERAGE WIND SPEED     6.1




RELATIVE HUMIDITY (PERCENT)
 HIGHEST   100
 LOWEST     71
 AVERAGE    86

..........................................................


THE HANFORD CA CLIMATE NORMALS FOR TODAY
                         NORMAL    RECORD    YEAR
 MAXIMUM TEMPERATURE (F)   53        67      2013
 MINIMUM TEMPERATURE (F)   35        18      1998


SUNRISE AND SUNSET
DECEMBER 25 2014......SUNRISE   708 AM PST   SUNSET   449 PM PST
DECEMBER 26 2014......SUNRISE   708 AM PST   SUNSET   450 PM PST


-  INDICATES NEGATIVE NUMBERS.
R  INDICATES RECORD WAS SET OR TIED.
MM INDICATES DATA IS MISSING.
T  INDICATES TRACE AMOUNT.




$$
