000
CDUS46 KHNX 190024
CLIHJO


CLIMATE REPORT
NATIONAL WEATHER SERVICE SAN JOAQUIN VALLEY, CA
422 PM PST THU JAN 18 2018


...................................

...THE HANFORD CA CLIMATE SUMMARY FOR JANUARY 18 2018...
VALID AS OF 0400 PM LOCAL TIME.

CLIMATE NORMAL PERIOD 1981 TO 2010
CLIMATE RECORD PERIOD 1998 TO 2018


WEATHER ITEM   OBSERVED TIME   RECORD YEAR NORMAL DEPARTURE LAST
                VALUE   (LST)  VALUE       VALUE  FROM      YEAR
                                                  NORMAL
..................................................................
TEMPERATURE (F)
 TODAY
  MAXIMUM         58    253 PM  71    2014  54      4       57
  MINIMUM         49    815 AM  21    2012  36     13       36
  AVERAGE         54                        45      9       47

PRECIPITATION (IN)
  TODAY            0.00          0.49 2010   0.05  -0.05     0.25
  MONTH TO DATE    1.27                      1.52  -0.25     2.42
  SINCE OCT 1      1.68                      4.65  -2.97     5.29
  SINCE JAN 1      1.27                      1.52  -0.25     2.42

SNOWFALL (IN)
  TODAY            0.0
  MONTH TO DATE    0.0
  SINCE DEC 1      0.0
  SINCE JUL 1      0.0
  SNOW DEPTH       0

DEGREE DAYS
 HEATING
  TODAY           11                                        18
  MONTH TO DATE  206                                       289
  SINCE DEC 1    768                                       865
  SINCE JUL 1   1073                                      1171

 COOLING
  TODAY            0                                         0
  MONTH TO DATE    0                                         0
  SINCE DEC 1      0                                         0
  SINCE JAN 1      0                                         0
..................................................................


WIND (MPH)
  HIGHEST WIND SPEED     9   HIGHEST WIND DIRECTION    SE (150)
  HIGHEST GUST SPEED    13   HIGHEST GUST DIRECTION    SE (140)
  AVERAGE WIND SPEED     3.5




RELATIVE HUMIDITY (PERCENT)
 HIGHEST   100
 LOWEST     80
 AVERAGE    90

..........................................................


THE HANFORD CA CLIMATE NORMALS FOR TOMORROW
                         NORMAL    RECORD    YEAR
 MAXIMUM TEMPERATURE (F)   55        72      2014
 MINIMUM TEMPERATURE (F)   37        20      2012


SUNRISE AND SUNSET
JANUARY 18 2018.......SUNRISE   708 AM PST   SUNSET   510 PM PST
JANUARY 19 2018.......SUNRISE   708 AM PST   SUNSET   511 PM PST


-  INDICATES NEGATIVE NUMBERS.
R  INDICATES RECORD WAS SET OR TIED.
MM INDICATES DATA IS MISSING.
T  INDICATES TRACE AMOUNT.




$$
