000
CDUS43 KGLD 240740
CLIHLC

CLIMATE REPORT
NATIONAL WEATHER SERVICE GOODLAND
137 AM MDT THU APR 24 2014


...................................

...THE HILL CITY KS CLIMATE SUMMARY FOR APRIL 23 2014...

CLIMATE NORMAL PERIOD 1981 TO 2010
CLIMATE RECORD PERIOD 1896 TO 2014


WEATHER ITEM   OBSERVED TIME   RECORD YEAR NORMAL DEPARTURE LAST
                VALUE   (LST)  VALUE       VALUE  FROM      YEAR
                                                  NORMAL
..................................................................
TEMPERATURE (F)
 YESTERDAY
  MAXIMUM         86    255 PM  96    1939  68     18       41
  MINIMUM         52    943 PM  24    2013  41     11       24
  AVERAGE         69                        54     15       33

PRECIPITATION (IN)
  YESTERDAY        1.28                      0.09   1.19     0.01
  MONTH TO DATE    3.30                      1.52   1.78     0.24
  SINCE MAR 1      3.49                      3.15   0.34     1.03
  SINCE JAN 1      3.95                      4.12  -0.17     2.22

..................................................................


THE HILL CITY KS CLIMATE NORMALS FOR TODAY
                         NORMAL    RECORD    YEAR
 MAXIMUM TEMPERATURE (F)   68        96      2012
                                             1989
 MINIMUM TEMPERATURE (F)   41        22      2013



-  INDICATES NEGATIVE NUMBERS.
R  INDICATES RECORD WAS SET OR TIED.
MM INDICATES DATA IS MISSING.
T  INDICATES TRACE AMOUNT.

$$
