000
CDUS43 KGLD 300048 RRA
CLIHLC

CLIMATE REPORT
NATIONAL WEATHER SERVICE GOODLAND
645 PM MDT SUN MAY 29 2016

...................................

...THE HILL CITY KS CLIMATE SUMMARY FOR MAY 29 2016...
VALID TODAY AS OF 0600 PM LOCAL TIME.

CLIMATE NORMAL PERIOD 1981 TO 2010
CLIMATE RECORD PERIOD 1896 TO 2016


WEATHER ITEM   OBSERVED TIME   RECORD YEAR NORMAL DEPARTURE LAST
                VALUE   (LST)  VALUE       VALUE  FROM      YEAR
                                                  NORMAL
..................................................................
TEMPERATURE (F)
 TODAY
  MAXIMUM         88    135 PM 105    1913  80      8       79
  MINIMUM         52    518 AM  34    1984  54     -2       53
                                      1947
  AVERAGE         70                        67      3       66

PRECIPITATION (IN)
  TODAY            T                         0.13  -0.13     0.07
  MONTH TO DATE    4.80                      3.52   1.28     3.50
  SINCE MAR 1     11.72                      7.27   4.45     7.11
  SINCE JAN 1     12.61                      8.24   4.37     7.53

..................................................................


THE HILL CITY KS CLIMATE NORMALS FOR TOMORROW
                         NORMAL    RECORD    YEAR
 MAXIMUM TEMPERATURE (F)   80       113      1934
 MINIMUM TEMPERATURE (F)   55        35      1992



-  INDICATES NEGATIVE NUMBERS.
R  INDICATES RECORD WAS SET OR TIED.
MM INDICATES DATA IS MISSING.
T  INDICATES TRACE AMOUNT.

$$
