000
CDUS43 KGLD 040746 RRA
CLIHLC

CLIMATE REPORT
NATIONAL WEATHER SERVICE GOODLAND
138 AM MDT TUE AUG 4 2015
...................................

...THE HILL CITY KS CLIMATE SUMMARY FOR AUGUST 3 2015...

CLIMATE NORMAL PERIOD 1981 TO 2010
CLIMATE RECORD PERIOD 1896 TO 2015

WEATHER ITEM   OBSERVED TIME   RECORD YEAR NORMAL DEPARTURE LAST
                VALUE   (LST)  VALUE       VALUE  FROM      YEAR
                                                  NORMAL
..................................................................
TEMPERATURE (F)
 YESTERDAY
  MAXIMUM         95    344 PM 110    1934  92      3       98
  MINIMUM         64    606 AM  46    1974  66     -2       66
  AVERAGE         80                        79      1       82

PRECIPITATION (IN)
  YESTERDAY        0.00                      0.10  -0.10     0.00
  MONTH TO DATE    0.00                      0.29  -0.29     0.07
  SINCE JUN 1      7.24                      6.76   0.48     8.80
  SINCE JAN 1     14.77                     15.26  -0.49    13.74

..................................................................

THE HILL CITY KS CLIMATE NORMALS FOR TODAY
                         NORMAL    RECORD    YEAR
 MAXIMUM TEMPERATURE (F)   92       108      1934
 MINIMUM TEMPERATURE (F)   66        44      1974

-  INDICATES NEGATIVE NUMBERS.
R  INDICATES RECORD WAS SET OR TIED.
MM INDICATES DATA IS MISSING.
T  INDICATES TRACE AMOUNT.

$$
