965
CDUS43 KGLD 300055 RRB
CLIHLC

CLIMATE REPORT
NATIONAL WEATHER SERVICE GOODLAND
653 PM MDT SAT APR 29 2017

...................................

...THE HILL CITY KS CLIMATE SUMMARY FOR APRIL 29 2017...
VALID TODAY AS OF 0600 PM LOCAL TIME.

CLIMATE NORMAL PERIOD 1981 TO 2010
CLIMATE RECORD PERIOD 1896 TO 2017


WEATHER ITEM   OBSERVED TIME   RECORD YEAR NORMAL DEPARTURE LAST
                VALUE   (LST)  VALUE       VALUE  FROM      YEAR
                                                  NORMAL
..................................................................
TEMPERATURE (F)
 TODAY
  MAXIMUM         40    459 PM  92    1967  70    -30       47
  MINIMUM         35    701 AM  27    1956  43     -8       42
  AVERAGE         38                        56    -18       45

PRECIPITATION (IN)
  TODAY            0.46                      0.09   0.37     0.84
  MONTH TO DATE    1.88                      2.04  -0.16     6.66
  SINCE MAR 1      3.98                      3.67   0.31     6.86
  SINCE JAN 1      5.05                      4.64   0.41     7.75

..................................................................


THE HILL CITY KS CLIMATE NORMALS FOR TOMORROW
                         NORMAL    RECORD    YEAR
 MAXIMUM TEMPERATURE (F)   70        93      1992
 MINIMUM TEMPERATURE (F)   43        10      1907



-  INDICATES NEGATIVE NUMBERS.
R  INDICATES RECORD WAS SET OR TIED.
MM INDICATES DATA IS MISSING.
T  INDICATES TRACE AMOUNT.

$$
