000
CDUS41 KPBZ 242211
CLIHLG


CLIMATE REPORT
NATIONAL WEATHER SERVICE PITTSBURGH PA
511 PM EST FRI NOV 24 2017


...................................

...THE WHEELING CLIMATE SUMMARY FOR NOVEMBER 24 2017...
VALID TODAY AS OF 0500 PM LOCAL TIME.

CLIMATE NORMAL PERIOD 1981 TO 2010
CLIMATE RECORD PERIOD 1878 TO 2017


WEATHER ITEM   OBSERVED TIME   RECORD YEAR NORMAL DEPARTURE LAST
                VALUE   (LST)  VALUE       VALUE  FROM      YEAR
                                                  NORMAL
..................................................................
TEMPERATURE (F)
 TODAY
  MAXIMUM         53    324 PM  73    1931  48      5       51
  MINIMUM         28    607 AM   8    1950  33     -5       43
  AVERAGE         41                        40      1       47

PRECIPITATION (IN)
  TODAY            0.00          1.03 1950   0.11  -0.11     0.05
  MONTH TO DATE    4.40                      2.54   1.86     0.71
  SINCE JAN 1     43.77                     34.86   8.91    33.06

DEGREE DAYS
 HEATING
  TODAY           24                        25     -1       18
  MONTH TO DATE  550                       497     53      432
  SINCE SEP 1    876                       960    -84      679
  SINCE JUL 1    883                       971    -88      681

 COOLING
  TODAY            0                         0      0        0
  MONTH TO DATE    0                         0      0        6
  SINCE SEP 1    129                        81     48      213
  SINCE JAN 1    757                       689     68     1209
..................................................................


WIND (MPH)
  HIGHEST WIND SPEED    17   HIGHEST WIND DIRECTION     S (190)
  HIGHEST GUST SPEED    22   HIGHEST GUST DIRECTION    SW (210)
  AVERAGE WIND SPEED     8.2


SKY COVER
  POSSIBLE SUNSHINE  MM
  AVERAGE SKY COVER 0.0


WEATHER CONDITIONS
 THE FOLLOWING WEATHER WAS RECORDED TODAY.
  NO SIGNIFICANT WEATHER WAS OBSERVED.


RELATIVE HUMIDITY (PERCENT)
 HIGHEST    75           500 AM
 LOWEST     28           400 PM
 AVERAGE    52

..........................................................


THE WHEELING CLIMATE NORMALS FOR TOMORROW
                         NORMAL    RECORD    YEAR
 MAXIMUM TEMPERATURE (F)   47        68      1908
 MINIMUM TEMPERATURE (F)   33         4      1938


SUNRISE AND SUNSET
NOVEMBER 24 2017......SUNRISE   719 AM EST   SUNSET   500 PM EST
NOVEMBER 25 2017......SUNRISE   720 AM EST   SUNSET   459 PM EST


-  INDICATES NEGATIVE NUMBERS.
R  INDICATES RECORD WAS SET OR TIED.
MM INDICATES DATA IS MISSING.
T  INDICATES TRACE AMOUNT.




$$
