000
CDUS45 KTFX 032328
CLIHLN


CLIMATE REPORT
NATIONAL WEATHER SERVICE GREAT FALLS MT
427 PM MST TUE MAR 3 2015


...................................

...THE HELENA MT CLIMATE SUMMARY FOR MARCH 3 2015...
VALID TODAY AS OF 0400 PM LOCAL TIME.

CLIMATE NORMAL PERIOD 1981 TO 2010
CLIMATE RECORD PERIOD 1866 TO 2015


WEATHER ITEM   OBSERVED TIME   RECORD YEAR NORMAL DEPARTURE LAST
                VALUE   (LST)  VALUE       VALUE  FROM      YEAR
                                                  NORMAL
..................................................................
TEMPERATURE (F)
 TODAY
  MAXIMUM         24    359 PM  68    1921  44    -20       42
  MINIMUM          6    728 AM -20    1976  20    -14        2
                                      1891
  AVERAGE         15                        32    -17       22

PRECIPITATION (IN)
  TODAY            T             0.70 1939   0.01  -0.01     0.05
  MONTH TO DATE    T                         0.04  -0.04     0.12
  SINCE OCT 1      3.30                      2.27   1.03     3.65
  SINCE JAN 1      1.02                      0.70   0.32     2.65

SNOWFALL (IN)
  TODAY            T             5.0  1903   0.2   -0.2       T
  MONTH TO DATE    T                         0.6   -0.6      3.0
  SINCE MAR 1      T                         0.6   -0.6      3.0
  SINCE JUL 1     24.3                      27.9   -3.6     41.0
  SNOW DEPTH       T

DEGREE DAYS
 HEATING
  TODAY           50                        33     17       43
  MONTH TO DATE  132                       100     32      183
  SINCE MAR 1    132                       100     32      183
  SINCE JUL 1   5140                      5661   -521     5699

 COOLING
  TODAY            0                         0      0        0
  MONTH TO DATE    0                         0      0        0
  SINCE MAR 1      0                         0      0        0
  SINCE JAN 1      0                         0      0        0
..................................................................


WIND (MPH)
  HIGHEST WIND SPEED    17   HIGHEST WIND DIRECTION     N (340)
  HIGHEST GUST SPEED    21   HIGHEST GUST DIRECTION     N (350)
  AVERAGE WIND SPEED     7.1


SKY COVER
  AVERAGE SKY COVER 0.1


WEATHER CONDITIONS
 THE FOLLOWING WEATHER WAS RECORDED TODAY.
  LIGHT SNOW
  FOG


RELATIVE HUMIDITY (PERCENT)
 HIGHEST    76           700 AM
 LOWEST     36           400 PM
 AVERAGE    56

..........................................................


THE HELENA MT CLIMATE NORMALS FOR TOMORROW
                         NORMAL    RECORD    YEAR
 MAXIMUM TEMPERATURE (F)   44        71      1987
 MINIMUM TEMPERATURE (F)   21       -19      1989


SUNRISE AND SUNSET
MARCH  3 2015.........SUNRISE   704 AM MST   SUNSET   617 PM MST
MARCH  4 2015.........SUNRISE   702 AM MST   SUNSET   618 PM MST


-  INDICATES NEGATIVE NUMBERS.
R  INDICATES RECORD WAS SET OR TIED.
MM INDICATES DATA IS MISSING.
T  INDICATES TRACE AMOUNT.




$$
