000
CDUS45 KTFX 200957
CLIHLN


CLIMATE REPORT
NATIONAL WEATHER SERVICE GREAT FALLS MT
351 AM MDT MON OCT 20 2014


...................................

...THE HELENA MT CLIMATE SUMMARY FOR OCTOBER 19 2014...

CLIMATE NORMAL PERIOD 1981 TO 2010
CLIMATE RECORD PERIOD 1866 TO 2014


WEATHER ITEM   OBSERVED TIME   RECORD YEAR NORMAL DEPARTURE LAST
                VALUE   (LST)  VALUE       VALUE  FROM      YEAR
                                                  NORMAL
..................................................................
TEMPERATURE (F)
 YESTERDAY
  MAXIMUM         71    347 PM  80    2003  57     14       62
  MINIMUM         38    708 AM  11    1905  32      6       43
  AVERAGE         55                        44     11       53

PRECIPITATION (IN)
  YESTERDAY        0.00          0.59 2009   0.02  -0.02     0.00
  MONTH TO DATE    0.15                      0.46  -0.31     0.32
  SINCE OCT 1      0.15                      0.46  -0.31     0.32
  SINCE JAN 1     10.11                     10.11   0.00     9.90

SNOWFALL (IN)
  YESTERDAY        0.0           1.0  1933   0.1   -0.1      0.0
  MONTH TO DATE    T                         1.3   -1.3       T
  SINCE SEP 1      T                         2.6   -2.6       T
  SINCE JUL 1      T                         2.9   -2.9       T
  SNOW DEPTH       0

DEGREE DAYS
 HEATING
  YESTERDAY       10                        21    -11       12
  MONTH TO DATE  197                       323   -126      399
  SINCE SEP 1    391                       560   -169      573
  SINCE JUL 1    438                       629   -191      576

 COOLING
  YESTERDAY        0                         0      0        0
  MONTH TO DATE    3                         0      3        0
  SINCE SEP 1     21                        23     -2       80
  SINCE JAN 1    469                       406     63      589
..................................................................


WIND (MPH)
  HIGHEST WIND SPEED    14   HIGHEST WIND DIRECTION     E (90)
  HIGHEST GUST SPEED    16   HIGHEST GUST DIRECTION     E (100)
  AVERAGE WIND SPEED     2.4


SKY COVER
  AVERAGE SKY COVER 0.0


WEATHER CONDITIONS
 THE FOLLOWING WEATHER WAS RECORDED YESTERDAY.
  NO SIGNIFICANT WEATHER WAS OBSERVED.


RELATIVE HUMIDITY (PERCENT)
 HIGHEST    85           500 AM
 LOWEST     29           300 PM
 AVERAGE    57

..........................................................


THE HELENA MT CLIMATE NORMALS FOR TODAY
                         NORMAL    RECORD    YEAR
 MAXIMUM TEMPERATURE (F)   57        80      1921
 MINIMUM TEMPERATURE (F)   31        18      1995


SUNRISE AND SUNSET
OCTOBER 20 2014.......SUNRISE   753 AM MDT   SUNSET   632 PM MDT
OCTOBER 21 2014.......SUNRISE   754 AM MDT   SUNSET   630 PM MDT


-  INDICATES NEGATIVE NUMBERS.
R  INDICATES RECORD WAS SET OR TIED.
MM INDICATES DATA IS MISSING.
T  INDICATES TRACE AMOUNT.




$$
