000
CDUS45 KTFX 020747
CLIHLN


CLIMATE REPORT
NATIONAL WEATHER SERVICE GREAT FALLS MT
147 AM MDT MON MAY 2 2016


...................................

...THE HELENA MT CLIMATE SUMMARY FOR MAY 1 2016...

CLIMATE NORMAL PERIOD 1981 TO 2010
CLIMATE RECORD PERIOD 1866 TO 2016


WEATHER ITEM   OBSERVED TIME   RECORD YEAR NORMAL DEPARTURE LAST
                VALUE   (LST)  VALUE       VALUE  FROM      YEAR
                                                  NORMAL
..................................................................
TEMPERATURE (F)
 YESTERDAY
  MAXIMUM         67    512 PM  82    2000  63      4       75
  MINIMUM         32    539 AM  20    1954  36     -4       40
  AVERAGE         50                        49      1       58

PRECIPITATION (IN)
  YESTERDAY        0.00          1.14 1912   0.04  -0.04     0.00
  MONTH TO DATE    0.00                      0.04  -0.04     0.00
  SINCE OCT 1      3.37                      3.84  -0.47     3.98
  SINCE JAN 1      1.67                      2.27  -0.60     1.70

SNOWFALL (IN)
  YESTERDAY        0.0           3.2  1892   0.1   -0.1      0.0
  MONTH TO DATE    0.0                       0.1   -0.1      0.0
  SINCE MAR 1      T                        10.0  -10.0       T
  SINCE JUL 1     14.8                      37.3  -22.5     24.3
  SNOW DEPTH       0

DEGREE DAYS
 HEATING
  YESTERDAY       15                        16     -1        7
  MONTH TO DATE   15                        16     -1        7
  SINCE MAR 1   1224                      1509   -285     1194
  SINCE JUL 1   6164                      7070   -906     6202

 COOLING
  YESTERDAY        0                         0      0        0
  MONTH TO DATE    0                         0      0        0
  SINCE MAR 1      0                         0      0        0
  SINCE JAN 1      0                         0      0        0
..................................................................


WIND (MPH)
  HIGHEST WIND SPEED    16   HIGHEST WIND DIRECTION     N (20)
  HIGHEST GUST SPEED    19   HIGHEST GUST DIRECTION    NE (50)
  AVERAGE WIND SPEED     5.4


SKY COVER
  AVERAGE SKY COVER 0.0


WEATHER CONDITIONS
 THE FOLLOWING WEATHER WAS RECORDED YESTERDAY.
  NO SIGNIFICANT WEATHER WAS OBSERVED.


RELATIVE HUMIDITY (PERCENT)
 HIGHEST    89           400 AM
 LOWEST     26           200 PM
 AVERAGE    58

..........................................................


THE HELENA MT CLIMATE NORMALS FOR TODAY
                         NORMAL    RECORD    YEAR
 MAXIMUM TEMPERATURE (F)   63        86      1947
 MINIMUM TEMPERATURE (F)   37        17      1954


SUNRISE AND SUNSET
MAY  2 2016...........SUNRISE   611 AM MDT   SUNSET   840 PM MDT
MAY  3 2016...........SUNRISE   609 AM MDT   SUNSET   841 PM MDT


-  INDICATES NEGATIVE NUMBERS.
R  INDICATES RECORD WAS SET OR TIED.
MM INDICATES DATA IS MISSING.
T  INDICATES TRACE AMOUNT.




$$
