000
CDUS45 KTFX 242226
CLIHLN


CLIMATE REPORT
NATIONAL WEATHER SERVICE GREAT FALLS MT
426 PM MDT THU APR 24 2014


...................................

...THE HELENA MT CLIMATE SUMMARY FOR APRIL 24 2014...
VALID TODAY AS OF 0400 PM LOCAL TIME.

CLIMATE NORMAL PERIOD 1981 TO 2010
CLIMATE RECORD PERIOD 1866 TO 2014


WEATHER ITEM   OBSERVED TIME   RECORD YEAR NORMAL DEPARTURE LAST
                VALUE   (LST)  VALUE       VALUE  FROM      YEAR
                                                  NORMAL
..................................................................
TEMPERATURE (F)
 TODAY
  MAXIMUM         57    155 PM  83    1910  60     -3       60
  MINIMUM         35    534 AM  16    2009  34      1       25
  AVERAGE         46                        47     -1       43

PRECIPITATION (IN)
  TODAY            0.04          1.09 1900   0.04   0.00     0.00
  MONTH TO DATE    0.30                      0.75  -0.45     0.77
  SINCE OCT 1      4.63                      3.57   1.06     4.83
  SINCE JAN 1      3.63                      2.00   1.63     1.53

SNOWFALL (IN)
  TODAY            0.0           3.2  1964   0.1   -0.1      0.0
  MONTH TO DATE    T                         3.1   -3.1      3.6
  SINCE MAR 1      3.8                       9.3   -5.5      4.0
  SINCE JUL 1     41.8                      36.6    5.2     39.7
  SNOW DEPTH       0

DEGREE DAYS
 HEATING
  TODAY           19                        18      1       22
  MONTH TO DATE  453                       502    -49      622
  SINCE MAR 1   1381                      1393    -12     1483
  SINCE JUL 1   6897                      6954    -57     6602

 COOLING
  TODAY            0                         0      0        0
  MONTH TO DATE    0                         0      0        0
  SINCE MAR 1      0                         0      0        0
  SINCE JAN 1      0                         0      0        0
..................................................................


WIND (MPH)
  HIGHEST WIND SPEED    30   HIGHEST WIND DIRECTION     W (270)
  HIGHEST GUST SPEED    38   HIGHEST GUST DIRECTION     W (270)
  AVERAGE WIND SPEED     4.4


SKY COVER
  AVERAGE SKY COVER 0.8


WEATHER CONDITIONS
 THE FOLLOWING WEATHER WAS RECORDED TODAY.
  LIGHT RAIN
  FOG


RELATIVE HUMIDITY (PERCENT)
 HIGHEST   100           600 AM
 LOWEST     40           200 PM
 AVERAGE    70

..........................................................


THE HELENA MT CLIMATE NORMALS FOR TOMORROW
                         NORMAL    RECORD    YEAR
 MAXIMUM TEMPERATURE (F)   61        86      1910
 MINIMUM TEMPERATURE (F)   34        19      1880


SUNRISE AND SUNSET
APRIL 24 2014.........SUNRISE   625 AM MDT   SUNSET   828 PM MDT
APRIL 25 2014.........SUNRISE   623 AM MDT   SUNSET   830 PM MDT


-  INDICATES NEGATIVE NUMBERS.
R  INDICATES RECORD WAS SET OR TIED.
MM INDICATES DATA IS MISSING.
T  INDICATES TRACE AMOUNT.




$$
