000
CDUS45 KTFX 112222
CLIHLN


CLIMATE REPORT
NATIONAL WEATHER SERVICE GREAT FALLS MT
421 PM MDT FRI JUL 11 2014


...................................

...THE HELENA MT CLIMATE SUMMARY FOR JULY 11 2014...
VALID TODAY AS OF 0400 PM LOCAL TIME.

CLIMATE NORMAL PERIOD 1981 TO 2010
CLIMATE RECORD PERIOD 1866 TO 2014


WEATHER ITEM   OBSERVED TIME   RECORD YEAR NORMAL DEPARTURE LAST
                VALUE   (LST)  VALUE       VALUE  FROM      YEAR
                                                  NORMAL
..................................................................
TEMPERATURE (F)
 TODAY
  MAXIMUM         80    258 PM 100    2002  85     -5       90
                                      1886
  MINIMUM         63    504 AM  41    1997  54      9       57
                                      1951
  AVERAGE         72                        70      2       74

PRECIPITATION (IN)
  TODAY            0.00          0.74 1892   0.04  -0.04     0.02
  MONTH TO DATE    0.09                      0.47  -0.38     0.02
  SINCE OCT 1      7.28                      8.20  -0.92     8.85
  SINCE JAN 1      6.28                      6.63  -0.35     5.55

SNOWFALL (IN)
  TODAY            0.0           0.0  1999   0.0    0.0      0.0
                                      2001
                                      1995
  MONTH TO DATE    0.0                       0.0    0.0      0.0
  SINCE JUN 1      0.0                       T      0.0      0.0
  SINCE JUL 1      0.0                       0.0    0.0      0.0
  SNOW DEPTH       0

DEGREE DAYS
 HEATING
  TODAY            0                         1     -1        0
  MONTH TO DATE    0                        16    -16        0
  SINCE JUN 1    127                       152    -25      146
  SINCE JUL 1      0                        16    -16        0

 COOLING
  TODAY            7                         6      1        9
  MONTH TO DATE   91                        51     40      106
  SINCE JUN 1     94                       100     -6      148
  SINCE JAN 1     98                       108    -10      155
..................................................................


WIND (MPH)
  HIGHEST WIND SPEED    23   HIGHEST WIND DIRECTION    NW (310)
  HIGHEST GUST SPEED    25   HIGHEST GUST DIRECTION    NW (310)
  AVERAGE WIND SPEED     9.1


SKY COVER
  AVERAGE SKY COVER 0.4


WEATHER CONDITIONS
 THE FOLLOWING WEATHER WAS RECORDED TODAY.
  NO SIGNIFICANT WEATHER WAS OBSERVED.


RELATIVE HUMIDITY (PERCENT)
 HIGHEST    67           500 AM
 LOWEST     28          1200 AM
 AVERAGE    48

..........................................................


THE HELENA MT CLIMATE NORMALS FOR TOMORROW
                         NORMAL    RECORD    YEAR
 MAXIMUM TEMPERATURE (F)   85       105      2002
 MINIMUM TEMPERATURE (F)   54        38      1880


SUNRISE AND SUNSET
JULY 11 2014..........SUNRISE   546 AM MDT   SUNSET   920 PM MDT
JULY 12 2014..........SUNRISE   547 AM MDT   SUNSET   920 PM MDT


-  INDICATES NEGATIVE NUMBERS.
R  INDICATES RECORD WAS SET OR TIED.
MM INDICATES DATA IS MISSING.
T  INDICATES TRACE AMOUNT.




$$
