534
CDHW40 PHFO 241239
CLIHNL


CLIMATE REPORT
NATIONAL WEATHER SERVICE HONOLULU HI
229 AM HST SUN JUL 24 2016


...................................

...THE HONOLULU HI CLIMATE SUMMARY FOR JULY 23 2016...

CLIMATE NORMAL PERIOD 1981 TO 2010
CLIMATE RECORD PERIOD 1946 TO 2016


WEATHER ITEM   OBSERVED TIME   RECORD YEAR NORMAL DEPARTURE LAST
                VALUE   (LST)  VALUE       VALUE  FROM      YEAR
                                                  NORMAL
..................................................................
TEMPERATURE (F)
 YESTERDAY
  MAXIMUM         86    208 PM  92    1987  88     -2       90
                                      1986
  MINIMUM         76    545 AM  66    1955  75      1       77
  AVERAGE         81                        81      0       84

PRECIPITATION (IN)
  YESTERDAY        T             0.32 1964   0.02  -0.02      T
  MONTH TO DATE    0.68                      0.35   0.33     0.36
  SINCE JUN 1      0.87                      0.61   0.26     0.59
  SINCE JAN 1      4.91                      8.18  -3.27     3.58

SNOWFALL (IN)
  YESTERDAY        0.0
  MONTH TO DATE    0.0
  SINCE JUN 1      0.0
  SINCE JUL 1      0.0
  SNOW DEPTH       0

DEGREE DAYS
 HEATING
  YESTERDAY        0                         0      0        0
  MONTH TO DATE    0                         0      0        0
  SINCE JUN 1      0                         0      0        0
  SINCE JUL 1      0                         0      0        0

 COOLING
  YESTERDAY       16                        16      0       19
  MONTH TO DATE  387                       368     19      387
  SINCE JUN 1    817                       824     -7      867
  SINCE JAN 1   2531                      2326    205     2337
..................................................................


WIND (MPH)
  HIGHEST WIND SPEED    20   HIGHEST WIND DIRECTION    NE (50)
  HIGHEST GUST SPEED    28   HIGHEST GUST DIRECTION    NE (30)
  AVERAGE WIND SPEED     9.1


SKY COVER
  POSSIBLE SUNSHINE  MM
  AVERAGE SKY COVER 0.7


WEATHER CONDITIONS
 THE FOLLOWING WEATHER WAS RECORDED YESTERDAY.
  LIGHT RAIN


RELATIVE HUMIDITY (PERCENT)
 HIGHEST    79           500 PM
 LOWEST     60          1200 AM
 AVERAGE    70

..........................................................


THE HONOLULU HI CLIMATE NORMALS FOR TODAY
                         NORMAL    RECORD    YEAR
 MAXIMUM TEMPERATURE (F)   88        92      1992
                                             1987
 MINIMUM TEMPERATURE (F)   75        69      1959


SUNRISE AND SUNSET
JULY 24 2016..........SUNRISE   602 AM HST   SUNSET   714 PM HST
JULY 25 2016..........SUNRISE   603 AM HST   SUNSET   714 PM HST


-  INDICATES NEGATIVE NUMBERS.
R  INDICATES RECORD WAS SET OR TIED.
MM INDICATES DATA IS MISSING.
T  INDICATES TRACE AMOUNT.




$$
