000
CDHW40 PHFO 191245
CLIHNL


CLIMATE REPORT
NATIONAL WEATHER SERVICE HONOLULU HI
245 AM HST FRI DEC 19 2014


...................................

...THE HONOLULU HI CLIMATE SUMMARY FOR DECEMBER 18 2014...

CLIMATE NORMAL PERIOD 1981 TO 2010
CLIMATE RECORD PERIOD 1946 TO 2014


WEATHER ITEM   OBSERVED TIME   RECORD YEAR NORMAL DEPARTURE LAST
                VALUE   (LST)  VALUE       VALUE  FROM      YEAR
                                                  NORMAL
..................................................................
TEMPERATURE (F)
 YESTERDAY
  MAXIMUM         82    254 PM  88    1995  81      1       81
  MINIMUM         73    703 AM  57    1989  68      5       65
                                      1988
                                      1954
  AVERAGE         78                        75      3       73

PRECIPITATION (IN)
  YESTERDAY        T             3.77 1967   0.11  -0.11     0.01
  MONTH TO DATE    0.33                      1.74  -1.41     3.54
  SINCE DEC 1      0.33                      1.74  -1.41     3.54
  SINCE JAN 1     20.08                     15.60   4.48    16.08

SNOWFALL (IN)
  YESTERDAY        0.0
  MONTH TO DATE    0.0
  SINCE DEC 1      0.0
  SINCE JUL 1      0.0
  SNOW DEPTH       0

DEGREE DAYS
 HEATING
  YESTERDAY        0                         0      0        0
  MONTH TO DATE    0                         0      0        0
  SINCE DEC 1      0                         0      0        0
  SINCE JUL 1      0                         0      0        0

 COOLING
  YESTERDAY       13                         9      4        8
  MONTH TO DATE  181                       186     -5      196
  SINCE DEC 1    181                       186     -5      196
  SINCE JAN 1   4806                      4512    294     4333
..................................................................


WIND (MPH)
  HIGHEST WIND SPEED    23   HIGHEST WIND DIRECTION    NE (50)
  HIGHEST GUST SPEED    29   HIGHEST GUST DIRECTION    NE (40)
  AVERAGE WIND SPEED    13.4


SKY COVER
  POSSIBLE SUNSHINE  MM
  AVERAGE SKY COVER 0.7


WEATHER CONDITIONS
 THE FOLLOWING WEATHER WAS RECORDED YESTERDAY.
  LIGHT RAIN


RELATIVE HUMIDITY (PERCENT)
 HIGHEST    79           200 AM
 LOWEST     62           100 PM
 AVERAGE    71

..........................................................


THE HONOLULU HI CLIMATE NORMALS FOR TODAY
                         NORMAL    RECORD    YEAR
 MAXIMUM TEMPERATURE (F)   81        88      1995
 MINIMUM TEMPERATURE (F)   68        58      1972
                                             1892


SUNRISE AND SUNSET
DECEMBER 19 2014......SUNRISE   704 AM HST   SUNSET   554 PM HST
DECEMBER 20 2014......SUNRISE   704 AM HST   SUNSET   555 PM HST


-  INDICATES NEGATIVE NUMBERS.
R  INDICATES RECORD WAS SET OR TIED.
MM INDICATES DATA IS MISSING.
T  INDICATES TRACE AMOUNT.




$$
