000
CDHW40 PHFO 261245
CLIHNL


CLIMATE REPORT
NATIONAL WEATHER SERVICE HONOLULU HI
245 AM HST MON JAN 26 2015


...................................

...THE HONOLULU HI CLIMATE SUMMARY FOR JANUARY 25 2015...

CLIMATE NORMAL PERIOD 1981 TO 2010
CLIMATE RECORD PERIOD 1946 TO 2015


WEATHER ITEM   OBSERVED TIME   RECORD YEAR NORMAL DEPARTURE LAST
                VALUE   (LST)  VALUE       VALUE  FROM      YEAR
                                                  NORMAL
..................................................................
TEMPERATURE (F)
 YESTERDAY
  MAXIMUM         77    207 PM  85    1981  80     -3       80
  MINIMUM         67    556 AM  56    1969  66      1       62
                                      1902
  AVERAGE         72                        73     -1       71

PRECIPITATION (IN)
  YESTERDAY        0.00          5.30 1879   0.06  -0.06     0.00
  MONTH TO DATE    0.86                      1.94  -1.08     1.98
  SINCE DEC 1      1.93                      5.18  -3.25     5.62
  SINCE JAN 1      0.86                      1.94  -1.08     1.98

SNOWFALL (IN)
  YESTERDAY        0.0
  MONTH TO DATE    0.0
  SINCE DEC 1      0.0
  SINCE JUL 1      0.0
  SNOW DEPTH       0

DEGREE DAYS
 HEATING
  YESTERDAY        0                         0      0        0
  MONTH TO DATE    0                         0      0        0
  SINCE DEC 1      0                         0      0        0
  SINCE JUL 1      0                         0      0        0

 COOLING
  YESTERDAY        7                         8     -1        6
  MONTH TO DATE  176                       202    -26      194
  SINCE DEC 1    460                       504    -44      529
  SINCE JAN 1    176                       202    -26      194
..................................................................


WIND (MPH)
  HIGHEST WIND SPEED    25   HIGHEST WIND DIRECTION    NE (40)
  HIGHEST GUST SPEED    31   HIGHEST GUST DIRECTION    NE (40)
  AVERAGE WIND SPEED    11.1


SKY COVER
  POSSIBLE SUNSHINE  MM
  AVERAGE SKY COVER 0.5


WEATHER CONDITIONS
 THE FOLLOWING WEATHER WAS RECORDED YESTERDAY.
  NO SIGNIFICANT WEATHER WAS OBSERVED.


RELATIVE HUMIDITY (PERCENT)
 HIGHEST    87           500 AM
 LOWEST     60           100 PM
 AVERAGE    74

..........................................................


THE HONOLULU HI CLIMATE NORMALS FOR TODAY
                         NORMAL    RECORD    YEAR
 MAXIMUM TEMPERATURE (F)   80        86      1959
 MINIMUM TEMPERATURE (F)   66        55      1969


SUNRISE AND SUNSET
JANUARY 26 2015.......SUNRISE   711 AM HST   SUNSET   618 PM HST
JANUARY 27 2015.......SUNRISE   711 AM HST   SUNSET   619 PM HST


-  INDICATES NEGATIVE NUMBERS.
R  INDICATES RECORD WAS SET OR TIED.
MM INDICATES DATA IS MISSING.
T  INDICATES TRACE AMOUNT.




$$
