000
CDHW40 PHFO 021245
CLIHNL


CLIMATE REPORT
NATIONAL WEATHER SERVICE HONOLULU HI
245 AM HST MON MAY 2 2016


...................................

...THE HONOLULU HI CLIMATE SUMMARY FOR MAY 1 2016...

CLIMATE NORMAL PERIOD 1981 TO 2010
CLIMATE RECORD PERIOD 1946 TO 2016


WEATHER ITEM   OBSERVED TIME   RECORD YEAR NORMAL DEPARTURE LAST
                VALUE   (LST)  VALUE       VALUE  FROM      YEAR
                                                  NORMAL
..................................................................
TEMPERATURE (F)
 YESTERDAY
  MAXIMUM         85    329 PM  87    1994  83      2       79
                                      1990
  MINIMUM         74    609 AM  62    2006  70      4       67
                                      1995
                                      1989
  AVERAGE         80                        77      3       73

PRECIPITATION (IN)
  YESTERDAY        T             0.09 1961   0.02  -0.02      T
  MONTH TO DATE    T                         0.02  -0.02      T
  SINCE MAR 1      0.44                      2.67  -2.23     0.99
  SINCE JAN 1      0.87                      6.97  -6.10     2.79

SNOWFALL (IN)
  YESTERDAY        0.0
  MONTH TO DATE    0.0
  SINCE MAR 1      0.0
  SINCE JUL 1      0.0
  SNOW DEPTH       0

DEGREE DAYS
 HEATING
  YESTERDAY        0                         0      0        0
  MONTH TO DATE    0                         0      0        0
  SINCE MAR 1      0                         0      0        0
  SINCE JUL 1      0                         0      0        0

 COOLING
  YESTERDAY       15                        12      3        8
  MONTH TO DATE   15                        12      3        8
  SINCE MAR 1    713                       637     76      624
  SINCE JAN 1   1295                      1119    176     1134
..................................................................


WIND (MPH)
  HIGHEST WIND SPEED    23   HIGHEST WIND DIRECTION    NE (60)
  HIGHEST GUST SPEED    31   HIGHEST GUST DIRECTION     E (70)
  AVERAGE WIND SPEED    13.2


SKY COVER
  POSSIBLE SUNSHINE  MM
  AVERAGE SKY COVER 0.5


WEATHER CONDITIONS
 THE FOLLOWING WEATHER WAS RECORDED YESTERDAY.
  LIGHT RAIN


RELATIVE HUMIDITY (PERCENT)
 HIGHEST    74          1200 AM
 LOWEST     48          1100 AM
 AVERAGE    61

..........................................................


THE HONOLULU HI CLIMATE NORMALS FOR TODAY
                         NORMAL    RECORD    YEAR
 MAXIMUM TEMPERATURE (F)   84        89      1978
 MINIMUM TEMPERATURE (F)   70        60      2006
                                             1989


SUNRISE AND SUNSET
MAY  2 2016...........SUNRISE   600 AM HST   SUNSET   658 PM HST
MAY  3 2016...........SUNRISE   559 AM HST   SUNSET   658 PM HST


-  INDICATES NEGATIVE NUMBERS.
R  INDICATES RECORD WAS SET OR TIED.
MM INDICATES DATA IS MISSING.
T  INDICATES TRACE AMOUNT.




$$
