000
CDHW40 PHFO 231245
CLIHNL


CLIMATE REPORT
NATIONAL WEATHER SERVICE HONOLULU HI
245 AM HST WED JUL 23 2014


...................................

...THE HONOLULU HI CLIMATE SUMMARY FOR JULY 22 2014...

CLIMATE NORMAL PERIOD 1981 TO 2010
CLIMATE RECORD PERIOD 1946 TO 2014


WEATHER ITEM   OBSERVED TIME   RECORD YEAR NORMAL DEPARTURE LAST
                VALUE   (LST)  VALUE       VALUE  FROM      YEAR
                                                  NORMAL
..................................................................
TEMPERATURE (F)
 YESTERDAY
  MAXIMUM         90    100 PM  91    1988  88      2       87
                                      1986
  MINIMUM         78    638 AM  67    1953  75      3       74
  AVERAGE         84                        81      3       81

PRECIPITATION (IN)
  YESTERDAY        0.00          0.36 1997   0.02  -0.02     0.11
  MONTH TO DATE    1.06                      0.33   0.73     0.14
  SINCE JUN 1      1.64                      0.59   1.05     0.31
  SINCE JAN 1     11.61                      8.16   3.45     8.77

SNOWFALL (IN)
  YESTERDAY        0.0
  MONTH TO DATE    0.0
  SINCE JUN 1      0.0
  SINCE JUL 1      0.0
  SNOW DEPTH       0

DEGREE DAYS
 HEATING
  YESTERDAY        0                         0      0        0
  MONTH TO DATE    0                         0      0        0
  SINCE JUN 1      0                         0      0        0
  SINCE JUL 1      0                         0      0        0

 COOLING
  YESTERDAY       19                        16      3       16
  MONTH TO DATE  378                       352     26      338
  SINCE JUN 1    841                       808     33      747
  SINCE JAN 1   2450                      2310    140     2207
..................................................................


WIND (MPH)
  HIGHEST WIND SPEED    22   HIGHEST WIND DIRECTION     E (70)
  HIGHEST GUST SPEED    26   HIGHEST GUST DIRECTION     E (80)
  AVERAGE WIND SPEED     8.5


SKY COVER
  POSSIBLE SUNSHINE  MM
  AVERAGE SKY COVER 0.6


WEATHER CONDITIONS
 THE FOLLOWING WEATHER WAS RECORDED YESTERDAY.
  NO SIGNIFICANT WEATHER WAS OBSERVED.


RELATIVE HUMIDITY (PERCENT)
 HIGHEST    85           400 AM
 LOWEST     55           100 PM
 AVERAGE    70

..........................................................


THE HONOLULU HI CLIMATE NORMALS FOR TODAY
                         NORMAL    RECORD    YEAR
 MAXIMUM TEMPERATURE (F)   88        92      1987
                                             1986
 MINIMUM TEMPERATURE (F)   75        66      1955


SUNRISE AND SUNSET
JULY 23 2014..........SUNRISE   602 AM HST   SUNSET   715 PM HST
JULY 24 2014..........SUNRISE   602 AM HST   SUNSET   714 PM HST


-  INDICATES NEGATIVE NUMBERS.
R  INDICATES RECORD WAS SET OR TIED.
MM INDICATES DATA IS MISSING.
T  INDICATES TRACE AMOUNT.




$$
