000
CDHW40 PHFO 051245
CLIHNL


CLIMATE REPORT
NATIONAL WEATHER SERVICE HONOLULU HI
245 AM HST THU MAR 5 2015


...................................

...THE HONOLULU HI CLIMATE SUMMARY FOR MARCH 4 2015...

CLIMATE NORMAL PERIOD 1981 TO 2010
CLIMATE RECORD PERIOD 1946 TO 2015


WEATHER ITEM   OBSERVED TIME   RECORD YEAR NORMAL DEPARTURE LAST
                VALUE   (LST)  VALUE       VALUE  FROM      YEAR
                                                  NORMAL
..................................................................
TEMPERATURE (F)
 YESTERDAY
  MAXIMUM         78    151 PM  85    1992  81     -3       82
  MINIMUM         68   1015 PM  59    1991  67      1       65
                                      1979
  AVERAGE         73                        74     -1       74

PRECIPITATION (IN)
  YESTERDAY        0.20          1.06 1964   0.06   0.14     0.00
  MONTH TO DATE    0.24                      0.26  -0.02     0.77
  SINCE MAR 1      0.24                      0.26  -0.02     0.77
  SINCE JAN 1      2.04                      4.56  -2.52     4.45

SNOWFALL (IN)
  YESTERDAY        0.0
  MONTH TO DATE    0.0
  SINCE MAR 1      0.0
  SINCE JUL 1      0.0
  SNOW DEPTH       0

DEGREE DAYS
 HEATING
  YESTERDAY        0                         0      0        0
  MONTH TO DATE    0                         0      0        0
  SINCE MAR 1      0                         0      0        0
  SINCE JUL 1      0                         0      0        0

 COOLING
  YESTERDAY        8                         9     -1        9
  MONTH TO DATE   47                        35     12       29
  SINCE MAR 1     47                        35     12       29
  SINCE JAN 1    557                       517     40      548
..................................................................


WIND (MPH)
  HIGHEST WIND SPEED    17   HIGHEST WIND DIRECTION    NE (30)
  HIGHEST GUST SPEED    23   HIGHEST GUST DIRECTION    NE (30)
  AVERAGE WIND SPEED     8.6


SKY COVER
  POSSIBLE SUNSHINE  MM
  AVERAGE SKY COVER 0.9


WEATHER CONDITIONS
 THE FOLLOWING WEATHER WAS RECORDED YESTERDAY.
  HEAVY RAIN
  LIGHT RAIN
  FOG


RELATIVE HUMIDITY (PERCENT)
 HIGHEST    93          1000 PM
 LOWEST     60           100 PM
 AVERAGE    77

..........................................................


THE HONOLULU HI CLIMATE NORMALS FOR TODAY
                         NORMAL    RECORD    YEAR
 MAXIMUM TEMPERATURE (F)   81        86      1968
 MINIMUM TEMPERATURE (F)   67        59      1987


SUNRISE AND SUNSET
MARCH  5 2015.........SUNRISE   649 AM HST   SUNSET   638 PM HST
MARCH  6 2015.........SUNRISE   648 AM HST   SUNSET   638 PM HST


-  INDICATES NEGATIVE NUMBERS.
R  INDICATES RECORD WAS SET OR TIED.
MM INDICATES DATA IS MISSING.
T  INDICATES TRACE AMOUNT.




$$
