000
CDHW40 PHFO 231245
CLIHNL


CLIMATE REPORT
NATIONAL WEATHER SERVICE HONOLULU HI
245 AM HST THU FEB 23 2017


...................................

...THE HONOLULU HI CLIMATE SUMMARY FOR FEBRUARY 22 2017...

CLIMATE NORMAL PERIOD 1981 TO 2010
CLIMATE RECORD PERIOD 1946 TO 2017


WEATHER ITEM   OBSERVED TIME   RECORD YEAR NORMAL DEPARTURE LAST
                VALUE   (LST)  VALUE       VALUE  FROM      YEAR
                                                  NORMAL
..................................................................
TEMPERATURE (F)
 YESTERDAY
  MAXIMUM         81    113 PM  85    2011  80      1       81
                                      1984
                                      1977
  MINIMUM         70    442 AM  56    1962  66      4       65
  AVERAGE         76                        73      3       73

PRECIPITATION (IN)
  YESTERDAY        0.00          2.80 1955   0.08  -0.08     0.00
  MONTH TO DATE    5.82                      1.53   4.29     0.32
  SINCE DEC 1      6.90                      7.08  -0.18     0.62
  SINCE JAN 1      6.03                      3.84   2.19     0.35

SNOWFALL (IN)
  YESTERDAY        0.0
  MONTH TO DATE    0.0
  SINCE DEC 1      0.0
  SINCE JUL 1      0.0
  SNOW DEPTH       0

DEGREE DAYS
 HEATING
  YESTERDAY        0                         0      0        0
  MONTH TO DATE    0                         0      0        0
  SINCE DEC 1      0                         0      0        0
  SINCE JUL 1      0                         0      0        0

 COOLING
  YESTERDAY       11                         8      3        8
  MONTH TO DATE  204                       176     28      224
  SINCE DEC 1    782                       732     50      923
  SINCE JAN 1    477                       430     47      517
..................................................................


WIND (MPH)
  HIGHEST WIND SPEED    29   HIGHEST WIND DIRECTION     E (70)
  HIGHEST GUST SPEED    35   HIGHEST GUST DIRECTION     E (80)
  AVERAGE WIND SPEED    16.5


SKY COVER
  POSSIBLE SUNSHINE  MM
  AVERAGE SKY COVER 0.3


WEATHER CONDITIONS
 THE FOLLOWING WEATHER WAS RECORDED YESTERDAY.
  NO SIGNIFICANT WEATHER WAS OBSERVED.


RELATIVE HUMIDITY (PERCENT)
 HIGHEST    61          1200 AM
 LOWEST     42           300 PM
 AVERAGE    52

..........................................................


THE HONOLULU HI CLIMATE NORMALS FOR TODAY
                         NORMAL    RECORD    YEAR
 MAXIMUM TEMPERATURE (F)   80        85      1996
                                             1984
                                             1981
 MINIMUM TEMPERATURE (F)   66        60      1990
                                             1987


SUNRISE AND SUNSET
FEBRUARY 23 2017......SUNRISE   656 AM HST   SUNSET   634 PM HST
FEBRUARY 24 2017......SUNRISE   656 AM HST   SUNSET   634 PM HST


-  INDICATES NEGATIVE NUMBERS.
R  INDICATES RECORD WAS SET OR TIED.
MM INDICATES DATA IS MISSING.
T  INDICATES TRACE AMOUNT.




$$
