903
CDHW40 PHFO 140235
CLIHNL


CLIMATE REPORT
NATIONAL WEATHER SERVICE HONOLULU HI
425 PM HST SAT FEB 13 2016


...................................

...THE HONOLULU HI CLIMATE SUMMARY FOR FEBRUARY 13 2016...
VALID TODAY AS OF 0400 PM LOCAL TIME.

CLIMATE NORMAL PERIOD 1981 TO 2010
CLIMATE RECORD PERIOD 1946 TO 2016


WEATHER ITEM   OBSERVED TIME   RECORD YEAR NORMAL DEPARTURE LAST
                VALUE   (LST)  VALUE       VALUE  FROM      YEAR
                                                  NORMAL
..................................................................
TEMPERATURE (F)
 TODAY
  MAXIMUM         87R   241 PM  86    1978  80      7       82
  MINIMUM         70    444 AM  58    1986  66      4       74
  AVERAGE         79                        73      6       78

PRECIPITATION (IN)
  TODAY            0.00          1.29 1994   0.08  -0.08     0.05
  MONTH TO DATE    0.08                      0.84  -0.76     0.28
  SINCE DEC 1      0.38                      6.39  -6.01     2.29
  SINCE JAN 1      0.11                      3.15  -3.04     1.22

SNOWFALL (IN)
  TODAY            0.0
  MONTH TO DATE    0.0
  SINCE DEC 1      0.0
  SINCE JUL 1      0.0
  SNOW DEPTH       0

DEGREE DAYS
 HEATING
  TODAY            0                         0      0        0
  MONTH TO DATE    0                         0      0        0
  SINCE DEC 1      0                         0      0        0
  SINCE JUL 1      0                         0      0        0

 COOLING
  TODAY           14                         8      6       13
  MONTH TO DATE  129                       104     25      134
  SINCE DEC 1    828                       660    168      647
  SINCE JAN 1    422                       358     64      363
..................................................................


WIND (MPH)
  HIGHEST WIND SPEED    16   HIGHEST WIND DIRECTION    SE (130)
  HIGHEST GUST SPEED    21   HIGHEST GUST DIRECTION     E (80)
  AVERAGE WIND SPEED     6.8


SKY COVER
  POSSIBLE SUNSHINE  MM
  AVERAGE SKY COVER 0.4


WEATHER CONDITIONS
 THE FOLLOWING WEATHER WAS RECORDED TODAY.
  NO SIGNIFICANT WEATHER WAS OBSERVED.


RELATIVE HUMIDITY (PERCENT)
 HIGHEST    84           100 AM
 LOWEST     55           300 PM
 AVERAGE    70

..........................................................


THE HONOLULU HI CLIMATE NORMALS FOR TOMORROW
                         NORMAL    RECORD    YEAR
 MAXIMUM TEMPERATURE (F)   80        86      1978
 MINIMUM TEMPERATURE (F)   66        57      1993


SUNRISE AND SUNSET
FEBRUARY 13 2016......SUNRISE   704 AM HST   SUNSET   629 PM HST
FEBRUARY 14 2016......SUNRISE   703 AM HST   SUNSET   629 PM HST


-  INDICATES NEGATIVE NUMBERS.
R  INDICATES RECORD WAS SET OR TIED.
MM INDICATES DATA IS MISSING.
T  INDICATES TRACE AMOUNT.




$$
