000
CDUS43 KFSD 280648
CLIHON


CLIMATE REPORT
NATIONAL WEATHER SERVICE SIOUX FALLS SD
1248 AM CST TUE FEB 28 2017


...................................

...THE HURON SD CLIMATE SUMMARY FOR FEBRUARY 27 2017...

CLIMATE NORMAL PERIOD 1981 TO 2010
CLIMATE RECORD PERIOD 1881 TO 2017


WEATHER ITEM   OBSERVED TIME   RECORD YEAR NORMAL DEPARTURE LAST
                VALUE   (LST)  VALUE       VALUE  FROM      YEAR
                                                  NORMAL
..................................................................
TEMPERATURE (F)
 YESTERDAY
  MAXIMUM         49    452 PM  70    2016  36     13       70
  MINIMUM         19    629 AM -36    1962  16      3       27
  AVERAGE         34                        26      8       49

PRECIPITATION (IN)
  YESTERDAY        0.00          1.21 1958   0.03  -0.03     0.00
  MONTH TO DATE    0.15                      0.57  -0.42     0.27
  SINCE DEC 1      2.12                      1.59   0.53     1.84
  SINCE JAN 1      0.73                      1.07  -0.34     0.56

SNOWFALL (IN)
  YESTERDAY        0.0           6.2  1969   0.3   -0.3      0.0
  MONTH TO DATE    T                         7.1   -7.1      2.0
  SINCE DEC 1     17.0                      22.4   -5.4     21.6
  SINCE JUL 1     21.7                      30.7   -9.0     27.2
  SNOW DEPTH       0

DEGREE DAYS
 HEATING
  YESTERDAY       31                        39     -8       16
  MONTH TO DATE  911                      1176   -265      976
  SINCE DEC 1   3906                      4091   -185     3724
  SINCE JUL 1   5114                      5793   -679     5014

 COOLING
  YESTERDAY        0                         0      0        0
  MONTH TO DATE    0                         0      0        0
  SINCE DEC 1      0                         0      0        0
  SINCE JAN 1      0                         0      0        0
..................................................................


WIND (MPH)
  HIGHEST WIND SPEED    18   HIGHEST WIND DIRECTION     S (200)
  HIGHEST GUST SPEED    25   HIGHEST GUST DIRECTION     S (180)
  AVERAGE WIND SPEED     8.2


SKY COVER
  POSSIBLE SUNSHINE  MM
  AVERAGE SKY COVER 0.2


WEATHER CONDITIONS
 THE FOLLOWING WEATHER WAS RECORDED YESTERDAY.
  NO SIGNIFICANT WEATHER WAS OBSERVED.


RELATIVE HUMIDITY (PERCENT)
 HIGHEST    92           200 AM
 LOWEST     36           100 PM
 AVERAGE    64

..........................................................


THE HURON SD CLIMATE NORMALS FOR TODAY
                         NORMAL    RECORD    YEAR
 MAXIMUM TEMPERATURE (F)   36        63      1905
 MINIMUM TEMPERATURE (F)   16       -39      1962


SUNRISE AND SUNSET
FEBRUARY 28 2017......SUNRISE   711 AM CST   SUNSET   620 PM CST
MARCH  1 2017.........SUNRISE   710 AM CST   SUNSET   621 PM CST


-  INDICATES NEGATIVE NUMBERS.
R  INDICATES RECORD WAS SET OR TIED.
MM INDICATES DATA IS MISSING.
T  INDICATES TRACE AMOUNT.




$$
