000
CDUS43 KFSD 290702
CLIHON


CLIMATE REPORT
NATIONAL WEATHER SERVICE SIOUX FALLS SD
202 AM CDT MON MAY 29 2017


...................................

...THE HURON SD CLIMATE SUMMARY FOR MAY 28 2017...

CLIMATE NORMAL PERIOD 1981 TO 2010
CLIMATE RECORD PERIOD 1881 TO 2017


WEATHER ITEM   OBSERVED TIME   RECORD YEAR NORMAL DEPARTURE LAST
                VALUE   (LST)  VALUE       VALUE  FROM      YEAR
                                                  NORMAL
..................................................................
TEMPERATURE (F)
 YESTERDAY
  MAXIMUM         78    337 PM 104    1934  74      4       67
  MINIMUM         43    411 AM  28    1947  50     -7       55
  AVERAGE         61                        62     -1       61

PRECIPITATION (IN)
  YESTERDAY        T             1.68 1885   0.11  -0.11     0.53
  MONTH TO DATE    1.34                      2.76  -1.42     2.49
  SINCE MAR 1      3.29                      6.53  -3.24     7.70
  SINCE JAN 1      4.09                      7.63  -3.54     8.57

SNOWFALL (IN)
  YESTERDAY        0.0           T    1947   0.0    0.0      0.0
  MONTH TO DATE    0.0                       0.1   -0.1      0.0
  SINCE MAR 1     13.9                      13.0    0.9      2.3
  SINCE JUL 1     35.9                      44.0   -8.1     33.0
  SNOW DEPTH       0

DEGREE DAYS
 HEATING
  YESTERDAY        4                         5     -1        4
  MONTH TO DATE  216                       231    -15      199
  SINCE MAR 1   1706                      1777    -71     1475
  SINCE JUL 1   6855                      7609   -754     6551

 COOLING
  YESTERDAY        0                         1     -1        0
  MONTH TO DATE   21                        25     -4       24
  SINCE MAR 1     21                        29     -8       25
  SINCE JAN 1     21                        29     -8       25
..................................................................


WIND (MPH)
  HIGHEST WIND SPEED    31   HIGHEST WIND DIRECTION    NW (320)
  HIGHEST GUST SPEED    39   HIGHEST GUST DIRECTION     N (360)
  AVERAGE WIND SPEED    12.5


SKY COVER
  POSSIBLE SUNSHINE  MM
  AVERAGE SKY COVER 0.2


WEATHER CONDITIONS
 THE FOLLOWING WEATHER WAS RECORDED YESTERDAY.
  THUNDERSTORM
  LIGHT RAIN


RELATIVE HUMIDITY (PERCENT)
 HIGHEST    93           300 AM
 LOWEST     25           300 PM
 AVERAGE    59

..........................................................


THE HURON SD CLIMATE NORMALS FOR TODAY
                         NORMAL    RECORD    YEAR
 MAXIMUM TEMPERATURE (F)   74        99      1934
 MINIMUM TEMPERATURE (F)   51        24      1947


SUNRISE AND SUNSET
MAY 29 2017...........SUNRISE   553 AM CDT   SUNSET   908 PM CDT
MAY 30 2017...........SUNRISE   553 AM CDT   SUNSET   909 PM CDT


-  INDICATES NEGATIVE NUMBERS.
R  INDICATES RECORD WAS SET OR TIED.
MM INDICATES DATA IS MISSING.
T  INDICATES TRACE AMOUNT.




$$
