000
CDUS43 KFSD 050640
CLIHON


CLIMATE REPORT
NATIONAL WEATHER SERVICE SIOUX FALLS SD
1237 AM CST THU MAR 5 2015


...................................

...THE HURON SD CLIMATE SUMMARY FOR MARCH 4 2015...

CLIMATE NORMAL PERIOD 1981 TO 2010
CLIMATE RECORD PERIOD 1881 TO 2015


WEATHER ITEM   OBSERVED TIME   RECORD YEAR NORMAL DEPARTURE LAST
                VALUE   (LST)  VALUE       VALUE  FROM      YEAR
                                                  NORMAL
..................................................................
TEMPERATURE (F)
 YESTERDAY
  MAXIMUM          9    300 PM  69    2000  38    -29       19
  MINIMUM        -10   1017 PM -24    1960  18    -28       -2
                                      1891
  AVERAGE          0                        28    -28        9

PRECIPITATION (IN)
  YESTERDAY        T             0.88 1966   0.04  -0.04     0.19
  MONTH TO DATE    0.11                      0.13  -0.02     0.22
  SINCE MAR 1      0.11                      0.13  -0.02     0.22
  SINCE JAN 1      0.72                      1.23  -0.51     0.78

SNOWFALL (IN)
  YESTERDAY        T            11.1  1966   0.4   -0.4      2.5
  MONTH TO DATE    1.2                       1.4   -0.2      3.5
  SINCE MAR 1      1.2                       1.4   -0.2      3.5
  SINCE JUL 1     22.8                      32.4   -9.6     25.2
  SNOW DEPTH       1

DEGREE DAYS
 HEATING
  YESTERDAY       65                        37     28       56
  MONTH TO DATE  212                       150     62      258
  SINCE MAR 1    212                       150     62      258
  SINCE JUL 1   6149                      5982    167     6578

 COOLING
  YESTERDAY        0                         0      0        0
  MONTH TO DATE    0                         0      0        0
  SINCE MAR 1      0                         0      0        0
  SINCE JAN 1      0                         0      0        0
..................................................................


WIND (MPH)
  HIGHEST WIND SPEED    30   HIGHEST WIND DIRECTION    NW (320)
  HIGHEST GUST SPEED    34   HIGHEST GUST DIRECTION    NW (330)
  AVERAGE WIND SPEED    11.4


SKY COVER
  POSSIBLE SUNSHINE  MM
  AVERAGE SKY COVER 0.2


WEATHER CONDITIONS
 THE FOLLOWING WEATHER WAS RECORDED YESTERDAY.
  NO SIGNIFICANT WEATHER WAS OBSERVED.


RELATIVE HUMIDITY (PERCENT)
 HIGHEST    87           100 AM
 LOWEST     55           300 PM
 AVERAGE    71

..........................................................


THE HURON SD CLIMATE NORMALS FOR TODAY
                         NORMAL    RECORD    YEAR
 MAXIMUM TEMPERATURE (F)   39        74      2000
 MINIMUM TEMPERATURE (F)   18       -14      1989


SUNRISE AND SUNSET
MARCH  5 2015.........SUNRISE   704 AM CST   SUNSET   626 PM CST
MARCH  6 2015.........SUNRISE   702 AM CST   SUNSET   627 PM CST


-  INDICATES NEGATIVE NUMBERS.
R  INDICATES RECORD WAS SET OR TIED.
MM INDICATES DATA IS MISSING.
T  INDICATES TRACE AMOUNT.




$$
