672
CDUS43 KFSD 222240
CLIHON


CLIMATE REPORT
NATIONAL WEATHER SERVICE SIOUX FALLS SD
439 PM CST THU FEB 22 2018


...................................

...THE HURON SD CLIMATE SUMMARY FOR FEBRUARY 22 2018...
VALID TODAY AS OF 0400 PM LOCAL TIME.

CLIMATE NORMAL PERIOD 1981 TO 2010
CLIMATE RECORD PERIOD 1881 TO 2018


WEATHER ITEM   OBSERVED TIME   RECORD YEAR NORMAL DEPARTURE LAST
                VALUE   (LST)  VALUE       VALUE  FROM      YEAR
                                                  NORMAL
..................................................................
TEMPERATURE (F)
 TODAY
  MAXIMUM         24    329 PM  67    2000  34    -10       54
  MINIMUM          3   1238 AM -29    1962  14    -11       32
  AVERAGE         14                        24    -10       43

PRECIPITATION (IN)
  TODAY            0.08          0.37 1922   0.02   0.06      T
  MONTH TO DATE    0.55                      0.44   0.11     0.15
  SINCE DEC 1      1.43                      1.46  -0.03     2.12
  SINCE JAN 1      0.93                      0.94  -0.01     0.73

SNOWFALL (IN)
  TODAY           MM             7.0  1965   0.3   MM        0.0
  MONTH TO DATE    6.4                       5.7    0.7       T
  SINCE DEC 1     19.4                      21.0   -1.6     17.0
  SINCE JUL 1     20.7                      29.3   -8.6     21.7
  SNOW DEPTH       2

DEGREE DAYS
 HEATING
  TODAY           51                        41     10       22
  MONTH TO DATE 1220                       977    243      735
  SINCE DEC 1   4086                      3892    194     3730
  SINCE JUL 1   5651                      5594     57     4938

 COOLING
  TODAY            0                         0      0        0
  MONTH TO DATE    0                         0      0        0
  SINCE DEC 1      0                         0      0        0
  SINCE JAN 1      0                         0      0        0
..................................................................


WIND (MPH)
  HIGHEST WIND SPEED    17   HIGHEST WIND DIRECTION    SE (150)
  HIGHEST GUST SPEED    22   HIGHEST GUST DIRECTION    SE (150)
  AVERAGE WIND SPEED     9.4


SKY COVER
  POSSIBLE SUNSHINE  MM
  AVERAGE SKY COVER 0.8


WEATHER CONDITIONS
 THE FOLLOWING WEATHER WAS RECORDED TODAY.
  SNOW
  LIGHT SNOW
  FOG


RELATIVE HUMIDITY (PERCENT)
 HIGHEST    96           300 PM
 LOWEST     73          1200 AM
 AVERAGE    85

..........................................................


THE HURON SD CLIMATE NORMALS FOR TOMORROW
                         NORMAL    RECORD    YEAR
 MAXIMUM TEMPERATURE (F)   34        68      1958
 MINIMUM TEMPERATURE (F)   14       -30      1965


SUNRISE AND SUNSET
FEBRUARY 22 2018......SUNRISE   722 AM CST   SUNSET   612 PM CST
FEBRUARY 23 2018......SUNRISE   720 AM CST   SUNSET   613 PM CST


-  INDICATES NEGATIVE NUMBERS.
R  INDICATES RECORD WAS SET OR TIED.
MM INDICATES DATA IS MISSING.
T  INDICATES TRACE AMOUNT.




$$
