000
CDUS44 KHGX 110853
CLIHOU

CLIMATE REPORT
NATIONAL WEATHER SERVICE HOUSTON/GALVESTON TX
226 AM CST MON DEC 11 2017


...................................

...THE HOUSTON INTERCONTINENTAL CLIMATE SUMMARY FOR DECEMBER 10 2017...

CLIMATE NORMAL PERIOD 1981 TO 2010
CLIMATE RECORD PERIOD 1892 TO 2017


WEATHER ITEM   OBSERVED TIME   RECORD YEAR NORMAL DEPARTURE LAST
                VALUE   (LST)  VALUE       VALUE  FROM      YEAR
                                                  NORMAL
..................................................................
TEMPERATURE (F)
 YESTERDAY
  MAXIMUM         65    331 PM  83    1939  65      0       56
  MINIMUM         35    742 AM  20    1978  45    -10       34
  AVERAGE         50                        55     -5       45

PRECIPITATION (IN)
  YESTERDAY        0.00          4.41 1923   0.12  -0.12     0.00
  MONTH TO DATE    1.80                      1.32   0.48     2.95
  SINCE DEC 1      1.80                      1.32   0.48     2.95
  SINCE JAN 1     77.77                     47.35  30.42    60.35

SNOWFALL (IN)
  YESTERDAY        0.0           1.4  2008
  MONTH TO DATE    0.7
  SINCE DEC 1      0.7
  SINCE JUL 1      0.7

DEGREE DAYS
 HEATING
  YESTERDAY       15                        11      4       20
  MONTH TO DATE  112                        99     13      138
  SINCE DEC 1    112                        99     13      138
  SINCE JUL 1    223                       284    -61      196
..................................................................


WIND (MPH)
  HIGHEST WIND SPEED     9   HIGHEST WIND DIRECTION    NW (310)
  HIGHEST GUST SPEED    12   HIGHEST GUST DIRECTION     W (290)




RELATIVE HUMIDITY (PERCENT)
 HIGHEST   100
 LOWEST     28
 AVERAGE    64

..........................................................


THE HOUSTON INTERCONTINENTAL CLIMATE NORMALS FOR TODAY
                         NORMAL    RECORD    YEAR
 MAXIMUM TEMPERATURE (F)   65        83      2007
 MINIMUM TEMPERATURE (F)   45        26      1898


SUNRISE AND SUNSET
DECEMBER 11 2017......SUNRISE   707 AM CST   SUNSET   522 PM CST
DECEMBER 12 2017......SUNRISE   708 AM CST   SUNSET   523 PM CST


-  INDICATES NEGATIVE NUMBERS.
R  INDICATES RECORD WAS SET OR TIED.
MM INDICATES DATA IS MISSING.
T  INDICATES TRACE AMOUNT.


&&

...................................

...THE HOUSTON/HOBBY AIRPORT CLIMATE SUMMARY FOR DECEMBER 10 2017...

CLIMATE NORMAL PERIOD 1981 TO 2010
CLIMATE RECORD PERIOD 1930 TO 2017


WEATHER ITEM   OBSERVED TIME   RECORD YEAR NORMAL DEPARTURE LAST
                VALUE   (LST)  VALUE       VALUE  FROM      YEAR
                                                  NORMAL
..................................................................
TEMPERATURE (F)
 YESTERDAY
  MAXIMUM         64    411 PM  82    1939  65     -1       59
  MINIMUM         36    715 AM  24    1978  47    -11       39
  AVERAGE         50                        56     -6       49

PRECIPITATION (IN)
  YESTERDAY        0.00          3.26 1964   0.13  -0.13     0.00
  MONTH TO DATE    3.44                      1.37   2.07     2.31
  SINCE DEC 1      3.44                      1.37   2.07     2.31
  SINCE JAN 1     77.94                     51.99  25.95    55.44

SNOWFALL (IN)
  YESTERDAY        0.0           0.3  2008
  MONTH TO DATE    1.5
  SINCE DEC 1      1.5
  SINCE JUL 1      1.5

DEGREE DAYS
 HEATING
  YESTERDAY       15                        10      5       16
  MONTH TO DATE  111                        89     22      110
  SINCE DEC 1    111                        89     22      110
  SINCE JUL 1    192                       245    -53      147
..................................................................


WIND (MPH)
  HIGHEST WIND SPEED     9   HIGHEST WIND DIRECTION    NW (320)
  HIGHEST GUST SPEED    13   HIGHEST GUST DIRECTION     W (270)




RELATIVE HUMIDITY (PERCENT)
 HIGHEST    92
 LOWEST     27
 AVERAGE    60

..........................................................


THE HOUSTON/HOBBY AIRPORT CLIMATE NORMALS FOR TODAY
                         NORMAL    RECORD    YEAR
 MAXIMUM TEMPERATURE (F)   65        82      2015
                                             2007
 MINIMUM TEMPERATURE (F)   47        26      1957
                                             1944


SUNRISE AND SUNSET
DECEMBER 11 2017......SUNRISE   706 AM CST   SUNSET   523 PM CST
DECEMBER 12 2017......SUNRISE   707 AM CST   SUNSET   523 PM CST


-  INDICATES NEGATIVE NUMBERS.
R  INDICATES RECORD WAS SET OR TIED.
MM INDICATES DATA IS MISSING.
T  INDICATES TRACE AMOUNT.




$$
