000
CDUS44 KHGX 200723
CLIHOU


CLIMATE REPORT
NATIONAL WEATHER SERVICE HOUSTON/GALVESTON TX
122 AM CST MON FEB 20 2017


...................................

...THE HOUSTON INTERCONTINENTAL CLIMATE SUMMARY FOR FEBRUARY 19 2017...

CLIMATE NORMAL PERIOD 1981 TO 2010
CLIMATE RECORD PERIOD 1892 TO 2017


WEATHER ITEM   OBSERVED TIME   RECORD YEAR NORMAL DEPARTURE LAST
                VALUE   (LST)  VALUE       VALUE  FROM      YEAR
                                                  NORMAL
..................................................................
TEMPERATURE (F)
 YESTERDAY
  MAXIMUM         79    300 PM  88    1986  67     12       81
  MINIMUM         68   1241 AM  20    1900  47     21       63
  AVERAGE         74                        57     17       72

PRECIPITATION (IN)
  YESTERDAY        T             1.30 1904   0.12  -0.12     0.00
  MONTH TO DATE    1.02                      2.16  -1.14     0.15
  SINCE DEC 1     10.67                      9.28   1.39     7.52
  SINCE JAN 1      7.11                      5.54   1.57     2.31

SNOWFALL (IN)
  YESTERDAY        0.0           0.0  2002
  MONTH TO DATE    0.0
  SINCE DEC 1      0.0
  SINCE JUL 1      0.0

DEGREE DAYS
 HEATING
  YESTERDAY        0                         9     -9        0
  MONTH TO DATE   59                       194   -135      137
  SINCE DEC 1    530                       933   -403      747
  SINCE JUL 1    588                      1118   -530      860
..................................................................


WIND (MPH)
  HIGHEST WIND SPEED    24   HIGHEST WIND DIRECTION    SE (150)
  HIGHEST GUST SPEED    29   HIGHEST GUST DIRECTION    SE (140)




RELATIVE HUMIDITY (PERCENT)
 HIGHEST    97
 LOWEST     67
 AVERAGE    82

..........................................................


THE HOUSTON INTERCONTINENTAL CLIMATE NORMALS FOR TODAY
                         NORMAL    RECORD    YEAR
 MAXIMUM TEMPERATURE (F)   67        91      1986
 MINIMUM TEMPERATURE (F)   48        25      1908


SUNRISE AND SUNSET
FEBRUARY 20 2017......SUNRISE   656 AM CST   SUNSET   614 PM CST
FEBRUARY 21 2017......SUNRISE   655 AM CST   SUNSET   615 PM CST


-  INDICATES NEGATIVE NUMBERS.
R  INDICATES RECORD WAS SET OR TIED.
MM INDICATES DATA IS MISSING.
T  INDICATES TRACE AMOUNT.


&&

...................................

...THE HOUSTON/HOBBY AIRPORT CLIMATE SUMMARY FOR FEBRUARY 19 2017...

CLIMATE NORMAL PERIOD 1981 TO 2010
CLIMATE RECORD PERIOD 1930 TO 2017


WEATHER ITEM   OBSERVED TIME   RECORD YEAR NORMAL DEPARTURE LAST
                VALUE   (LST)  VALUE       VALUE  FROM      YEAR
                                                  NORMAL
..................................................................
TEMPERATURE (F)
 YESTERDAY
  MAXIMUM         80    332 PM  87    1986  67     13       80
  MINIMUM         68    500 AM  26    1978  49     19       62
  AVERAGE         74                        58     16       71

PRECIPITATION (IN)
  YESTERDAY        0.01          0.48 1998   0.11  -0.10     0.00
  MONTH TO DATE    1.12                      2.23  -1.11     0.20
  SINCE DEC 1      8.88                     10.13  -1.25     6.20
  SINCE JAN 1      5.19                      6.10  -0.91     2.71

SNOWFALL (IN)
  YESTERDAY        0.0          MM      MM
  MONTH TO DATE    0.0
  SINCE DEC 1      0.0
  SINCE JUL 1      0.0

DEGREE DAYS
 HEATING
  YESTERDAY        0                         8     -8        0
  MONTH TO DATE   52                       176   -124      111
  SINCE DEC 1    453                       851   -398      622
  SINCE JUL 1    490                      1007   -517      696
..................................................................


WIND (MPH)
  HIGHEST WIND SPEED    23   HIGHEST WIND DIRECTION     S (160)
  HIGHEST GUST SPEED    30   HIGHEST GUST DIRECTION     S (160)




RELATIVE HUMIDITY (PERCENT)
 HIGHEST   100
 LOWEST     58
 AVERAGE    79

..........................................................


THE HOUSTON/HOBBY AIRPORT CLIMATE NORMALS FOR TODAY
                         NORMAL    RECORD    YEAR
 MAXIMUM TEMPERATURE (F)   67        85      1986
 MINIMUM TEMPERATURE (F)   50        32      1978


SUNRISE AND SUNSET
FEBRUARY 20 2017......SUNRISE   656 AM CST   SUNSET   614 PM CST
FEBRUARY 21 2017......SUNRISE   655 AM CST   SUNSET   615 PM CST


-  INDICATES NEGATIVE NUMBERS.
R  INDICATES RECORD WAS SET OR TIED.
MM INDICATES DATA IS MISSING.
T  INDICATES TRACE AMOUNT.




$$
