000
CDUS44 KHGX 101408
CLIHOU

CLIMATE REPORT
NATIONAL WEATHER SERVICE HOUSTON/GALVESTON TX
808 AM CST SAT DEC 10 2016


...MORNING CLIMATE DATA...

                            MORNING LOW    PRECIP SINCE MIDNIGHT
HOUSTON INTERCONTINENTAL         34                0.00
GALVESTON SCHOLES FIELD          45                0.00
BRYAN/COLLEGE STATION            36                0.00
HOUSTON HOBBY                    39                0.00

.............................

...THE HOUSTON INTERCONTINENTAL CLIMATE SUMMARY FOR DECEMBER 9 2016...

CLIMATE NORMAL PERIOD 1981 TO 2010
CLIMATE RECORD PERIOD 1892 TO 2016


WEATHER ITEM   OBSERVED TIME   RECORD YEAR NORMAL DEPARTURE LAST
                VALUE   (LST)  VALUE       VALUE  FROM      YEAR
                                                  NORMAL
..................................................................
TEMPERATURE (F)
 YESTERDAY
  MAXIMUM         51    213 PM  82    2007  65    -14       75
  MINIMUM         38    857 AM  25    1917  45     -7       49
  AVERAGE         45                        55    -10       62

PRECIPITATION (IN)
  YESTERDAY        0.00          1.69 1899   0.13  -0.13     0.00
  MONTH TO DATE    2.95                      1.20   1.75     0.02
  SINCE DEC 1      2.95                      1.20   1.75     0.02
  SINCE JAN 1     60.35                     47.23  13.12    64.84

SNOWFALL (IN)
  YESTERDAY        0.0           0.0  2001
  MONTH TO DATE    0.0
  SINCE DEC 1      0.0
  SINCE JUL 1      0.0

DEGREE DAYS
 HEATING
  YESTERDAY       20                        11      9        3
  MONTH TO DATE  118                        88     30       92
  SINCE DEC 1    118                        88     30       92
  SINCE JUL 1    176                       273    -97      205
..................................................................


WIND (MPH)
  HIGHEST WIND SPEED    18   HIGHEST WIND DIRECTION    NE (40)
  HIGHEST GUST SPEED    25   HIGHEST GUST DIRECTION    NE (40)


RELATIVE HUMIDITY (PERCENT)
 HIGHEST    64
 LOWEST     32
 AVERAGE    48

..........................................................


THE HOUSTON INTERCONTINENTAL CLIMATE NORMALS FOR TODAY
                         NORMAL    RECORD    YEAR
 MAXIMUM TEMPERATURE (F)   65        83      1939
 MINIMUM TEMPERATURE (F)   45        20      1978


SUNRISE AND SUNSET
DECEMBER 10 2016......SUNRISE   707 AM CST   SUNSET   522 PM CST
DECEMBER 11 2016......SUNRISE   707 AM CST   SUNSET   522 PM CST


-  INDICATES NEGATIVE NUMBERS.
R  INDICATES RECORD WAS SET OR TIED.
MM INDICATES DATA IS MISSING.
T  INDICATES TRACE AMOUNT.


&&

...................................

...THE HOUSTON/HOBBY AIRPORT CLIMATE SUMMARY FOR DECEMBER 9 2016...

CLIMATE NORMAL PERIOD 1981 TO 2010
CLIMATE RECORD PERIOD 1930 TO 2016


WEATHER ITEM   OBSERVED TIME   RECORD YEAR NORMAL DEPARTURE LAST
                VALUE   (LST)  VALUE       VALUE  FROM      YEAR
                                                  NORMAL
..................................................................
TEMPERATURE (F)
 YESTERDAY
  MAXIMUM         53    211 PM  82    2007  66    -13       76
                                      2004
                                      1972
  MINIMUM         39    709 AM  28    1978  48     -9       51
  AVERAGE         46                        56    -10       64

PRECIPITATION (IN)
  YESTERDAY        T             2.52 1967   0.14  -0.14     0.00
  MONTH TO DATE    2.31                      1.24   1.07     0.04
  SINCE DEC 1      2.31                      1.24   1.07     0.04
  SINCE JAN 1     55.44                     51.86   3.58    73.68

SNOWFALL (IN)
  YESTERDAY        0.0          MM      MM
  MONTH TO DATE    0.0
  SINCE DEC 1      0.0
  SINCE JUL 1      0.0

DEGREE DAYS
 HEATING
  YESTERDAY       19                        10      9        1
  MONTH TO DATE   94                        79     15       66
  SINCE DEC 1     94                        79     15       66
  SINCE JUL 1    131                       235   -104      140
..................................................................


WIND (MPH)
  HIGHEST WIND SPEED    22   HIGHEST WIND DIRECTION     N (10)
  HIGHEST GUST SPEED    29   HIGHEST GUST DIRECTION    NE (30)


RELATIVE HUMIDITY (PERCENT)
 HIGHEST    67
 LOWEST     30
 AVERAGE    49

..........................................................


THE HOUSTON/HOBBY AIRPORT CLIMATE NORMALS FOR TODAY
                         NORMAL    RECORD    YEAR
 MAXIMUM TEMPERATURE (F)   65        82      1939
 MINIMUM TEMPERATURE (F)   47        24      1978


SUNRISE AND SUNSET
DECEMBER 10 2016......SUNRISE   706 AM CST   SUNSET   523 PM CST
DECEMBER 11 2016......SUNRISE   706 AM CST   SUNSET   523 PM CST


-  INDICATES NEGATIVE NUMBERS.
R  INDICATES RECORD WAS SET OR TIED.
MM INDICATES DATA IS MISSING.
T  INDICATES TRACE AMOUNT.


...MISCELLANEOUS CLIMATE DATA FOR YESTERDAY...

LOCATION                        HIGH    LOW     PRECIP
PEARLAND                         54      41       T
SUGAR LAND                       50      38       T
TOMBALL                          51      37      0.00
CONROE                           49      34      0.00
HUNTSVILLE                       47      30      0.00
ANGLETON/LAKE JACKSON            54      40      0.01
PALACIOS                         51      36      0.00
LEAGUE CITY (NWS)                52      38       T


THIS PRODUCT...ALONG WITH OTHER WEATHER...HYDROLOGIC...AND CLIMATE
PRODUCTS...IS AVAILABLE ON THE WEB AT HTTP://WWW.SRH.NOAA.GOV/HGX
OR AT HTTP://WEATHER.GOV

$$
