000
CDUS44 KHGX 300721
CLIHOU


CLIMATE REPORT
NATIONAL WEATHER SERVICE HOUSTON/GALVESTON TX
219 AM CDT SUN AUG 30 2015


...................................

...THE HOUSTON INTERCONTINENTAL CLIMATE SUMMARY FOR AUGUST 29 2015...

CLIMATE NORMAL PERIOD 1981 TO 2010
CLIMATE RECORD PERIOD 1892 TO 2015


WEATHER ITEM   OBSERVED TIME   RECORD YEAR NORMAL DEPARTURE LAST
                VALUE   (LST)  VALUE       VALUE  FROM      YEAR
                                                  NORMAL
..................................................................
TEMPERATURE (F)
 YESTERDAY
  MAXIMUM         90    356 PM 107    2011  93     -3       91
  MINIMUM         69    541 AM  61    1992  74     -5       75
  AVERAGE         80                        84     -4       83

PRECIPITATION (IN)
  YESTERDAY        0.00          2.89 1953   0.15  -0.15     0.02
  MONTH TO DATE    2.94                      3.45  -0.51     0.41
  SINCE JUN 1     14.94                     13.17   1.77     7.99
  SINCE JAN 1     45.38                     31.56  13.82    27.06

DEGREE DAYS
 COOLING
  YESTERDAY       15                        19     -4       18
  MONTH TO DATE  600                       573     27      581
  SINCE JUN 1   1783                      1694     89     1702
  SINCE JAN 1   2475                      2346    129     2243
..................................................................


WIND (MPH)
  HIGHEST WIND SPEED    15   HIGHEST WIND DIRECTION    SE (130)
  HIGHEST GUST SPEED    17   HIGHEST GUST DIRECTION    SE (120)




RELATIVE HUMIDITY (PERCENT)
 HIGHEST    93
 LOWEST     38
 AVERAGE    66

..........................................................


THE HOUSTON INTERCONTINENTAL CLIMATE NORMALS FOR TODAY
                         NORMAL    RECORD    YEAR
 MAXIMUM TEMPERATURE (F)   93       104      2000
 MINIMUM TEMPERATURE (F)   74        62      1986
                                             1893


SUNRISE AND SUNSET
AUGUST 30 2015........SUNRISE   657 AM CDT   SUNSET   746 PM CDT
AUGUST 31 2015........SUNRISE   658 AM CDT   SUNSET   745 PM CDT


-  INDICATES NEGATIVE NUMBERS.
R  INDICATES RECORD WAS SET OR TIED.
MM INDICATES DATA IS MISSING.
T  INDICATES TRACE AMOUNT.


&&

...................................

...THE HOUSTON/HOBBY AIRPORT CLIMATE SUMMARY FOR AUGUST 29 2015...

CLIMATE NORMAL PERIOD 1981 TO 2010
CLIMATE RECORD PERIOD 1930 TO 2015


WEATHER ITEM   OBSERVED TIME   RECORD YEAR NORMAL DEPARTURE LAST
                VALUE   (LST)  VALUE       VALUE  FROM      YEAR
                                                  NORMAL
..................................................................
TEMPERATURE (F)
 YESTERDAY
  MAXIMUM         90    140 PM 103    2011  92     -2       89
  MINIMUM         71    633 AM  65    1992  75     -4       77
  AVERAGE         81                        84     -3       83

PRECIPITATION (IN)
  YESTERDAY        0.00          3.37 1953   0.19  -0.19     0.20
  MONTH TO DATE   10.76                      4.65   6.11     1.95
  SINCE JUN 1     18.20                     16.41   1.79     6.19
  SINCE JAN 1     53.06                     34.69  18.37    23.03

DEGREE DAYS
 COOLING
  YESTERDAY       16                        18     -2       18
  MONTH TO DATE  603                       550     53      596
  SINCE JUN 1   1799                      1643    156     1720
  SINCE JAN 1   2538                      2297    241     2271
..................................................................


WIND (MPH)
  HIGHEST WIND SPEED    14   HIGHEST WIND DIRECTION     E (110)
  HIGHEST GUST SPEED    18   HIGHEST GUST DIRECTION    SE (130)




RELATIVE HUMIDITY (PERCENT)
 HIGHEST    93
 LOWEST     40
 AVERAGE    67

..........................................................


THE HOUSTON/HOBBY AIRPORT CLIMATE NORMALS FOR TODAY
                         NORMAL    RECORD    YEAR
 MAXIMUM TEMPERATURE (F)   92       102      2000
 MINIMUM TEMPERATURE (F)   75        66      1992


SUNRISE AND SUNSET
AUGUST 30 2015........SUNRISE   657 AM CDT   SUNSET   746 PM CDT
AUGUST 31 2015........SUNRISE   658 AM CDT   SUNSET   745 PM CDT


-  INDICATES NEGATIVE NUMBERS.
R  INDICATES RECORD WAS SET OR TIED.
MM INDICATES DATA IS MISSING.
T  INDICATES TRACE AMOUNT.




$$
