000
CDUS44 KHGX 201428
CLIHOU

CLIMATE REPORT
NATIONAL WEATHER SERVICE HOUSTON/GALVESTON TX
825 AM CST SAT DEC 20 2014

...MORNING CLIMATE DATA...


                            MORNING LOW    PRECIP SINCE MIDNIGHT
HOUSTON INTERCONTINENTAL         51                0.00
GALVESTON SCHOLES FIELD          53                 T
BRYAN/COLLEGE STATION            49                0.00
HOUSTON HOBBY                    51                0.00

...................................

...THE HOUSTON INTERCONTINENTAL CLIMATE SUMMARY FOR DECEMBER 19 2014...

CLIMATE NORMAL PERIOD 1981 TO 2010
CLIMATE RECORD PERIOD 1892 TO 2014


WEATHER ITEM   OBSERVED TIME   RECORD YEAR NORMAL DEPARTURE LAST
                VALUE   (LST)  VALUE       VALUE  FROM      YEAR
                                                  NORMAL
..................................................................
TEMPERATURE (F)
 YESTERDAY
  MAXIMUM         59    927 AM  81    2012  64     -5       75
                                      1978
  MINIMUM         52   1159 PM  20    1929  44      8       46
  AVERAGE         56                        54      2       61

PRECIPITATION (IN)
  YESTERDAY        3.06R         2.33 1924   0.12   2.94     0.03
  MONTH TO DATE    3.98                      2.40   1.58     0.17
  SINCE DEC 1      3.98                      2.40   1.58     0.17
  SINCE JAN 1     42.10                     48.43  -6.33    37.35

SNOWFALL (IN)
  YESTERDAY        0.0           T    1924
  MONTH TO DATE    0.0
  SINCE DEC 1      0.0
  SINCE JUL 1      0.0

DEGREE DAYS
 HEATING
  YESTERDAY        9                        12     -3        4
  MONTH TO DATE   95                       203   -108      275
  SINCE DEC 1     95                       203   -108      275
  SINCE JUL 1    343                       388    -45      524
..................................................................


WIND (MPH)
  HIGHEST WIND SPEED    22   HIGHEST WIND DIRECTION     N (20)
  HIGHEST GUST SPEED    26   HIGHEST GUST DIRECTION     N (360)




RELATIVE HUMIDITY (PERCENT)
 HIGHEST   100
 LOWEST     86
 AVERAGE    93

..........................................................


THE HOUSTON INTERCONTINENTAL CLIMATE NORMALS FOR TODAY
                         NORMAL    RECORD    YEAR
 MAXIMUM TEMPERATURE (F)   63        81      1921
 MINIMUM TEMPERATURE (F)   44        21      1996


SUNRISE AND SUNSET
DECEMBER 20 2014......SUNRISE   712 AM CST   SUNSET   526 PM CST
DECEMBER 21 2014......SUNRISE   713 AM CST   SUNSET   526 PM CST


-  INDICATES NEGATIVE NUMBERS.
R  INDICATES RECORD WAS SET OR TIED.
MM INDICATES DATA IS MISSING.
T  INDICATES TRACE AMOUNT.

&&


...................................

...THE HOUSTON/HOBBY AIRPORT CLIMATE SUMMARY FOR DECEMBER 19 2014...

CLIMATE NORMAL PERIOD 1981 TO 2010
CLIMATE RECORD PERIOD 1930 TO 2014


WEATHER ITEM   OBSERVED TIME   RECORD YEAR NORMAL DEPARTURE LAST
                VALUE   (LST)  VALUE       VALUE  FROM      YEAR
                                                  NORMAL
..................................................................
TEMPERATURE (F)
 YESTERDAY
  MAXIMUM         61    717 AM  81    2012  64     -3       76
  MINIMUM         53   1159 PM  25    1996  46      7       55
  AVERAGE         57                        55      2       66

PRECIPITATION (IN)
  YESTERDAY        2.37R         1.94 1953   0.12   2.25     0.00
  MONTH TO DATE    3.77                      2.53   1.24     0.14
  SINCE DEC 1      3.77                      2.53   1.24     0.14
  SINCE JAN 1     40.29                     53.15 -12.86    42.33

SNOWFALL (IN)
  YESTERDAY        0.0          MM      MM
  MONTH TO DATE    0.0
  SINCE DEC 1      0.0
  SINCE JUL 1      0.0

DEGREE DAYS
 HEATING
  YESTERDAY        8                        11     -3        0
  MONTH TO DATE   79                       183   -104      247
  SINCE DEC 1     79                       183   -104      247
  SINCE JUL 1    293                       339    -46      464
..................................................................


WIND (MPH)
  HIGHEST WIND SPEED    23   HIGHEST WIND DIRECTION     N (20)
  HIGHEST GUST SPEED    28   HIGHEST GUST DIRECTION     N (10)




RELATIVE HUMIDITY (PERCENT)
 HIGHEST   100
 LOWEST     90
 AVERAGE    95

..........................................................


THE HOUSTON/HOBBY AIRPORT CLIMATE NORMALS FOR TODAY
                         NORMAL    RECORD    YEAR
 MAXIMUM TEMPERATURE (F)   64        81      1978
                                             1951
 MINIMUM TEMPERATURE (F)   46        26      1945


SUNRISE AND SUNSET
DECEMBER 20 2014......SUNRISE   711 AM CST   SUNSET   526 PM CST
DECEMBER 21 2014......SUNRISE   712 AM CST   SUNSET   527 PM CST


-  INDICATES NEGATIVE NUMBERS.
R  INDICATES RECORD WAS SET OR TIED.
MM INDICATES DATA IS MISSING.
T  INDICATES TRACE AMOUNT.

..........................................................

...MISCELLANEOUS CLIMATE DATA FOR YESTERDAY...

LOCATION                        HIGH    LOW     PRECIP
PEARLAND                         62      54      1.84
SUGAR LAND                       62      53      2.48
TOMBALL                          59      52      1.65
CONROE                           56      50      1.32
HUNTSVILLE                       56      49      1.83
ANGLETON/LAKE JACKSON            62      53      1.01
PALACIOS                         66      54      2.04
LEAGUE CITY (NWS)                59      50      2.77


THIS PRODUCT...ALONG WITH OTHER WEATHER...HYDROLOGIC...AND CLIMATE
PRODUCTS...IS AVAILABLE ON THE WEB AT HTTP://WWW.SRH.NOAA.GOV/HGX
OR AT HTTP://WEATHER.GOV

$$
