501
CDUS44 KHGX 182219
CLIHOU

CLIMATE REPORT
NATIONAL WEATHER SERVICE HOUSTON/GALVESTON TX
416 PM CST SUN FEB 18 2018


...................................

...THE HOUSTON INTERCONTINENTAL CLIMATE SUMMARY FOR FEBRUARY 18 2018...
VALID TODAY AS OF 400 PM LOCAL TIME.

CLIMATE NORMAL PERIOD 1981 TO 2010
CLIMATE RECORD PERIOD 1892 TO 2018


WEATHER ITEM   OBSERVED TIME   RECORD YEAR NORMAL DEPARTURE LAST
                VALUE   (LST)  VALUE       VALUE  FROM      YEAR
                                                  NORMAL
..................................................................
TEMPERATURE (F)
 TODAY
  MAXIMUM         79    237 PM  87    1986  67     12       84
  MINIMUM         59    705 AM  19    1936  47     12       53
                                      1900
  AVERAGE         69                        57     12       69

PRECIPITATION (IN)
  TODAY            0.00          2.09 1938   0.13  -0.13     0.00
  MONTH TO DATE    2.71                      2.04   0.67     1.02
  SINCE DEC 1      9.49                      9.16   0.33    10.67
  SINCE JAN 1      5.77                      5.42   0.35     7.11

SNOWFALL (IN)
  TODAY            0.0           0.0  2002   0.0    0.0      0.0
  MONTH TO DATE    0.0                       0.0    0.0      0.0
  SINCE DEC 1      0.8                       0.1    0.7      0.0
  SINCE JUL 1      0.8                       0.1    0.7      0.0
  SNOW DEPTH       0

DEGREE DAYS
 HEATING
  TODAY            0                         9     -9        0
  MONTH TO DATE  137                       185    -48       59
  SINCE DEC 1   1004                       924     80      530
  SINCE JUL 1   1115                      1109      6      588
..................................................................


WIND (MPH)
  RESULTANT WIND SPEED   7   RESULTANT WIND DIRECTION   E (110)
  HIGHEST WIND SPEED    17   HIGHEST WIND DIRECTION    SE (140)
  HIGHEST GUST SPEED    21   HIGHEST GUST DIRECTION    SE (130)
  AVERAGE WIND SPEED     9.3



WEATHER CONDITIONS
 THE FOLLOWING WEATHER WAS RECORDED TODAY.
  FOG


RELATIVE HUMIDITY (PERCENT)
 HIGHEST    93           500 AM
 LOWEST     69           200 PM
 AVERAGE    81

..........................................................


THE HOUSTON INTERCONTINENTAL CLIMATE NORMALS FOR TOMORROW
                         NORMAL    RECORD    YEAR
 MAXIMUM TEMPERATURE (F)   67        88      1986
 MINIMUM TEMPERATURE (F)   47        20      1900


SUNRISE AND SUNSET
FEBRUARY 18 2018......SUNRISE   658 AM CST   SUNSET   613 PM CST
FEBRUARY 19 2018......SUNRISE   657 AM CST   SUNSET   613 PM CST


-  INDICATES NEGATIVE NUMBERS.
R  INDICATES RECORD WAS SET OR TIED.
MM INDICATES DATA IS MISSING.
T  INDICATES TRACE AMOUNT.


&&

...................................

...THE HOUSTON/HOBBY AIRPORT CLIMATE SUMMARY FOR FEBRUARY 18 2018...
VALID TODAY AS OF 400 PM LOCAL TIME.

CLIMATE NORMAL PERIOD 1981 TO 2010
CLIMATE RECORD PERIOD 1930 TO 2018


WEATHER ITEM   OBSERVED TIME   RECORD YEAR NORMAL DEPARTURE LAST
                VALUE   (LST)  VALUE       VALUE  FROM      YEAR
                                                  NORMAL
..................................................................
TEMPERATURE (F)
 TODAY
  MAXIMUM         80    244 PM  87    1986  67     13       83
  MINIMUM         60    647 AM  21    1936  49     11       58
  AVERAGE         70                        58     12       71

PRECIPITATION (IN)
  TODAY            0.00          2.57 2012   0.12  -0.12     0.00
  MONTH TO DATE    2.41                      2.12   0.29     1.11
  SINCE DEC 1     10.37                     10.02   0.35     8.87
  SINCE JAN 1      5.71                      5.99  -0.28     5.18

SNOWFALL (IN)
  TODAY            0.0          MM      MM   0.0    0.0      0.0
  MONTH TO DATE    0.0                       0.0    0.0      0.0
  SINCE DEC 1      1.5                       0.0    1.5      0.0
  SINCE JUL 1      1.5                       0.0    1.5      0.0
  SNOW DEPTH       0

DEGREE DAYS
 HEATING
  TODAY            0                         8     -8        0
  MONTH TO DATE  118                       168    -50       52
  SINCE DEC 1    956                       843    113      453
  SINCE JUL 1   1037                       999     38      490
..................................................................


WIND (MPH)
  RESULTANT WIND SPEED   5   RESULTANT WIND DIRECTION   E (100)
  HIGHEST WIND SPEED    17   HIGHEST WIND DIRECTION    SE (150)
  HIGHEST GUST SPEED    23   HIGHEST GUST DIRECTION    SE (140)
  AVERAGE WIND SPEED     7.8



WEATHER CONDITIONS
 THE FOLLOWING WEATHER WAS RECORDED TODAY.
  FOG


RELATIVE HUMIDITY (PERCENT)
 HIGHEST   100           500 AM
 LOWEST     67           300 PM
 AVERAGE    84

..........................................................


THE HOUSTON/HOBBY AIRPORT CLIMATE NORMALS FOR TOMORROW
                         NORMAL    RECORD    YEAR
 MAXIMUM TEMPERATURE (F)   67        87      1986
 MINIMUM TEMPERATURE (F)   49        26      1978


SUNRISE AND SUNSET
FEBRUARY 18 2018......SUNRISE   658 AM CST   SUNSET   613 PM CST
FEBRUARY 19 2018......SUNRISE   657 AM CST   SUNSET   613 PM CST


-  INDICATES NEGATIVE NUMBERS.
R  INDICATES RECORD WAS SET OR TIED.
MM INDICATES DATA IS MISSING.
T  INDICATES TRACE AMOUNT.

...MISCELLANEOUS CLIMATE DATA FOR TODAY...

LOCATION                        HIGH    LOW     PRECIP
PEARLAND                         79      61      0.00
SUGAR LAND                       83      63      0.00
TOMBALL                          82      58      0.00
CONROE                           79      55      0.01
HUNTSVILLE                       79      53      0.01
ANGLETON/LAKE JACKSON            80      64      0.00
PALACIOS                         78      61       T
LEAGUE CITY (NWS)                79      60      0.00


THIS PRODUCT...ALONG WITH OTHER WEATHER...HYDROLOGIC...AND CLIMATE
PRODUCTS...IS AVAILABLE ON THE WEB AT HTTP://WWW.WEATHER.GOV/HGX


$$
