000
CDUS44 KHGX 241315
CLIHOU

CLIMATE REPORT
NATIONAL WEATHER SERVICE HOUSTON/GALVESTON TX
815 AM CDT THU JUL 24 2014


...MORNING CLIMATE DATA...

                            MORNING LOW    PRECIP SINCE MIDNIGHT
HOUSTON INTERCONTINENTAL         73                0.00
GALVESTON SCHOLES FIELD          77                0.09
BRYAN/COLLEGE STATION            75                 T
HOUSTON HOBBY                    75                 T

...................................


...THE HOUSTON INTERCONTINENTAL CLIMATE SUMMARY FOR JULY 23 2014...

CLIMATE NORMAL PERIOD 1981 TO 2010
CLIMATE RECORD PERIOD 1892 TO 2014


WEATHER ITEM   OBSERVED TIME   RECORD YEAR NORMAL DEPARTURE LAST
                VALUE   (LST)  VALUE       VALUE  FROM      YEAR
                                                  NORMAL
..................................................................
TEMPERATURE (F)
 YESTERDAY
  MAXIMUM         95    253 PM 101    1980  94      1       95
  MINIMUM         76    347 AM  64    1970  75      1       79
  AVERAGE         86                        85      1       87

PRECIPITATION (IN)
  YESTERDAY        0.07          2.36 1935   0.11  -0.04     0.00
  MONTH TO DATE    1.45                      3.00  -1.55     3.84
  SINCE JUN 1      3.63                      8.93  -5.30     8.30
  SINCE JAN 1     22.70                     27.32  -4.62    17.62

DEGREE DAYS
 COOLING
  YESTERDAY       21                        20      1       22
  MONTH TO DATE  427                       442    -15      426
  SINCE JUN 1    960                       962     -2     1017
  SINCE JAN 1   1501                      1614   -113     1587
..................................................................


WIND (MPH)
  HIGHEST WIND SPEED    23   HIGHEST WIND DIRECTION     N (10)
  HIGHEST GUST SPEED    28   HIGHEST GUST DIRECTION     N (10)




RELATIVE HUMIDITY (PERCENT)
 HIGHEST    94
 LOWEST     43
 AVERAGE    69

..........................................................


THE HOUSTON INTERCONTINENTAL CLIMATE NORMALS FOR TODAY
                         NORMAL    RECORD    YEAR
 MAXIMUM TEMPERATURE (F)   94       101      1954
 MINIMUM TEMPERATURE (F)   75        68      1972
                                             1894


SUNRISE AND SUNSET
JULY 24 2014..........SUNRISE   636 AM CDT   SUNSET   820 PM CDT
JULY 25 2014..........SUNRISE   636 AM CDT   SUNSET   819 PM CDT


-  INDICATES NEGATIVE NUMBERS.
R  INDICATES RECORD WAS SET OR TIED.
MM INDICATES DATA IS MISSING.
T  INDICATES TRACE AMOUNT.




...................................

...THE HOUSTON/HOBBY AIRPORT CLIMATE SUMMARY FOR JULY 23 2014...

CLIMATE NORMAL PERIOD 1981 TO 2010
CLIMATE RECORD PERIOD 1930 TO 2014


WEATHER ITEM   OBSERVED TIME   RECORD YEAR NORMAL DEPARTURE LAST
                VALUE   (LST)  VALUE       VALUE  FROM      YEAR
                                                  NORMAL
..................................................................
TEMPERATURE (F)
 YESTERDAY
  MAXIMUM         92    247 PM  99    2000  93     -1       95
                                      1954
  MINIMUM         76   1145 PM  69    1947  76      0       76
  AVERAGE         84                        84      0       86

PRECIPITATION (IN)
  YESTERDAY        0.43          2.90 1933   0.13   0.30     0.00
  MONTH TO DATE    1.12                      3.68  -2.56     1.29
  SINCE JUN 1      4.10                     10.78  -6.68     2.65
  SINCE JAN 1     20.94                     29.06  -8.12    21.11

DEGREE DAYS
 COOLING
  YESTERDAY       19                        19      0       21
  MONTH TO DATE  432                       431      1      451
  SINCE JUN 1    961                       941     20     1053
  SINCE JAN 1   1512                      1595    -83     1623
..................................................................


WIND (MPH)
  HIGHEST WIND SPEED    15   HIGHEST WIND DIRECTION     N (10)
  HIGHEST GUST SPEED    25   HIGHEST GUST DIRECTION    NE (40)




RELATIVE HUMIDITY (PERCENT)
 HIGHEST    91
 LOWEST     52
 AVERAGE    72

..........................................................


THE HOUSTON/HOBBY AIRPORT CLIMATE NORMALS FOR TODAY
                         NORMAL    RECORD    YEAR
 MAXIMUM TEMPERATURE (F)   93       101      1954
                                             1934
 MINIMUM TEMPERATURE (F)   76        69      1947
                                             1931


SUNRISE AND SUNSET
JULY 24 2014..........SUNRISE   636 AM CDT   SUNSET   819 PM CDT
JULY 25 2014..........SUNRISE   637 AM CDT   SUNSET   818 PM CDT


-  INDICATES NEGATIVE NUMBERS.
R  INDICATES RECORD WAS SET OR TIED.
MM INDICATES DATA IS MISSING.
T  INDICATES TRACE AMOUNT.



...MISCELLANEOUS CLIMATE DATA FOR YESTERDAY...

LOCATION                        HIGH    LOW     PRECIP

PEARLAND                         92      75      1.17
SUGAR LAND                       93      76      0.12
TOMBALL                          93      77       T
CONROE                           92      73      0.00
HUNTSVILLE                       93      73      0.00
ANGLETON/LAKE JACKSON            91      75      0.29
PALACIOS                         91      79       T
LEAGUE CITY (NWS)                90      74      2.42


THIS PRODUCT...ALONG WITH OTHER WEATHER...HYDROLOGIC...AND CLIMATE
PRODUCTS...IS AVAILABLE ON THE WEB AT HTTP://WWW.SRH.NOAA.GOV/HGX
OR AT HTTP://WEATHER.GOV


$$
