000
CDUS44 KHGX 281358
CLIHOU

CLIMATE REPORT
NATIONAL WEATHER SERVICE HOUSTON/GALVESTON TX
845 AM CDT SAT MAY 28 2016


...MORNING CLIMATE DATA...

                            MORNING LOW    PRECIP SINCE MIDNIGHT
HOUSTON INTERCONTINENTAL         64                0.00
GALVESTON SCHOLES FIELD          73                0.00
BRYAN/COLLEGE STATION            61                0.00
HOUSTON HOBBY                    67                0.00

...................................

...THE HOUSTON INTERCONTINENTAL CLIMATE SUMMARY FOR MAY 27 2016...

CLIMATE NORMAL PERIOD 1981 TO 2010
CLIMATE RECORD PERIOD 1892 TO 2016


WEATHER ITEM   OBSERVED TIME   RECORD YEAR NORMAL DEPARTURE LAST
                VALUE   (LST)  VALUE       VALUE  FROM      YEAR
                                                  NORMAL
..................................................................
TEMPERATURE (F)
 YESTERDAY
  MAXIMUM         82   1123 AM  98    1928  89     -7       86
  MINIMUM         65   1156 PM  50    1901  70     -5       65
  AVERAGE         74                        80     -6       76

PRECIPITATION (IN)
  YESTERDAY        3.76          3.99 1914   0.17   3.59     1.41
  MONTH TO DATE    7.20                      4.41   2.79    13.59
  SINCE MAR 1     24.84                     11.13  13.71    26.03
  SINCE JAN 1     28.95                     17.71  11.24    29.86

DEGREE DAYS
 COOLING
  YESTERDAY        9                        14     -5       11
  MONTH TO DATE  251                       311    -60      320
  SINCE MAR 1    493                       554    -61      624
  SINCE JAN 1    530                       592    -62      634
..................................................................


WIND (MPH)
  HIGHEST WIND SPEED    30   HIGHEST WIND DIRECTION    NW (320)
  HIGHEST GUST SPEED    38   HIGHEST GUST DIRECTION    NW (330)


RELATIVE HUMIDITY (PERCENT)
 HIGHEST   100
 LOWEST     90
 AVERAGE    95

..........................................................


THE HOUSTON INTERCONTINENTAL CLIMATE NORMALS FOR TODAY
                         NORMAL    RECORD    YEAR
 MAXIMUM TEMPERATURE (F)   89        98      1906
 MINIMUM TEMPERATURE (F)   70        54      1901


SUNRISE AND SUNSET
MAY 28 2016...........SUNRISE   622 AM CDT   SUNSET   816 PM CDT
MAY 29 2016...........SUNRISE   621 AM CDT   SUNSET   817 PM CDT


-  INDICATES NEGATIVE NUMBERS.
R  INDICATES RECORD WAS SET OR TIED.
MM INDICATES DATA IS MISSING.
T  INDICATES TRACE AMOUNT.


&&

...................................

...THE HOUSTON/HOBBY AIRPORT CLIMATE SUMMARY FOR MAY 27 2016...

CLIMATE NORMAL PERIOD 1981 TO 2010
CLIMATE RECORD PERIOD 1930 TO 2016


WEATHER ITEM   OBSERVED TIME   RECORD YEAR NORMAL DEPARTURE LAST
                VALUE   (LST)  VALUE       VALUE  FROM      YEAR
                                                  NORMAL
..................................................................
TEMPERATURE (F)
 YESTERDAY
  MAXIMUM         87    108 PM  97    1973  88     -1       87
  MINIMUM         66    553 PM  55    1934  71     -5       67
  AVERAGE         77                        79     -2       77

PRECIPITATION (IN)
  YESTERDAY        2.64R         1.80 2014   0.18   2.46     0.48
  MONTH TO DATE    7.59                      4.05   3.54    12.82
  SINCE MAR 1     20.68                     10.50  10.18    27.40
  SINCE JAN 1     24.85                     17.58   7.27    33.28

DEGREE DAYS
 COOLING
  YESTERDAY       12                        14     -2       12
  MONTH TO DATE  322                       314      8      347
  SINCE MAR 1    673                       556    117      670
  SINCE JAN 1    711                       594    117      680
..................................................................


WIND (MPH)
  HIGHEST WIND SPEED    29   HIGHEST WIND DIRECTION     E (110)
  HIGHEST GUST SPEED    37   HIGHEST GUST DIRECTION     E (110)


RELATIVE HUMIDITY (PERCENT)
 HIGHEST    94
 LOWEST     70
 AVERAGE    82

..........................................................


THE HOUSTON/HOBBY AIRPORT CLIMATE NORMALS FOR TODAY
                         NORMAL    RECORD    YEAR
 MAXIMUM TEMPERATURE (F)   88        97      2010
 MINIMUM TEMPERATURE (F)   71        55      1934


SUNRISE AND SUNSET
MAY 28 2016...........SUNRISE   622 AM CDT   SUNSET   815 PM CDT
MAY 29 2016...........SUNRISE   622 AM CDT   SUNSET   816 PM CDT


-  INDICATES NEGATIVE NUMBERS.
R  INDICATES RECORD WAS SET OR TIED.
MM INDICATES DATA IS MISSING.
T  INDICATES TRACE AMOUNT.

..........................................................

...MISCELLANEOUS CLIMATE DATA FOR YESTERDAY...

LOCATION                        HIGH    LOW     PRECIP

PEARLAND                         86      67      3.28
SUGAR LAND                       85      66      1.13
TOMBALL                          82      67      5.08
CONROE                           71      65      4.40
HUNTSVILLE                       73      65      4.77
ANGLETON/LAKE JACKSON            86      67      2.42
PALACIOS                         87      67      1.23
LEAGUE CITY (NWS)                83      65      1.56


THIS PRODUCT...ALONG WITH OTHER WEATHER...HYDROLOGIC...AND CLIMATE
PRODUCTS...IS AVAILABLE ON THE WEB AT HTTP://WWW.SRH.NOAA.GOV/HGX
OR AT HTTP://WEATHER.GOV

$$
