000
CDUS44 KHGX 290818
CLIHOU

CLIMATE REPORT
NATIONAL WEATHER SERVICE HOUSTON/GALVESTON TX
217 AM CST THU JAN 29 2015


...................................

...THE HOUSTON INTERCONTINENTAL CLIMATE SUMMARY FOR JANUARY 28 2015...

CLIMATE NORMAL PERIOD 1981 TO 2010
CLIMATE RECORD PERIOD 1892 TO 2015


WEATHER ITEM   OBSERVED TIME   RECORD YEAR NORMAL DEPARTURE LAST
                VALUE   (LST)  VALUE       VALUE  FROM      YEAR
                                                  NORMAL
..................................................................
TEMPERATURE (F)
 YESTERDAY
  MAXIMUM         79    220 PM  82    1975  64     15       49
  MINIMUM         43    642 AM  19    1897  44     -1       30
  AVERAGE         61                        54      7       40

PRECIPITATION (IN)
  YESTERDAY        0.00          0.75 1930   0.12  -0.12     0.05
  MONTH TO DATE    3.17                      3.04   0.13     0.96
  SINCE DEC 1      8.77                      6.78   1.99     2.62
  SINCE JAN 1      3.17                      3.04   0.13     0.96

SNOWFALL (IN)
  YESTERDAY        0.0           T    2014
  MONTH TO DATE    0.0
  SINCE DEC 1      0.0
  SINCE JUL 1      0.0

DEGREE DAYS
 HEATING
  YESTERDAY        4                        12     -8       25
  MONTH TO DATE  439                       354     85      419
  SINCE DEC 1    696                       708    -12      862
  SINCE JUL 1    944                       893     51     1111
..................................................................


WIND (MPH)
  HIGHEST WIND SPEED    17   HIGHEST WIND DIRECTION    SE (140)
  HIGHEST GUST SPEED    20   HIGHEST GUST DIRECTION    SE (140)




RELATIVE HUMIDITY (PERCENT)
 HIGHEST   100
 LOWEST     27
 AVERAGE    64

..........................................................


THE HOUSTON INTERCONTINENTAL CLIMATE NORMALS FOR TODAY
                         NORMAL    RECORD    YEAR
 MAXIMUM TEMPERATURE (F)   64        82      1975
 MINIMUM TEMPERATURE (F)   44        22      1897


SUNRISE AND SUNSET
JANUARY 29 2015.......SUNRISE   713 AM CST   SUNSET   556 PM CST
JANUARY 30 2015.......SUNRISE   713 AM CST   SUNSET   557 PM CST


-  INDICATES NEGATIVE NUMBERS.
R  INDICATES RECORD WAS SET OR TIED.
MM INDICATES DATA IS MISSING.
T  INDICATES TRACE AMOUNT.


&&

...................................

...THE HOUSTON/HOBBY AIRPORT CLIMATE SUMMARY FOR JANUARY 28 2015...

CLIMATE NORMAL PERIOD 1981 TO 2010
CLIMATE RECORD PERIOD 1930 TO 2015


WEATHER ITEM   OBSERVED TIME   RECORD YEAR NORMAL DEPARTURE LAST
                VALUE   (LST)  VALUE       VALUE  FROM      YEAR
                                                  NORMAL
..................................................................
TEMPERATURE (F)
 YESTERDAY
  MAXIMUM         78    239 PM  82    1970  64     14       50
  MINIMUM         48    724 AM  26    1948  46      2       30
  AVERAGE         63                        55      8       40

PRECIPITATION (IN)
  YESTERDAY        0.00          0.94 1996   0.13  -0.13     0.04
  MONTH TO DATE    5.13                      3.48   1.65     0.53
  SINCE DEC 1      9.74                      7.51   2.23     1.40
  SINCE JAN 1      5.13                      3.48   1.65     0.53

SNOWFALL (IN)
  YESTERDAY        0.0          MM      MM
  MONTH TO DATE    0.0
  SINCE DEC 1      0.0
  SINCE JUL 1      0.0

DEGREE DAYS
 HEATING
  YESTERDAY        2                        11     -9       25
  MONTH TO DATE  417                       326     91      371
  SINCE DEC 1    641                       646     -5      770
  SINCE JUL 1    855                       802     53      987
..................................................................


WIND (MPH)
  HIGHEST WIND SPEED    15   HIGHEST WIND DIRECTION     S (170)
  HIGHEST GUST SPEED    18   HIGHEST GUST DIRECTION     S (180)




RELATIVE HUMIDITY (PERCENT)
 HIGHEST   100
 LOWEST     29
 AVERAGE    65

..........................................................


THE HOUSTON/HOBBY AIRPORT CLIMATE NORMALS FOR TODAY
                         NORMAL    RECORD    YEAR
 MAXIMUM TEMPERATURE (F)   64        81      1975
                                             1957
 MINIMUM TEMPERATURE (F)   46        25      1966
                                             1951


SUNRISE AND SUNSET
JANUARY 29 2015.......SUNRISE   713 AM CST   SUNSET   556 PM CST
JANUARY 30 2015.......SUNRISE   712 AM CST   SUNSET   557 PM CST


-  INDICATES NEGATIVE NUMBERS.
R  INDICATES RECORD WAS SET OR TIED.
MM INDICATES DATA IS MISSING.
T  INDICATES TRACE AMOUNT.




$$
