000
CDUS44 KHGX 060727
CLIHOU


CLIMATE REPORT
NATIONAL WEATHER SERVICE HOUSTON/GALVESTON TX
226 AM CDT MON JUL 6 2015


...................................

...THE HOUSTON INTERCONTINENTAL CLIMATE SUMMARY FOR JULY 5 2015...

CLIMATE NORMAL PERIOD 1981 TO 2010
CLIMATE RECORD PERIOD 1892 TO 2015


WEATHER ITEM   OBSERVED TIME   RECORD YEAR NORMAL DEPARTURE LAST
                VALUE   (LST)  VALUE       VALUE  FROM      YEAR
                                                  NORMAL
..................................................................
TEMPERATURE (F)
 YESTERDAY
  MAXIMUM         93    309 PM 102    2009  93      0       90
  MINIMUM         77    552 AM  66    1924  75      2       73
  AVERAGE         85                        84      1       82

PRECIPITATION (IN)
  YESTERDAY        0.00          3.04 1973   0.16  -0.16     0.31
  MONTH TO DATE    0.38                      0.79  -0.41     0.79
  SINCE JUN 1     11.77                      6.72   5.05     2.97
  SINCE JAN 1     42.21                     25.11  17.10    22.04

DEGREE DAYS
 COOLING
  YESTERDAY       20                        19      1       17
  MONTH TO DATE   92                        95     -3       91
  SINCE JUN 1    615                       615      0      624
  SINCE JAN 1   1307                      1267     40     1165
..................................................................


WIND (MPH)
  HIGHEST WIND SPEED    17   HIGHEST WIND DIRECTION    SE (150)
  HIGHEST GUST SPEED    23   HIGHEST GUST DIRECTION     S (160)




RELATIVE HUMIDITY (PERCENT)
 HIGHEST    97
 LOWEST     52
 AVERAGE    75

..........................................................


THE HOUSTON INTERCONTINENTAL CLIMATE NORMALS FOR TODAY
                         NORMAL    RECORD    YEAR
 MAXIMUM TEMPERATURE (F)   93       101      2005
                                             1980
                                             1957
 MINIMUM TEMPERATURE (F)   75        63      1970


SUNRISE AND SUNSET
JULY  6 2015..........SUNRISE   626 AM CDT   SUNSET   826 PM CDT
JULY  7 2015..........SUNRISE   626 AM CDT   SUNSET   826 PM CDT


-  INDICATES NEGATIVE NUMBERS.
R  INDICATES RECORD WAS SET OR TIED.
MM INDICATES DATA IS MISSING.
T  INDICATES TRACE AMOUNT.



&&
...................................

...THE HOUSTON/HOBBY AIRPORT CLIMATE SUMMARY FOR JULY 5 2015...

CLIMATE NORMAL PERIOD 1981 TO 2010
CLIMATE RECORD PERIOD 1930 TO 2015


WEATHER ITEM   OBSERVED TIME   RECORD YEAR NORMAL DEPARTURE LAST
                VALUE   (LST)  VALUE       VALUE  FROM      YEAR
                                                  NORMAL
..................................................................
TEMPERATURE (F)
 YESTERDAY
  MAXIMUM         92   1255 PM 103    2009  92      0       88
  MINIMUM         78    537 AM  70    1985  75      3       75
                                      1968
                                      1947
  AVERAGE         85                        83      2       82

PRECIPITATION (IN)
  YESTERDAY        0.00          2.79 1942   0.19  -0.19     0.01
  MONTH TO DATE    2.04                      0.98   1.06     0.10
  SINCE JUN 1      6.91                      8.08  -1.17     3.08
  SINCE JAN 1     41.77                     26.36  15.41    19.92

DEGREE DAYS
 COOLING
  YESTERDAY       20                        18      2       17
  MONTH TO DATE   89                        90     -1       93
  SINCE JUN 1    628                       600     28      622
  SINCE JAN 1   1367                      1254    113     1173
..................................................................


WIND (MPH)
  HIGHEST WIND SPEED    30   HIGHEST WIND DIRECTION    SE (150)
  HIGHEST GUST SPEED    30   HIGHEST GUST DIRECTION    SW (210)




RELATIVE HUMIDITY (PERCENT)
 HIGHEST    97
 LOWEST     56
 AVERAGE    77

..........................................................


THE HOUSTON/HOBBY AIRPORT CLIMATE NORMALS FOR TODAY
                         NORMAL    RECORD    YEAR
 MAXIMUM TEMPERATURE (F)   92       100      2005
 MINIMUM TEMPERATURE (F)   75        68      1939


SUNRISE AND SUNSET
JULY  6 2015..........SUNRISE   626 AM CDT   SUNSET   825 PM CDT
JULY  7 2015..........SUNRISE   627 AM CDT   SUNSET   825 PM CDT


-  INDICATES NEGATIVE NUMBERS.
R  INDICATES RECORD WAS SET OR TIED.
MM INDICATES DATA IS MISSING.
T  INDICATES TRACE AMOUNT.




$$
