000
CDUS44 KHGX 220735
CLIHOU


CLIMATE REPORT
NATIONAL WEATHER SERVICE HOUSTON/GALVESTON TX
231 AM CDT WED OCT 22 2014


...................................

...THE HOUSTON INTERCONTINENTAL CLIMATE SUMMARY FOR OCTOBER 21 2014...

CLIMATE NORMAL PERIOD 1981 TO 2010
CLIMATE RECORD PERIOD 1892 TO 2014


WEATHER ITEM   OBSERVED TIME   RECORD YEAR NORMAL DEPARTURE LAST
                VALUE   (LST)  VALUE       VALUE  FROM      YEAR
                                                  NORMAL
..................................................................
TEMPERATURE (F)
 YESTERDAY
  MAXIMUM         82    333 PM  93    2004  81      1       78
  MINIMUM         55    637 AM  33    1976  60     -5       59
  AVERAGE         69                        70     -1       69

PRECIPITATION (IN)
  YESTERDAY        0.00          2.40 1890   0.21  -0.21      T
  MONTH TO DATE    2.95                      3.84  -0.89     2.79
  SINCE SEP 1      6.83                      7.96  -1.13     7.88
  SINCE JAN 1     34.72                     39.83  -5.11    29.08

SNOWFALL (IN)
  YESTERDAY        0.0           0.0  2002
                                      2001
  MONTH TO DATE    0.0
  SINCE SEP 1      0.0
  SINCE JUL 1      0.0

DEGREE DAYS
 HEATING
  YESTERDAY        0                         1     -1        0
  MONTH TO DATE    0                        10    -10        8
  SINCE SEP 1      0                        11    -11        8
  SINCE JUL 1      0                        11    -11        8

 COOLING
  YESTERDAY        4                         6     -2        4
  MONTH TO DATE  197                       174     23      170
  SINCE SEP 1    671                       617     54      698
  SINCE JAN 1   2947                      2999    -52     3091
..................................................................


WIND (MPH)
  HIGHEST WIND SPEED    13   HIGHEST WIND DIRECTION     E (70)
  HIGHEST GUST SPEED    17   HIGHEST GUST DIRECTION     E (90)




RELATIVE HUMIDITY (PERCENT)
 HIGHEST    93
 LOWEST     39
 AVERAGE    66

..........................................................


THE HOUSTON INTERCONTINENTAL CLIMATE NORMALS FOR TODAY
                         NORMAL    RECORD    YEAR
 MAXIMUM TEMPERATURE (F)   80        91      2004
 MINIMUM TEMPERATURE (F)   59        41      1898


SUNRISE AND SUNSET
OCTOBER 22 2014.......SUNRISE   728 AM CDT   SUNSET   643 PM CDT
OCTOBER 23 2014.......SUNRISE   729 AM CDT   SUNSET   642 PM CDT


-  INDICATES NEGATIVE NUMBERS.
R  INDICATES RECORD WAS SET OR TIED.
MM INDICATES DATA IS MISSING.
T  INDICATES TRACE AMOUNT.




...................................

...THE HOUSTON/HOBBY AIRPORT CLIMATE SUMMARY FOR OCTOBER 21 2014...

CLIMATE NORMAL PERIOD 1981 TO 2010
CLIMATE RECORD PERIOD 1930 TO 2014


WEATHER ITEM   OBSERVED TIME   RECORD YEAR NORMAL DEPARTURE LAST
                VALUE   (LST)  VALUE       VALUE  FROM      YEAR
                                                  NORMAL
..................................................................
TEMPERATURE (F)
 YESTERDAY
  MAXIMUM         82    331 PM  91    1949  80      2       76
  MINIMUM         60    517 AM  40    1976  62     -2       66
  AVERAGE         71                        71      0       71

PRECIPITATION (IN)
  YESTERDAY        0.00          1.50 1984   0.22  -0.22     0.04
  MONTH TO DATE    2.56                      4.00  -1.44     4.72
  SINCE SEP 1      7.55                      9.21  -1.66    10.67
  SINCE JAN 1     32.08                     44.31 -12.23    33.54

SNOWFALL (IN)
  YESTERDAY        0.0          MM      MM
  MONTH TO DATE    0.0
  SINCE SEP 1      0.0
  SINCE JUL 1      0.0

DEGREE DAYS
 HEATING
  YESTERDAY        0                         1     -1        0
  MONTH TO DATE    0                         6     -6        3
  SINCE SEP 1      0                         6     -6        3
  SINCE JUL 1      0                         6     -6        3

 COOLING
  YESTERDAY        6                         7     -1        6
  MONTH TO DATE  225                       187     38      192
  SINCE SEP 1    711                       639     72      738
  SINCE JAN 1   3015                      2980     35     3164
..................................................................


WIND (MPH)
  HIGHEST WIND SPEED    14   HIGHEST WIND DIRECTION     E (80)
  HIGHEST GUST SPEED    17   HIGHEST GUST DIRECTION     E (80)




RELATIVE HUMIDITY (PERCENT)
 HIGHEST    90
 LOWEST     36
 AVERAGE    63

..........................................................


THE HOUSTON/HOBBY AIRPORT CLIMATE NORMALS FOR TODAY
                         NORMAL    RECORD    YEAR
 MAXIMUM TEMPERATURE (F)   80        90      1933
 MINIMUM TEMPERATURE (F)   61        45      1996
                                             1952


SUNRISE AND SUNSET
OCTOBER 22 2014.......SUNRISE   727 AM CDT   SUNSET   643 PM CDT
OCTOBER 23 2014.......SUNRISE   728 AM CDT   SUNSET   642 PM CDT


-  INDICATES NEGATIVE NUMBERS.
R  INDICATES RECORD WAS SET OR TIED.
MM INDICATES DATA IS MISSING.
T  INDICATES TRACE AMOUNT.




$$
