000
CDUS46 KSEW 220836
CLIHQM


CLIMATE REPORT
NATIONAL WEATHER SERVICE SEATTLE WA
1235 AM PST WED NOV 22 2017


...................................

...THE HOQUIAM WA AIRPORT CLIMATE SUMMARY FOR NOVEMBER 21 2017...

CLIMATE NORMAL PERIOD 1981 TO 2010
CLIMATE RECORD PERIOD 1953 TO 2017


WEATHER ITEM   OBSERVED TIME   RECORD YEAR NORMAL DEPARTURE LAST
                VALUE   (LST)  VALUE       VALUE  FROM      YEAR
                                                  NORMAL
..................................................................
TEMPERATURE (F)
 YESTERDAY
  MAXIMUM         59   1144 PM  61    1954  50      9       53
  MINIMUM         40   1209 AM  25    1977  39      1       45
  AVERAGE         50                        45      5       49

PRECIPITATION (IN)
  YESTERDAY        1.87          2.17 1992   0.38   1.49     0.26
  MONTH TO DATE   12.57                      7.79   4.78     8.69
  SINCE OCT 1     19.87                     14.32   5.55    24.54
  SINCE JAN 1     65.37                     54.21  11.16    69.45

DEGREE DAYS
 HEATING
  YESTERDAY       15                        20     -5       16
  MONTH TO DATE  397                       383     14      260
  SINCE SEP 1    927                       975    -48      805

 COOLING
  YESTERDAY        0                         0      0        0
  MONTH TO DATE    0                         0      0        0
  SINCE SEP 1     32                         7     25        1
  SINCE JAN 1     77                        23     54       50
..................................................................


WIND (MPH)
  RESULTANT WIND SPEED  10   RESULTANT WIND DIRECTION   E (100)
  HIGHEST WIND SPEED    37   HIGHEST WIND DIRECTION     S (170)
  HIGHEST GUST SPEED    47   HIGHEST GUST DIRECTION     S (160)
  AVERAGE WIND SPEED    19.8


SKY COVER
  AVERAGE SKY COVER 0.9


WEATHER CONDITIONS
 THE FOLLOWING WEATHER WAS RECORDED YESTERDAY.
  RAIN
  LIGHT RAIN
  FOG


RELATIVE HUMIDITY (PERCENT)
 HIGHEST   100          1200 AM
 LOWEST     89           200 AM
 AVERAGE    95

..........................................................


THE HOQUIAM WA AIRPORT CLIMATE NORMALS FOR TODAY
                         NORMAL    RECORD    YEAR
 MAXIMUM TEMPERATURE (F)   50        61      1987
 MINIMUM TEMPERATURE (F)   39        20      1985


SUNRISE AND SUNSET
NOVEMBER 22 2017......SUNRISE   729 AM PST   SUNSET   434 PM PST
NOVEMBER 23 2017......SUNRISE   731 AM PST   SUNSET   433 PM PST


-  INDICATES NEGATIVE NUMBERS.
R  INDICATES RECORD WAS SET OR TIED.
MM INDICATES DATA IS MISSING.
T  INDICATES TRACE AMOUNT.




$$
