000
CDUS46 KSEW 010122
CLIHQM


CLIMATE REPORT
NATIONAL WEATHER SERVICE SEATTLE WA
621 PM PDT FRI OCT 31 2014


...................................

...THE HOQUIAM WA AIRPORT CLIMATE SUMMARY FOR OCTOBER 31 2014...
VALID TODAY AS OF 0600 PM LOCAL TIME.

CLIMATE NORMAL PERIOD 1981 TO 2010
CLIMATE RECORD PERIOD 1953 TO 2014


WEATHER ITEM   OBSERVED TIME   RECORD YEAR NORMAL DEPARTURE LAST
                VALUE   (LST)  VALUE       VALUE  FROM      YEAR
                                                  NORMAL
..................................................................
TEMPERATURE (F)
 TODAY
  MAXIMUM         57    335 PM  67    1970  55      2       57
                                      1954
  MINIMUM         50    749 AM  28    2002  43      7       49
  AVERAGE         54                        49      5       53

PRECIPITATION (IN)
  TODAY            0.16          2.43 1994   0.31  -0.15     0.30
  MONTH TO DATE   10.55                      6.53   4.02     2.26
  SINCE OCT 1     10.55                      6.53   4.02     2.26
  SINCE JAN 1     57.64                     46.42  11.22    44.13

DEGREE DAYS
 HEATING
  TODAY           11                        16     -5       12
  MONTH TO DATE  217                       394   -177      415
  SINCE SEP 1    310                       592   -282      560

 COOLING
  TODAY            0                         0      0        0
  MONTH TO DATE    0                         0      0        0
  SINCE SEP 1     18                         7     11        7
  SINCE JAN 1     48                        23     25       20
..................................................................


WIND (MPH)
  RESULTANT WIND SPEED   3   RESULTANT WIND DIRECTION   S (200)
  HIGHEST WIND SPEED    12   HIGHEST WIND DIRECTION     S (180)
  HIGHEST GUST SPEED    14   HIGHEST GUST DIRECTION     S (190)
  AVERAGE WIND SPEED     3.5


SKY COVER
  AVERAGE SKY COVER 0.8


WEATHER CONDITIONS
 THE FOLLOWING WEATHER WAS RECORDED TODAY.
  LIGHT RAIN
  FOG


RELATIVE HUMIDITY (PERCENT)
 HIGHEST   100          1200 AM
 LOWEST     72           300 PM
 AVERAGE    86

..........................................................


THE HOQUIAM WA AIRPORT CLIMATE NORMALS FOR TOMORROW
                         NORMAL    RECORD    YEAR
 MAXIMUM TEMPERATURE (F)   55        68      1969
 MINIMUM TEMPERATURE (F)   43        27      2003


SUNRISE AND SUNSET
OCTOBER 31 2014.......SUNRISE   757 AM PDT   SUNSET   601 PM PDT
NOVEMBER  1 2014......SUNRISE   759 AM PDT   SUNSET   559 PM PDT


-  INDICATES NEGATIVE NUMBERS.
R  INDICATES RECORD WAS SET OR TIED.
MM INDICATES DATA IS MISSING.
T  INDICATES TRACE AMOUNT.




$$
