000
CDUS46 KSEW 310138
CLIHQM


CLIMATE REPORT
NATIONAL WEATHER SERVICE SEATTLE WA
638 PM PDT THU JUL 30 2015


...................................

...THE HOQUIAM WA AIRPORT CLIMATE SUMMARY FOR JULY 30 2015...
VALID TODAY AS OF 0600 PM LOCAL TIME.

CLIMATE NORMAL PERIOD 1981 TO 2010
CLIMATE RECORD PERIOD 1953 TO 2015


WEATHER ITEM   OBSERVED TIME   RECORD YEAR NORMAL DEPARTURE LAST
                VALUE   (LST)  VALUE       VALUE  FROM      YEAR
                                                  NORMAL
..................................................................
TEMPERATURE (F)
 TODAY
  MAXIMUM         86    427 PM  93    1959  67     19       74
  MINIMUM         53    521 AM  45    1969  54     -1       54
  AVERAGE         70                        61      9       64

PRECIPITATION (IN)
  TODAY            0.00          0.99 1955   0.03  -0.03     0.00
  MONTH TO DATE    0.38                      1.12  -0.74     0.83
  SINCE OCT 1     58.29                     63.94  -5.65    53.77
  SINCE JAN 1     26.87                     36.28  -9.41    41.66

DEGREE DAYS
 HEATING
  TODAY            0                         4     -4        1
  MONTH TO DATE   43                       153   -110      113
  SINCE JUN 1    203                       399   -196      317

 COOLING
  TODAY            5                         0      5        0
  MONTH TO DATE   15                         0     15        8
  SINCE JUN 1     18                         2     16        8
  SINCE JAN 1     18                         3     15       23
..................................................................


WIND (MPH)
  RESULTANT WIND SPEED   3   RESULTANT WIND DIRECTION  SW (240)
  HIGHEST WIND SPEED    15   HIGHEST WIND DIRECTION    SW (230)
  HIGHEST GUST SPEED    21   HIGHEST GUST DIRECTION     W (290)
  AVERAGE WIND SPEED     5.8


SKY COVER
  AVERAGE SKY COVER 0.0


WEATHER CONDITIONS
 THE FOLLOWING WEATHER WAS RECORDED TODAY.
  FOG
  HAZE


RELATIVE HUMIDITY (PERCENT)
 HIGHEST    93           400 AM
 LOWEST     29           500 PM
 AVERAGE    61

..........................................................


THE HOQUIAM WA AIRPORT CLIMATE NORMALS FOR TOMORROW
                         NORMAL    RECORD    YEAR
 MAXIMUM TEMPERATURE (F)   67        90      1968
 MINIMUM TEMPERATURE (F)   54        46      1957


SUNRISE AND SUNSET
JULY 30 2015..........SUNRISE   553 AM PDT   SUNSET   851 PM PDT
JULY 31 2015..........SUNRISE   554 AM PDT   SUNSET   850 PM PDT


-  INDICATES NEGATIVE NUMBERS.
R  INDICATES RECORD WAS SET OR TIED.
MM INDICATES DATA IS MISSING.
T  INDICATES TRACE AMOUNT.




$$
