000
CDUS46 KSEW 080123
CLIHQM


CLIMATE REPORT
NATIONAL WEATHER SERVICE SEATTLE WA
623 PM PDT TUE JUL 7 2015


...................................

...THE HOQUIAM WA AIRPORT CLIMATE SUMMARY FOR JULY 7 2015...
VALID TODAY AS OF 0600 PM LOCAL TIME.

CLIMATE NORMAL PERIOD 1981 TO 2010
CLIMATE RECORD PERIOD 1953 TO 2015


WEATHER ITEM   OBSERVED TIME   RECORD YEAR NORMAL DEPARTURE LAST
                VALUE   (LST)  VALUE       VALUE  FROM      YEAR
                                                  NORMAL
..................................................................
TEMPERATURE (F)
 TODAY
  MAXIMUM         69    338 PM  94    2010  66      3       73
  MINIMUM         60    621 AM  39    1971  53      7       57
  AVERAGE         65                        59      6       65

PRECIPITATION (IN)
  TODAY            0.00          1.00 1976   0.04  -0.04     0.00
  MONTH TO DATE    0.00                      0.34  -0.34     0.08
  SINCE OCT 1     57.91                     63.16  -5.25    53.02
  SINCE JAN 1     26.49                     35.50  -9.01    40.91

DEGREE DAYS
 HEATING
  TODAY            0                         6     -6        0
  MONTH TO DATE    8                        42    -34       14
  SINCE JUN 1    168                       288   -120      218

 COOLING
  TODAY            0                         0      0        0
  MONTH TO DATE    1                         0      1        8
  SINCE JUN 1      4                         2      2        8
  SINCE JAN 1      4                         3      1       23
..................................................................


WIND (MPH)
  RESULTANT WIND SPEED   6   RESULTANT WIND DIRECTION  SW (230)
  HIGHEST WIND SPEED    16   HIGHEST WIND DIRECTION    SW (240)
  HIGHEST GUST SPEED    19   HIGHEST GUST DIRECTION     W (250)
  AVERAGE WIND SPEED     6.5


SKY COVER
  AVERAGE SKY COVER 0.7


WEATHER CONDITIONS
 THE FOLLOWING WEATHER WAS RECORDED TODAY.
  NO SIGNIFICANT WEATHER WAS OBSERVED.


RELATIVE HUMIDITY (PERCENT)
 HIGHEST    84          1200 AM
 LOWEST     59           300 PM
 AVERAGE    72

..........................................................


THE HOQUIAM WA AIRPORT CLIMATE NORMALS FOR TOMORROW
                         NORMAL    RECORD    YEAR
 MAXIMUM TEMPERATURE (F)   66        87      1956
 MINIMUM TEMPERATURE (F)   53        45      1954


SUNRISE AND SUNSET
JULY  7 2015..........SUNRISE   529 AM PDT   SUNSET   912 PM PDT
JULY  8 2015..........SUNRISE   530 AM PDT   SUNSET   912 PM PDT


-  INDICATES NEGATIVE NUMBERS.
R  INDICATES RECORD WAS SET OR TIED.
MM INDICATES DATA IS MISSING.
T  INDICATES TRACE AMOUNT.




$$
