000
CDUS46 KSEW 260829
CLIHQM


CLIMATE REPORT
NATIONAL WEATHER SERVICE SEATTLE WA
1229 AM PST THU FEB 26 2015


...................................

...THE HOQUIAM WA AIRPORT CLIMATE SUMMARY FOR FEBRUARY 25 2015...

CLIMATE NORMAL PERIOD 1981 TO 2010
CLIMATE RECORD PERIOD 1953 TO 2015


WEATHER ITEM   OBSERVED TIME   RECORD YEAR NORMAL DEPARTURE LAST
                VALUE   (LST)  VALUE       VALUE  FROM      YEAR
                                                  NORMAL
..................................................................
TEMPERATURE (F)
 YESTERDAY
  MAXIMUM         52    150 PM  67    1992  51      1       53
  MINIMUM         47    748 AM  24    2011  38      9       42
  AVERAGE         50                        44      6       48

PRECIPITATION (IN)
  YESTERDAY        0.03          1.89 1957   0.25  -0.22     0.00
  MONTH TO DATE    4.66                      6.49  -1.83     8.02
  SINCE OCT 1     47.08                     44.48   2.60    26.63
  SINCE JAN 1     15.66                     16.82  -1.16    14.52

DEGREE DAYS
 HEATING
  YESTERDAY       15                        21     -6       17
  MONTH TO DATE  368                       535   -167      612
  SINCE DEC 1   1537                      1956   -419     2093

 COOLING
  YESTERDAY        0                         0      0        0
  MONTH TO DATE    0                         0      0        0
  SINCE DEC 1      0                         0      0        0
  SINCE JAN 1      0                         0      0        0
..................................................................


WIND (MPH)
  RESULTANT WIND SPEED   4   RESULTANT WIND DIRECTION  SW (240)
  HIGHEST WIND SPEED    13   HIGHEST WIND DIRECTION    SW (230)
  HIGHEST GUST SPEED    18   HIGHEST GUST DIRECTION     W (270)
  AVERAGE WIND SPEED     4.7


SKY COVER
  AVERAGE SKY COVER 0.8


WEATHER CONDITIONS
 THE FOLLOWING WEATHER WAS RECORDED YESTERDAY.
  LIGHT RAIN
  FOG


RELATIVE HUMIDITY (PERCENT)
 HIGHEST   100           600 AM
 LOWEST     83           200 PM
 AVERAGE    92

..........................................................


THE HOQUIAM WA AIRPORT CLIMATE NORMALS FOR TODAY
                         NORMAL    RECORD    YEAR
 MAXIMUM TEMPERATURE (F)   51        72      1992
 MINIMUM TEMPERATURE (F)   38        19      1962


SUNRISE AND SUNSET
FEBRUARY 26 2015......SUNRISE   701 AM PST   SUNSET   557 PM PST
FEBRUARY 27 2015......SUNRISE   659 AM PST   SUNSET   558 PM PST


-  INDICATES NEGATIVE NUMBERS.
R  INDICATES RECORD WAS SET OR TIED.
MM INDICATES DATA IS MISSING.
T  INDICATES TRACE AMOUNT.




$$
