000
CDUS46 KSEW 010827
CLIHQM


CLIMATE REPORT
NATIONAL WEATHER SERVICE SEATTLE WA
1227 AM PST SUN FEB 1 2015


...................................

...THE HOQUIAM WA AIRPORT CLIMATE SUMMARY FOR JANUARY 31 2015...

CLIMATE NORMAL PERIOD 1981 TO 2010
CLIMATE RECORD PERIOD 1953 TO 2015


WEATHER ITEM   OBSERVED TIME   RECORD YEAR NORMAL DEPARTURE LAST
                VALUE   (LST)  VALUE       VALUE  FROM      YEAR
                                                  NORMAL
..................................................................
TEMPERATURE (F)
 YESTERDAY
  MAXIMUM         51    337 PM  59    1998  49      2       47
                                      1993
  MINIMUM         36    814 AM  23    1979  38     -2       39
                                      1956
  AVERAGE         44                        43      1       43

PRECIPITATION (IN)
  YESTERDAY        0.00          1.64 1995   0.30  -0.30     0.04
  MONTH TO DATE   11.00                     10.33   0.67     6.50
  SINCE OCT 1     42.42                     37.99   4.43    18.61
  SINCE JAN 1     11.00                     10.33   0.67     6.50

DEGREE DAYS
 HEATING
  YESTERDAY       21                        22     -1       22
  MONTH TO DATE  576                       693   -117      655
  SINCE DEC 1   1169                      1421   -252     1481

 COOLING
  YESTERDAY        0                         0      0        0
  MONTH TO DATE    0                         0      0        0
  SINCE DEC 1      0                         0      0        0
  SINCE JAN 1      0                         0      0        0
..................................................................


WIND (MPH)
  RESULTANT WIND SPEED  11   RESULTANT WIND DIRECTION   E (70)
  HIGHEST WIND SPEED    17   HIGHEST WIND DIRECTION     E (80)
  HIGHEST GUST SPEED    20   HIGHEST GUST DIRECTION     E (80)
  AVERAGE WIND SPEED    11.4


SKY COVER
  AVERAGE SKY COVER 0.2


WEATHER CONDITIONS
 THE FOLLOWING WEATHER WAS RECORDED YESTERDAY.
  FOG
  FOG W/VISIBILITY <= 1/4 MILE


RELATIVE HUMIDITY (PERCENT)
 HIGHEST   100          1200 AM
 LOWEST     74           200 PM
 AVERAGE    87

..........................................................


THE HOQUIAM WA AIRPORT CLIMATE NORMALS FOR TODAY
                         NORMAL    RECORD    YEAR
 MAXIMUM TEMPERATURE (F)   49        59      1962
 MINIMUM TEMPERATURE (F)   38        19      1989


SUNRISE AND SUNSET
FEBRUARY  1 2015......SUNRISE   741 AM PST   SUNSET   518 PM PST
FEBRUARY  2 2015......SUNRISE   739 AM PST   SUNSET   520 PM PST


-  INDICATES NEGATIVE NUMBERS.
R  INDICATES RECORD WAS SET OR TIED.
MM INDICATES DATA IS MISSING.
T  INDICATES TRACE AMOUNT.




$$
