000
CDUS46 KSEW 300124
CLIHQM


CLIMATE REPORT
NATIONAL WEATHER SERVICE SEATTLE WA
624 PM PDT MON MAY 29 2017


...................................

...THE HOQUIAM WA AIRPORT CLIMATE SUMMARY FOR MAY 29 2017...
VALID TODAY AS OF 0600 PM LOCAL TIME.

CLIMATE NORMAL PERIOD 1981 TO 2010
CLIMATE RECORD PERIOD 1953 TO 2017


WEATHER ITEM   OBSERVED TIME   RECORD YEAR NORMAL DEPARTURE LAST
                VALUE   (LST)  VALUE       VALUE  FROM      YEAR
                                                  NORMAL
..................................................................
TEMPERATURE (F)
 TODAY
  MAXIMUM         57    126 PM  87    2007  61     -4       61
  MINIMUM         52    847 AM  39    1966  48      4       48
  AVERAGE         55                        55      0       55

PRECIPITATION (IN)
  TODAY            0.00          1.89 1969   0.10  -0.10     0.01
  MONTH TO DATE    3.81                      3.10   0.71     1.11
  SINCE OCT 1     82.02                     60.39  21.63    72.98
  SINCE JAN 1     40.48                     32.73   7.75    39.56

DEGREE DAYS
 HEATING
  TODAY           10                        10      0       10
  MONTH TO DATE  334                       350    -16      271
  SINCE MAR 1   1407                      1428    -21     1128

 COOLING
  TODAY            0                         0      0        0
  MONTH TO DATE    0                         0      0        1
  SINCE MAR 1      0                         0      0        5
  SINCE JAN 1      0                         0      0        5
..................................................................


WIND (MPH)
  RESULTANT WIND SPEED   7   RESULTANT WIND DIRECTION   W (260)
  HIGHEST WIND SPEED    16   HIGHEST WIND DIRECTION     W (250)
  HIGHEST GUST SPEED    20   HIGHEST GUST DIRECTION    SW (240)
  AVERAGE WIND SPEED     7.4


SKY COVER
  AVERAGE SKY COVER 1.0


WEATHER CONDITIONS
 THE FOLLOWING WEATHER WAS RECORDED TODAY.
  FOG


RELATIVE HUMIDITY (PERCENT)
 HIGHEST   100          1200 AM
 LOWEST     80           100 PM
 AVERAGE    90

..........................................................


THE HOQUIAM WA AIRPORT CLIMATE NORMALS FOR TOMORROW
                         NORMAL    RECORD    YEAR
 MAXIMUM TEMPERATURE (F)   61        79      1986
                                             1956
 MINIMUM TEMPERATURE (F)   49        39      1970


SUNRISE AND SUNSET
MAY 29 2017...........SUNRISE   526 AM PDT   SUNSET   900 PM PDT
MAY 30 2017...........SUNRISE   526 AM PDT   SUNSET   901 PM PDT


-  INDICATES NEGATIVE NUMBERS.
R  INDICATES RECORD WAS SET OR TIED.
MM INDICATES DATA IS MISSING.
T  INDICATES TRACE AMOUNT.




$$
