000
CDUS44 KBRO 302126
CLIHRL


CLIMATE REPORT
NATIONAL WEATHER SERVICE BROWNSVILLE TX
425 PM CDT SAT JUL 30 2016


...................................

...THE HARLINGEN CLIMATE SUMMARY FOR JULY 30 2016...
VALID TODAY AS OF 0400 PM LOCAL TIME.

CLIMATE NORMAL PERIOD 1981 TO 2010
CLIMATE RECORD PERIOD 1912 TO 2016


WEATHER ITEM   OBSERVED TIME   RECORD YEAR NORMAL DEPARTURE LAST
                VALUE   (LST)  VALUE       VALUE  FROM      YEAR
                                                  NORMAL
..................................................................
TEMPERATURE (F)
 TODAY
  MAXIMUM         99    259 PM 105    1946  96      3      100
  MINIMUM         74    413 AM  69    1971  75     -1       72
  AVERAGE         87                        86      1       86

PRECIPITATION (IN)
  TODAY            0.02          0.30 1931   0.04  -0.02     0.00
  MONTH TO DATE    0.11                      1.88  -1.77     1.12
  SINCE JUN 1      5.24                      4.38   0.86     3.33
  SINCE JAN 1     12.13                     12.30  -0.17    15.83

SNOWFALL (IN)
  TODAY            0.0
  MONTH TO DATE    0.0
  SINCE JUN 1      0.0
  SINCE JUL 1      0.0
  SNOW DEPTH       0

DEGREE DAYS
 HEATING
  TODAY            0                         0      0        0
  MONTH TO DATE    0                         0      0        0
  SINCE JUN 1      0                         0      0        0
  SINCE JUL 1      0                         0      0        0

 COOLING
  TODAY           22                        21      1       21
  MONTH TO DATE  671                       601     70      635
  SINCE JUN 1   1256                      1169     87     1202
  SINCE JAN 1   2617                      2270    347     2286
..................................................................


WIND (MPH)
  HIGHEST WIND SPEED    23   HIGHEST WIND DIRECTION    SE (150)
  HIGHEST GUST SPEED    29   HIGHEST GUST DIRECTION    SE (130)
  AVERAGE WIND SPEED     7.5



WEATHER CONDITIONS
 THE FOLLOWING WEATHER WAS RECORDED TODAY.
  THUNDERSTORM
  LIGHT RAIN


RELATIVE HUMIDITY (PERCENT)
 HIGHEST    94
 LOWEST     42
 AVERAGE    68

..........................................................


THE HARLINGEN CLIMATE NORMALS FOR TOMORROW
                         NORMAL    RECORD    YEAR
 MAXIMUM TEMPERATURE (F)   96       104      1960
 MINIMUM TEMPERATURE (F)   75        69      1971


SUNRISE AND SUNSET
JULY 30 2016..........SUNRISE   656 AM CDT   SUNSET   818 PM CDT
JULY 31 2016..........SUNRISE   656 AM CDT   SUNSET   818 PM CDT


-  INDICATES NEGATIVE NUMBERS.
R  INDICATES RECORD WAS SET OR TIED.
MM INDICATES DATA IS MISSING.
T  INDICATES TRACE AMOUNT.




$$
