000
CDUS44 KBRO 280626
CLIHRL


CLIMATE REPORT
NATIONAL WEATHER SERVICE BROWNSVILLE TX
126 AM CDT THU MAY 28 2015


...................................

...THE HARLINGEN CLIMATE SUMMARY FOR MAY 27 2015...

CLIMATE NORMAL PERIOD 1981 TO 2010
CLIMATE RECORD PERIOD 1912 TO 2015


WEATHER ITEM   OBSERVED TIME   RECORD YEAR NORMAL DEPARTURE LAST
                VALUE   (LST)  VALUE       VALUE  FROM      YEAR
                                                  NORMAL
..................................................................
TEMPERATURE (F)
 YESTERDAY
  MAXIMUM         92   1239 PM  99    2011  92      0       93
  MINIMUM         76    507 AM  59    1913  73      3       76
  AVERAGE         84                        82      2       85

PRECIPITATION (IN)
  YESTERDAY        0.00          1.11 2007   0.09  -0.09      T
  MONTH TO DATE    1.13                      2.14  -1.01     1.77
  SINCE MAR 1      7.92                      5.10   2.82     3.72
  SINCE JAN 1     10.84                      7.57   3.27     4.72

SNOWFALL (IN)
  YESTERDAY        0.0
  MONTH TO DATE    0.0
  SINCE MAR 1      0.0
  SINCE JUL 1      0.0

DEGREE DAYS
 HEATING
  YESTERDAY        0                         0      0        0
  MONTH TO DATE    0                         0      0        0
  SINCE MAR 1     74                        54     20      119
  SINCE JUL 1    767                       622    145      930

 COOLING
  YESTERDAY       19                        17      2       20
  MONTH TO DATE  459                       416     43      341
  SINCE MAR 1    959                       905     54      752
  SINCE JAN 1   1018                      1030    -12      863
..................................................................


WIND (MPH)
  HIGHEST WIND SPEED    22   HIGHEST WIND DIRECTION     E (110)
  HIGHEST GUST SPEED    28   HIGHEST GUST DIRECTION     E (110)
  AVERAGE WIND SPEED    13.4



WEATHER CONDITIONS
 THE FOLLOWING WEATHER WAS RECORDED YESTERDAY.
  FOG


RELATIVE HUMIDITY (PERCENT)
 HIGHEST    97
 LOWEST     64
 AVERAGE    81

..........................................................


THE HARLINGEN CLIMATE NORMALS FOR TODAY
                         NORMAL    RECORD    YEAR
 MAXIMUM TEMPERATURE (F)   92       104      1973
 MINIMUM TEMPERATURE (F)   73        58      1913


SUNRISE AND SUNSET
MAY 28 2015...........SUNRISE   639 AM CDT   SUNSET   817 PM CDT
MAY 29 2015...........SUNRISE   639 AM CDT   SUNSET   817 PM CDT


-  INDICATES NEGATIVE NUMBERS.
R  INDICATES RECORD WAS SET OR TIED.
MM INDICATES DATA IS MISSING.
T  INDICATES TRACE AMOUNT.




$$
