000
CDUS44 KBRO 260726
CLIHRL


CLIMATE REPORT
NATIONAL WEATHER SERVICE BROWNSVILLE TX
126 AM CST FRI DEC 26 2014


...................................

...THE HARLINGEN CLIMATE SUMMARY FOR DECEMBER 25 2014...

CLIMATE NORMAL PERIOD 1981 TO 2010
CLIMATE RECORD PERIOD 1912 TO 2014


WEATHER ITEM   OBSERVED TIME   RECORD YEAR NORMAL DEPARTURE LAST
                VALUE   (LST)  VALUE       VALUE  FROM      YEAR
                                                  NORMAL
..................................................................
TEMPERATURE (F)
 YESTERDAY
  MAXIMUM         71    111 PM  88    2088  70      1       74
                                      1964
  MINIMUM         36    436 AM  18    1989  49    -13       51
  AVERAGE         54                        59     -5       63

PRECIPITATION (IN)
  YESTERDAY        T             0.85 1958   0.03  -0.03      T
  MONTH TO DATE    1.07                      1.13  -0.06     0.13
  SINCE DEC 1      1.07                      1.13  -0.06     0.13
  SINCE JAN 1     22.86                     25.05  -2.19    29.30

SNOWFALL (IN)
  YESTERDAY       MM
  MONTH TO DATE    0.0
  SINCE DEC 1      0.0
  SINCE JUL 1      0.0

DEGREE DAYS
 HEATING
  YESTERDAY       11                         7      4        2
  MONTH TO DATE   51                       149    -98      180
  SINCE DEC 1     51                       149    -98      180
  SINCE JUL 1    186                       206    -20      312

 COOLING
  YESTERDAY        0                         1     -1        0
  MONTH TO DATE   84                        48     36       63
  SINCE DEC 1     84                        48     36       63
  SINCE JAN 1   3911                      3982    -71     4076
..................................................................


WIND (MPH)
  HIGHEST WIND SPEED    28   HIGHEST WIND DIRECTION    SE (150)
  HIGHEST GUST SPEED    33   HIGHEST GUST DIRECTION     S (160)
  AVERAGE WIND SPEED    11.1



WEATHER CONDITIONS
 THE FOLLOWING WEATHER WAS RECORDED YESTERDAY.
  HAZE


RELATIVE HUMIDITY (PERCENT)
 HIGHEST    85
 LOWEST     40
 AVERAGE    63

..........................................................


THE HARLINGEN CLIMATE NORMALS FOR TODAY
                         NORMAL    RECORD    YEAR
 MAXIMUM TEMPERATURE (F)   70        89      1964
 MINIMUM TEMPERATURE (F)   49        19      1983


SUNRISE AND SUNSET
DECEMBER 26 2014......SUNRISE   716 AM CST   SUNSET   546 PM CST
DECEMBER 27 2014......SUNRISE   717 AM CST   SUNSET   547 PM CST


-  INDICATES NEGATIVE NUMBERS.
R  INDICATES RECORD WAS SET OR TIED.
MM INDICATES DATA IS MISSING.
T  INDICATES TRACE AMOUNT.




$$
