000
CDUS44 KBRO 170625
CLIHRL


CLIMATE REPORT
NATIONAL WEATHER SERVICE BROWNSVILLE TX
125 AM CDT THU APR 17 2014


...................................

...THE HARLINGEN CLIMATE SUMMARY FOR APRIL 16 2014...

CLIMATE NORMAL PERIOD 1981 TO 2010
CLIMATE RECORD PERIOD 1912 TO 2014


WEATHER ITEM   OBSERVED TIME   RECORD YEAR NORMAL DEPARTURE LAST
                VALUE   (LST)  VALUE       VALUE  FROM      YEAR
                                                  NORMAL
..................................................................
TEMPERATURE (F)
 YESTERDAY
  MAXIMUM         77    313 PM 100    1920  86     -9       96
  MINIMUM         43R   437 AM  47    1961  65    -22       72
  AVERAGE         60                        76    -16       84

PRECIPITATION (IN)
  YESTERDAY        0.00          2.77 2010   0.07  -0.07     0.00
  MONTH TO DATE    0.09                      0.91  -0.82     0.04
  SINCE MAR 1      1.87                      2.20  -0.33     0.10
  SINCE JAN 1      2.87                      4.67  -1.80     2.84

SNOWFALL (IN)
  YESTERDAY        0.0
  MONTH TO DATE    0.0
  SINCE MAR 1      0.0
  SINCE JUL 1      0.0

DEGREE DAYS
 HEATING
  YESTERDAY        5                         0      5        0
  MONTH TO DATE   12                         7      5        2
  SINCE MAR 1    119                        53     66       45
  SINCE JUL 1    930                       621    309      393

 COOLING
  YESTERDAY        0                        11    -11       19
  MONTH TO DATE  125                       151    -26      169
  SINCE MAR 1    237                       321    -84      330
  SINCE JAN 1    348                       446    -98      524
..................................................................


WIND (MPH)
  HIGHEST WIND SPEED    23   HIGHEST WIND DIRECTION    SE (130)
  HIGHEST GUST SPEED    26   HIGHEST GUST DIRECTION    SE (130)
  AVERAGE WIND SPEED     9.5



WEATHER CONDITIONS
 THE FOLLOWING WEATHER WAS RECORDED YESTERDAY.
  NO SIGNIFICANT WEATHER WAS OBSERVED.


RELATIVE HUMIDITY (PERCENT)
 HIGHEST    92
 LOWEST     43
 AVERAGE    68

..........................................................


THE HARLINGEN CLIMATE NORMALS FOR TODAY
                         NORMAL    RECORD    YEAR
 MAXIMUM TEMPERATURE (F)   86       107      1920
 MINIMUM TEMPERATURE (F)   65        45      1999


SUNRISE AND SUNSET
APRIL 17 2014.........SUNRISE   705 AM CDT   SUNSET   755 PM CDT
APRIL 18 2014.........SUNRISE   704 AM CDT   SUNSET   756 PM CDT


-  INDICATES NEGATIVE NUMBERS.
R  INDICATES RECORD WAS SET OR TIED.
MM INDICATES DATA IS MISSING.
T  INDICATES TRACE AMOUNT.




$$
