000
CDUS44 KBRO 230732
CLIHRL


CLIMATE REPORT
NATIONAL WEATHER SERVICE BROWNSVILLE TX
132 AM CST FRI FEB 23 2018


...................................

...THE HARLINGEN CLIMATE SUMMARY FOR FEBRUARY 22 2018...

CLIMATE NORMAL PERIOD 1981 TO 2010
CLIMATE RECORD PERIOD 1912 TO 2018


WEATHER ITEM   OBSERVED TIME   RECORD YEAR NORMAL DEPARTURE LAST
                VALUE   (LST)  VALUE       VALUE  FROM      YEAR
                                                  NORMAL
..................................................................
TEMPERATURE (F)
 YESTERDAY
  MAXIMUM         65    552 PM  94    2017  75    -10       94
  MINIMUM         50    818 AM  32    1978  54     -4       50
  AVERAGE         58                        64     -6       72

PRECIPITATION (IN)
  YESTERDAY        T             2.40 1958   0.03  -0.03     0.00
  MONTH TO DATE    0.15                      1.19  -1.04     0.41
  SINCE DEC 1      3.60                      3.51   0.09     2.64
  SINCE JAN 1      2.59                      2.25   0.34     1.31

SNOWFALL (IN)
  YESTERDAY        0.0
  MONTH TO DATE    0.0
  SINCE DEC 1      1.0
  SINCE JUL 1      1.0

DEGREE DAYS
 HEATING
  YESTERDAY        7                         4      3        0
  MONTH TO DATE   75                       101    -26        9
  SINCE DEC 1    597                       492    105      215
  SINCE JUL 1    640                       549     91      230

 COOLING
  YESTERDAY        0                         3     -3        7
  MONTH TO DATE  115                        57     58      174
  SINCE DEC 1    223                       164     59      462
  SINCE JAN 1    138                       106     32      305
..................................................................


WIND (MPH)
  HIGHEST WIND SPEED    21   HIGHEST WIND DIRECTION    NW (330)
  HIGHEST GUST SPEED    24   HIGHEST GUST DIRECTION    NW (330)
  AVERAGE WIND SPEED    10.1



WEATHER CONDITIONS
 THE FOLLOWING WEATHER WAS RECORDED YESTERDAY.
  LIGHT RAIN
  FOG


RELATIVE HUMIDITY (PERCENT)
 HIGHEST   100
 LOWEST     84
 AVERAGE    92

..........................................................


THE HARLINGEN CLIMATE NORMALS FOR TODAY
                         NORMAL    RECORD    YEAR
 MAXIMUM TEMPERATURE (F)   76        96      2017
 MINIMUM TEMPERATURE (F)   54        32      1978


SUNRISE AND SUNSET
FEBRUARY 23 2018......SUNRISE   700 AM CST   SUNSET   629 PM CST
FEBRUARY 24 2018......SUNRISE   659 AM CST   SUNSET   629 PM CST


-  INDICATES NEGATIVE NUMBERS.
R  INDICATES RECORD WAS SET OR TIED.
MM INDICATES DATA IS MISSING.
T  INDICATES TRACE AMOUNT.




$$
