000
CDUS44 KBRO 192241
CLIHRL


CLIMATE REPORT
NATIONAL WEATHER SERVICE BROWNSVILLE TX
441 PM CST SUN FEB 19 2017


...................................

...THE HARLINGEN CLIMATE SUMMARY FOR FEBRUARY 19 2017...
VALID TODAY AS OF 0400 PM LOCAL TIME.

CLIMATE NORMAL PERIOD 1981 TO 2010
CLIMATE RECORD PERIOD 1912 TO 2017


WEATHER ITEM   OBSERVED TIME   RECORD YEAR NORMAL DEPARTURE LAST
                VALUE   (LST)  VALUE       VALUE  FROM      YEAR
                                                  NORMAL
..................................................................
TEMPERATURE (F)
 TODAY
  MAXIMUM         90    248 PM  95    1986  75     15       86
  MINIMUM         75    758 AM  34    1978  53     22       55
  AVERAGE         83                        64     19       71

PRECIPITATION (IN)
  TODAY            0.00          0.50 1921   0.04  -0.04     0.00
  MONTH TO DATE    0.29                      1.08  -0.79     0.00
  SINCE DEC 1      2.52                      3.40  -0.88     2.21
  SINCE JAN 1      1.19                      2.14  -0.95     1.91

SNOWFALL (IN)
  TODAY            0.0
  MONTH TO DATE    0.0
  SINCE DEC 1      0.0
  SINCE JUL 1      0.0
  SNOW DEPTH       0

DEGREE DAYS
 HEATING
  TODAY            0                         4     -4        0
  MONTH TO DATE    9                        89    -80       51
  SINCE DEC 1    215                       480   -265      324
  SINCE JUL 1    230                       537   -307      360

 COOLING
  TODAY           18                         3     15        6
  MONTH TO DATE  156                        48    108       58
  SINCE DEC 1    444                       155    289      219
  SINCE JAN 1    287                        97    190       86
..................................................................


WIND (MPH)
  HIGHEST WIND SPEED    35   HIGHEST WIND DIRECTION     S (160)
  HIGHEST GUST SPEED    43   HIGHEST GUST DIRECTION     S (160)
  AVERAGE WIND SPEED    21.7



WEATHER CONDITIONS
 THE FOLLOWING WEATHER WAS RECORDED TODAY.
  FOG
  HAZE


RELATIVE HUMIDITY (PERCENT)
 HIGHEST    87
 LOWEST     52
 AVERAGE    70

..........................................................


THE HARLINGEN CLIMATE NORMALS FOR TOMORROW
                         NORMAL    RECORD    YEAR
 MAXIMUM TEMPERATURE (F)   75        95      1912
 MINIMUM TEMPERATURE (F)   54        35      1942
                                             1978


SUNRISE AND SUNSET
FEBRUARY 19 2017......SUNRISE   703 AM CST   SUNSET   626 PM CST
FEBRUARY 20 2017......SUNRISE   702 AM CST   SUNSET   627 PM CST


-  INDICATES NEGATIVE NUMBERS.
R  INDICATES RECORD WAS SET OR TIED.
MM INDICATES DATA IS MISSING.
T  INDICATES TRACE AMOUNT.




$$
