000
CDUS44 KBRO 110727
CLIHRL


CLIMATE REPORT
NATIONAL WEATHER SERVICE BROWNSVILLE TX
126 AM CST MON DEC 11 2017


...................................

...THE HARLINGEN CLIMATE SUMMARY FOR DECEMBER 10 2017...

CLIMATE NORMAL PERIOD 1981 TO 2010
CLIMATE RECORD PERIOD 1912 TO 2017


WEATHER ITEM   OBSERVED TIME   RECORD YEAR NORMAL DEPARTURE LAST
                VALUE   (LST)  VALUE       VALUE  FROM      YEAR
                                                  NORMAL
..................................................................
TEMPERATURE (F)
 YESTERDAY
  MAXIMUM         72    227 PM  93    1939  72      0       59
  MINIMUM         39    632 AM  30    1978  51    -12       46
  AVERAGE         56                        61     -5       53

PRECIPITATION (IN)
  YESTERDAY        0.00          2.66 1982   0.06  -0.06     0.01
  MONTH TO DATE    0.80                      0.53   0.27     1.05
  SINCE DEC 1      0.80                      0.53   0.27     1.05
  SINCE JAN 1     19.13                     24.45  -5.32    21.31

SNOWFALL (IN)
  YESTERDAY        0.0
  MONTH TO DATE    1.0
  SINCE DEC 1      1.0
  SINCE JUL 1      1.0

DEGREE DAYS
 HEATING
  YESTERDAY        9                         6      3       12
  MONTH TO DATE   84                        52     32       55
  SINCE DEC 1     84                        52     32       55
  SINCE JUL 1    127                       109     18       70

 COOLING
  YESTERDAY        0                         2     -2        0
  MONTH TO DATE   41                        25     16       24
  SINCE DEC 1     41                        25     16       24
  SINCE JAN 1   4696                      3959    737     4662
..................................................................


WIND (MPH)
  HIGHEST WIND SPEED    10   HIGHEST WIND DIRECTION     E (70)
  HIGHEST GUST SPEED    13   HIGHEST GUST DIRECTION     E (80)
  AVERAGE WIND SPEED     4.9



WEATHER CONDITIONS
 THE FOLLOWING WEATHER WAS RECORDED YESTERDAY.
  NO SIGNIFICANT WEATHER WAS OBSERVED.


RELATIVE HUMIDITY (PERCENT)
 HIGHEST    89
 LOWEST     25
 AVERAGE    57

..........................................................


THE HARLINGEN CLIMATE NORMALS FOR TODAY
                         NORMAL    RECORD    YEAR
 MAXIMUM TEMPERATURE (F)   72        92      1939
 MINIMUM TEMPERATURE (F)   50        30      1944


SUNRISE AND SUNSET
DECEMBER 11 2017......SUNRISE   708 AM CST   SUNSET   540 PM CST
DECEMBER 12 2017......SUNRISE   709 AM CST   SUNSET   540 PM CST


-  INDICATES NEGATIVE NUMBERS.
R  INDICATES RECORD WAS SET OR TIED.
MM INDICATES DATA IS MISSING.
T  INDICATES TRACE AMOUNT.




$$
