000
CDUS44 KLZK 272208
CLIHRO


CLIMATE REPORT
NATIONAL WEATHER SERVICE LITTLE ROCK AR
408 PM CST TUE JAN 27 2015


...................................

...THE HARRISON CLIMATE SUMMARY FOR JANUARY 27 2015...
VALID TODAY AS OF 0400 PM LOCAL TIME.

CLIMATE NORMAL PERIOD 1981 TO 2010
CLIMATE RECORD PERIOD 1891 TO 2015


WEATHER ITEM   OBSERVED TIME   RECORD YEAR NORMAL DEPARTURE LAST
                VALUE   (LST)  VALUE       VALUE  FROM      YEAR
                                                  NORMAL
..................................................................
TEMPERATURE (F)
 TODAY
  MAXIMUM         64    352 PM  76    1975  47     17       39
                                      1914
  MINIMUM         42    738 AM   0    1897  27     15       15
  AVERAGE         53                        37     16       27

PRECIPITATION (IN)
  TODAY            0.00          3.76 2009   0.08  -0.08     0.00
  MONTH TO DATE    1.82                      2.24  -0.42     1.03
  SINCE DEC 1      4.07                      5.44  -1.37     4.78
  SINCE JAN 1      1.82                      2.24  -0.42     1.03

SNOWFALL (IN)
  TODAY            0.0           5.1  2000   0.2   -0.2      0.0
  MONTH TO DATE    T                         3.6   -3.6      1.0
  SINCE DEC 1      T                         4.9   -4.9     10.0
  SINCE JUL 1      0.6                       5.4   -4.8     10.0
  SNOW DEPTH       0

DEGREE DAYS
 HEATING
  TODAY           12                        28    -16       38
  MONTH TO DATE  761                       776    -15      850
  SINCE DEC 1   1540                      1611    -71     1728
  SINCE JUL 1   2394                      2375     19     2541

 COOLING
  TODAY            0                         0      0        0
  MONTH TO DATE    0                         0      0        0
  SINCE DEC 1      0                         0      0        0
  SINCE JAN 1      0                         0      0        0
..................................................................


WIND (MPH)
  HIGHEST WIND SPEED    12   HIGHEST WIND DIRECTION     W (290)
  HIGHEST GUST SPEED    15   HIGHEST GUST DIRECTION     W (290)
  AVERAGE WIND SPEED     5.9


SKY COVER
  POSSIBLE SUNSHINE  MM
  AVERAGE SKY COVER 0.0


WEATHER CONDITIONS
 THE FOLLOWING WEATHER WAS RECORDED TODAY.
  NO SIGNIFICANT WEATHER WAS OBSERVED.


RELATIVE HUMIDITY (PERCENT)
 HIGHEST    70           800 AM
 LOWEST     25           200 PM
 AVERAGE    48

..........................................................


THE HARRISON CLIMATE NORMALS FOR TOMORROW
                         NORMAL    RECORD    YEAR
 MAXIMUM TEMPERATURE (F)   48        76      2002
 MINIMUM TEMPERATURE (F)   27        -4      1948


SUNRISE AND SUNSET
JANUARY 27 2015.......SUNRISE   717 AM CST   SUNSET   534 PM CST
JANUARY 28 2015.......SUNRISE   717 AM CST   SUNSET   535 PM CST


-  INDICATES NEGATIVE NUMBERS.
R  INDICATES RECORD WAS SET OR TIED.
MM INDICATES DATA IS MISSING.
T  INDICATES TRACE AMOUNT.




$$
