000
CDUS44 KLZK 181006
CLIHRO


CLIMATE REPORT
NATIONAL WEATHER SERVICE LITTLE ROCK AR
406 AM CST THU DEC 18 2014


...................................

...THE HARRISON CLIMATE SUMMARY FOR DECEMBER 17 2014...

CLIMATE NORMAL PERIOD 1981 TO 2010
CLIMATE RECORD PERIOD 1891 TO 2014


WEATHER ITEM   OBSERVED TIME   RECORD YEAR NORMAL DEPARTURE LAST
                VALUE   (LST)  VALUE       VALUE  FROM      YEAR
                                                  NORMAL
..................................................................
TEMPERATURE (F)
 YESTERDAY
  MAXIMUM         36    232 PM  73    1962  47    -11       59
  MINIMUM         24    725 AM   1    1901  28     -4       35
  AVERAGE         30                        37     -7       47

PRECIPITATION (IN)
  YESTERDAY        0.52          1.35 1995   0.09   0.43     0.00
  MONTH TO DATE    1.96                      1.87   0.09     2.24
  SINCE DEC 1      1.96                      1.87   0.09     2.24
  SINCE JAN 1     40.91                     42.81  -1.90    43.75

SNOWFALL (IN)
  YESTERDAY        T             3.0  1907   0.0    0.0      0.0
  MONTH TO DATE    T                         0.0    0.0      9.0
  SINCE DEC 1      T                         0.0    0.0      9.0
  SINCE JUL 1      0.6                       0.5    0.1      9.0
  SNOW DEPTH       0

DEGREE DAYS
 HEATING
  YESTERDAY       35                        28      7       18
  MONTH TO DATE  396                       434    -38      505
  SINCE DEC 1    396                       434    -38      505
  SINCE JUL 1   1250                      1198     52     1318

 COOLING
  YESTERDAY        0                         0      0        0
  MONTH TO DATE    0                         0      0        0
  SINCE DEC 1      0                         0      0        0
  SINCE JAN 1   1354                      1416    -62     1414
..................................................................


WIND (MPH)
  HIGHEST WIND SPEED    15   HIGHEST WIND DIRECTION    SE (140)
  HIGHEST GUST SPEED    18   HIGHEST GUST DIRECTION    SE (140)
  AVERAGE WIND SPEED     3.8


SKY COVER
  POSSIBLE SUNSHINE  MM
  AVERAGE SKY COVER 0.5


WEATHER CONDITIONS
 THE FOLLOWING WEATHER WAS RECORDED YESTERDAY.
  RAIN
  LIGHT RAIN
  SLEET
  FOG


RELATIVE HUMIDITY (PERCENT)
 HIGHEST    96           700 PM
 LOWEST     70           100 PM
 AVERAGE    83

..........................................................


THE HARRISON CLIMATE NORMALS FOR TODAY
                         NORMAL    RECORD    YEAR
 MAXIMUM TEMPERATURE (F)   47        72      1962
 MINIMUM TEMPERATURE (F)   28         0      1901


SUNRISE AND SUNSET
DECEMBER 18 2014......SUNRISE   718 AM CST   SUNSET   500 PM CST
DECEMBER 19 2014......SUNRISE   719 AM CST   SUNSET   501 PM CST


-  INDICATES NEGATIVE NUMBERS.
R  INDICATES RECORD WAS SET OR TIED.
MM INDICATES DATA IS MISSING.
T  INDICATES TRACE AMOUNT.




$$
