000
CDUS44 KLZK 170656
CLIHRO


CLIMATE REPORT
NATIONAL WEATHER SERVICE LITTLE ROCK AR
1255 AM CST WED JAN 17 2018


...................................

...THE HARRISON CLIMATE SUMMARY FOR JANUARY 16 2018...

CLIMATE NORMAL PERIOD 1981 TO 2010
CLIMATE RECORD PERIOD 1891 TO 2018


WEATHER ITEM   OBSERVED TIME   RECORD YEAR NORMAL DEPARTURE LAST
                VALUE   (LST)  VALUE       VALUE  FROM      YEAR
                                                  NORMAL
..................................................................
TEMPERATURE (F)
 YESTERDAY
  MAXIMUM         10    303 PM  74    1943  46    -36       62
  MINIMUM          0    822 AM  -1    1977  26    -26       41
  AVERAGE          5                        36    -31       52

PRECIPITATION (IN)
  YESTERDAY        T             1.75 1932   0.09  -0.09     0.40
  MONTH TO DATE    0.82                      1.35  -0.53     1.44
  SINCE DEC 1      2.70                      4.55  -1.85     2.76
  SINCE JAN 1      0.82                      1.35  -0.53     1.44

SNOWFALL (IN)
  YESTERDAY        T             4.0  1978   0.1   -0.1      0.0
  MONTH TO DATE    1.5                       1.6   -0.1      0.4
  SINCE DEC 1      1.8                       2.9   -1.1      0.9
  SINCE JUL 1      1.8                       3.4   -1.6      0.9
  SNOW DEPTH       1

DEGREE DAYS
 HEATING
  YESTERDAY       60                        29     31       13
  MONTH TO DATE  607                       464    143      446
  SINCE DEC 1   1386                      1299     87     1255
  SINCE JUL 1   1982                      2063    -81     1705

 COOLING
  YESTERDAY        0                         0      0        0
  MONTH TO DATE    0                         0      0        0
  SINCE DEC 1      0                         0      0        0
  SINCE JAN 1      0                         0      0        0
..................................................................


WIND (MPH)
  HIGHEST WIND SPEED    18   HIGHEST WIND DIRECTION    NW (330)
  HIGHEST GUST SPEED    27   HIGHEST GUST DIRECTION     N (340)
  AVERAGE WIND SPEED     9.9


SKY COVER
  POSSIBLE SUNSHINE  MM
  AVERAGE SKY COVER 0.4


WEATHER CONDITIONS
 THE FOLLOWING WEATHER WAS RECORDED YESTERDAY.
  FOG
  HAZE


RELATIVE HUMIDITY (PERCENT)
 HIGHEST    87          1000 PM
 LOWEST     58           200 PM
 AVERAGE    73

..........................................................


THE HARRISON CLIMATE NORMALS FOR TODAY
                         NORMAL    RECORD    YEAR
 MAXIMUM TEMPERATURE (F)   46        75      1952
 MINIMUM TEMPERATURE (F)   26        -2      1982


SUNRISE AND SUNSET
JANUARY 17 2018.......SUNRISE   722 AM CST   SUNSET   523 PM CST
JANUARY 18 2018.......SUNRISE   722 AM CST   SUNSET   524 PM CST


-  INDICATES NEGATIVE NUMBERS.
R  INDICATES RECORD WAS SET OR TIED.
MM INDICATES DATA IS MISSING.
T  INDICATES TRACE AMOUNT.




$$
