000
CDUS44 KLZK 012234
CLIHRO


CLIMATE REPORT
NATIONAL WEATHER SERVICE LITTLE ROCK AR
434 PM CST SUN MAR 1 2015


...................................

...THE HARRISON CLIMATE SUMMARY FOR MARCH 1 2015...
VALID TODAY AS OF 0400 PM LOCAL TIME.

CLIMATE NORMAL PERIOD 1981 TO 2010
CLIMATE RECORD PERIOD 1891 TO 2015


WEATHER ITEM   OBSERVED TIME   RECORD YEAR NORMAL DEPARTURE LAST
                VALUE   (LST)  VALUE       VALUE  FROM      YEAR
                                                  NORMAL
..................................................................
TEMPERATURE (F)
 TODAY
  MAXIMUM         34    206 PM  84    2006  55    -21       51
  MINIMUM         26   1219 AM   9    1962  34     -8       34
  AVERAGE         30                        44    -14       43

PRECIPITATION (IN)
  TODAY            0.18          0.93 1973   0.10   0.08      T
  MONTH TO DATE    0.18                      0.10   0.08      T
  SINCE MAR 1      0.18                      0.10   0.08      T
  SINCE JAN 1      3.72                      5.30  -1.58     1.95

SNOWFALL (IN)
  TODAY            0.0           5.0  1927   0.1   -0.1      0.0
  MONTH TO DATE    0.0                       0.1   -0.1      0.0
  SINCE MAR 1      0.0                       0.1   -0.1      0.0
  SINCE JUL 1      9.3                       9.3    0.0     15.8
  SNOW DEPTH       0

DEGREE DAYS
 HEATING
  TODAY           35                        21     14       22
  MONTH TO DATE   35                        21     14       22
  SINCE MAR 1     35                        21     14       22
  SINCE JUL 1   3430                      3193    237     3557

 COOLING
  TODAY            0                         0      0        0
  MONTH TO DATE    0                         0      0        0
  SINCE MAR 1      0                         0      0        0
  SINCE JAN 1      0                         0      0        0
..................................................................


WIND (MPH)
  HIGHEST WIND SPEED    10   HIGHEST WIND DIRECTION    SE (150)
  HIGHEST GUST SPEED    13   HIGHEST GUST DIRECTION    SE (150)
  AVERAGE WIND SPEED     5.4


SKY COVER
  POSSIBLE SUNSHINE  MM
  AVERAGE SKY COVER 1.0


WEATHER CONDITIONS
 THE FOLLOWING WEATHER WAS RECORDED TODAY.
  FREEZING RAIN
  LT FREEZING RAIN
  FOG


RELATIVE HUMIDITY (PERCENT)
 HIGHEST   100          1200 AM
 LOWEST     89           200 PM
 AVERAGE    95

..........................................................


THE HARRISON CLIMATE NORMALS FOR TOMORROW
                         NORMAL    RECORD    YEAR
 MAXIMUM TEMPERATURE (F)   55        84      1901
 MINIMUM TEMPERATURE (F)   34         4      1980


SUNRISE AND SUNSET
MARCH  1 2015.........SUNRISE   643 AM CST   SUNSET   607 PM CST
MARCH  2 2015.........SUNRISE   642 AM CST   SUNSET   608 PM CST


-  INDICATES NEGATIVE NUMBERS.
R  INDICATES RECORD WAS SET OR TIED.
MM INDICATES DATA IS MISSING.
T  INDICATES TRACE AMOUNT.




$$
