000
CDUS44 KLZK 172113
CLIHRO


CLIMATE REPORT
NATIONAL WEATHER SERVICE LITTLE ROCK AR
413 PM CDT THU APR 17 2014


...................................

...THE HARRISON CLIMATE SUMMARY FOR APRIL 17 2014...
VALID TODAY AS OF 0400 PM LOCAL TIME.

CLIMATE NORMAL PERIOD 1981 TO 2010
CLIMATE RECORD PERIOD 1891 TO 2014


WEATHER ITEM   OBSERVED TIME   RECORD YEAR NORMAL DEPARTURE LAST
                VALUE   (LST)  VALUE       VALUE  FROM      YEAR
                                                  NORMAL
..................................................................
TEMPERATURE (F)
 TODAY
  MAXIMUM         69    307 PM  91    1937  70     -1       84
  MINIMUM         38    547 AM  21    1951  47     -9       57
  AVERAGE         54                        58     -4       71

PRECIPITATION (IN)
  TODAY            0.00          1.79 1901   0.15  -0.15     0.00
  MONTH TO DATE    2.34                      2.23   0.11     0.86
  SINCE MAR 1      6.78                      6.02   0.76     3.46
  SINCE JAN 1      8.73                     11.22  -2.49    10.08

SNOWFALL (IN)
  TODAY            0.0          MM      MM   0.0    0.0      0.0
  MONTH TO DATE    0.0                       0.3   -0.3       T
  SINCE MAR 1     10.0                       2.3    7.7      1.8
  SINCE JUL 1     25.8                      11.5   14.3      4.6
  SNOW DEPTH       0

DEGREE DAYS
 HEATING
  TODAY           11                         8      3        0
  MONTH TO DATE  170                       164      6      150
  SINCE MAR 1    787                       672    115      799
  SINCE JUL 1   4322                      3844    478     3703

 COOLING
  TODAY            0                         1     -1        6
  MONTH TO DATE   12                        17     -5       20
  SINCE MAR 1     12                        23    -11       26
  SINCE JAN 1     12                        23    -11       27
..................................................................


WIND (MPH)
  HIGHEST WIND SPEED    10   HIGHEST WIND DIRECTION    SE (140)
  HIGHEST GUST SPEED    13   HIGHEST GUST DIRECTION     N (10)
  AVERAGE WIND SPEED     4.4


SKY COVER
  POSSIBLE SUNSHINE  MM
  AVERAGE SKY COVER 0.0


WEATHER CONDITIONS
 THE FOLLOWING WEATHER WAS RECORDED TODAY.
  NO SIGNIFICANT WEATHER WAS OBSERVED.


RELATIVE HUMIDITY (PERCENT)
 HIGHEST    70          1200 AM
 LOWEST     28          1200 PM
 AVERAGE    49

..........................................................


THE HARRISON CLIMATE NORMALS FOR TOMORROW
                         NORMAL    RECORD    YEAR
 MAXIMUM TEMPERATURE (F)   70        92      2006
 MINIMUM TEMPERATURE (F)   48        30      1961
                                             1960
                                             1956


SUNRISE AND SUNSET
APRIL 17 2014.........SUNRISE   637 AM CDT   SUNSET   748 PM CDT
APRIL 18 2014.........SUNRISE   635 AM CDT   SUNSET   749 PM CDT


-  INDICATES NEGATIVE NUMBERS.
R  INDICATES RECORD WAS SET OR TIED.
MM INDICATES DATA IS MISSING.
T  INDICATES TRACE AMOUNT.




$$
