572
CDUS42 KMHX 220534
CLIHSE


CLIMATE REPORT
NATIONAL WEATHER SERVICE NEWPORT/MOREHEAD CITY NC
133 AM EDT FRI MAY 22 2015


...................................

...THE CAPE HATTERAS NC CLIMATE SUMMARY FOR MAY 21 2015...

CLIMATE NORMAL PERIOD 1981 TO 2010
CLIMATE RECORD PERIOD 1874 TO 2015


WEATHER ITEM   OBSERVED TIME   RECORD YEAR NORMAL DEPARTURE LAST
                VALUE   (LST)  VALUE       VALUE  FROM      YEAR
                                                  NORMAL
..................................................................
TEMPERATURE (F)
 YESTERDAY
  MAXIMUM         81    314 PM  85    1962  75      6       76
  MINIMUM         61   1159 PM  45    1968  62     -1       69
  AVERAGE         71                        68      3       73

PRECIPITATION (IN)
  YESTERDAY        0.37          2.50 1971   0.11   0.26     0.00
  MONTH TO DATE    3.21                      2.44   0.77     1.39
  SINCE MAR 1      7.68                     10.85  -3.17    12.67
  SINCE JAN 1     19.63                     20.11  -0.48    22.76

SNOWFALL (IN)
  YESTERDAY        0.0
  MONTH TO DATE    0.0
  SINCE NOV 1      2.0
  SINCE JUL 1      2.0
  SNOW DEPTH       0

DEGREE DAYS
 HEATING
  YESTERDAY        0                         1     -1        0
  MONTH TO DATE   46                        42      4        9
  SINCE MAR 1    623                       652    -29      701
  SINCE JUL 1   2796                      2576    220     2534

 COOLING
  YESTERDAY        6                         4      2        8
  MONTH TO DATE   71                        60     11      135
  SINCE MAR 1     88                        88      0      162
  SINCE JAN 1     90                        88      2      162
..................................................................


WIND (MPH)
  HIGHEST WIND SPEED    26   HIGHEST WIND DIRECTION    SW (210)
  HIGHEST GUST SPEED    38   HIGHEST GUST DIRECTION    SW (210)
  AVERAGE WIND SPEED    11.5


SKY COVER
  POSSIBLE SUNSHINE  MM
  AVERAGE SKY COVER 0.5


WEATHER CONDITIONS
 THE FOLLOWING WEATHER WAS RECORDED YESTERDAY.
  HEAVY RAIN
  LIGHT RAIN


RELATIVE HUMIDITY (PERCENT)
 HIGHEST    93           800 PM
 LOWEST     62          1000 AM
 AVERAGE    78

..........................................................


THE CAPE HATTERAS NC CLIMATE NORMALS FOR TODAY
                         NORMAL    RECORD    YEAR
 MAXIMUM TEMPERATURE (F)   75        85      2014
                                             2011
 MINIMUM TEMPERATURE (F)   62        48      2005


SUNRISE AND SUNSET
MAY 22 2015...........SUNRISE   554 AM EDT   SUNSET   805 PM EDT
MAY 23 2015...........SUNRISE   553 AM EDT   SUNSET   806 PM EDT


-  INDICATES NEGATIVE NUMBERS.
R  INDICATES RECORD WAS SET OR TIED.
MM INDICATES DATA IS MISSING.
T  INDICATES TRACE AMOUNT.




$$
