467
CDUS42 KMHX 302131
CLIHSE


CLIMATE REPORT
NATIONAL WEATHER SERVICE NEWPORT/MOREHEAD CITY NC
530 PM EDT TUE AUG 30 2016


...................................

...THE CAPE HATTERAS NC CLIMATE SUMMARY FOR AUGUST 30 2016...
VALID TODAY AS OF 0500 PM LOCAL TIME.

CLIMATE NORMAL PERIOD 1981 TO 2010
CLIMATE RECORD PERIOD 1874 TO 2016


WEATHER ITEM   OBSERVED TIME   RECORD YEAR NORMAL DEPARTURE LAST
                VALUE   (LST)  VALUE       VALUE  FROM      YEAR
                                                  NORMAL
..................................................................
TEMPERATURE (F)
 TODAY
  MAXIMUM         88   1250 PM  92    1932  83      5       83
  MINIMUM         76    647 AM  61    1965  72      4       73
  AVERAGE         82                        78      4       78

PRECIPITATION (IN)
  TODAY            0.64          8.69 1999   0.24   0.40     0.00
  MONTH TO DATE    5.64                      6.68  -1.04     5.31
  SINCE JUN 1     18.20                     15.70   2.50    16.71
  SINCE JAN 1     52.26                     36.94  15.32    36.34

SNOWFALL (IN)
  TODAY            0.0
  MONTH TO DATE    0.0
  SINCE NOV 1      T
  SINCE JUL 1      0.0
  SNOW DEPTH       0

DEGREE DAYS
 HEATING
  TODAY            0                         0      0        0
  MONTH TO DATE    0                         0      0        0
  SINCE JUN 1      0                         3     -3        0
  SINCE JUL 1      0                         0      0        0

 COOLING
  TODAY           17                        13      4       13
  MONTH TO DATE  524                       407    117      420
  SINCE JUN 1   1408                      1152    256     1336
  SINCE JAN 1   1617                      1295    322     1503
..................................................................


WIND (MPH)
  HIGHEST WIND SPEED    16   HIGHEST WIND DIRECTION     E (80)
  HIGHEST GUST SPEED    22   HIGHEST GUST DIRECTION     N (20)
  AVERAGE WIND SPEED     9.7


SKY COVER
  POSSIBLE SUNSHINE  MM
  AVERAGE SKY COVER 0.2


WEATHER CONDITIONS
 THE FOLLOWING WEATHER WAS RECORDED TODAY.
  HEAVY RAIN
  LIGHT RAIN
  FOG


RELATIVE HUMIDITY (PERCENT)
 HIGHEST    91           100 AM
 LOWEST     72           100 PM
 AVERAGE    82

..........................................................


THE CAPE HATTERAS NC CLIMATE NORMALS FOR TOMORROW
                         NORMAL    RECORD    YEAR
 MAXIMUM TEMPERATURE (F)   83        91      2013
                                             1970
                                             1932
 MINIMUM TEMPERATURE (F)   72        61      1982


SUNRISE AND SUNSET
AUGUST 30 2016........SUNRISE   634 AM EDT   SUNSET   731 PM EDT
AUGUST 31 2016........SUNRISE   635 AM EDT   SUNSET   730 PM EDT


-  INDICATES NEGATIVE NUMBERS.
R  INDICATES RECORD WAS SET OR TIED.
MM INDICATES DATA IS MISSING.
T  INDICATES TRACE AMOUNT.




$$
