000
CDUS42 KMHX 270527
CLIHSE


CLIMATE REPORT
NATIONAL WEATHER SERVICE NEWPORT/MOREHEAD CITY NC
127 AM EDT TUE SEP 27 2016


...................................

...THE CAPE HATTERAS NC CLIMATE SUMMARY FOR SEPTEMBER 26 2016...

CLIMATE NORMAL PERIOD 1981 TO 2010
CLIMATE RECORD PERIOD 1874 TO 2016


WEATHER ITEM   OBSERVED TIME   RECORD YEAR NORMAL DEPARTURE LAST
                VALUE   (LST)  VALUE       VALUE  FROM      YEAR
                                                  NORMAL
..................................................................
TEMPERATURE (F)
 YESTERDAY
  MAXIMUM         82    116 PM  91    1986  78      4       76
  MINIMUM         68    620 AM  50    1981  66      2       67
  AVERAGE         75                        72      3       72

PRECIPITATION (IN)
  YESTERDAY        0.01          2.83 1982   0.19  -0.18     1.77
  MONTH TO DATE    8.70                      5.48   3.22     8.81
  SINCE SEP 1      8.70                      5.48   3.22     8.81
  SINCE JAN 1     60.96                     42.67  18.29    45.51

SNOWFALL (IN)
  YESTERDAY        0.0
  MONTH TO DATE    0.0
  SINCE NOV 1      T
  SINCE JUL 1      0.0
  SNOW DEPTH       0

DEGREE DAYS
 HEATING
  YESTERDAY        0                         0      0        0
  MONTH TO DATE    0                         0      0        0
  SINCE SEP 1      0                         0      0        0
  SINCE JUL 1      0                         0      0        0

 COOLING
  YESTERDAY       10                         7      3        7
  MONTH TO DATE  356                       259     97      318
  SINCE SEP 1    356                       259     97      318
  SINCE JAN 1   1991                      1565    426     1834
..................................................................


WIND (MPH)
  HIGHEST WIND SPEED    17   HIGHEST WIND DIRECTION     S (170)
  HIGHEST GUST SPEED    22   HIGHEST GUST DIRECTION    SE (150)
  AVERAGE WIND SPEED     8.1


SKY COVER
  POSSIBLE SUNSHINE  MM
  AVERAGE SKY COVER 0.2


WEATHER CONDITIONS
 THE FOLLOWING WEATHER WAS RECORDED YESTERDAY.
  LIGHT RAIN


RELATIVE HUMIDITY (PERCENT)
 HIGHEST    76           600 AM
 LOWEST     54           400 PM
 AVERAGE    65

..........................................................


THE CAPE HATTERAS NC CLIMATE NORMALS FOR TODAY
                         NORMAL    RECORD    YEAR
 MAXIMUM TEMPERATURE (F)   77        88      1986
 MINIMUM TEMPERATURE (F)   66        50      1928


SUNRISE AND SUNSET
SEPTEMBER 27 2016.....SUNRISE   655 AM EDT   SUNSET   651 PM EDT
SEPTEMBER 28 2016.....SUNRISE   655 AM EDT   SUNSET   650 PM EDT


-  INDICATES NEGATIVE NUMBERS.
R  INDICATES RECORD WAS SET OR TIED.
MM INDICATES DATA IS MISSING.
T  INDICATES TRACE AMOUNT.




$$
