254
CDUS42 KMHX 300532
CLIHSE


CLIMATE REPORT
NATIONAL WEATHER SERVICE NEWPORT/MOREHEAD CITY NC
131 AM EDT SAT JUL 30 2016


...................................

...THE CAPE HATTERAS NC CLIMATE SUMMARY FOR JULY 29 2016...

CLIMATE NORMAL PERIOD 1981 TO 2010
CLIMATE RECORD PERIOD 1874 TO 2016


WEATHER ITEM   OBSERVED TIME   RECORD YEAR NORMAL DEPARTURE LAST
                VALUE   (LST)  VALUE       VALUE  FROM      YEAR
                                                  NORMAL
..................................................................
TEMPERATURE (F)
 YESTERDAY
  MAXIMUM         87    141 PM  90    2011  85      2       89
                                      1993
                                      1941
  MINIMUM         79   1159 PM  65    1992  74      5       77
                                      1957
  AVERAGE         83                        79      4       83

PRECIPITATION (IN)
  YESTERDAY        0.00          2.19 1944   0.19  -0.19     0.00
  MONTH TO DATE    1.93                      4.63  -2.70     5.16
  SINCE JUN 1     12.44                      8.66   3.78    10.89
  SINCE JAN 1     46.50                     29.90  16.60    30.52

SNOWFALL (IN)
  YESTERDAY        0.0
  MONTH TO DATE    0.0
  SINCE NOV 1      T
  SINCE JUL 1      0.0
  SNOW DEPTH       0

DEGREE DAYS
 HEATING
  YESTERDAY        0                         0      0        0
  MONTH TO DATE    0                         0      0        0
  SINCE JUN 1      0                         3     -3        0
  SINCE JUL 1      0                         0      0        0

 COOLING
  YESTERDAY       18                        14      4       18
  MONTH TO DATE  490                       403     87      453
  SINCE JUN 1    851                       711    140      881
  SINCE JAN 1   1060                       854    206     1048
..................................................................


WIND (MPH)
  HIGHEST WIND SPEED    15   HIGHEST WIND DIRECTION    NW (300)
  HIGHEST GUST SPEED    21   HIGHEST GUST DIRECTION     W (250)
  AVERAGE WIND SPEED     8.9


SKY COVER
  POSSIBLE SUNSHINE  MM
  AVERAGE SKY COVER 0.2


WEATHER CONDITIONS
 THE FOLLOWING WEATHER WAS RECORDED YESTERDAY.
  NO SIGNIFICANT WEATHER WAS OBSERVED.


RELATIVE HUMIDITY (PERCENT)
 HIGHEST    94           200 AM
 LOWEST     77          1200 PM
 AVERAGE    86

..........................................................


THE CAPE HATTERAS NC CLIMATE NORMALS FOR TODAY
                         NORMAL    RECORD    YEAR
 MAXIMUM TEMPERATURE (F)   85        94      2011
 MINIMUM TEMPERATURE (F)   74        65      1987


SUNRISE AND SUNSET
JULY 30 2016..........SUNRISE   610 AM EDT   SUNSET   807 PM EDT
JULY 31 2016..........SUNRISE   611 AM EDT   SUNSET   806 PM EDT


-  INDICATES NEGATIVE NUMBERS.
R  INDICATES RECORD WAS SET OR TIED.
MM INDICATES DATA IS MISSING.
T  INDICATES TRACE AMOUNT.




$$
