000
CDUS42 KMHX 020545
CLIHSE


CLIMATE REPORT
NATIONAL WEATHER SERVICE NEWPORT/MOREHEAD CITY NC
145 AM EDT THU OCT 2 2014


...................................

...THE CAPE HATTERAS NC CLIMATE SUMMARY FOR OCTOBER 1 2014...

CLIMATE NORMAL PERIOD 1981 TO 2010
CLIMATE RECORD PERIOD 1874 TO 2014


WEATHER ITEM   OBSERVED TIME   RECORD YEAR NORMAL DEPARTURE LAST
                VALUE   (LST)  VALUE       VALUE  FROM      YEAR
                                                  NORMAL
..................................................................
TEMPERATURE (F)
 YESTERDAY
  MAXIMUM         75    136 PM  88    1986  76     -1       78
  MINIMUM         66   1159 PM  47    1974  65      1       62
  AVERAGE         71                        70      1       70

PRECIPITATION (IN)
  YESTERDAY        0.00          3.64 1971   0.19  -0.19     0.00
  MONTH TO DATE    0.00                      0.19  -0.19     0.00
  SINCE SEP 1     10.84                      6.44   4.40     4.83
  SINCE JAN 1     51.89                     43.63   8.26    36.03

SNOWFALL (IN)
  YESTERDAY        0.0
  MONTH TO DATE    0.0
  SINCE NOV 1      5.7
  SINCE JUL 1      0.0
  SNOW DEPTH       0

DEGREE DAYS
 HEATING
  YESTERDAY        0                         1     -1        0
  MONTH TO DATE    0                         1     -1        0
  SINCE SEP 1      0                         4     -4        4
  SINCE JUL 1      0                         4     -4        4

 COOLING
  YESTERDAY        6                         6      0        5
  MONTH TO DATE    6                         6      0        5
  SINCE SEP 1    293                       292      1      297
  SINCE JAN 1   1669                      1598     71     1841
..................................................................


WIND (MPH)
  HIGHEST WIND SPEED    14   HIGHEST WIND DIRECTION     N (20)
  HIGHEST GUST SPEED    22   HIGHEST GUST DIRECTION    NE (30)
  AVERAGE WIND SPEED     8.1


SKY COVER
  POSSIBLE SUNSHINE  MM
  AVERAGE SKY COVER 0.1


WEATHER CONDITIONS
 THE FOLLOWING WEATHER WAS RECORDED YESTERDAY.
  NO SIGNIFICANT WEATHER WAS OBSERVED.


RELATIVE HUMIDITY (PERCENT)
 HIGHEST   100          1200 AM
 LOWEST     73          1200 PM
 AVERAGE    87

..........................................................


THE CAPE HATTERAS NC CLIMATE NORMALS FOR TODAY
                         NORMAL    RECORD    YEAR
 MAXIMUM TEMPERATURE (F)   76        89      1986
 MINIMUM TEMPERATURE (F)   64        47      1987


SUNRISE AND SUNSET
OCTOBER  2 2014.......SUNRISE   658 AM EDT   SUNSET   645 PM EDT
OCTOBER  3 2014.......SUNRISE   659 AM EDT   SUNSET   644 PM EDT


-  INDICATES NEGATIVE NUMBERS.
R  INDICATES RECORD WAS SET OR TIED.
MM INDICATES DATA IS MISSING.
T  INDICATES TRACE AMOUNT.




$$
