000
CDUS43 KGID 220631
CLIHSI


CLIMATE REPORT
NATIONAL WEATHER SERVICE HASTINGS NE
1229 AM CST SAT NOV 22 2014


...................................

...THE HASTINGS NE CLIMATE SUMMARY FOR NOVEMBER 21 2014...

CLIMATE NORMAL PERIOD 1981 TO 2010
CLIMATE RECORD PERIOD 1894 TO 2014


WEATHER ITEM   OBSERVED TIME   RECORD YEAR NORMAL DEPARTURE LAST
                VALUE   (LST)  VALUE       VALUE  FROM      YEAR
                                                  NORMAL
..................................................................
TEMPERATURE (F)
 YESTERDAY
  MAXIMUM         49    306 PM  72    2012  46      3       38
                                      1933
  MINIMUM         19    456 AM  -1    1964  26     -7       17
  AVERAGE         34                        36     -2       28

PRECIPITATION (IN)
  YESTERDAY        0.00          0.50 1919   0.04  -0.04     0.01
  MONTH TO DATE    0.12                      1.03  -0.91     1.00
  SINCE SEP 1      3.66                      5.58  -1.92     7.01
  SINCE JAN 1     28.56                     26.24   2.32    25.07

SNOWFALL (IN)
  YESTERDAY        0.0           3.0  1973   0.1   -0.1      0.4
  MONTH TO DATE    1.7                       1.4    0.3      0.4
  SINCE SEP 1      1.7                       2.6   -0.9      0.4
  SINCE JUL 1      1.7                       2.6   -0.9      0.4
  SNOW DEPTH       0

DEGREE DAYS
 HEATING
  YESTERDAY       31                        29      2       37
  MONTH TO DATE  656                       507    149      482
  SINCE SEP 1   1076                       994     82      924
  SINCE JUL 1   1082                      1000     82      930

 COOLING
  YESTERDAY        0                         0      0        0
  MONTH TO DATE    0                         0      0        0
  SINCE SEP 1     98                       124    -26      200
  SINCE JAN 1   1018                      1077    -59     1158
..................................................................


WIND (MPH)
  HIGHEST WIND SPEED    13   HIGHEST WIND DIRECTION     S (200)
  HIGHEST GUST SPEED    18   HIGHEST GUST DIRECTION     S (190)
  AVERAGE WIND SPEED     7.4


SKY COVER
  AVERAGE SKY COVER 0.3


WEATHER CONDITIONS
 THE FOLLOWING WEATHER WAS RECORDED YESTERDAY.
  FOG


RELATIVE HUMIDITY (PERCENT)
 HIGHEST    92          1100 PM
 LOWEST     39           300 PM
 AVERAGE    66

..........................................................


THE HASTINGS NE CLIMATE NORMALS FOR TODAY
                         NORMAL    RECORD    YEAR
 MAXIMUM TEMPERATURE (F)   46        71      2006
 MINIMUM TEMPERATURE (F)   25        -4      1929


SUNRISE AND SUNSET
NOVEMBER 22 2014......SUNRISE   728 AM CST   SUNSET   511 PM CST
NOVEMBER 23 2014......SUNRISE   729 AM CST   SUNSET   511 PM CST


-  INDICATES NEGATIVE NUMBERS.
R  INDICATES RECORD WAS SET OR TIED.
MM INDICATES DATA IS MISSING.
T  INDICATES TRACE AMOUNT.

$$

HALBLAUB
