000
CDUS43 KGID 260634
CLIHSI


CLIMATE REPORT
NATIONAL WEATHER SERVICE HASTINGS NE
133 AM CDT THU MAY 26 2016


...................................

...THE HASTINGS NE CLIMATE SUMMARY FOR MAY 25 2016...

CLIMATE NORMAL PERIOD 1981 TO 2010
CLIMATE RECORD PERIOD 1894 TO 2016


WEATHER ITEM   OBSERVED TIME   RECORD YEAR NORMAL DEPARTURE LAST
                VALUE   (LST)  VALUE       VALUE  FROM      YEAR
                                                  NORMAL
..................................................................
TEMPERATURE (F)
 YESTERDAY
  MAXIMUM         76    540 PM  96    1967  75      1       75
  MINIMUM         59   1007 PM  38    2002  54      5       55
                                      1940
  AVERAGE         68                        65      3       65

PRECIPITATION (IN)
  YESTERDAY        0.68          2.76 1903   0.15   0.53     0.02
  MONTH TO DATE    2.07                      3.86  -1.79     3.48
  SINCE MAR 1      8.30                      8.21   0.09     7.23
  SINCE JAN 1     10.22                      9.11   1.11     8.34

SNOWFALL (IN)
  YESTERDAY        0.0          MM      MM   0.0    0.0      0.0
  MONTH TO DATE    0.0                       0.0    0.0      0.0
  SINCE MAR 1      2.1                       6.4   -4.3      0.8
  SINCE JUL 1     32.4                      28.8    3.6     17.0
  6AM SNOW DEPTH   0

DEGREE DAYS
 HEATING
  YESTERDAY        0                         3     -3        0
  MONTH TO DATE  173                       154     19      168
  SINCE MAR 1   1103                      1363   -260     1159
  SINCE JUL 1   5013                      5993   -980     5782

 COOLING
  YESTERDAY        3                         3      0        0
  MONTH TO DATE   17                        36    -19       22
  SINCE MAR 1     17                        41    -24       26
  SINCE JAN 1     17                        41    -24       26
..................................................................


WIND (MPH)
  HIGHEST WIND SPEED    47   HIGHEST WIND DIRECTION    NW (300)
  HIGHEST GUST SPEED    60   HIGHEST GUST DIRECTION    NW (310)
  AVERAGE WIND SPEED     9.2


SKY COVER
  AVERAGE SKY COVER 0.4


WEATHER CONDITIONS
 THE FOLLOWING WEATHER WAS RECORDED YESTERDAY.
  THUNDERSTORM
  HEAVY RAIN
  RAIN
  LIGHT RAIN
  FOG


RELATIVE HUMIDITY (PERCENT)
 HIGHEST    84           800 AM
 LOWEST     58           100 AM
 AVERAGE    71

..........................................................


THE HASTINGS NE CLIMATE NORMALS FOR TODAY
                         NORMAL    RECORD    YEAR
 MAXIMUM TEMPERATURE (F)   75       100      2012
 MINIMUM TEMPERATURE (F)   55        38      1992


SUNRISE AND SUNSET
MAY 26 2016...........SUNRISE   608 AM CDT   SUNSET   854 PM CDT
MAY 27 2016...........SUNRISE   607 AM CDT   SUNSET   855 PM CDT


-  INDICATES NEGATIVE NUMBERS.
R  INDICATES RECORD WAS SET OR TIED.
MM INDICATES DATA IS MISSING.
T  INDICATES TRACE AMOUNT.




$$

JMBW
