000
CDUS43 KGID 012227
CLIHSI


CLIMATE REPORT
NATIONAL WEATHER SERVICE HASTINGS NE
527 PM CDT FRI AUG 1 2014


...................................

...THE HASTINGS NE CLIMATE SUMMARY FOR AUGUST 1 2014...
VALID TODAY AS OF 0500 PM LOCAL TIME.

CLIMATE NORMAL PERIOD 1981 TO 2010
CLIMATE RECORD PERIOD 1894 TO 2014


WEATHER ITEM   OBSERVED TIME   RECORD YEAR NORMAL DEPARTURE LAST
                VALUE   (LST)  VALUE       VALUE  FROM      YEAR
                                                  NORMAL
..................................................................
TEMPERATURE (F)
 TODAY
  MAXIMUM         84    330 PM 105    1935  87     -3       87
                                      1930
  MINIMUM         58    435 AM  51    1995  66     -8       64
  AVERAGE         71                        77     -6       76

PRECIPITATION (IN)
  TODAY            0.00          2.36 1903   0.06  -0.06     0.97
  MONTH TO DATE    0.00                      0.06  -0.06     0.97
  SINCE JUN 1     10.17                      7.60   2.57     3.98
  SINCE JAN 1     17.11                     17.42  -0.31    15.78

SNOWFALL (IN)
  TODAY            0.0                       0.0    0.0      0.0
  MONTH TO DATE    0.0                       0.0    0.0      0.0
  SINCE JUN 1      0.0                       0.0    0.0      0.0
  SINCE JUL 1      0.0                       0.0    0.0      0.0
  SNOW DEPTH       0

DEGREE DAYS
 HEATING
  TODAY            0                         0      0        0
  MONTH TO DATE    0                         0      0        0
  SINCE JUN 1     14                        22     -8       33
  SINCE JUL 1      6                         1      5        6

 COOLING
  TODAY            6                        12     -6       11
  MONTH TO DATE    6                        12     -6       11
  SINCE JUN 1    517                       613    -96      580
  SINCE JAN 1    635                       672    -37      654
..................................................................


WIND (MPH)
  HIGHEST WIND SPEED    15   HIGHEST WIND DIRECTION     N (20)
  HIGHEST GUST SPEED    19   HIGHEST GUST DIRECTION    NE (60)
  AVERAGE WIND SPEED     7.8


SKY COVER
  AVERAGE SKY COVER 0.0


WEATHER CONDITIONS
 THE FOLLOWING WEATHER WAS RECORDED TODAY.
  FOG
  HAZE


RELATIVE HUMIDITY (PERCENT)
 HIGHEST    87           600 AM
 LOWEST     37           400 PM
 AVERAGE    62

..........................................................


THE HASTINGS NE CLIMATE NORMALS FOR TOMORROW
                         NORMAL    RECORD    YEAR
 MAXIMUM TEMPERATURE (F)   87       108      1930
 MINIMUM TEMPERATURE (F)   66        51      1927


SUNRISE AND SUNSET
AUGUST  1 2014........SUNRISE   631 AM CDT   SUNSET   849 PM CDT
AUGUST  2 2014........SUNRISE   632 AM CDT   SUNSET   848 PM CDT


-  INDICATES NEGATIVE NUMBERS.
R  INDICATES RECORD WAS SET OR TIED.
MM INDICATES DATA IS MISSING.
T  INDICATES TRACE AMOUNT.




$$
