000
CDUS43 KGID 290638
CLIHSI


CLIMATE REPORT
NATIONAL WEATHER SERVICE HASTINGS NE
136 AM CDT FRI APR 29 2016


...................................

...THE HASTINGS NE CLIMATE SUMMARY FOR APRIL 28 2016...

CLIMATE NORMAL PERIOD 1981 TO 2010
CLIMATE RECORD PERIOD 1894 TO 2016


WEATHER ITEM   OBSERVED TIME   RECORD YEAR NORMAL DEPARTURE LAST
                VALUE   (LST)  VALUE       VALUE  FROM      YEAR
                                                  NORMAL
..................................................................
TEMPERATURE (F)
 YESTERDAY
  MAXIMUM         50    434 PM  93    1989  67    -17       70
                                      1910
  MINIMUM         38    620 AM  29    1961  43     -5       42
  AVERAGE         44                        55    -11       56

PRECIPITATION (IN)
  YESTERDAY        0.00          1.85 1982   0.14  -0.14     0.00
  MONTH TO DATE    4.67                      2.30   2.37     3.55
  SINCE MAR 1      5.21                      4.09   1.12     3.75
  SINCE JAN 1      7.13                      4.99   2.14     4.86

SNOWFALL (IN)
  YESTERDAY        0.0           T    2005   0.0    0.0      0.0
  MONTH TO DATE    0.0                       1.2   -1.2       T
  SINCE MAR 1      2.1                       6.4   -4.3      0.8
  SINCE JUL 1     32.4                      28.8    3.6     17.0
  SNOW DEPTH       0

DEGREE DAYS
 HEATING
  YESTERDAY       21                        10     11        9
  MONTH TO DATE  318                       413    -95      344
  SINCE MAR 1    888                      1190   -302      978
  SINCE JUL 1   4798                      5820  -1022     5601

 COOLING
  YESTERDAY        0                         0      0        0
  MONTH TO DATE    0                         0      0        4
  SINCE MAR 1      0                         0      0        4
  SINCE JAN 1      0                         0      0        4
..................................................................


WIND (MPH)
  HIGHEST WIND SPEED    24   HIGHEST WIND DIRECTION    NW (330)
  HIGHEST GUST SPEED    30   HIGHEST GUST DIRECTION    NW (330)
  AVERAGE WIND SPEED    13.5


SKY COVER
  AVERAGE SKY COVER 1.0


WEATHER CONDITIONS
 THE FOLLOWING WEATHER WAS RECORDED YESTERDAY.
  NO SIGNIFICANT WEATHER WAS OBSERVED.


RELATIVE HUMIDITY (PERCENT)
 HIGHEST    92           400 AM
 LOWEST     71           100 PM
 AVERAGE    82

..........................................................


THE HASTINGS NE CLIMATE NORMALS FOR TODAY
                         NORMAL    RECORD    YEAR
 MAXIMUM TEMPERATURE (F)   67        90      1934
 MINIMUM TEMPERATURE (F)   44        24      1975


SUNRISE AND SUNSET
APRIL 29 2016.........SUNRISE   634 AM CDT   SUNSET   828 PM CDT
APRIL 30 2016.........SUNRISE   633 AM CDT   SUNSET   829 PM CDT


-  INDICATES NEGATIVE NUMBERS.
R  INDICATES RECORD WAS SET OR TIED.
MM INDICATES DATA IS MISSING.
T  INDICATES TRACE AMOUNT.

$$

HALBLAUB
