000
CDUS43 KGID 042225
CLIHSI


CLIMATE REPORT
NATIONAL WEATHER SERVICE HASTINGS NE
524 PM CDT SAT JUL 4 2015


...................................

...THE HASTINGS NE CLIMATE SUMMARY FOR JULY 4 2015...
VALID TODAY AS OF 0500 PM LOCAL TIME.

CLIMATE NORMAL PERIOD 1981 TO 2010
CLIMATE RECORD PERIOD 1894 TO 2015


WEATHER ITEM   OBSERVED TIME   RECORD YEAR NORMAL DEPARTURE LAST
                VALUE   (LST)  VALUE       VALUE  FROM      YEAR
                                                  NORMAL
..................................................................
TEMPERATURE (F)
 TODAY
  MAXIMUM         86    331 PM 109    1936  88     -2       86
  MINIMUM         62    525 AM  45    1915  65     -3       64
  AVERAGE         74                        76     -2       75

PRECIPITATION (IN)
  TODAY            0.00          1.96 1959   0.15  -0.15     0.00
  MONTH TO DATE    0.50                      0.60  -0.10     0.00
  SINCE JUN 1      8.55                      4.40   4.15     8.69
  SINCE JAN 1     17.27                     14.22   3.05    15.63

SNOWFALL (IN)
  TODAY            0.0                       0.0    0.0      0.0
  MONTH TO DATE    0.0                       0.0    0.0      0.0
  SINCE JUN 1      0.0                       0.0    0.0      0.0
  SINCE JUL 1      0.0                       0.0    0.0      0.0
  SNOW DEPTH       0

DEGREE DAYS
 HEATING
  TODAY            0                         0      0        0
  MONTH TO DATE    0                         0      0        2
  SINCE JUN 1      3                        21    -18       10
  SINCE JUL 1      0                         0      0        2

 COOLING
  TODAY            9                        12     -3       10
  MONTH TO DATE   38                        45     -7       19
  SINCE JUN 1    258                       270    -12      250
  SINCE JAN 1    289                       329    -40      368
..................................................................


WIND (MPH)
  HIGHEST WIND SPEED    17   HIGHEST WIND DIRECTION    SE (150)
  HIGHEST GUST SPEED    21   HIGHEST GUST DIRECTION    SE (150)
  AVERAGE WIND SPEED     8.5


SKY COVER
  AVERAGE SKY COVER 0.1


WEATHER CONDITIONS
 THE FOLLOWING WEATHER WAS RECORDED TODAY.
  FOG


RELATIVE HUMIDITY (PERCENT)
 HIGHEST    93           300 AM
 LOWEST     51           300 PM
 AVERAGE    72

..........................................................


THE HASTINGS NE CLIMATE NORMALS FOR TOMORROW
                         NORMAL    RECORD    YEAR
 MAXIMUM TEMPERATURE (F)   88       108      1937
                                             1911
 MINIMUM TEMPERATURE (F)   66        48      1915


SUNRISE AND SUNSET
JULY  4 2015..........SUNRISE   608 AM CDT   SUNSET   908 PM CDT
JULY  5 2015..........SUNRISE   609 AM CDT   SUNSET   908 PM CDT


-  INDICATES NEGATIVE NUMBERS.
R  INDICATES RECORD WAS SET OR TIED.
MM INDICATES DATA IS MISSING.
T  INDICATES TRACE AMOUNT.




$$
