739
CDUS43 KGID 180626
CLIHSI


CLIMATE REPORT
NATIONAL WEATHER SERVICE HASTINGS NE
124 AM CDT WED OCT 18 2017


...................................

...THE HASTINGS NE CLIMATE SUMMARY FOR OCTOBER 17 2017...

CLIMATE NORMAL PERIOD 1981 TO 2010
CLIMATE RECORD PERIOD 1894 TO 2017


WEATHER ITEM   OBSERVED TIME   RECORD YEAR NORMAL DEPARTURE LAST
                VALUE   (LST)  VALUE       VALUE  FROM      YEAR
                                                  NORMAL
..................................................................
TEMPERATURE (F)
 YESTERDAY
  MAXIMUM         79    353 PM  87    1961  64     15       81
  MINIMUM         40    654 AM  19    1922  40      0       51
  AVERAGE         60                        52      8       66

PRECIPITATION (IN)
  YESTERDAY        0.00          1.30 1968   0.07  -0.07     0.00
  MONTH TO DATE    4.68                      1.22   3.46     0.22
  SINCE SEP 1      6.86                      3.78   3.08     2.02
  SINCE JAN 1     30.30                     24.44   5.86    18.59

SNOWFALL (IN)
  YESTERDAY        0.0          MM      MM   0.0    0.0      0.0
  MONTH TO DATE    T                         0.3   -0.3      0.0
  SINCE SEP 1      T                         0.5   -0.5      0.0
  SINCE JUL 1      T                         0.5   -0.5      0.0
  SNOW DEPTH       0

DEGREE DAYS
 HEATING
  YESTERDAY        5                        13     -8        0
  MONTH TO DATE  139                       170    -31      132
  SINCE SEP 1    191                       260    -69      195
  SINCE JUL 1    195                       266    -71      199

 COOLING
  YESTERDAY        0                         0      0        1
  MONTH TO DATE    5                        11     -6        7
  SINCE SEP 1    171                       121     50      145
  SINCE JAN 1   1128                      1074     54     1193
..................................................................


WIND (MPH)
  HIGHEST WIND SPEED    10   HIGHEST WIND DIRECTION     S (200)
  HIGHEST GUST SPEED    15   HIGHEST GUST DIRECTION     S (200)
  AVERAGE WIND SPEED     5.1


SKY COVER
  AVERAGE SKY COVER 0.0


WEATHER CONDITIONS
 THE FOLLOWING WEATHER WAS RECORDED YESTERDAY.
  NO SIGNIFICANT WEATHER WAS OBSERVED.


RELATIVE HUMIDITY (PERCENT)
 HIGHEST    85           700 AM
 LOWEST     19           300 PM
 AVERAGE    52

..........................................................


THE HASTINGS NE CLIMATE NORMALS FOR TODAY
                         NORMAL    RECORD    YEAR
 MAXIMUM TEMPERATURE (F)   64        89      2003
 MINIMUM TEMPERATURE (F)   40        20      1922


SUNRISE AND SUNSET
OCTOBER 18 2017.......SUNRISE   748 AM CDT   SUNSET   649 PM CDT
OCTOBER 19 2017.......SUNRISE   749 AM CDT   SUNSET   647 PM CDT


-  INDICATES NEGATIVE NUMBERS.
R  INDICATES RECORD WAS SET OR TIED.
MM INDICATES DATA IS MISSING.
T  INDICATES TRACE AMOUNT.




$$
