000
CDUS43 KGID 210624
CLIHSI


CLIMATE REPORT
NATIONAL WEATHER SERVICE HASTINGS NE
124 AM CDT MON AUG 21 2017


...................................

...THE HASTINGS NE CLIMATE SUMMARY FOR AUGUST 20 2017...

CLIMATE NORMAL PERIOD 1981 TO 2010
CLIMATE RECORD PERIOD 1894 TO 2017


WEATHER ITEM   OBSERVED TIME   RECORD YEAR NORMAL DEPARTURE LAST
                VALUE   (LST)  VALUE       VALUE  FROM      YEAR
                                                  NORMAL
..................................................................
TEMPERATURE (F)
 YESTERDAY
  MAXIMUM         89    522 PM 105    1936  85      4       76
  MINIMUM         64    624 AM  40    1950  63      1       55
  AVERAGE         77                        74      3       66

PRECIPITATION (IN)
  YESTERDAY        0.05          1.41 1944   0.11  -0.06     0.00
  MONTH TO DATE    4.34                      1.93   2.41     1.18
  SINCE JUN 1     10.84                      9.47   1.37     4.15
  SINCE JAN 1     22.68                     19.29   3.39    15.98

SNOWFALL (IN)
  YESTERDAY        0.0                       0.0    0.0      0.0
  MONTH TO DATE    0.0                       0.0    0.0      0.0
  SINCE JUN 1      0.0                       0.0    0.0      0.0
  SINCE JUL 1      0.0                       0.0    0.0      0.0
  SNOW DEPTH       0

DEGREE DAYS
 HEATING
  YESTERDAY        0                         0      0        0
  MONTH TO DATE    4                         0      4        0
  SINCE JUN 1      7                        22    -15        3
  SINCE JUL 1      4                         1      3        3

 COOLING
  YESTERDAY       12                         9      3        1
  MONTH TO DATE  119                       209    -90      219
  SINCE JUN 1    825                       810     15      947
  SINCE JAN 1    886                       869     17      976
..................................................................


WIND (MPH)
  HIGHEST WIND SPEED    21   HIGHEST WIND DIRECTION     E (90)
  HIGHEST GUST SPEED    29   HIGHEST GUST DIRECTION    NE (60)
  AVERAGE WIND SPEED    10.8


SKY COVER
  AVERAGE SKY COVER 0.1


WEATHER CONDITIONS
 THE FOLLOWING WEATHER WAS RECORDED YESTERDAY.
  THUNDERSTORM


RELATIVE HUMIDITY (PERCENT)
 HIGHEST    87           200 AM
 LOWEST     59           500 PM
 AVERAGE    73

..........................................................


THE HASTINGS NE CLIMATE NORMALS FOR TODAY
                         NORMAL    RECORD    YEAR
 MAXIMUM TEMPERATURE (F)   85       101      1943
                                             1918
                                             1910
 MINIMUM TEMPERATURE (F)   62        47      1956


SUNRISE AND SUNSET
AUGUST 21 2017........SUNRISE   650 AM CDT   SUNSET   822 PM CDT
AUGUST 22 2017........SUNRISE   651 AM CDT   SUNSET   821 PM CDT


-  INDICATES NEGATIVE NUMBERS.
R  INDICATES RECORD WAS SET OR TIED.
MM INDICATES DATA IS MISSING.
T  INDICATES TRACE AMOUNT.




$$
