000
CDUS44 KHUN 270804
CLIHSV


CLIMATE REPORT
NATIONAL WEATHER SERVICE HUNTSVILLE AL
203 AM CST MON FEB 27 2017


...................................

...THE HUNTSVILLE CLIMATE SUMMARY FOR FEBRUARY 26 2017...

CLIMATE NORMAL PERIOD 1981 TO 2010
CLIMATE RECORD PERIOD 1894 TO 2017


WEATHER ITEM   OBSERVED TIME   RECORD YEAR NORMAL DEPARTURE LAST
                VALUE   (LST)  VALUE       VALUE  FROM      YEAR
                                                  NORMAL
..................................................................
TEMPERATURE (F)
 YESTERDAY
  MAXIMUM         61    431 PM  78    1951  59      2       51
  MINIMUM         28    537 AM  11    1967  38    -10       31
  AVERAGE         45                        49     -4       41

PRECIPITATION (IN)
  YESTERDAY        0.00          2.92 1971   0.17  -0.17     0.00
  MONTH TO DATE    1.09                      4.48  -3.39     6.38
  SINCE DEC 1     13.40                     15.14  -1.74    20.63
  SINCE JAN 1      7.49                      9.37  -1.88     9.95

SNOWFALL (IN)
  YESTERDAY        0.0
  MONTH TO DATE    0.0
  SINCE DEC 1      T
  SINCE JUL 1      T
  SNOW DEPTH       0

DEGREE DAYS
 HEATING
  YESTERDAY       20                        16      4       24
  MONTH TO DATE  306                       510   -204      484
  SINCE DEC 1   1287                      1893   -606     1567
  SINCE JUL 1   1551                      2420   -869     1861

 COOLING
  YESTERDAY        0                         0      0        0
  MONTH TO DATE    4                         0      4        1
  SINCE DEC 1      9                         2      7       24
  SINCE JAN 1      5                         0      5        1
..................................................................


WIND (MPH)
  HIGHEST WIND SPEED    14   HIGHEST WIND DIRECTION    SE (150)
  HIGHEST GUST SPEED    16   HIGHEST GUST DIRECTION     S (160)
  AVERAGE WIND SPEED     6.2


SKY COVER
  POSSIBLE SUNSHINE  MM
  AVERAGE SKY COVER 0.2


WEATHER CONDITIONS
 THE FOLLOWING WEATHER WAS RECORDED YESTERDAY.
  NO SIGNIFICANT WEATHER WAS OBSERVED.


RELATIVE HUMIDITY (PERCENT)
 HIGHEST    82           800 AM
 LOWEST     22           300 PM
 AVERAGE    52

..........................................................


THE HUNTSVILLE CLIMATE NORMALS FOR TODAY
                         NORMAL    RECORD    YEAR
 MAXIMUM TEMPERATURE (F)   60        78      1962
                                             1954
 MINIMUM TEMPERATURE (F)   38         9      1934


SUNRISE AND SUNSET
FEBRUARY 27 2017......SUNRISE   618 AM CST   SUNSET   541 PM CST
FEBRUARY 28 2017......SUNRISE   617 AM CST   SUNSET   542 PM CST


-  INDICATES NEGATIVE NUMBERS.
R  INDICATES RECORD WAS SET OR TIED.
MM INDICATES DATA IS MISSING.
T  INDICATES TRACE AMOUNT.




$$
