000
CDUS44 KHUN 290804
CLIHSV


CLIMATE REPORT
NATIONAL WEATHER SERVICE HUNTSVILLE AL
204 AM CST SAT NOV 29 2014


...................................

...THE HUNTSVILLE CLIMATE SUMMARY FOR NOVEMBER 28 2014...

CLIMATE NORMAL PERIOD 1981 TO 2010
CLIMATE RECORD PERIOD 1894 TO 2014


WEATHER ITEM   OBSERVED TIME   RECORD YEAR NORMAL DEPARTURE LAST
                VALUE   (LST)  VALUE       VALUE  FROM      YEAR
                                                  NORMAL
..................................................................
TEMPERATURE (F)
 YESTERDAY
  MAXIMUM         51    351 PM  74    2001  59     -8       46
                                      1970
                                      1960
  MINIMUM         25    537 AM  13    1938  38    -13       17
  AVERAGE         38                        48    -10       32

PRECIPITATION (IN)
  YESTERDAY        0.00          3.28 1948   0.20  -0.20     0.00
  MONTH TO DATE    2.67                      4.55  -1.88     3.08
  SINCE SEP 1      9.59                     11.86  -2.27     8.10
  SINCE JAN 1     47.74                     48.18  -0.44    51.72

SNOWFALL (IN)
  YESTERDAY        0.0
  MONTH TO DATE    T
  SINCE SEP 1      T
  SINCE JUL 1      T
  SNOW DEPTH       0

DEGREE DAYS
 HEATING
  YESTERDAY       27                        17     10       33
  MONTH TO DATE  502                       342    160      457
  SINCE SEP 1    599                       493    106      588
  SINCE JUL 1    599                       493    106      588

 COOLING
  YESTERDAY        0                         0      0        0
  MONTH TO DATE    0                         7     -7        1
  SINCE SEP 1    480                       352    128      368
  SINCE JAN 1   2032                      1947     85     1834
..................................................................


WIND (MPH)
  HIGHEST WIND SPEED    10   HIGHEST WIND DIRECTION     S (170)
  HIGHEST GUST SPEED    12   HIGHEST GUST DIRECTION     S (180)
  AVERAGE WIND SPEED     4.6


SKY COVER
  POSSIBLE SUNSHINE  MM
  AVERAGE SKY COVER 0.0


WEATHER CONDITIONS
 THE FOLLOWING WEATHER WAS RECORDED YESTERDAY.
  FOG
  HAZE


RELATIVE HUMIDITY (PERCENT)
 HIGHEST    81           300 AM
 LOWEST     28           300 PM
 AVERAGE    55

..........................................................


THE HUNTSVILLE CLIMATE NORMALS FOR TODAY
                         NORMAL    RECORD    YEAR
 MAXIMUM TEMPERATURE (F)   58        76      1970
 MINIMUM TEMPERATURE (F)   38        13      1955


SUNRISE AND SUNSET
NOVEMBER 29 2014......SUNRISE   634 AM CST   SUNSET   437 PM CST
NOVEMBER 30 2014......SUNRISE   635 AM CST   SUNSET   436 PM CST


-  INDICATES NEGATIVE NUMBERS.
R  INDICATES RECORD WAS SET OR TIED.
MM INDICATES DATA IS MISSING.
T  INDICATES TRACE AMOUNT.




$$
