000
CDUS44 KHUN 252127
CLIHSV


CLIMATE REPORT
NATIONAL WEATHER SERVICE HUNTSVILLE AL
426 PM CDT SAT OCT 25 2014


...................................

...THE HUNTSVILLE CLIMATE SUMMARY FOR OCTOBER 25 2014...
VALID TODAY AS OF 0400 PM LOCAL TIME.

CLIMATE NORMAL PERIOD 1981 TO 2010
CLIMATE RECORD PERIOD 1894 TO 2014


WEATHER ITEM   OBSERVED TIME   RECORD YEAR NORMAL DEPARTURE LAST
                VALUE   (LST)  VALUE       VALUE  FROM      YEAR
                                                  NORMAL
..................................................................
TEMPERATURE (F)
 TODAY
  MAXIMUM         80    250 PM  87    1927  72      8       56
  MINIMUM         44    608 AM  27    1909  48     -4       31
  AVERAGE         62                        60      2       44

PRECIPITATION (IN)
  TODAY            0.00          3.31 1997   0.12  -0.12     0.00
  MONTH TO DATE    5.98                      2.83   3.15     0.57
  SINCE SEP 1      6.47                      6.55  -0.08     4.92
  SINCE JAN 1     44.62                     42.87   1.75    48.54

SNOWFALL (IN)
  TODAY            0.0
  MONTH TO DATE    0.0
  SINCE SEP 1      0.0
  SINCE JUL 1      0.0
  SNOW DEPTH       0

DEGREE DAYS
 HEATING
  TODAY            3                         6     -3       21
  MONTH TO DATE   64                        95    -31      107
  SINCE SEP 1     64                       108    -44      107
  SINCE JUL 1     64                       108    -44      107

 COOLING
  TODAY            0                         1     -1        0
  MONTH TO DATE   94                        64     30       85
  SINCE SEP 1    464                       339    125      356
  SINCE JAN 1   2016                      1934     82     1822
..................................................................


WIND (MPH)
  HIGHEST WIND SPEED    14   HIGHEST WIND DIRECTION     W (260)
  HIGHEST GUST SPEED    17   HIGHEST GUST DIRECTION     W (260)
  AVERAGE WIND SPEED     1.9


SKY COVER
  POSSIBLE SUNSHINE  MM
  AVERAGE SKY COVER 0.0


WEATHER CONDITIONS
 THE FOLLOWING WEATHER WAS RECORDED TODAY.
  NO SIGNIFICANT WEATHER WAS OBSERVED.


RELATIVE HUMIDITY (PERCENT)
 HIGHEST    89           500 AM
 LOWEST     48           200 PM
 AVERAGE    69

..........................................................


THE HUNTSVILLE CLIMATE NORMALS FOR TOMORROW
                         NORMAL    RECORD    YEAR
 MAXIMUM TEMPERATURE (F)   71        86      1940
                                             1927
 MINIMUM TEMPERATURE (F)   48        28      2013
                                             1942


SUNRISE AND SUNSET
OCTOBER 25 2014.......SUNRISE   701 AM CDT   SUNSET   601 PM CDT
OCTOBER 26 2014.......SUNRISE   702 AM CDT   SUNSET   559 PM CDT


-  INDICATES NEGATIVE NUMBERS.
R  INDICATES RECORD WAS SET OR TIED.
MM INDICATES DATA IS MISSING.
T  INDICATES TRACE AMOUNT.




$$
