286
CDUS44 KHUN 260729
CLIHSV


CLIMATE REPORT
NATIONAL WEATHER SERVICE HUNTSVILLE AL
229 AM CDT THU MAY 26 2016


...................................

...THE HUNTSVILLE CLIMATE SUMMARY FOR MAY 25 2016...

CLIMATE NORMAL PERIOD 1981 TO 2010
CLIMATE RECORD PERIOD 1894 TO 2016


WEATHER ITEM   OBSERVED TIME   RECORD YEAR NORMAL DEPARTURE LAST
                VALUE   (LST)  VALUE       VALUE  FROM      YEAR
                                                  NORMAL
..................................................................
TEMPERATURE (F)
 YESTERDAY
  MAXIMUM         90    346 PM  97    1926  84      6       79
                                      1921
  MINIMUM         64    137 AM  45    1942  62      2       68
                                      1935
  AVERAGE         77                        73      4       74

PRECIPITATION (IN)
  YESTERDAY        0.00          1.72 1993   0.15  -0.15     0.23
  MONTH TO DATE    1.62                      4.20  -2.58     2.07
  SINCE MAR 1      8.35                     13.73  -5.38    14.63
  SINCE JAN 1     18.30                     23.46  -5.16    22.37

SNOWFALL (IN)
  YESTERDAY        0.0
  MONTH TO DATE    0.0
  SINCE MAR 1      T
  SINCE JUL 1      0.4
  SNOW DEPTH       0

DEGREE DAYS
 HEATING
  YESTERDAY        0                         0      0        0
  MONTH TO DATE   20                        25     -5       14
  SINCE MAR 1    357                       547   -190      389
  SINCE JUL 1   2253                      2999   -746     3030

 COOLING
  YESTERDAY       12                         8      4        9
  MONTH TO DATE  118                       138    -20      194
  SINCE MAR 1    208                       209     -1      257
  SINCE JAN 1    209                       210     -1      257
..................................................................


WIND (MPH)
  HIGHEST WIND SPEED    18   HIGHEST WIND DIRECTION     S (190)
  HIGHEST GUST SPEED    25   HIGHEST GUST DIRECTION     W (290)
  AVERAGE WIND SPEED     7.4


SKY COVER
  POSSIBLE SUNSHINE  MM
  AVERAGE SKY COVER 0.5


WEATHER CONDITIONS
 THE FOLLOWING WEATHER WAS RECORDED YESTERDAY.
  NO SIGNIFICANT WEATHER WAS OBSERVED.


RELATIVE HUMIDITY (PERCENT)
 HIGHEST    78           100 AM
 LOWEST     32           400 PM
 AVERAGE    55

..........................................................


THE HUNTSVILLE CLIMATE NORMALS FOR TODAY
                         NORMAL    RECORD    YEAR
 MAXIMUM TEMPERATURE (F)   84        97      1926
                                             1915
                                             1911
 MINIMUM TEMPERATURE (F)   62        44      1979


SUNRISE AND SUNSET
MAY 26 2016...........SUNRISE   537 AM CDT   SUNSET   751 PM CDT
MAY 27 2016...........SUNRISE   537 AM CDT   SUNSET   752 PM CDT


-  INDICATES NEGATIVE NUMBERS.
R  INDICATES RECORD WAS SET OR TIED.
MM INDICATES DATA IS MISSING.
T  INDICATES TRACE AMOUNT.




$$
