000
CDUS44 KHUN 170803
CLIHSV


CLIMATE REPORT
NATIONAL WEATHER SERVICE HUNTSVILLE AL
203 AM CST WED DEC 17 2014


...................................

...THE HUNTSVILLE CLIMATE SUMMARY FOR DECEMBER 16 2014...

CLIMATE NORMAL PERIOD 1981 TO 2010
CLIMATE RECORD PERIOD 1894 TO 2014


WEATHER ITEM   OBSERVED TIME   RECORD YEAR NORMAL DEPARTURE LAST
                VALUE   (LST)  VALUE       VALUE  FROM      YEAR
                                                  NORMAL
..................................................................
TEMPERATURE (F)
 YESTERDAY
  MAXIMUM         57    152 AM  73    1984  53      4       59
                                      1933
                                      1924
  MINIMUM         39   1002 PM   6    1989  34      5       26
  AVERAGE         48                        44      4       43

PRECIPITATION (IN)
  YESTERDAY        0.00          2.46 2012   0.19  -0.19     0.00
  MONTH TO DATE    2.53                      3.15  -0.62     4.29
  SINCE DEC 1      2.53                      3.15  -0.62     4.29
  SINCE JAN 1     50.27                     51.72  -1.45    56.01

SNOWFALL (IN)
  YESTERDAY        0.0
  MONTH TO DATE    0.0
  SINCE DEC 1      0.0
  SINCE JUL 1      T
  SNOW DEPTH       0

DEGREE DAYS
 HEATING
  YESTERDAY       17                        21     -4       22
  MONTH TO DATE  251                       315    -64      334
  SINCE DEC 1    251                       315    -64      334
  SINCE JUL 1    867                       842     25      969

 COOLING
  YESTERDAY        0                         0      0        0
  MONTH TO DATE    0                         0      0        1
  SINCE DEC 1      0                         0      0        1
  SINCE JAN 1   2032                      1949     83     1835
..................................................................


WIND (MPH)
  HIGHEST WIND SPEED    20   HIGHEST WIND DIRECTION     W (260)
  HIGHEST GUST SPEED    25   HIGHEST GUST DIRECTION     W (260)
  AVERAGE WIND SPEED     7.5


SKY COVER
  POSSIBLE SUNSHINE  MM
  AVERAGE SKY COVER 0.7


WEATHER CONDITIONS
 THE FOLLOWING WEATHER WAS RECORDED YESTERDAY.
  FOG


RELATIVE HUMIDITY (PERCENT)
 HIGHEST    93           200 AM
 LOWEST     59          1000 AM
 AVERAGE    76

..........................................................


THE HUNTSVILLE CLIMATE NORMALS FOR TODAY
                         NORMAL    RECORD    YEAR
 MAXIMUM TEMPERATURE (F)   53        77      1924
 MINIMUM TEMPERATURE (F)   34        14      1945


SUNRISE AND SUNSET
DECEMBER 17 2014......SUNRISE   648 AM CST   SUNSET   438 PM CST
DECEMBER 18 2014......SUNRISE   649 AM CST   SUNSET   439 PM CST


-  INDICATES NEGATIVE NUMBERS.
R  INDICATES RECORD WAS SET OR TIED.
MM INDICATES DATA IS MISSING.
T  INDICATES TRACE AMOUNT.




$$
