000
CDUS44 KHUN 072124
CLIHSV


CLIMATE REPORT
NATIONAL WEATHER SERVICE HUNTSVILLE AL
424 PM CDT TUE JUL 7 2015


...................................

...THE HUNTSVILLE CLIMATE SUMMARY FOR JULY 7 2015...
VALID TODAY AS OF 0400 PM LOCAL TIME.

CLIMATE NORMAL PERIOD 1981 TO 2010
CLIMATE RECORD PERIOD 1894 TO 2015


WEATHER ITEM   OBSERVED TIME   RECORD YEAR NORMAL DEPARTURE LAST
                VALUE   (LST)  VALUE       VALUE  FROM      YEAR
                                                  NORMAL
..................................................................
TEMPERATURE (F)
 TODAY
  MAXIMUM         93    205 PM 104    1930  91      2       90
  MINIMUM         73    517 AM  54    1972  70      3       69
  AVERAGE         83                        80      3       80

PRECIPITATION (IN)
  TODAY            0.00          2.67 1975   0.14  -0.14     0.00
  MONTH TO DATE    3.49                      1.00   2.49      T
  SINCE JUN 1      5.87                      5.29   0.58     7.13
  SINCE JAN 1     31.25                     29.66   1.59    30.60

SNOWFALL (IN)
  TODAY            0.0
  MONTH TO DATE    0.0
  SINCE JUN 1      0.0
  SINCE JUL 1      0.0
  SNOW DEPTH       0

DEGREE DAYS
 HEATING
  TODAY            0                         0      0        0
  MONTH TO DATE    0                         0      0        0
  SINCE JUN 1      0                         1     -1        0
  SINCE JUL 1      0                         0      0        0

 COOLING
  TODAY           18                        15      3       15
  MONTH TO DATE   94                       105    -11       91
  SINCE JUN 1    591                       485    106      492
  SINCE JAN 1    916                       748    168      763
..................................................................


WIND (MPH)
  HIGHEST WIND SPEED    17   HIGHEST WIND DIRECTION    SW (230)
  HIGHEST GUST SPEED    22   HIGHEST GUST DIRECTION    SW (220)
  AVERAGE WIND SPEED     7.6


SKY COVER
  POSSIBLE SUNSHINE  MM
  AVERAGE SKY COVER 0.3


WEATHER CONDITIONS
 THE FOLLOWING WEATHER WAS RECORDED TODAY.
  FOG
  HAZE


RELATIVE HUMIDITY (PERCENT)
 HIGHEST    87          1200 AM
 LOWEST     44           200 PM
 AVERAGE    66

..........................................................


THE HUNTSVILLE CLIMATE NORMALS FOR TOMORROW
                         NORMAL    RECORD    YEAR
 MAXIMUM TEMPERATURE (F)   91       104      1914
 MINIMUM TEMPERATURE (F)   70        59      1972
                                             1945


SUNRISE AND SUNSET
JULY  7 2015..........SUNRISE   540 AM CDT   SUNSET   803 PM CDT
JULY  8 2015..........SUNRISE   541 AM CDT   SUNSET   803 PM CDT


-  INDICATES NEGATIVE NUMBERS.
R  INDICATES RECORD WAS SET OR TIED.
MM INDICATES DATA IS MISSING.
T  INDICATES TRACE AMOUNT.


$$
