000
CDUS44 KHUN 172121
CLIHSV


CLIMATE REPORT
NATIONAL WEATHER SERVICE HUNTSVILLE AL
420 PM CDT TUE OCT 17 2017


...................................

...THE HUNTSVILLE CLIMATE SUMMARY FOR OCTOBER 17 2017...
VALID TODAY AS OF 0400 PM LOCAL TIME.

CLIMATE NORMAL PERIOD 1981 TO 2010
CLIMATE RECORD PERIOD 1894 TO 2017


WEATHER ITEM   OBSERVED TIME   RECORD YEAR NORMAL DEPARTURE LAST
                VALUE   (LST)  VALUE       VALUE  FROM      YEAR
                                                  NORMAL
..................................................................
TEMPERATURE (F)
 TODAY
  MAXIMUM         72    216 PM  89    1938  74     -2       87
                                      1915
  MINIMUM         44    305 AM  28    1943  51     -7       61
  AVERAGE         58                        62     -4       74

PRECIPITATION (IN)
  TODAY            0.00          5.43 1928   0.11  -0.11     0.00
  MONTH TO DATE    3.32                      1.89   1.43      T
  SINCE SEP 1      6.03                      5.61   0.42     0.47
  SINCE JAN 1     46.24                     41.93   4.31    32.98

SNOWFALL (IN)
  TODAY            0.0
  MONTH TO DATE    0.0
  SINCE SEP 1      0.0
  SINCE JUL 1      0.0
  SNOW DEPTH       0

DEGREE DAYS
 HEATING
  TODAY            7                         4      3        0
  MONTH TO DATE   13                        51    -38        0
  SINCE SEP 1     24                        64    -40        3
  SINCE JUL 1     24                        64    -40        3

 COOLING
  TODAY            0                         2     -2        9
  MONTH TO DATE  110                        52     58      101
  SINCE SEP 1    351                       327     24      546
  SINCE JAN 1   2079                      1922    157     2451
..................................................................


WIND (MPH)
  HIGHEST WIND SPEED    14   HIGHEST WIND DIRECTION     E (100)
  HIGHEST GUST SPEED    19   HIGHEST GUST DIRECTION     E (110)
  AVERAGE WIND SPEED     4.7


SKY COVER
  POSSIBLE SUNSHINE  MM
  AVERAGE SKY COVER 0.1


WEATHER CONDITIONS
 THE FOLLOWING WEATHER WAS RECORDED TODAY.
  NO SIGNIFICANT WEATHER WAS OBSERVED.


RELATIVE HUMIDITY (PERCENT)
 HIGHEST   100           500 AM
 LOWEST     40           100 PM
 AVERAGE    70

..........................................................


THE HUNTSVILLE CLIMATE NORMALS FOR TOMORROW
                         NORMAL    RECORD    YEAR
 MAXIMUM TEMPERATURE (F)   74        90      2016
 MINIMUM TEMPERATURE (F)   50        28      1943


SUNRISE AND SUNSET
OCTOBER 17 2017.......SUNRISE   655 AM CDT   SUNSET   610 PM CDT
OCTOBER 18 2017.......SUNRISE   655 AM CDT   SUNSET   608 PM CDT


-  INDICATES NEGATIVE NUMBERS.
R  INDICATES RECORD WAS SET OR TIED.
MM INDICATES DATA IS MISSING.
T  INDICATES TRACE AMOUNT.




$$
