000
CDUS44 KHUN 112221
CLIHSV


CLIMATE REPORT
NATIONAL WEATHER SERVICE HUNTSVILLE AL
421 PM CST THU FEB 11 2016


...................................

...THE HUNTSVILLE CLIMATE SUMMARY FOR FEBRUARY 11 2016...
VALID TODAY AS OF 0400 PM LOCAL TIME.

CLIMATE NORMAL PERIOD 1981 TO 2010
CLIMATE RECORD PERIOD 1894 TO 2016


WEATHER ITEM   OBSERVED TIME   RECORD YEAR NORMAL DEPARTURE LAST
                VALUE   (LST)  VALUE       VALUE  FROM      YEAR
                                                  NORMAL
..................................................................
TEMPERATURE (F)
 TODAY
  MAXIMUM         54    344 PM  76    1938  55     -1       59
  MINIMUM         25    630 AM   7    1912  35    -10       25
  AVERAGE         40                        45     -5       42

PRECIPITATION (IN)
  TODAY            0.00          1.66 1903   0.16  -0.16     0.00
  MONTH TO DATE    2.27                      1.84   0.43     0.55
  SINCE DEC 1     16.52                     12.50   4.02    10.25
  SINCE JAN 1      5.84                      6.73  -0.89     4.52

SNOWFALL (IN)
  TODAY            0.0
  MONTH TO DATE    T
  SINCE DEC 1      0.4
  SINCE JUL 1      0.4
  SNOW DEPTH       0

DEGREE DAYS
 HEATING
  TODAY           25                        20      5       23
  MONTH TO DATE  234                       235     -1      210
  SINCE DEC 1   1317                      1618   -301     1490
  SINCE JUL 1   1611                      2145   -534     2106

 COOLING
  TODAY            0                         0      0        0
  MONTH TO DATE    1                         0      1        0
  SINCE DEC 1     24                         2     22        0
  SINCE JAN 1      1                         0      1        0
..................................................................


WIND (MPH)
  HIGHEST WIND SPEED    10   HIGHEST WIND DIRECTION    NE (40)
  HIGHEST GUST SPEED    15   HIGHEST GUST DIRECTION     E (70)
  AVERAGE WIND SPEED     7.0


SKY COVER
  POSSIBLE SUNSHINE  MM
  AVERAGE SKY COVER 0.1


WEATHER CONDITIONS
 THE FOLLOWING WEATHER WAS RECORDED TODAY.
  NO SIGNIFICANT WEATHER WAS OBSERVED.


RELATIVE HUMIDITY (PERCENT)
 HIGHEST    74           200 AM
 LOWEST     28          1100 AM
 AVERAGE    51

..........................................................


THE HUNTSVILLE CLIMATE NORMALS FOR TOMORROW
                         NORMAL    RECORD    YEAR
 MAXIMUM TEMPERATURE (F)   55        75      1938
 MINIMUM TEMPERATURE (F)   35         6      1981


SUNRISE AND SUNSET
FEBRUARY 11 2016......SUNRISE   637 AM CST   SUNSET   526 PM CST
FEBRUARY 12 2016......SUNRISE   636 AM CST   SUNSET   527 PM CST


-  INDICATES NEGATIVE NUMBERS.
R  INDICATES RECORD WAS SET OR TIED.
MM INDICATES DATA IS MISSING.
T  INDICATES TRACE AMOUNT.




$$
