000
CDUS44 KHUN 302127
CLIHSV


CLIMATE REPORT
NATIONAL WEATHER SERVICE HUNTSVILLE AL
427 PM CDT SUN APR 30 2017


...................................

...THE HUNTSVILLE CLIMATE SUMMARY FOR APRIL 30 2017...
VALID TODAY AS OF 0400 PM LOCAL TIME.

CLIMATE NORMAL PERIOD 1981 TO 2010
CLIMATE RECORD PERIOD 1894 TO 2017


WEATHER ITEM   OBSERVED TIME   RECORD YEAR NORMAL DEPARTURE LAST
                VALUE   (LST)  VALUE       VALUE  FROM      YEAR
                                                  NORMAL
..................................................................
TEMPERATURE (F)
 TODAY
  MAXIMUM         85    116 PM  92    1942  77      8       81
  MINIMUM         68    204 PM  39    1969  55     13       63
                                      1945
                                      1939
  AVERAGE         77                        66     11       72

PRECIPITATION (IN)
  TODAY            0.29          2.62 1924   0.15   0.14     0.01
  MONTH TO DATE    3.93                      4.32  -0.39     2.24
  SINCE MAR 1      7.84                      9.53  -1.69     6.73
  SINCE JAN 1     16.71                     19.26  -2.55    16.68

SNOWFALL (IN)
  TODAY            0.0
  MONTH TO DATE    0.0
  SINCE MAR 1      T
  SINCE JUL 1      T
  SNOW DEPTH       0

DEGREE DAYS
 HEATING
  TODAY            0                         2     -2        0
  MONTH TO DATE   53                       154   -101      104
  SINCE MAR 1    365                       522   -157      337
  SINCE JUL 1   1932                      2974  -1042     2233

 COOLING
  TODAY           12                         3      9        7
  MONTH TO DATE  154                        58     96       66
  SINCE MAR 1    179                        71    108       90
  SINCE JAN 1    184                        72    112       91
..................................................................


WIND (MPH)
  HIGHEST WIND SPEED    32   HIGHEST WIND DIRECTION     S (160)
  HIGHEST GUST SPEED    39   HIGHEST GUST DIRECTION     S (180)
  AVERAGE WIND SPEED    16.4


SKY COVER
  POSSIBLE SUNSHINE  MM
  AVERAGE SKY COVER 0.6


WEATHER CONDITIONS
 THE FOLLOWING WEATHER WAS RECORDED TODAY.
  THUNDERSTORM
  HEAVY RAIN
  RAIN
  LIGHT RAIN
  FOG


RELATIVE HUMIDITY (PERCENT)
 HIGHEST    90           300 AM
 LOWEST     51           100 PM
 AVERAGE    71

..........................................................


THE HUNTSVILLE CLIMATE NORMALS FOR TOMORROW
                         NORMAL    RECORD    YEAR
 MAXIMUM TEMPERATURE (F)   78        91      2012
                                             1959
 MINIMUM TEMPERATURE (F)   55        34      1908


SUNRISE AND SUNSET
APRIL 30 2017.........SUNRISE   558 AM CDT   SUNSET   731 PM CDT
MAY  1 2017...........SUNRISE   557 AM CDT   SUNSET   732 PM CDT


-  INDICATES NEGATIVE NUMBERS.
R  INDICATES RECORD WAS SET OR TIED.
MM INDICATES DATA IS MISSING.
T  INDICATES TRACE AMOUNT.




$$
