000
CDUS43 KAPX 240543
CLIHTL


CLIMATE REPORT
NATIONAL WEATHER SERVICE GAYLORD MI
142 AM EDT THU AUG 24 2017


...................................

...THE HOUGHTON LAKE MI CLIMATE SUMMARY FOR AUGUST 23 2017...

CLIMATE NORMAL PERIOD 1981 TO 2010
CLIMATE RECORD PERIOD 1913 TO 2017


WEATHER ITEM   OBSERVED TIME   RECORD YEAR NORMAL DEPARTURE LAST
                VALUE   (LST)  VALUE       VALUE  FROM      YEAR
                                                  NORMAL
..................................................................
TEMPERATURE (F)
 YESTERDAY
  MAXIMUM         68    123 PM  97    1922  76     -8       81
  MINIMUM         49   1115 PM  31    1951  52     -3       58
                                      1923
  AVERAGE         59                        64     -5       70

PRECIPITATION (IN)
  YESTERDAY        0.00          2.50 2008   0.11  -0.11     0.00
  MONTH TO DATE    2.70                      2.58   0.12     2.64
  SINCE JUN 1      9.69                      8.44   1.25     8.42
  SINCE JAN 1     25.60                     18.30   7.30    22.49

DEGREE DAYS
 HEATING
  YESTERDAY        6                         3      3        0
  MONTH TO DATE   28                        52    -24        4
  SINCE JUN 1    108                       223   -115      136
  SINCE JUL 1     40                        99    -59       31

 COOLING
  YESTERDAY        0                         2     -2        5
  MONTH TO DATE   46                        62    -16      137
  SINCE JUN 1    230                       233     -3      347
  SINCE JAN 1    244                       249     -5      376
..................................................................


WIND (MPH)
  HIGHEST WIND SPEED    22   HIGHEST WIND DIRECTION    NW (310)
  HIGHEST GUST SPEED    28   HIGHEST GUST DIRECTION    NW (320)
  AVERAGE WIND SPEED    10.5




RELATIVE HUMIDITY (PERCENT)
 HIGHEST    86
 LOWEST     45
 AVERAGE    66

..........................................................


THE HOUGHTON LAKE MI CLIMATE NORMALS FOR TODAY
                         NORMAL    RECORD    YEAR
 MAXIMUM TEMPERATURE (F)   76        97      1948
 MINIMUM TEMPERATURE (F)   52        27      1927


SUNRISE AND SUNSET
AUGUST 24 2017........SUNRISE   653 AM EDT   SUNSET   829 PM EDT
AUGUST 25 2017........SUNRISE   654 AM EDT   SUNSET   827 PM EDT


-  INDICATES NEGATIVE NUMBERS.
R  INDICATES RECORD WAS SET OR TIED.
MM INDICATES DATA IS MISSING.
T  INDICATES TRACE AMOUNT.




$$
