000
CDUS43 KAPX 220528
CLIHTL


CLIMATE REPORT
NATIONAL WEATHER SERVICE GAYLORD MI
128 AM EDT SUN OCT 22 2017


...................................

...THE HOUGHTON LAKE MI CLIMATE SUMMARY FOR OCTOBER 21 2017...

CLIMATE NORMAL PERIOD 1981 TO 2010
CLIMATE RECORD PERIOD 1913 TO 2017


WEATHER ITEM   OBSERVED TIME   RECORD YEAR NORMAL DEPARTURE LAST
                VALUE   (LST)  VALUE       VALUE  FROM      YEAR
                                                  NORMAL
..................................................................
TEMPERATURE (F)
 YESTERDAY
  MAXIMUM         73    306 PM  82    1947  54     19       49
  MINIMUM         45    404 AM  16    1918  34     11       37
  AVERAGE         59                        44     15       43

PRECIPITATION (IN)
  YESTERDAY        0.00          1.15 1933   0.07  -0.07      T
  MONTH TO DATE    1.83                      1.77   0.06     2.20
  SINCE SEP 1      2.56                      4.87  -2.31     5.13
  SINCE JAN 1     28.17                     23.99   4.18    28.74

SNOWFALL (IN)
  YESTERDAY        0.0           1.9  1969   0.0    0.0      0.0
  MONTH TO DATE    0.0                       0.2   -0.2      0.0
  SINCE OCT 1      0.0                       0.2   -0.2      0.0
  SINCE JUL 1      0.0                       0.2   -0.2      0.0
  SNOW DEPTH       0

DEGREE DAYS
 HEATING
  YESTERDAY        6                        21    -15       22
  MONTH TO DATE  190                       369   -179      223
  SINCE SEP 1    362                       623   -261      347
  SINCE JUL 1    452                       750   -298      380

 COOLING
  YESTERDAY        0                         0      0        0
  MONTH TO DATE    4                         0      4        2
  SINCE SEP 1     76                        20     56       50
  SINCE JAN 1    320                       285     35      459
..................................................................


WIND (MPH)
  HIGHEST WIND SPEED    16   HIGHEST WIND DIRECTION     S (170)
  HIGHEST GUST SPEED    21   HIGHEST GUST DIRECTION     S (160)
  AVERAGE WIND SPEED     6.5




RELATIVE HUMIDITY (PERCENT)
 HIGHEST    93
 LOWEST     34
 AVERAGE    64

..........................................................


THE HOUGHTON LAKE MI CLIMATE NORMALS FOR TODAY
                         NORMAL    RECORD    YEAR
 MAXIMUM TEMPERATURE (F)   53        81      1947
 MINIMUM TEMPERATURE (F)   34        14      1930
                                             1924


SUNRISE AND SUNSET
OCTOBER 22 2017.......SUNRISE   803 AM EDT   SUNSET   643 PM EDT
OCTOBER 23 2017.......SUNRISE   804 AM EDT   SUNSET   641 PM EDT


-  INDICATES NEGATIVE NUMBERS.
R  INDICATES RECORD WAS SET OR TIED.
MM INDICATES DATA IS MISSING.
T  INDICATES TRACE AMOUNT.




$$
