000
CDUS43 KAPX 200527
CLIHTL


CLIMATE REPORT
NATIONAL WEATHER SERVICE GAYLORD MI
127 AM EDT MON OCT 20 2014


...................................

...THE HOUGHTON LAKE MI CLIMATE SUMMARY FOR OCTOBER 19 2014...

CLIMATE NORMAL PERIOD 1981 TO 2010
CLIMATE RECORD PERIOD 1913 TO 2014


WEATHER ITEM   OBSERVED TIME   RECORD YEAR NORMAL DEPARTURE LAST
                VALUE   (LST)  VALUE       VALUE  FROM      YEAR
                                                  NORMAL
..................................................................
TEMPERATURE (F)
 YESTERDAY
  MAXIMUM         50        MM  79    1953  54     -4       50
                                      1920
  MINIMUM         28        MM  13    1934  35     -7       36
  AVERAGE         39                        45     -6       43

PRECIPITATION (IN)
  YESTERDAY        0.01          1.01 1923   0.08  -0.07     0.07
  MONTH TO DATE    2.53                      1.62   0.91     2.11
  SINCE SEP 1      5.76                      4.72   1.04     3.92
  SINCE JAN 1     25.64                     23.84   1.80    24.02

SNOWFALL (IN)
  YESTERDAY        0.0           2.0  1940   0.0    0.0      0.0
  MONTH TO DATE    0.0                       0.2   -0.2      0.0
  SINCE OCT 1      0.0                       0.2   -0.2      0.0
  SINCE JUL 1      0.0                       0.2   -0.2      0.0
  SNOW DEPTH       0

DEGREE DAYS
 HEATING
  YESTERDAY       26                        20      6       22
  MONTH TO DATE  300                       327    -27      235
  SINCE SEP 1    551                       581    -30      497
  SINCE JUL 1    707                       708     -1      622

 COOLING
  YESTERDAY        0                         0      0        0
  MONTH TO DATE    0                         0      0        0
  SINCE SEP 1     15                        20     -5       35
  SINCE JAN 1    210                       285    -75      381
..................................................................


WIND (MPH)
  HIGHEST WIND SPEED    13   HIGHEST WIND DIRECTION    SW (230)
  HIGHEST GUST SPEED    MM   HIGHEST GUST DIRECTION    MM
  AVERAGE WIND SPEED     6.0




RELATIVE HUMIDITY (PERCENT)
 HIGHEST    92
 LOWEST     61
 AVERAGE    77

..........................................................


THE HOUGHTON LAKE MI CLIMATE NORMALS FOR TODAY
                         NORMAL    RECORD    YEAR
 MAXIMUM TEMPERATURE (F)   54        83      1920
 MINIMUM TEMPERATURE (F)   35        14      1919


SUNRISE AND SUNSET
OCTOBER 20 2014.......SUNRISE   800 AM EDT   SUNSET   646 PM EDT
OCTOBER 21 2014.......SUNRISE   801 AM EDT   SUNSET   645 PM EDT


-  INDICATES NEGATIVE NUMBERS.
R  INDICATES RECORD WAS SET OR TIED.
MM INDICATES DATA IS MISSING.
T  INDICATES TRACE AMOUNT.




$$
