000
CDUS43 KAPX 020537
CLIHTL


CLIMATE REPORT
NATIONAL WEATHER SERVICE GAYLORD MI
137 AM EDT TUE JUN 2 2015


...................................

...THE HOUGHTON LAKE MI CLIMATE SUMMARY FOR JUNE 1 2015...

CLIMATE NORMAL PERIOD 1981 TO 2010
CLIMATE RECORD PERIOD 1913 TO 2015


WEATHER ITEM   OBSERVED TIME   RECORD YEAR NORMAL DEPARTURE LAST
                VALUE   (LST)  VALUE       VALUE  FROM      YEAR
                                                  NORMAL
..................................................................
TEMPERATURE (F)
 YESTERDAY
  MAXIMUM         69    309 PM 107    1934  71     -2       86
  MINIMUM         35    300 AM  26    1931  46    -11       59
  AVERAGE         52                        59     -7       73

PRECIPITATION (IN)
  YESTERDAY        0.00          2.50 1943   0.10  -0.10     0.00
  MONTH TO DATE    0.00                      0.10  -0.10     0.00
  SINCE JUN 1      0.00                      0.10  -0.10     0.00
  SINCE JAN 1      8.62                      9.96  -1.34    12.48

DEGREE DAYS
 HEATING
  YESTERDAY       13                         7      6        0
  MONTH TO DATE   13                         7      6        0
  SINCE JUN 1     13                         7      6        0
  SINCE JUL 1   8495                      8026    469     8894

 COOLING
  YESTERDAY        0                         1     -1        8
  MONTH TO DATE    0                         1     -1        8
  SINCE JUN 1      0                         1     -1        8
  SINCE JAN 1     25                        17      8       23
..................................................................


WIND (MPH)
  HIGHEST WIND SPEED    14   HIGHEST WIND DIRECTION     E (100)
  HIGHEST GUST SPEED    19   HIGHEST GUST DIRECTION     E (70)
  AVERAGE WIND SPEED     6.3




RELATIVE HUMIDITY (PERCENT)
 HIGHEST    92
 LOWEST     26
 AVERAGE    59

..........................................................


THE HOUGHTON LAKE MI CLIMATE NORMALS FOR TODAY
                         NORMAL    RECORD    YEAR
 MAXIMUM TEMPERATURE (F)   72        97      1934
 MINIMUM TEMPERATURE (F)   47        31      1966
                                             1956


SUNRISE AND SUNSET
JUNE  2 2015..........SUNRISE   557 AM EDT   SUNSET   917 PM EDT
JUNE  3 2015..........SUNRISE   557 AM EDT   SUNSET   917 PM EDT


-  INDICATES NEGATIVE NUMBERS.
R  INDICATES RECORD WAS SET OR TIED.
MM INDICATES DATA IS MISSING.
T  INDICATES TRACE AMOUNT.




$$
