000
CDUS43 KAPX 270531
CLIHTL


CLIMATE REPORT
NATIONAL WEATHER SERVICE GAYLORD MI
129 AM EDT WED AUG 27 2014


...................................

...THE HOUGHTON LAKE MI CLIMATE SUMMARY FOR AUGUST 26 2014...

CLIMATE NORMAL PERIOD 1981 TO 2010
CLIMATE RECORD PERIOD 1913 TO 2014


WEATHER ITEM   OBSERVED TIME   RECORD YEAR NORMAL DEPARTURE LAST
                VALUE   (LST)  VALUE       VALUE  FROM      YEAR
                                                  NORMAL
..................................................................
TEMPERATURE (F)
 YESTERDAY
  MAXIMUM         82    152 PM  94    1948  76      6       89
  MINIMUM         53   1144 PM  29    1923  51      2       63
                                      1919
  AVERAGE         68                        64      4       76

PRECIPITATION (IN)
  YESTERDAY        0.00          1.61 1972   0.10  -0.10     0.05
  MONTH TO DATE    1.99                      2.88  -0.89     0.64
  SINCE JUN 1      7.28                      8.74  -1.46     3.07
  SINCE JAN 1     19.76                     18.60   1.16    19.01

DEGREE DAYS
 HEATING
  YESTERDAY        0                         3     -3        0
  MONTH TO DATE   33                        61    -28       80
  SINCE JUN 1    211                       232    -21      227
  SINCE JUL 1    137                       108     29      125

 COOLING
  YESTERDAY        3                         2      1       11
  MONTH TO DATE   47                        68    -21       52
  SINCE JUN 1    167                       239    -72      277
  SINCE JAN 1    182                       255    -73      317
..................................................................


WIND (MPH)
  HIGHEST WIND SPEED    14   HIGHEST WIND DIRECTION     W (280)
  HIGHEST GUST SPEED    18   HIGHEST GUST DIRECTION     W (290)
  AVERAGE WIND SPEED     5.5




RELATIVE HUMIDITY (PERCENT)
 HIGHEST   100
 LOWEST     58
 AVERAGE    79

..........................................................


THE HOUGHTON LAKE MI CLIMATE NORMALS FOR TODAY
                         NORMAL    RECORD    YEAR
 MAXIMUM TEMPERATURE (F)   76        95      1930
 MINIMUM TEMPERATURE (F)   51        31      1919


SUNRISE AND SUNSET
AUGUST 27 2014........SUNRISE   656 AM EDT   SUNSET   824 PM EDT
AUGUST 28 2014........SUNRISE   657 AM EDT   SUNSET   822 PM EDT


-  INDICATES NEGATIVE NUMBERS.
R  INDICATES RECORD WAS SET OR TIED.
MM INDICATES DATA IS MISSING.
T  INDICATES TRACE AMOUNT.




$$
