000
CDUS43 KAPX 290529
CLIHTL


CLIMATE REPORT
NATIONAL WEATHER SERVICE GAYLORD MI
127 AM EDT THU JUN 29 2017


...................................

...THE HOUGHTON LAKE MI CLIMATE SUMMARY FOR JUNE 28 2017...

CLIMATE NORMAL PERIOD 1981 TO 2010
CLIMATE RECORD PERIOD 1913 TO 2017


WEATHER ITEM   OBSERVED TIME   RECORD YEAR NORMAL DEPARTURE LAST
                VALUE   (LST)  VALUE       VALUE  FROM      YEAR
                                                  NORMAL
..................................................................
TEMPERATURE (F)
 YESTERDAY
  MAXIMUM         73    150 PM  96    1934  79     -6       72
  MINIMUM         49    504 AM  29    1919  53     -4       53
  AVERAGE         61                        66     -5       63

PRECIPITATION (IN)
  YESTERDAY        0.11          1.76 1995   0.10   0.01      T
  MONTH TO DATE    4.68                      2.91   1.77     2.76
  SINCE JUN 1      4.68                      2.91   1.77     2.76
  SINCE JAN 1     20.59                     12.77   7.82    16.83

DEGREE DAYS
 HEATING
  YESTERDAY        4                         2      2        2
  MONTH TO DATE   68                       119    -51       94
  SINCE JUN 1     68                       119    -51       94
  SINCE JUL 1   6900                      8138  -1238     6998

 COOLING
  YESTERDAY        0                         3     -3        0
  MONTH TO DATE   73                        53     20       44
  SINCE JUN 1     73                        53     20       44
  SINCE JAN 1     87                        69     18       73
..................................................................


WIND (MPH)
  HIGHEST WIND SPEED    20   HIGHEST WIND DIRECTION     S (170)
  HIGHEST GUST SPEED    28   HIGHEST GUST DIRECTION     S (170)
  AVERAGE WIND SPEED     8.5




RELATIVE HUMIDITY (PERCENT)
 HIGHEST    93
 LOWEST     44
 AVERAGE    69

..........................................................


THE HOUGHTON LAKE MI CLIMATE NORMALS FOR TODAY
                         NORMAL    RECORD    YEAR
 MAXIMUM TEMPERATURE (F)   79       100      1927
 MINIMUM TEMPERATURE (F)   53        30      1925
                                             1919


SUNRISE AND SUNSET
JUNE 29 2017..........SUNRISE   557 AM EDT   SUNSET   927 PM EDT
JUNE 30 2017..........SUNRISE   558 AM EDT   SUNSET   927 PM EDT


-  INDICATES NEGATIVE NUMBERS.
R  INDICATES RECORD WAS SET OR TIED.
MM INDICATES DATA IS MISSING.
T  INDICATES TRACE AMOUNT.




$$
