000
CDUS43 KAPX 150528
CLIHTL


CLIMATE REPORT
NATIONAL WEATHER SERVICE GAYLORD MI
1228 AM EST FRI DEC 15 2017


...................................

...THE HOUGHTON LAKE MI CLIMATE SUMMARY FOR DECEMBER 14 2017...

CLIMATE NORMAL PERIOD 1981 TO 2010
CLIMATE RECORD PERIOD 1913 TO 2017


WEATHER ITEM   OBSERVED TIME   RECORD YEAR NORMAL DEPARTURE LAST
                VALUE   (LST)  VALUE       VALUE  FROM      YEAR
                                                  NORMAL
..................................................................
TEMPERATURE (F)
 YESTERDAY
  MAXIMUM         20    526 PM  56    2015  31    -11       15
  MINIMUM         -4    823 AM -14    1943  18    -22        5
  AVERAGE          8                        24    -16       10

PRECIPITATION (IN)
  YESTERDAY        T             0.62 2015   0.06  -0.06     0.03
  MONTH TO DATE    0.95                      0.84   0.11     0.99
  SINCE DEC 1      0.95                      0.84   0.11     0.99
  SINCE JAN 1     36.55                     27.94   8.61    32.04

SNOWFALL (IN)
  YESTERDAY        T             3.8  1995   0.5   -0.5      0.7
  MONTH TO DATE    7.5                       7.1    0.4     16.9
  SINCE OCT 1     12.9                      16.2   -3.3     27.9
  SINCE JUL 1     12.9                      16.2   -3.3     27.9
  SNOW DEPTH       5

DEGREE DAYS
 HEATING
  YESTERDAY       57                        41     16       55
  MONTH TO DATE  549                       539     10      533
  SINCE DEC 1    549                       539     10      533
  SINCE JUL 1   2150                      2422   -272     1853
..................................................................


WIND (MPH)
  HIGHEST WIND SPEED    14   HIGHEST WIND DIRECTION     W (280)
  HIGHEST GUST SPEED    18   HIGHEST GUST DIRECTION     W (280)
  AVERAGE WIND SPEED     5.9




RELATIVE HUMIDITY (PERCENT)
 HIGHEST    91
 LOWEST     67
 AVERAGE    79

..........................................................


THE HOUGHTON LAKE MI CLIMATE NORMALS FOR TODAY
                         NORMAL    RECORD    YEAR
 MAXIMUM TEMPERATURE (F)   30        50      2011
 MINIMUM TEMPERATURE (F)   18       -11      1916


SUNRISE AND SUNSET
DECEMBER 15 2017......SUNRISE   808 AM EST   SUNSET   500 PM EST
DECEMBER 16 2017......SUNRISE   809 AM EST   SUNSET   500 PM EST


-  INDICATES NEGATIVE NUMBERS.
R  INDICATES RECORD WAS SET OR TIED.
MM INDICATES DATA IS MISSING.
T  INDICATES TRACE AMOUNT.




$$
