000
CDUS43 KAPX 010532
CLIHTL


CLIMATE REPORT
NATIONAL WEATHER SERVICE GAYLORD MI
132 AM EDT MON SEP 1 2014


...................................

...THE HOUGHTON LAKE MI CLIMATE SUMMARY FOR AUGUST 31 2014...

CLIMATE NORMAL PERIOD 1981 TO 2010
CLIMATE RECORD PERIOD 1913 TO 2014


WEATHER ITEM   OBSERVED TIME   RECORD YEAR NORMAL DEPARTURE LAST
                VALUE   (LST)  VALUE       VALUE  FROM      YEAR
                                                  NORMAL
..................................................................
TEMPERATURE (F)
 YESTERDAY
  MAXIMUM         77    530 PM  94    1932  75      2       78
  MINIMUM         61   1104 PM  30    1931  50     11       56
  AVERAGE         69                        62      7       67

PRECIPITATION (IN)
  YESTERDAY        0.00          2.42 1975   0.11  -0.11     0.00
  MONTH TO DATE    2.11                      3.40  -1.29     1.73
  SINCE JUN 1      7.40                      9.26  -1.86     4.16
  SINCE JAN 1     19.88                     19.12   0.76    20.10

DEGREE DAYS
 HEATING
  YESTERDAY        0                         4     -4        0
  MONTH TO DATE   52                        80    -28       80
  SINCE JUN 1    230                       251    -21      227
  SINCE JUL 1    156                       127     29      125

 COOLING
  YESTERDAY        4                         1      3        2
  MONTH TO DATE   60                        78    -18       81
  SINCE JUN 1    180                       249    -69      306
  SINCE JAN 1    195                       265    -70      346
..................................................................


WIND (MPH)
  HIGHEST WIND SPEED    14   HIGHEST WIND DIRECTION     W (290)
  HIGHEST GUST SPEED    20   HIGHEST GUST DIRECTION     W (270)
  AVERAGE WIND SPEED     7.1




RELATIVE HUMIDITY (PERCENT)
 HIGHEST   100
 LOWEST     60
 AVERAGE    80

..........................................................


THE HOUGHTON LAKE MI CLIMATE NORMALS FOR TODAY
                         NORMAL    RECORD    YEAR
 MAXIMUM TEMPERATURE (F)   74        94      1953
                                             1929
 MINIMUM TEMPERATURE (F)   50        29      1919


SUNRISE AND SUNSET
SEPTEMBER  1 2014.....SUNRISE   701 AM EDT   SUNSET   815 PM EDT
SEPTEMBER  2 2014.....SUNRISE   703 AM EDT   SUNSET   813 PM EDT


-  INDICATES NEGATIVE NUMBERS.
R  INDICATES RECORD WAS SET OR TIED.
MM INDICATES DATA IS MISSING.
T  INDICATES TRACE AMOUNT.




$$
