000
CDUS41 KRLX 272122
CLIHTS


CLIMATE REPORT
NATIONAL WEATHER SERVICE CHARLESTON WV
521 PM EDT SAT MAY 27 2017


...................................

...THE HUNTINGTON WV CLIMATE SUMMARY FOR MAY 27 2017...
VALID TODAY AS OF 0500 PM LOCAL TIME.

CLIMATE NORMAL PERIOD 1981 TO 2010
CLIMATE RECORD PERIOD 1897 TO 2017


WEATHER ITEM   OBSERVED TIME   RECORD YEAR NORMAL DEPARTURE LAST
                VALUE   (LST)  VALUE       VALUE  FROM      YEAR
                                                  NORMAL
..................................................................
TEMPERATURE (F)
 TODAY
  MAXIMUM         83    336 PM  93    1941  78      5       89
                                      1916
                                      1914
  MINIMUM         66    435 AM  36    1961  56     10       65
                                      1907
  AVERAGE         75                        67      8       77

PRECIPITATION (IN)
  TODAY            T             2.12 1917   0.17  -0.17     0.14
  MONTH TO DATE    5.21                      4.05   1.16     5.27
  SINCE MAR 1     11.12                     11.39  -0.27    12.18
  SINCE JAN 1     17.92                     17.43   0.49    19.64

DEGREE DAYS
 HEATING
  TODAY            0                         2     -2        0
  MONTH TO DATE  102                       106     -4      127
  SINCE MAR 1    793                       993   -200      753
  SINCE JUL 1   3442                      4494  -1052     3788

 COOLING
  TODAY           10                         4      6       12
  MONTH TO DATE   78                        64     14       53
  SINCE MAR 1    148                        96     52      100
  SINCE JAN 1    149                        96     53      100
..................................................................


WIND (MPH)
  HIGHEST WIND SPEED    13   HIGHEST WIND DIRECTION     W (250)
  HIGHEST GUST SPEED    18   HIGHEST GUST DIRECTION     W (250)
  AVERAGE WIND SPEED     5.9


SKY COVER
  POSSIBLE SUNSHINE  MM
  AVERAGE SKY COVER 0.9


WEATHER CONDITIONS
 THE FOLLOWING WEATHER WAS RECORDED TODAY.
  LIGHT RAIN


RELATIVE HUMIDITY (PERCENT)
 HIGHEST    78           800 AM
 LOWEST     58           300 PM
 AVERAGE    68

..........................................................


THE HUNTINGTON WV CLIMATE NORMALS FOR TOMORROW
                         NORMAL    RECORD    YEAR
 MAXIMUM TEMPERATURE (F)   78        95      1941
 MINIMUM TEMPERATURE (F)   56        37      1994


SUNRISE AND SUNSET
MAY 27 2017...........SUNRISE   610 AM EDT   SUNSET   845 PM EDT
MAY 28 2017...........SUNRISE   610 AM EDT   SUNSET   845 PM EDT


-  INDICATES NEGATIVE NUMBERS.
R  INDICATES RECORD WAS SET OR TIED.
MM INDICATES DATA IS MISSING.
T  INDICATES TRACE AMOUNT.




$$
