000
CDUS41 KRLX 240736
CLIHTS


CLIMATE REPORT
NATIONAL WEATHER SERVICE CHARLESTON WV
327 AM EDT SUN MAY 24 2015


...................................

...THE HUNTINGTON WV CLIMATE SUMMARY FOR MAY 23 2015...

CLIMATE NORMAL PERIOD 1981 TO 2010
CLIMATE RECORD PERIOD 1897 TO 2015


WEATHER ITEM   OBSERVED TIME   RECORD YEAR NORMAL DEPARTURE LAST
                VALUE   (LST)  VALUE       VALUE  FROM      YEAR
                                                  NORMAL
..................................................................
TEMPERATURE (F)
 YESTERDAY
  MAXIMUM         78    437 PM  93    1921  77      1       75
  MINIMUM         45    351 AM  32    1897  55    -10       56
  AVERAGE         62                        66     -4       66

PRECIPITATION (IN)
  YESTERDAY        0.00          2.22 1913   0.15  -0.15     0.00
  MONTH TO DATE    0.71                      3.42  -2.71     1.83
  SINCE JAN 1     20.05                     16.80   3.25    18.81

SNOWFALL (IN)
  YESTERDAY        0.0
  MONTH TO DATE    0.0
  SINCE SEP 1     36.6
  SNOW DEPTH       0

DEGREE DAYS
 HEATING
  YESTERDAY        3                         3      0        0
  MONTH TO DATE   64                        97    -33      102
  SINCE MAR 1    966                       984    -18     1052
  SINCE JUL 1   4982                      4485    497     4813

 COOLING
  YESTERDAY        0                         3     -3        1
  MONTH TO DATE   90                        49     41       60
  SINCE MAR 1     99                        81     18       74
  SINCE JAN 1     99                        81     18       74
..................................................................


WIND (MPH)
  HIGHEST WIND SPEED     8   HIGHEST WIND DIRECTION    SW (210)
  HIGHEST GUST SPEED    12   HIGHEST GUST DIRECTION    SW (210)
  AVERAGE WIND SPEED     2.4


SKY COVER
  POSSIBLE SUNSHINE  MM


WEATHER CONDITIONS
 THE FOLLOWING WEATHER WAS RECORDED YESTERDAY.
  NO SIGNIFICANT WEATHER WAS OBSERVED.


RELATIVE HUMIDITY (PERCENT)
 HIGHEST   100           400 AM
 LOWEST     26           200 PM
 AVERAGE    63

..........................................................


THE HUNTINGTON WV CLIMATE NORMALS FOR TODAY
                         NORMAL    RECORD    YEAR
 MAXIMUM TEMPERATURE (F)   77        91      1939
                                             1901
 MINIMUM TEMPERATURE (F)   55        37      1956


SUNRISE AND SUNSET
MAY 24 2015...........SUNRISE   612 AM EDT   SUNSET   842 PM EDT
MAY 25 2015...........SUNRISE   612 AM EDT   SUNSET   843 PM EDT


-  INDICATES NEGATIVE NUMBERS.
R  INDICATES RECORD WAS SET OR TIED.
MM INDICATES DATA IS MISSING.
T  INDICATES TRACE AMOUNT.




$$
