000
CDUS41 KRLX 250824
CLIHTS


CLIMATE REPORT
NATIONAL WEATHER SERVICE CHARLESTON WV
323 AM EST SAT FEB 25 2017


...................................

...THE HUNTINGTON WV CLIMATE SUMMARY FOR FEBRUARY 24 2017...

CLIMATE NORMAL PERIOD 1981 TO 2010
CLIMATE RECORD PERIOD 1897 TO 2017


WEATHER ITEM   OBSERVED TIME   RECORD YEAR NORMAL DEPARTURE LAST
                VALUE   (LST)  VALUE       VALUE  FROM      YEAR
                                                  NORMAL
..................................................................
TEMPERATURE (F)
 YESTERDAY
  MAXIMUM         80R   320 PM  73    1930  49     31       66
                                      1909
  MINIMUM         51    146 AM   3    2015  30     21       37
                                      1967
  AVERAGE         66                        40     26       52

PRECIPITATION (IN)
  YESTERDAY        0.00          2.16 1909   0.11  -0.11     0.38
  MONTH TO DATE    1.16                      2.61  -1.45     5.40
  SINCE JAN 1      5.14                      5.58  -0.44     7.39

SNOWFALL (IN)
  YESTERDAY        0.0
  MONTH TO DATE    T
  SINCE SEP 1      5.9
  SNOW DEPTH       0

DEGREE DAYS
 HEATING
  YESTERDAY        0                        26    -26       13
  MONTH TO DATE  442                       678   -236      647
  SINCE DEC 1   1969                      2515   -546     2206
  SINCE JUL 1   2567                      3402   -835     2926

 COOLING
  YESTERDAY        1                         0      1        0
  MONTH TO DATE    1                         0      1        0
  SINCE DEC 1      1                         1      0        0
  SINCE JAN 1      1                         0      1        0
..................................................................


WIND (MPH)
  HIGHEST WIND SPEED    20   HIGHEST WIND DIRECTION     S (180)
  HIGHEST GUST SPEED    27   HIGHEST GUST DIRECTION     S (180)
  AVERAGE WIND SPEED     7.3


SKY COVER
  POSSIBLE SUNSHINE  MM


WEATHER CONDITIONS
 THE FOLLOWING WEATHER WAS RECORDED YESTERDAY.
  NO SIGNIFICANT WEATHER WAS OBSERVED.


RELATIVE HUMIDITY (PERCENT)
 HIGHEST   100           200 AM
 LOWEST     31           600 PM
 AVERAGE    66

..........................................................


THE HUNTINGTON WV CLIMATE NORMALS FOR TODAY
                         NORMAL    RECORD    YEAR
 MAXIMUM TEMPERATURE (F)   50        80      1930
 MINIMUM TEMPERATURE (F)   30        -1      1967


SUNRISE AND SUNSET
FEBRUARY 25 2017......SUNRISE   707 AM EST   SUNSET   619 PM EST
FEBRUARY 26 2017......SUNRISE   706 AM EST   SUNSET   621 PM EST


-  INDICATES NEGATIVE NUMBERS.
R  INDICATES RECORD WAS SET OR TIED.
MM INDICATES DATA IS MISSING.
T  INDICATES TRACE AMOUNT.




$$
