000
CDUS43 KIND 270532
CLIHUF


CLIMATE REPORT
NATIONAL WEATHER SERVICE INDIANAPOLIS IN
132 AM EDT WED MAY 27 2015


...................................

...THE TERRE HAUTE IN CLIMATE SUMMARY FOR MAY 26 2015...

CLIMATE NORMAL PERIOD 1981 TO 2010
CLIMATE RECORD PERIOD 9999 TO 9999


WEATHER ITEM   OBSERVED TIME   NORMAL DEPARTURE LAST
                VALUE   (LST)  VALUE  FROM      YEAR
                                      NORMAL
......................................................
TEMPERATURE (F)
 YESTERDAY
  MAXIMUM         82    352 PM  77      5       86
  MINIMUM         65    121 AM  55     10       59
  AVERAGE         74            66      8       73

PRECIPITATION (IN)
  YESTERDAY        T             0.20  -0.20     0.00
  MONTH TO DATE    2.47          5.91  -3.44     2.61
  SINCE MAR 1     10.49         13.43  -2.94    10.64
  SINCE JAN 1     13.39         17.72  -4.33    14.67

DEGREE DAYS
 HEATING
  YESTERDAY        0             2     -2        0
  MONTH TO DATE   77           125    -48      126
  SINCE MAR 1   1196          1182     14     1302
  SINCE JUL 1   5830          5345    485     6037

 COOLING
  YESTERDAY        9             4      5        8
  MONTH TO DATE  107            52     55       74
  SINCE MAR 1    113            67     46       80
  SINCE JAN 1    113            67     46       80
......................................................


WIND (MPH)
  HIGHEST WIND SPEED    28   HIGHEST WIND DIRECTION    SW (240)
  HIGHEST GUST SPEED    38   HIGHEST GUST DIRECTION    SW (240)
  AVERAGE WIND SPEED    13.3


SKY COVER
  AVERAGE SKY COVER 0.7


WEATHER CONDITIONS
 THE FOLLOWING WEATHER WAS RECORDED YESTERDAY.
  LIGHT RAIN
  FOG


RELATIVE HUMIDITY (PERCENT)
 HIGHEST   100           100 AM
 LOWEST     50           500 PM
 AVERAGE    75

..........................................................


THE TERRE HAUTE IN CLIMATE NORMALS FOR TODAY
                         NORMAL
 MAXIMUM TEMPERATURE (F)   78
 MINIMUM TEMPERATURE (F)   56


SUNRISE AND SUNSET
MAY 27 2015...........SUNRISE   627 AM EDT   SUNSET   906 PM EDT
MAY 28 2015...........SUNRISE   626 AM EDT   SUNSET   907 PM EDT


-  INDICATES NEGATIVE NUMBERS.
R  INDICATES RECORD WAS SET OR TIED.
MM INDICATES DATA IS MISSING.
T  INDICATES TRACE AMOUNT.




$$
