000
CDUS43 KIND 200537
CLIHUF


CLIMATE REPORT
NATIONAL WEATHER SERVICE INDIANAPOLIS IN
133 AM EDT MON OCT 20 2014


...................................

...THE TERRE HAUTE IN CLIMATE SUMMARY FOR OCTOBER 19 2014...

CLIMATE NORMAL PERIOD 1981 TO 2010
CLIMATE RECORD PERIOD 9999 TO 9999


WEATHER ITEM   OBSERVED TIME   NORMAL DEPARTURE LAST
                VALUE   (LST)  VALUE  FROM      YEAR
                                      NORMAL
......................................................
TEMPERATURE (F)
 YESTERDAY
  MAXIMUM         55        MM  65    -10       56
  MINIMUM         36        MM  42     -6       41
  AVERAGE         46            53     -7       49

PRECIPITATION (IN)
  YESTERDAY        0.00          0.13  -0.13     0.22
  MONTH TO DATE    6.24          2.20   4.04     1.60
  SINCE SEP 1      9.23          5.62   3.61     2.80
  SINCE JAN 1     37.36         36.90   0.46    35.83

DEGREE DAYS
 HEATING
  YESTERDAY       19            12      7       16
  MONTH TO DATE  192           181     11      118
  SINCE SEP 1    286           254     32      171
  SINCE JUL 1    297           259     38      181

 COOLING
  YESTERDAY        0             0      0        0
  MONTH TO DATE   11            12     -1       33
  SINCE SEP 1     87           111    -24      181
  SINCE JAN 1    938           990    -52     1056
......................................................


WIND (MPH)
  HIGHEST WIND SPEED     9   HIGHEST WIND DIRECTION    SW (240)
  HIGHEST GUST SPEED    MM   HIGHEST GUST DIRECTION    MM
  AVERAGE WIND SPEED     3.1


SKY COVER
  AVERAGE SKY COVER 0.4


WEATHER CONDITIONS
 THE FOLLOWING WEATHER WAS RECORDED YESTERDAY.
  NO SIGNIFICANT WEATHER WAS OBSERVED.


RELATIVE HUMIDITY (PERCENT)
 HIGHEST   100           800 AM
 LOWEST     59          1100 AM
 AVERAGE    80

..........................................................


THE TERRE HAUTE IN CLIMATE NORMALS FOR TODAY
                         NORMAL
 MAXIMUM TEMPERATURE (F)   64
 MINIMUM TEMPERATURE (F)   41


SUNRISE AND SUNSET
OCTOBER 20 2014.......SUNRISE   804 AM EDT   SUNSET   703 PM EDT
OCTOBER 21 2014.......SUNRISE   805 AM EDT   SUNSET   702 PM EDT


-  INDICATES NEGATIVE NUMBERS.
R  INDICATES RECORD WAS SET OR TIED.
MM INDICATES DATA IS MISSING.
T  INDICATES TRACE AMOUNT.




$$
