000
CDUS43 KIND 220534
CLIHUF


CLIMATE REPORT
NATIONAL WEATHER SERVICE INDIANAPOLIS IN
1234 AM EST MON DEC 22 2014


...................................

...THE TERRE HAUTE IN CLIMATE SUMMARY FOR DECEMBER 21 2014...

CLIMATE NORMAL PERIOD 1981 TO 2010
CLIMATE RECORD PERIOD 9999 TO 9999


WEATHER ITEM   OBSERVED TIME   NORMAL DEPARTURE LAST
                VALUE   (LST)  VALUE  FROM      YEAR
                                      NORMAL
......................................................
TEMPERATURE (F)
 YESTERDAY
  MAXIMUM         39    410 PM  38      1       44
  MINIMUM         22    518 AM  22      0       36
  AVERAGE         31            30      1       40

PRECIPITATION (IN)
  YESTERDAY        0.00          0.12  -0.12     2.29
  MONTH TO DATE    1.93          1.80   0.13     3.65
  SINCE DEC 1      1.93          1.80   0.13     3.65
  SINCE JAN 1     42.41         43.91  -1.50    45.01

DEGREE DAYS
 HEATING
  YESTERDAY       34            35     -1       25
  MONTH TO DATE  640           675    -35      720
  SINCE DEC 1    640           675    -35      720
  SINCE JUL 1   1940          1753    187     1842

 COOLING
  YESTERDAY        0             0      0        0
  MONTH TO DATE    0             0      0        0
  SINCE DEC 1      0             0      0        0
  SINCE JAN 1    939           993    -54     1056
......................................................


WIND (MPH)
  HIGHEST WIND SPEED    12   HIGHEST WIND DIRECTION     S (170)
  HIGHEST GUST SPEED    16   HIGHEST GUST DIRECTION    SE (130)
  AVERAGE WIND SPEED     5.3


SKY COVER
  AVERAGE SKY COVER 0.1


WEATHER CONDITIONS
 THE FOLLOWING WEATHER WAS RECORDED YESTERDAY.
  FOG


RELATIVE HUMIDITY (PERCENT)
 HIGHEST    96           600 AM
 LOWEST     64           300 PM
 AVERAGE    80

..........................................................


THE TERRE HAUTE IN CLIMATE NORMALS FOR TODAY
                         NORMAL
 MAXIMUM TEMPERATURE (F)   38
 MINIMUM TEMPERATURE (F)   22


SUNRISE AND SUNSET
DECEMBER 22 2014......SUNRISE   806 AM EST   SUNSET   529 PM EST
DECEMBER 23 2014......SUNRISE   807 AM EST   SUNSET   530 PM EST


-  INDICATES NEGATIVE NUMBERS.
R  INDICATES RECORD WAS SET OR TIED.
MM INDICATES DATA IS MISSING.
T  INDICATES TRACE AMOUNT.




$$
