000
CDUS43 KIND 280536
CLIHUF


CLIMATE REPORT
NATIONAL WEATHER SERVICE INDIANAPOLIS IN
133 AM EDT THU AUG 28 2014


...................................

...THE TERRE HAUTE IN CLIMATE SUMMARY FOR AUGUST 27 2014...

CLIMATE NORMAL PERIOD 1981 TO 2010
CLIMATE RECORD PERIOD 9999 TO 9999


WEATHER ITEM   OBSERVED TIME   NORMAL DEPARTURE LAST
                VALUE   (LST)  VALUE  FROM      YEAR
                                      NORMAL
......................................................
TEMPERATURE (F)
 YESTERDAY
  MAXIMUM         90    240 PM  83      7       90
  MINIMUM         67    625 AM  61      6       71
  AVERAGE         79            72      7       81

PRECIPITATION (IN)
  YESTERDAY        0.00          0.15  -0.15     0.00
  MONTH TO DATE    2.69          3.00  -0.31     1.17
  SINCE JUN 1     13.02         12.23   0.79    11.90
  SINCE JAN 1     28.03         30.67  -2.64    32.93

DEGREE DAYS
 HEATING
  YESTERDAY        0             0      0        0
  MONTH TO DATE    3             0      3        8
  SINCE JUN 1     13            14     -1       17
  SINCE JUL 1     11             1     10       10

 COOLING
  YESTERDAY       14             7      7       16
  MONTH TO DATE  220           221     -1      194
  SINCE JUN 1    674           767    -93      697
  SINCE JAN 1    801           853    -52      811
......................................................


WIND (MPH)
  HIGHEST WIND SPEED     9   HIGHEST WIND DIRECTION     N (20)
  HIGHEST GUST SPEED    13   HIGHEST GUST DIRECTION    NE (30)
  AVERAGE WIND SPEED     2.7


SKY COVER
  AVERAGE SKY COVER 0.1


WEATHER CONDITIONS
 THE FOLLOWING WEATHER WAS RECORDED YESTERDAY.
  FOG


RELATIVE HUMIDITY (PERCENT)
 HIGHEST    97           300 AM
 LOWEST     59           100 PM
 AVERAGE    78

..........................................................


THE TERRE HAUTE IN CLIMATE NORMALS FOR TODAY
                         NORMAL
 MAXIMUM TEMPERATURE (F)   83
 MINIMUM TEMPERATURE (F)   60


SUNRISE AND SUNSET
AUGUST 28 2014........SUNRISE   714 AM EDT   SUNSET   826 PM EDT
AUGUST 29 2014........SUNRISE   715 AM EDT   SUNSET   825 PM EDT


-  INDICATES NEGATIVE NUMBERS.
R  INDICATES RECORD WAS SET OR TIED.
MM INDICATES DATA IS MISSING.
T  INDICATES TRACE AMOUNT.




$$
