102
CDUS41 KCAR 030545
CLIHUL


CLIMATE REPORT
NATIONAL WEATHER SERVICE CARIBOU, ME
141 AM EDT TUE MAY 3 2016


...................................

...THE HOULTON ME CLIMATE SUMMARY FOR MAY 2 2016...

CLIMATE NORMAL PERIOD 1981 TO 2010
CLIMATE RECORD PERIOD 1948 TO 2016


WEATHER ITEM   OBSERVED TIME   RECORD YEAR NORMAL DEPARTURE LAST
                VALUE   (LST)  VALUE       VALUE  FROM      YEAR
                                                  NORMAL
..................................................................
TEMPERATURE (F)
 YESTERDAY
  MAXIMUM         49    318 PM  86    1970  59    -10       68
  MINIMUM         39    502 AM  18    1972  34      5       34
  AVERAGE         44                        46     -2       51

PRECIPITATION (IN)
  YESTERDAY        0.35          1.24 1989   0.10   0.25     0.00
  MONTH TO DATE    0.35                      0.20   0.15     0.00
  SINCE MAR 1      7.11                      6.67   0.44     3.34
  SINCE JAN 1     12.07                     11.53   0.54     5.44

SNOWFALL (IN)
  YESTERDAY       MM             T    1988   0.0   MM       MM
  MONTH TO DATE   MM                         0.0   MM       MM
  SINCE MAR 1     MM                        23.8   MM       MM
  SINCE JUL 1     MM                        89.4   MM       MM
  SNOW DEPTH      MM

DEGREE DAYS
 HEATING
  YESTERDAY       21                        19      2       14
  MONTH TO DATE   41                        38      3       37
  SINCE MAR 1   2069                      2038     31     2272
  SINCE JUL 1   7687                      8611   -924     8840

 COOLING
  YESTERDAY        0                         0      0        0
  MONTH TO DATE    0                         0      0        0
  SINCE MAR 1      0                         0      0        0
  SINCE JAN 1      0                         0      0        0
..................................................................


WIND (MPH)
  HIGHEST WIND SPEED    13   HIGHEST WIND DIRECTION     S (170)
  HIGHEST GUST SPEED    19   HIGHEST GUST DIRECTION    SE (140)
  AVERAGE WIND SPEED     4.8


SKY COVER
  POSSIBLE SUNSHINE  MM
  AVERAGE SKY COVER 0.9


WEATHER CONDITIONS
 THE FOLLOWING WEATHER WAS RECORDED YESTERDAY.
  LIGHT RAIN
  FOG


RELATIVE HUMIDITY (PERCENT)
 HIGHEST    93           400 AM
 LOWEST     46          1000 AM
 AVERAGE    70

..........................................................


THE HOULTON ME CLIMATE NORMALS FOR TODAY
                         NORMAL    RECORD    YEAR
 MAXIMUM TEMPERATURE (F)   59        89      2001
 MINIMUM TEMPERATURE (F)   35        21      1966


SUNRISE AND SUNSET
MAY  3 2016...........SUNRISE   514 AM EDT   SUNSET   743 PM EDT
MAY  4 2016...........SUNRISE   513 AM EDT   SUNSET   744 PM EDT


-  INDICATES NEGATIVE NUMBERS.
R  INDICATES RECORD WAS SET OR TIED.
MM INDICATES DATA IS MISSING.
T  INDICATES TRACE AMOUNT.




$$
