000
CDUS41 KCAR 270529
CLIHUL


CLIMATE REPORT
NATIONAL WEATHER SERVICE CARIBOU, ME
127 AM EDT FRI MAY 27 2016


...................................

...THE HOULTON ME CLIMATE SUMMARY FOR MAY 26 2016...

CLIMATE NORMAL PERIOD 1981 TO 2010
CLIMATE RECORD PERIOD 1948 TO 2016


WEATHER ITEM   OBSERVED TIME   RECORD YEAR NORMAL DEPARTURE LAST
                VALUE   (LST)  VALUE       VALUE  FROM      YEAR
                                                  NORMAL
..................................................................
TEMPERATURE (F)
 YESTERDAY
  MAXIMUM         63    424 PM  88    1950  67     -4       80
  MINIMUM         49    828 PM  29    1990  41      8       59
  AVERAGE         56                        54      2       70

PRECIPITATION (IN)
  YESTERDAY        0.00          1.40 1967   0.10  -0.10     0.43
  MONTH TO DATE    2.20                      2.76  -0.56     2.30
  SINCE MAR 1      8.96                      9.23  -0.27     5.64
  SINCE JAN 1     13.92                     14.09  -0.17     7.74

SNOWFALL (IN)
  YESTERDAY       MM             T    1998   0.0   MM       MM
  MONTH TO DATE   MM                         0.1   MM       MM
  SINCE MAR 1     MM                        23.9   MM       MM
  SINCE JUL 1     MM                        89.5   MM       MM
  SNOW DEPTH      MM

DEGREE DAYS
 HEATING
  YESTERDAY        9                        11     -2        0
  MONTH TO DATE  337                       383    -46      305
  SINCE MAR 1   2365                      2383    -18     2540
  SINCE JUL 1   7983                      8956   -973     9108

 COOLING
  YESTERDAY        0                         0      0        5
  MONTH TO DATE    3                         0      3        7
  SINCE MAR 1      3                         0      3        7
  SINCE JAN 1      3                         0      3        7
..................................................................


WIND (MPH)
  HIGHEST WIND SPEED    18   HIGHEST WIND DIRECTION     N (360)
  HIGHEST GUST SPEED    24   HIGHEST GUST DIRECTION     N (340)
  AVERAGE WIND SPEED     9.1


SKY COVER
  POSSIBLE SUNSHINE  MM
  AVERAGE SKY COVER 0.8


WEATHER CONDITIONS
 THE FOLLOWING WEATHER WAS RECORDED YESTERDAY.
  NO SIGNIFICANT WEATHER WAS OBSERVED.


RELATIVE HUMIDITY (PERCENT)
 HIGHEST    93          1200 AM
 LOWEST     60           300 PM
 AVERAGE    77

..........................................................


THE HOULTON ME CLIMATE NORMALS FOR TODAY
                         NORMAL    RECORD    YEAR
 MAXIMUM TEMPERATURE (F)   67        89      1972
 MINIMUM TEMPERATURE (F)   42        27      1977


SUNRISE AND SUNSET
MAY 27 2016...........SUNRISE   447 AM EDT   SUNSET   811 PM EDT
MAY 28 2016...........SUNRISE   446 AM EDT   SUNSET   812 PM EDT


-  INDICATES NEGATIVE NUMBERS.
R  INDICATES RECORD WAS SET OR TIED.
MM INDICATES DATA IS MISSING.
T  INDICATES TRACE AMOUNT.




$$
