000
CDUS41 KCAR 260526
CLIHUL


CLIMATE REPORT
NATIONAL WEATHER SERVICE CARIBOU, ME
126 AM EDT MON SEP 26 2016


...................................

...THE HOULTON ME CLIMATE SUMMARY FOR SEPTEMBER 25 2016...

CLIMATE NORMAL PERIOD 1981 TO 2010
CLIMATE RECORD PERIOD 1948 TO 2016


WEATHER ITEM   OBSERVED TIME   RECORD YEAR NORMAL DEPARTURE LAST
                VALUE   (LST)  VALUE       VALUE  FROM      YEAR
                                                  NORMAL
..................................................................
TEMPERATURE (F)
 YESTERDAY
  MAXIMUM         55    246 PM  82    1970  63     -8       56
  MINIMUM         31    155 AM  21    1974  40     -9       30
  AVERAGE         43                        51     -8       43

PRECIPITATION (IN)
  YESTERDAY        T             2.40 1991   0.12  -0.12     0.00
  MONTH TO DATE    0.99                      2.78  -1.79     3.11
  SINCE SEP 1      0.99                      2.78  -1.79     3.11
  SINCE JAN 1     27.85                     28.40  -0.55    21.87

SNOWFALL (IN)
  YESTERDAY       MM             0.0  2003   0.1   MM       MM
  MONTH TO DATE   MM                         0.1   MM       MM
  SINCE SEP 1     MM                         0.1   MM       MM
  SINCE JUL 1     MM                         0.1   MM       MM
  SNOW DEPTH      MM

DEGREE DAYS
 HEATING
  YESTERDAY       22                        14      8       22
  MONTH TO DATE  155                       237    -82      123
  SINCE SEP 1    155                       237    -82      123
  SINCE JUL 1    249                       393   -144      210

 COOLING
  YESTERDAY        0                         0      0        0
  MONTH TO DATE   23                        12     11       46
  SINCE SEP 1     23                        12     11       46
  SINCE JAN 1    229                       190     39      236
..................................................................


WIND (MPH)
  HIGHEST WIND SPEED    22   HIGHEST WIND DIRECTION     N (350)
  HIGHEST GUST SPEED    31   HIGHEST GUST DIRECTION     N (360)
  AVERAGE WIND SPEED     5.9


SKY COVER
  POSSIBLE SUNSHINE  MM
  AVERAGE SKY COVER 0.4


WEATHER CONDITIONS
 THE FOLLOWING WEATHER WAS RECORDED YESTERDAY.
  LIGHT RAIN


RELATIVE HUMIDITY (PERCENT)
 HIGHEST   100          1200 AM
 LOWEST     54           100 PM
 AVERAGE    77

..........................................................


THE HOULTON ME CLIMATE NORMALS FOR TODAY
                         NORMAL    RECORD    YEAR
 MAXIMUM TEMPERATURE (F)   62        85      2007
 MINIMUM TEMPERATURE (F)   39        23      1939


SUNRISE AND SUNSET
SEPTEMBER 26 2016.....SUNRISE   624 AM EDT   SUNSET   620 PM EDT
SEPTEMBER 27 2016.....SUNRISE   625 AM EDT   SUNSET   618 PM EDT


-  INDICATES NEGATIVE NUMBERS.
R  INDICATES RECORD WAS SET OR TIED.
MM INDICATES DATA IS MISSING.
T  INDICATES TRACE AMOUNT.




$$
