124
CDUS41 KCAR 260543
CLIHUL


CLIMATE REPORT
NATIONAL WEATHER SERVICE CARIBOU, ME
1239 AM EST SUN FEB 26 2017


...................................

...THE HOULTON ME CLIMATE SUMMARY FOR FEBRUARY 25 2017...

CLIMATE NORMAL PERIOD 1981 TO 2010
CLIMATE RECORD PERIOD 1948 TO 2017


WEATHER ITEM   OBSERVED TIME   RECORD YEAR NORMAL DEPARTURE LAST
                VALUE   (LST)  VALUE       VALUE  FROM      YEAR
                                                  NORMAL
..................................................................
TEMPERATURE (F)
 YESTERDAY
  MAXIMUM         44   1159 PM  54    2016  30     14       54
  MINIMUM         33    914 AM -21    1972   7     26       32
  AVERAGE         39                        18     21       43

PRECIPITATION (IN)
  YESTERDAY        0.19          1.08 1965   0.07   0.12     0.61
  MONTH TO DATE    1.22                      1.77  -0.55     3.44
  SINCE DEC 1      6.97                      7.92  -0.95     9.05
  SINCE JAN 1      4.05                      4.63  -0.58     4.86

SNOWFALL (IN)
  YESTERDAY       MM             6.0  1966   0.7   MM       MM
  MONTH TO DATE   MM                        15.9   MM       MM
  SINCE DEC 1     MM                        55.6   MM       MM
  SINCE JUL 1     MM                        63.7   MM       MM
  SNOW DEPTH      MM

DEGREE DAYS
 HEATING
  YESTERDAY       26                        47    -21       22
  MONTH TO DATE 1229                      1259    -30     1145
  SINCE DEC 1   4111                      4326   -215     3668
  SINCE JUL 1   5854                      6434   -580     5463

 COOLING
  YESTERDAY        0                         0      0        0
  MONTH TO DATE    0                         0      0        0
  SINCE DEC 1      0                         0      0        0
  SINCE JAN 1      0                         0      0        0
..................................................................


WIND (MPH)
  HIGHEST WIND SPEED    15   HIGHEST WIND DIRECTION    SE (120)
  HIGHEST GUST SPEED    23   HIGHEST GUST DIRECTION     E (110)
  AVERAGE WIND SPEED     6.7


SKY COVER
  POSSIBLE SUNSHINE  MM
  AVERAGE SKY COVER 1.0


WEATHER CONDITIONS
 THE FOLLOWING WEATHER WAS RECORDED YESTERDAY.
  HEAVY RAIN
  RAIN
  LIGHT RAIN
  FOG


RELATIVE HUMIDITY (PERCENT)
 HIGHEST   100          1200 AM
 LOWEST     96           200 AM
 AVERAGE    98

..........................................................


THE HOULTON ME CLIMATE NORMALS FOR TODAY
                         NORMAL    RECORD    YEAR
 MAXIMUM TEMPERATURE (F)   30        46      1976
 MINIMUM TEMPERATURE (F)    7       -23      1993


SUNRISE AND SUNSET
FEBRUARY 26 2017......SUNRISE   615 AM EST   SUNSET   514 PM EST
FEBRUARY 27 2017......SUNRISE   613 AM EST   SUNSET   515 PM EST


-  INDICATES NEGATIVE NUMBERS.
R  INDICATES RECORD WAS SET OR TIED.
MM INDICATES DATA IS MISSING.
T  INDICATES TRACE AMOUNT.




$$
