000
CDUS41 KCAR 280546
CLIHUL


CLIMATE REPORT
NATIONAL WEATHER SERVICE CARIBOU, ME
144 AM EDT TUE JUL 28 2015


...................................

...THE HOULTON ME CLIMATE SUMMARY FOR JULY 27 2015...

CLIMATE NORMAL PERIOD 1981 TO 2010
CLIMATE RECORD PERIOD 1948 TO 2015


WEATHER ITEM   OBSERVED TIME   RECORD YEAR NORMAL DEPARTURE LAST
                VALUE   (LST)  VALUE       VALUE  FROM      YEAR
                                                  NORMAL
..................................................................
TEMPERATURE (F)
 YESTERDAY
  MAXIMUM         75    334 PM  93    1989  78     -3       80
  MINIMUM         60   1235 AM  41    1946  54      6       60
  AVERAGE         68                        66      2       70

PRECIPITATION (IN)
  YESTERDAY        0.00          0.98 1970   0.12  -0.12     0.14
  MONTH TO DATE    1.50                      3.17  -1.67     6.32
  SINCE JUN 1      5.52                      6.82  -1.30    10.58
  SINCE JAN 1     14.87                     21.45  -6.58    25.28

SNOWFALL (IN)
  YESTERDAY       MM             0.0  2003   0.0   MM       MM
  MONTH TO DATE   MM                         0.0   MM       MM
  SINCE JUN 1     MM                         0.0   MM       MM
  SINCE JUL 1     MM                         0.0   MM       MM
  SNOW DEPTH      MM

DEGREE DAYS
 HEATING
  YESTERDAY        0                         2     -2        0
  MONTH TO DATE   63                        57      6       30
  SINCE JUN 1    300                       238     62      159
  SINCE JUL 1     63                        57      6       30

 COOLING
  YESTERDAY        3                         3      0        5
  MONTH TO DATE   28                        79    -51      126
  SINCE JUN 1     40                       114    -74      151
  SINCE JAN 1     65                       118    -53      152
..................................................................


WIND (MPH)
  HIGHEST WIND SPEED    13   HIGHEST WIND DIRECTION    SW (240)
  HIGHEST GUST SPEED    15   HIGHEST GUST DIRECTION    SW (230)
  AVERAGE WIND SPEED     5.0


SKY COVER
  POSSIBLE SUNSHINE  MM
  AVERAGE SKY COVER 0.8


WEATHER CONDITIONS
 THE FOLLOWING WEATHER WAS RECORDED YESTERDAY.
  FOG


RELATIVE HUMIDITY (PERCENT)
 HIGHEST    97          1200 AM
 LOWEST     68           300 PM
 AVERAGE    83

..........................................................


THE HOULTON ME CLIMATE NORMALS FOR TODAY
                         NORMAL    RECORD    YEAR
 MAXIMUM TEMPERATURE (F)   78        93      1970
 MINIMUM TEMPERATURE (F)   54        38      1977


SUNRISE AND SUNSET
JULY 28 2015..........SUNRISE   508 AM EDT   SUNSET   806 PM EDT
JULY 29 2015..........SUNRISE   509 AM EDT   SUNSET   805 PM EDT


-  INDICATES NEGATIVE NUMBERS.
R  INDICATES RECORD WAS SET OR TIED.
MM INDICATES DATA IS MISSING.
T  INDICATES TRACE AMOUNT.




$$
