000
CDUS41 KCAR 250536
CLIHUL


CLIMATE REPORT
NATIONAL WEATHER SERVICE CARIBOU, ME
133 AM EDT MON SEP 25 2017


...................................

...THE HOULTON ME CLIMATE SUMMARY FOR SEPTEMBER 24 2017...

CLIMATE NORMAL PERIOD 1981 TO 2010
CLIMATE RECORD PERIOD 1948 TO 2017


WEATHER ITEM   OBSERVED TIME   RECORD YEAR NORMAL DEPARTURE LAST
                VALUE   (LST)  VALUE       VALUE  FROM      YEAR
                                                  NORMAL
..................................................................
TEMPERATURE (F)
 YESTERDAY
  MAXIMUM         87R   232 PM  81    1958  63     24       57
  MINIMUM         52    503 AM  25    1995  40     12       31
  AVERAGE         70                        52     18       44

PRECIPITATION (IN)
  YESTERDAY        0.02          1.93 1981   0.12  -0.10     0.00
  MONTH TO DATE    1.73                      2.66  -0.93     0.99
  SINCE SEP 1      1.73                      2.66  -0.93     0.99
  SINCE JAN 1     24.07                     28.28  -4.21    27.85

SNOWFALL (IN)
  YESTERDAY       MM             T    1950   0.0   MM       MM
  MONTH TO DATE   MM                         0.0   MM       MM
  SINCE SEP 1     MM                         0.0   MM       MM
  SINCE JUL 1     MM                         0.0   MM       MM
  SNOW DEPTH      MM

DEGREE DAYS
 HEATING
  YESTERDAY        0                        14    -14       21
  MONTH TO DATE  105                       223   -118      133
  SINCE SEP 1    105                       223   -118      133
  SINCE JUL 1    253                       379   -126      227

 COOLING
  YESTERDAY        5                         0      5        0
  MONTH TO DATE   16                        12      4       23
  SINCE SEP 1     16                        12      4       23
  SINCE JAN 1    192                       190      2      229
..................................................................


WIND (MPH)
  HIGHEST WIND SPEED    14   HIGHEST WIND DIRECTION     W (250)
  HIGHEST GUST SPEED    19   HIGHEST GUST DIRECTION    SW (240)
  AVERAGE WIND SPEED     3.9


SKY COVER
  POSSIBLE SUNSHINE  MM
  AVERAGE SKY COVER 0.4


WEATHER CONDITIONS
 THE FOLLOWING WEATHER WAS RECORDED YESTERDAY.
  LIGHT RAIN
  FOG
  FOG W/VISIBILITY <= 1/4 MILE


RELATIVE HUMIDITY (PERCENT)
 HIGHEST   100           100 AM
 LOWEST     55           200 PM
 AVERAGE    78

..........................................................


THE HOULTON ME CLIMATE NORMALS FOR TODAY
                         NORMAL    RECORD    YEAR
 MAXIMUM TEMPERATURE (F)   63        82      1970
 MINIMUM TEMPERATURE (F)   40        21      1974


SUNRISE AND SUNSET
SEPTEMBER 25 2017.....SUNRISE   622 AM EDT   SUNSET   622 PM EDT
SEPTEMBER 26 2017.....SUNRISE   623 AM EDT   SUNSET   620 PM EDT


-  INDICATES NEGATIVE NUMBERS.
R  INDICATES RECORD WAS SET OR TIED.
MM INDICATES DATA IS MISSING.
T  INDICATES TRACE AMOUNT.




$$
