000
CDUS45 KTFX 231055
CLIHVR


CLIMATE REPORT
NATIONAL WEATHER SERVICE GREAT FALLS MT
455 AM MDT WED JUL 23 2014


...................................

...THE HAVRE MT CLIMATE SUMMARY FOR JULY 22 2014...

CLIMATE NORMAL PERIOD 1981 TO 2010
CLIMATE RECORD PERIOD 1880 TO 2014


WEATHER ITEM   OBSERVED TIME   RECORD YEAR NORMAL DEPARTURE LAST
                VALUE   (LST)  VALUE       VALUE  FROM      YEAR
                                                  NORMAL
..................................................................
TEMPERATURE (F)
 YESTERDAY
  MAXIMUM         85    614 PM 105    1960  87     -2       88
                                      1936
  MINIMUM         53    526 AM  40    1984  55     -2       57
  AVERAGE         69                        71     -2       73

PRECIPITATION (IN)
  YESTERDAY        T             0.83 1925   0.04  -0.04     0.01
  MONTH TO DATE    0.09                      1.30  -1.21     1.37
  SINCE OCT 1      8.48                      8.63  -0.15    15.06
  SINCE JAN 1      6.47                      7.22  -0.75    12.58

SNOWFALL (IN)
  YESTERDAY        0.0           0.0  1999   0.0    0.0      0.0
                                      2001
                                      1998
  MONTH TO DATE    0.0                       0.0    0.0      0.0
  SINCE JUN 1      0.0                       0.0    0.0      0.0
  SINCE JUL 1      0.0                       0.0    0.0      0.0
  SNOW DEPTH       0

DEGREE DAYS
 HEATING
  YESTERDAY        0                         1     -1        0
  MONTH TO DATE    0                        29    -29        5
  SINCE JUN 1    175                       162     13      118
  SINCE JUL 1      0                        29    -29        5

 COOLING
  YESTERDAY        4                         6     -2        8
  MONTH TO DATE  133                       102     31      119
  SINCE JUN 1    139                       150    -11      162
  SINCE JAN 1    146                       161    -15      169
..................................................................


WIND (MPH)
  HIGHEST WIND SPEED    20   HIGHEST WIND DIRECTION     E (70)
  HIGHEST GUST SPEED    25   HIGHEST GUST DIRECTION    SE (130)
  AVERAGE WIND SPEED     9.1


SKY COVER
  AVERAGE SKY COVER 0.0


WEATHER CONDITIONS
 THE FOLLOWING WEATHER WAS RECORDED YESTERDAY.
  LIGHT RAIN


RELATIVE HUMIDITY (PERCENT)
 HIGHEST    93           100 AM
 LOWEST     23           600 PM
 AVERAGE    58

..........................................................


THE HAVRE MT CLIMATE NORMALS FOR TODAY
                         NORMAL    RECORD    YEAR
 MAXIMUM TEMPERATURE (F)   87       106      2007
 MINIMUM TEMPERATURE (F)   55        44      1918


SUNRISE AND SUNSET
JULY 23 2014..........SUNRISE   542 AM MDT   SUNSET   908 PM MDT
JULY 24 2014..........SUNRISE   543 AM MDT   SUNSET   907 PM MDT


-  INDICATES NEGATIVE NUMBERS.
R  INDICATES RECORD WAS SET OR TIED.
MM INDICATES DATA IS MISSING.
T  INDICATES TRACE AMOUNT.




$$
