000
CDUS45 KTFX 230945
CLIHVR


CLIMATE REPORT
NATIONAL WEATHER SERVICE GREAT FALLS MT
344 AM MDT SUN APR 23 2017


...................................

...THE HAVRE MT CLIMATE SUMMARY FOR APRIL 22 2017...

CLIMATE NORMAL PERIOD 1981 TO 2010
CLIMATE RECORD PERIOD 1880 TO 2017


WEATHER ITEM   OBSERVED TIME   RECORD YEAR NORMAL DEPARTURE LAST
                VALUE   (LST)  VALUE       VALUE  FROM      YEAR
                                                  NORMAL
..................................................................
TEMPERATURE (F)
 YESTERDAY
  MAXIMUM         58    413 PM  89    1906  61     -3       73
  MINIMUM         42    640 AM -14    1967  32     10       42
  AVERAGE         50                        46      4       58

PRECIPITATION (IN)
  YESTERDAY        0.00          0.52 1932   0.03  -0.03     0.01
  MONTH TO DATE    0.55                      0.55   0.00     2.63
  SINCE OCT 1      6.07                      3.11   2.96     5.42
  SINCE JAN 1      2.08                      1.70   0.38     3.49

SNOWFALL (IN)
  YESTERDAY        0.0           1.5  1897   0.0    0.0      0.0
  MONTH TO DATE    T                         2.5   -2.5       T
  SINCE MAR 1      1.0                       8.8   -7.8       T
  SINCE JUL 1     31.9                      36.7   -4.8     14.3
  SNOW DEPTH       0

DEGREE DAYS
 HEATING
  YESTERDAY       15                        19     -4        7
  MONTH TO DATE  416                       481    -65      342
  SINCE MAR 1   1328                      1479   -151     1121
  SINCE JUL 1   7327                      7599   -272     6546

 COOLING
  YESTERDAY        0                         0      0        0
  MONTH TO DATE    0                         0      0        0
  SINCE MAR 1      0                         0      0        0
  SINCE JAN 1      0                         0      0        0
..................................................................


WIND (MPH)
  HIGHEST WIND SPEED    25   HIGHEST WIND DIRECTION     E (80)
  HIGHEST GUST SPEED    34   HIGHEST GUST DIRECTION     E (80)
  AVERAGE WIND SPEED    10.6


SKY COVER
  AVERAGE SKY COVER 0.7


WEATHER CONDITIONS
 THE FOLLOWING WEATHER WAS RECORDED YESTERDAY.
  NO SIGNIFICANT WEATHER WAS OBSERVED.


RELATIVE HUMIDITY (PERCENT)
 HIGHEST    89           400 AM
 LOWEST     59           100 PM
 AVERAGE    74

..........................................................


THE HAVRE MT CLIMATE NORMALS FOR TODAY
                         NORMAL    RECORD    YEAR
 MAXIMUM TEMPERATURE (F)   61        89      2012
 MINIMUM TEMPERATURE (F)   33        -4      1967


SUNRISE AND SUNSET
APRIL 23 2017.........SUNRISE   613 AM MDT   SUNSET   823 PM MDT
APRIL 24 2017.........SUNRISE   611 AM MDT   SUNSET   824 PM MDT


-  INDICATES NEGATIVE NUMBERS.
R  INDICATES RECORD WAS SET OR TIED.
MM INDICATES DATA IS MISSING.
T  INDICATES TRACE AMOUNT.




$$
