000
CDUS45 KTFX 212230
CLIHVR


CLIMATE REPORT
NATIONAL WEATHER SERVICE GREAT FALLS MT
430 PM MDT FRI JUL 21 2017


...................................

...THE HAVRE MT CLIMATE SUMMARY FOR JULY 21 2017...
VALID TODAY AS OF 0400 PM LOCAL TIME.

CLIMATE NORMAL PERIOD 1981 TO 2010
CLIMATE RECORD PERIOD 1880 TO 2017


WEATHER ITEM   OBSERVED TIME   RECORD YEAR NORMAL DEPARTURE LAST
                VALUE   (LST)  VALUE       VALUE  FROM      YEAR
                                                  NORMAL
..................................................................
TEMPERATURE (F)
 TODAY
  MAXIMUM         87    259 PM 103    1931  87      0       93
  MINIMUM         57    355 AM  42    1968  55      2       52
  AVERAGE         72                        71      1       73

PRECIPITATION (IN)
  TODAY            0.00          0.31 1995   0.04  -0.04     0.00
  MONTH TO DATE    0.23                      1.26  -1.03     2.10
  SINCE OCT 1      7.43                      8.59  -1.16    13.85
  SINCE JAN 1      3.44                      7.18  -3.74    11.92

SNOWFALL (IN)
  TODAY            0.0           T    1952   0.0    0.0      0.0
                                      2001
                                      1998
  MONTH TO DATE    0.0                       0.0    0.0      0.0
  SINCE JUN 1      0.0                       0.0    0.0      0.0
  SINCE JUL 1      0.0                       0.0    0.0      0.0

DEGREE DAYS
 HEATING
  TODAY            0                         1     -1        0
  MONTH TO DATE    1                        28    -27       19
  SINCE JUN 1     84                       161    -77      104
  SINCE JUL 1      1                        28    -27       19

 COOLING
  TODAY            7                         6      1        8
  MONTH TO DATE  213                        96    117       74
  SINCE JUN 1    276                       144    132      128
  SINCE JAN 1    287                       155    132      129
..................................................................


WIND (MPH)
  HIGHEST WIND SPEED    28   HIGHEST WIND DIRECTION     W (290)
  HIGHEST GUST SPEED    33   HIGHEST GUST DIRECTION     W (270)
  AVERAGE WIND SPEED    12.9


SKY COVER
  AVERAGE SKY COVER 0.0


WEATHER CONDITIONS
 THE FOLLOWING WEATHER WAS RECORDED TODAY.
  NO SIGNIFICANT WEATHER WAS OBSERVED.


RELATIVE HUMIDITY (PERCENT)
 HIGHEST    47           400 AM
 LOWEST     10           300 PM
 AVERAGE    29

..........................................................


THE HAVRE MT CLIMATE NORMALS FOR TOMORROW
                         NORMAL    RECORD    YEAR
 MAXIMUM TEMPERATURE (F)   87       105      1960
                                             1936
 MINIMUM TEMPERATURE (F)   55        40      1984


SUNRISE AND SUNSET
JULY 21 2017..........SUNRISE   540 AM MDT   SUNSET   910 PM MDT
JULY 22 2017..........SUNRISE   541 AM MDT   SUNSET   909 PM MDT


-  INDICATES NEGATIVE NUMBERS.
R  INDICATES RECORD WAS SET OR TIED.
MM INDICATES DATA IS MISSING.
T  INDICATES TRACE AMOUNT.




$$
