000
CDUS45 KTFX 311017
CLIHVR


CLIMATE REPORT
NATIONAL WEATHER SERVICE GREAT FALLS MT
416 AM MDT THU JUL 31 2014


...................................

...THE HAVRE MT CLIMATE SUMMARY FOR JULY 30 2014...

CLIMATE NORMAL PERIOD 1981 TO 2010
CLIMATE RECORD PERIOD 1880 TO 2014


WEATHER ITEM   OBSERVED TIME   RECORD YEAR NORMAL DEPARTURE LAST
                VALUE   (LST)  VALUE       VALUE  FROM      YEAR
                                                  NORMAL
..................................................................
TEMPERATURE (F)
 YESTERDAY
  MAXIMUM         98    313 PM 102    1926  88     10       74
  MINIMUM         61    455 AM  40    2009  55      6       51
  AVERAGE         80                        71      9       63

PRECIPITATION (IN)
  YESTERDAY        0.00          1.35 1950   0.03  -0.03      T
  MONTH TO DATE    0.26                      1.60  -1.34     2.75
  SINCE OCT 1      8.65                      8.93  -0.28    16.44
  SINCE JAN 1      6.64                      7.52  -0.88    13.96

SNOWFALL (IN)
  YESTERDAY        0.0           0.0  1999   0.0    0.0      0.0
                                      2001
                                      1998
  MONTH TO DATE    0.0                       0.0    0.0      0.0
  SINCE JUN 1      0.0                       0.0    0.0      0.0
  SINCE JUL 1      0.0                       0.0    0.0      0.0
  SNOW DEPTH       0

DEGREE DAYS
 HEATING
  YESTERDAY        0                         0      0        2
  MONTH TO DATE    0                        29    -29        8
  SINCE JUN 1    175                       162     13      121
  SINCE JUL 1      0                        29    -29        8

 COOLING
  YESTERDAY       15                         7      8        0
  MONTH TO DATE  189                       156     33      144
  SINCE JUN 1    195                       204     -9      187
  SINCE JAN 1    202                       215    -13      194
..................................................................


WIND (MPH)
  HIGHEST WIND SPEED    25   HIGHEST WIND DIRECTION    NE (40)
  HIGHEST GUST SPEED    29   HIGHEST GUST DIRECTION    NE (40)
  AVERAGE WIND SPEED     6.5


SKY COVER
  AVERAGE SKY COVER 0.1


WEATHER CONDITIONS
 THE FOLLOWING WEATHER WAS RECORDED YESTERDAY.
  NO SIGNIFICANT WEATHER WAS OBSERVED.


RELATIVE HUMIDITY (PERCENT)
 HIGHEST    56           600 AM
 LOWEST     10           400 PM
 AVERAGE    33

..........................................................


THE HAVRE MT CLIMATE NORMALS FOR TODAY
                         NORMAL    RECORD    YEAR
 MAXIMUM TEMPERATURE (F)   88       103      2005
                                             1908
 MINIMUM TEMPERATURE (F)   55        42      1968


SUNRISE AND SUNSET
JULY 31 2014..........SUNRISE   552 AM MDT   SUNSET   858 PM MDT
AUGUST  1 2014........SUNRISE   554 AM MDT   SUNSET   856 PM MDT


-  INDICATES NEGATIVE NUMBERS.
R  INDICATES RECORD WAS SET OR TIED.
MM INDICATES DATA IS MISSING.
T  INDICATES TRACE AMOUNT.




$$
