000
CDUS45 KTFX 271014
CLIHVR


CLIMATE REPORT
NATIONAL WEATHER SERVICE GREAT FALLS MT
311 AM MST THU NOV 27 2014


...................................

...THE HAVRE MT CLIMATE SUMMARY FOR NOVEMBER 26 2014...

CLIMATE NORMAL PERIOD 1981 TO 2010
CLIMATE RECORD PERIOD 1880 TO 2014


WEATHER ITEM   OBSERVED TIME   RECORD YEAR NORMAL DEPARTURE LAST
                VALUE   (LST)  VALUE       VALUE  FROM      YEAR
                                                  NORMAL
..................................................................
TEMPERATURE (F)
 YESTERDAY
  MAXIMUM         32    352 PM  67    1998  36     -4       37
  MINIMUM         27    903 AM -27    1985  15     12       16
  AVERAGE         30                        25      5       27

PRECIPITATION (IN)
  YESTERDAY        0.04          0.64 1960   0.01   0.03     0.00
  MONTH TO DATE    0.44                      0.38   0.06     0.35
  SINCE OCT 1      1.20                      0.96   0.24     0.67
  SINCE JAN 1     12.36                     10.75   1.61    17.82

SNOWFALL (IN)
  YESTERDAY        0.3           6.8  1960   0.2    0.1      0.0
  MONTH TO DATE    4.6                       4.4    0.2      4.8
  SINCE SEP 1      4.6                       6.7   -2.1      5.8
  SINCE JUL 1      4.6                       6.7   -2.1      5.8
  SNOW DEPTH       T

DEGREE DAYS
 HEATING
  YESTERDAY       35                        40     -5       38
  MONTH TO DATE  991                       881    110      963
  SINCE SEP 1   1688                      1797   -109     1777
  SINCE JUL 1   1732                      1880   -148     1795

 COOLING
  YESTERDAY        0                         0      0        0
  MONTH TO DATE    0                         0      0        0
  SINCE SEP 1     12                        20     -8       70
  SINCE JAN 1    402                       387     15      445
..................................................................


WIND (MPH)
  HIGHEST WIND SPEED    14   HIGHEST WIND DIRECTION    NE (60)
  HIGHEST GUST SPEED    17   HIGHEST GUST DIRECTION     E (70)
  AVERAGE WIND SPEED     7.2


SKY COVER
  AVERAGE SKY COVER 1.0


WEATHER CONDITIONS
 THE FOLLOWING WEATHER WAS RECORDED YESTERDAY.
  LIGHT SNOW
  FOG


RELATIVE HUMIDITY (PERCENT)
 HIGHEST    92           300 AM
 LOWEST     78           100 PM
 AVERAGE    85

..........................................................


THE HAVRE MT CLIMATE NORMALS FOR TODAY
                         NORMAL    RECORD    YEAR
 MAXIMUM TEMPERATURE (F)   36        63      1949
 MINIMUM TEMPERATURE (F)   14       -30      1887


SUNRISE AND SUNSET
NOVEMBER 27 2014......SUNRISE   745 AM MST   SUNSET   428 PM MST
NOVEMBER 28 2014......SUNRISE   746 AM MST   SUNSET   428 PM MST


-  INDICATES NEGATIVE NUMBERS.
R  INDICATES RECORD WAS SET OR TIED.
MM INDICATES DATA IS MISSING.
T  INDICATES TRACE AMOUNT.




$$
