000
CDUS45 KTFX 260741
CLIHVR


CLIMATE REPORT
NATIONAL WEATHER SERVICE GREAT FALLS MT
139 AM MDT THU MAR 26 2015


...................................

...THE HAVRE MT CLIMATE SUMMARY FOR MARCH 25 2015...

CLIMATE NORMAL PERIOD 1981 TO 2010
CLIMATE RECORD PERIOD 1880 TO 2015


WEATHER ITEM   OBSERVED TIME   RECORD YEAR NORMAL DEPARTURE LAST
                VALUE   (LST)  VALUE       VALUE  FROM      YEAR
                                                  NORMAL
..................................................................
TEMPERATURE (F)
 YESTERDAY
  MAXIMUM         55    442 PM  77    1999  49      6       38
  MINIMUM         31    647 AM -18    1913  25      6       14
  AVERAGE         43                        37      6       26

PRECIPITATION (IN)
  YESTERDAY        0.00          0.60 1972   0.02  -0.02     0.00
  MONTH TO DATE    0.39                      0.41  -0.02     0.96
  SINCE OCT 1      3.59                      2.43   1.16     3.63
  SINCE JAN 1      2.02                      1.02   1.00     1.62

SNOWFALL (IN)
  YESTERDAY        0.0           4.6  1975   0.2   -0.2      0.0
  MONTH TO DATE    T                         5.1   -5.1      4.0
  SINCE MAR 1      T                         5.1   -5.1      4.0
  SINCE JUL 1     20.6                      33.0  -12.4     41.4
  SNOW DEPTH       0

DEGREE DAYS
 HEATING
  YESTERDAY       22                        28     -6       39
  MONTH TO DATE  664                       838   -174      961
  SINCE MAR 1    664                       838   -174      961
  SINCE JUL 1   6332                      6958   -626     7202

 COOLING
  YESTERDAY        0                         0      0        0
  MONTH TO DATE    0                         0      0        0
  SINCE MAR 1      0                         0      0        0
  SINCE JAN 1      0                         0      0        0
..................................................................


WIND (MPH)
  HIGHEST WIND SPEED    25   HIGHEST WIND DIRECTION     W (270)
  HIGHEST GUST SPEED    39   HIGHEST GUST DIRECTION    SW (240)
  AVERAGE WIND SPEED    12.4


SKY COVER
  AVERAGE SKY COVER 0.7


WEATHER CONDITIONS
 THE FOLLOWING WEATHER WAS RECORDED YESTERDAY.
  FOG


RELATIVE HUMIDITY (PERCENT)
 HIGHEST    85           300 AM
 LOWEST     32           400 PM
 AVERAGE    59

..........................................................


THE HAVRE MT CLIMATE NORMALS FOR TODAY
                         NORMAL    RECORD    YEAR
 MAXIMUM TEMPERATURE (F)   49        76      1946
 MINIMUM TEMPERATURE (F)   25       -22      1913


SUNRISE AND SUNSET
MARCH 26 2015.........SUNRISE   710 AM MDT   SUNSET   741 PM MDT
MARCH 27 2015.........SUNRISE   708 AM MDT   SUNSET   742 PM MDT


-  INDICATES NEGATIVE NUMBERS.
R  INDICATES RECORD WAS SET OR TIED.
MM INDICATES DATA IS MISSING.
T  INDICATES TRACE AMOUNT.




$$
