000
CDUS45 KTFX 302232
CLIHVR


CLIMATE REPORT
NATIONAL WEATHER SERVICE GREAT FALLS MT
430 PM MDT SAT JUL 30 2016


...................................

...THE HAVRE MT CLIMATE SUMMARY FOR JULY 30 2016...
VALID TODAY AS OF 0400 PM LOCAL TIME.

CLIMATE NORMAL PERIOD 1981 TO 2010
CLIMATE RECORD PERIOD 1880 TO 2016


WEATHER ITEM   OBSERVED TIME   RECORD YEAR NORMAL DEPARTURE LAST
                VALUE   (LST)  VALUE       VALUE  FROM      YEAR
                                                  NORMAL
..................................................................
TEMPERATURE (F)
 TODAY
  MAXIMUM         94    152 PM 102    1926  88      6       89
  MINIMUM         60    533 AM  40    2009  55      5       52
  AVERAGE         77                        71      6       71

PRECIPITATION (IN)
  TODAY            0.00          1.35 1950   0.03  -0.03     0.00
  MONTH TO DATE    2.43                      1.60   0.83     3.27
  SINCE OCT 1     14.18                      8.93   5.25     9.40
  SINCE JAN 1     12.25                      7.52   4.73     7.83

SNOWFALL (IN)
  TODAY            0.0           0.0  1999   0.0    0.0      0.0
                                      2001
                                      1998
  MONTH TO DATE    0.0                       0.0    0.0       T
  SINCE JUN 1      0.0                       0.0    0.0       T
  SINCE JUL 1      0.0                       0.0    0.0       T

DEGREE DAYS
 HEATING
  TODAY            0                         0      0        0
  MONTH TO DATE   19                        29    -10       25
  SINCE JUN 1    104                       162    -58       82
  SINCE JUL 1     19                        29    -10       25

 COOLING
  TODAY           12                         7      5        6
  MONTH TO DATE  145                       156    -11      146
  SINCE JUN 1    199                       204     -5      256
  SINCE JAN 1    200                       215    -15      256
..................................................................


WIND (MPH)
  HIGHEST WIND SPEED    18   HIGHEST WIND DIRECTION     W (250)
  HIGHEST GUST SPEED    23   HIGHEST GUST DIRECTION     W (280)
  AVERAGE WIND SPEED     4.8


SKY COVER
  AVERAGE SKY COVER 0.0


WEATHER CONDITIONS
 THE FOLLOWING WEATHER WAS RECORDED TODAY.
  NO SIGNIFICANT WEATHER WAS OBSERVED.


RELATIVE HUMIDITY (PERCENT)
 HIGHEST    90           500 AM
 LOWEST     22           200 PM
 AVERAGE    56

..........................................................


THE HAVRE MT CLIMATE NORMALS FOR TOMORROW
                         NORMAL    RECORD    YEAR
 MAXIMUM TEMPERATURE (F)   88       103      2005
                                             1908
 MINIMUM TEMPERATURE (F)   55        42      1968


SUNRISE AND SUNSET
JULY 30 2016..........SUNRISE   552 AM MDT   SUNSET   858 PM MDT
JULY 31 2016..........SUNRISE   553 AM MDT   SUNSET   857 PM MDT


-  INDICATES NEGATIVE NUMBERS.
R  INDICATES RECORD WAS SET OR TIED.
MM INDICATES DATA IS MISSING.
T  INDICATES TRACE AMOUNT.




$$
