000
CDUS45 KTFX 251101
CLIHVR


CLIMATE REPORT
NATIONAL WEATHER SERVICE GREAT FALLS MT
459 AM MDT SUN SEP 25 2016


...................................

...THE HAVRE MT CLIMATE SUMMARY FOR SEPTEMBER 24 2016...

CLIMATE NORMAL PERIOD 1981 TO 2010
CLIMATE RECORD PERIOD 1880 TO 2016


WEATHER ITEM   OBSERVED TIME   RECORD YEAR NORMAL DEPARTURE LAST
                VALUE   (LST)  VALUE       VALUE  FROM      YEAR
                                                  NORMAL
..................................................................
TEMPERATURE (F)
 YESTERDAY
  MAXIMUM         65    228 PM  94    2009  68     -3       79
  MINIMUM         40   1159 PM  18    1926  39      1       40
  AVERAGE         53                        53      0       60

PRECIPITATION (IN)
  YESTERDAY        0.00          2.30 1917   0.03  -0.03     0.00
  MONTH TO DATE    1.80                      0.91   0.89     1.67
  SINCE OCT 1     17.22                     10.99   6.23    11.81
  SINCE JAN 1     15.29                      9.58   5.71    10.24

SNOWFALL (IN)
  YESTERDAY        0.0           5.6  1917   0.0    0.0      0.0
  MONTH TO DATE    0.0                       0.1   -0.1      0.0
  SINCE SEP 1      0.0                       0.1   -0.1      0.0
  SINCE JUL 1      0.0                       0.1   -0.1       T
  SNOW DEPTH       0

DEGREE DAYS
 HEATING
  YESTERDAY       12                        12      0        5
  MONTH TO DATE  217                       196     21      189
  SINCE SEP 1    217                       196     21      189
  SINCE JUL 1    278                       279     -1      264

 COOLING
  YESTERDAY        0                         0      0        0
  MONTH TO DATE   17                        17      0        4
  SINCE SEP 1     17                        17      0        4
  SINCE JAN 1    341                       384    -43      414
..................................................................


WIND (MPH)
  HIGHEST WIND SPEED    30   HIGHEST WIND DIRECTION     N (340)
  HIGHEST GUST SPEED    39   HIGHEST GUST DIRECTION     N (340)
  AVERAGE WIND SPEED    13.9


SKY COVER
  AVERAGE SKY COVER 0.1


WEATHER CONDITIONS
 THE FOLLOWING WEATHER WAS RECORDED YESTERDAY.
  NO SIGNIFICANT WEATHER WAS OBSERVED.


RELATIVE HUMIDITY (PERCENT)
 HIGHEST    89           700 AM
 LOWEST     48          1100 AM
 AVERAGE    69

..........................................................


THE HAVRE MT CLIMATE NORMALS FOR TODAY
                         NORMAL    RECORD    YEAR
 MAXIMUM TEMPERATURE (F)   67        96      2001
 MINIMUM TEMPERATURE (F)   38        20      1934


SUNRISE AND SUNSET
SEPTEMBER 25 2016.....SUNRISE   711 AM MDT   SUNSET   709 PM MDT
SEPTEMBER 26 2016.....SUNRISE   712 AM MDT   SUNSET   707 PM MDT


-  INDICATES NEGATIVE NUMBERS.
R  INDICATES RECORD WAS SET OR TIED.
MM INDICATES DATA IS MISSING.
T  INDICATES TRACE AMOUNT.




$$
