000
CDUS45 KTFX 281017
CLIHVR


CLIMATE REPORT
NATIONAL WEATHER SERVICE GREAT FALLS MT
414 AM MDT SAT MAY 28 2016


...................................

...THE HAVRE MT CLIMATE SUMMARY FOR MAY 27 2016...

CLIMATE NORMAL PERIOD 1981 TO 2010
CLIMATE RECORD PERIOD 1880 TO 2016


WEATHER ITEM   OBSERVED TIME   RECORD YEAR NORMAL DEPARTURE LAST
                VALUE   (LST)  VALUE       VALUE  FROM      YEAR
                                                  NORMAL
..................................................................
TEMPERATURE (F)
 YESTERDAY
  MAXIMUM         70    140 PM  98    1936  70      0       74
  MINIMUM         42    414 AM  28    2005  45     -3       50
  AVERAGE         56                        58     -2       62

PRECIPITATION (IN)
  YESTERDAY        0.23          0.92 1927   0.07   0.16     0.20
  MONTH TO DATE    3.35                      1.46   1.89     1.24
  SINCE OCT 1      9.69                      4.86   4.83     5.30
  SINCE JAN 1      7.76                      3.45   4.31     3.73

SNOWFALL (IN)
  YESTERDAY        0.0           T    2012   0.0    0.0      0.0
  MONTH TO DATE    0.0                       1.6   -1.6      0.0
  SINCE MAR 1      3.0                      10.9   -7.9      0.2
  SINCE JUL 1     17.3                      38.8  -21.5     20.8
  SNOW DEPTH       0

DEGREE DAYS
 HEATING
  YESTERDAY        9                         8      1        3
  MONTH TO DATE  316                       321     -5      365
  SINCE MAR 1   1610                      1938   -328     1705
  SINCE JUL 1   7035                      8058  -1023     7373

 COOLING
  YESTERDAY        0                         1     -1        0
  MONTH TO DATE    1                         2     -1        0
  SINCE MAR 1      1                         3     -2        0
  SINCE JAN 1      1                         3     -2        0
..................................................................


WIND (MPH)
  HIGHEST WIND SPEED    21   HIGHEST WIND DIRECTION     W (260)
  HIGHEST GUST SPEED    26   HIGHEST GUST DIRECTION     W (260)
  AVERAGE WIND SPEED     8.0


SKY COVER
  AVERAGE SKY COVER 0.5


WEATHER CONDITIONS
 THE FOLLOWING WEATHER WAS RECORDED YESTERDAY.
  THUNDERSTORM
  RAIN
  LIGHT RAIN
  FOG
  HAZE


RELATIVE HUMIDITY (PERCENT)
 HIGHEST   100           200 AM
 LOWEST     49           200 PM
 AVERAGE    75

..........................................................


THE HAVRE MT CLIMATE NORMALS FOR TODAY
                         NORMAL    RECORD    YEAR
 MAXIMUM TEMPERATURE (F)   71        97      1936
 MINIMUM TEMPERATURE (F)   45        24      1947


SUNRISE AND SUNSET
MAY 28 2016...........SUNRISE   524 AM MDT   SUNSET   909 PM MDT
MAY 29 2016...........SUNRISE   523 AM MDT   SUNSET   911 PM MDT


-  INDICATES NEGATIVE NUMBERS.
R  INDICATES RECORD WAS SET OR TIED.
MM INDICATES DATA IS MISSING.
T  INDICATES TRACE AMOUNT.




$$
