000
CDUS43 KUNR 270833
CLIICR


CLIMATE REPORT
NATIONAL WEATHER SERVICE RAPID CITY SD
232 AM MDT WED JUL 27 2016


...................................

...THE WINNER REGIONAL AIRPORT SD CLIMATE SUMMARY FOR JULY 26 2016...

CLIMATE NORMAL PERIOD 1981 TO 2010
CLIMATE RECORD PERIOD 9999 TO 9999


WEATHER ITEM   OBSERVED TIME   NORMAL DEPARTURE LAST
                VALUE   (LST)  VALUE  FROM      YEAR
                                      NORMAL
......................................................
TEMPERATURE (F)
 YESTERDAY
  MAXIMUM         97    440 PM  89      8       95
  MINIMUM         65    734 PM  64      1       62
  AVERAGE         81            77      4       79

PRECIPITATION (IN)
  YESTERDAY        0.30          0.10   0.20     0.00
  MONTH TO DATE    1.52          2.43  -0.91     1.48
  SINCE JUN 1      2.57          6.08  -3.51     5.50
  SINCE JAN 1     11.92         14.15  -2.23     9.17

DEGREE DAYS
 HEATING
  YESTERDAY        0             0      0        0
  MONTH TO DATE    1             0      1        0
  SINCE JUN 1      4            54    -50        3
  SINCE JUL 1      1             0      1        0

 COOLING
  YESTERDAY       16            12      4       14
  MONTH TO DATE  337           272     65      315
  SINCE JUN 1    623           417    206      533
  SINCE JAN 1    670           447    223      568
......................................................


WIND (MPH)
  HIGHEST WIND SPEED    40   HIGHEST WIND DIRECTION     S (170)
  HIGHEST GUST SPEED    50   HIGHEST GUST DIRECTION    SE (150)
  AVERAGE WIND SPEED    17.0


SKY COVER
  AVERAGE SKY COVER 0.3


WEATHER CONDITIONS
 THE FOLLOWING WEATHER WAS RECORDED YESTERDAY.
  THUNDERSTORM
  HEAVY RAIN
  RAIN
  LIGHT RAIN
  FOG


RELATIVE HUMIDITY (PERCENT)
 HIGHEST    68           900 PM
 LOWEST     26           500 PM
 AVERAGE    47

..........................................................




SUNRISE AND SUNSET
JULY 27 2016..........SUNRISE   625 AM CDT   SUNSET   907 PM CDT
JULY 28 2016..........SUNRISE   626 AM CDT   SUNSET   905 PM CDT


-  INDICATES NEGATIVE NUMBERS.
R  INDICATES RECORD WAS SET OR TIED.
MM INDICATES DATA IS MISSING.
T  INDICATES TRACE AMOUNT.




$$
