000
CDUS43 KUNR 220833
CLIICR


CLIMATE REPORT
NATIONAL WEATHER SERVICE RAPID CITY SD
232 AM MDT THU JUN 22 2017


...................................

...THE WINNER REGIONAL AIRPORT SD CLIMATE SUMMARY FOR JUNE 21 2017...

CLIMATE NORMAL PERIOD 1981 TO 2010
CLIMATE RECORD PERIOD 9999 TO 9999


WEATHER ITEM   OBSERVED TIME   NORMAL DEPARTURE LAST
                VALUE   (LST)  VALUE  FROM      YEAR
                                      NORMAL
......................................................
TEMPERATURE (F)
 YESTERDAY
  MAXIMUM         98    318 PM  82     16       90
  MINIMUM         64    256 AM  58      6       60
  AVERAGE         81            70     11       75

PRECIPITATION (IN)
  YESTERDAY        T             0.13  -0.13     0.03
  MONTH TO DATE    0.22          2.85  -2.63     0.71
  SINCE JUN 1      0.22          2.85  -2.63     0.71
  SINCE JAN 1      7.31         10.92  -3.61    10.06

DEGREE DAYS
 HEATING
  YESTERDAY        0             1     -1        0
  MONTH TO DATE    0            48    -48        3
  SINCE JUN 1      0            48    -48        3
  SINCE JUL 1   5545          6693  -1148     5573

 COOLING
  YESTERDAY       16             6     10       10
  MONTH TO DATE  191            80    111      203
  SINCE JUN 1    191            80    111      203
  SINCE JAN 1    219           110    109      250
......................................................


WIND (MPH)
  HIGHEST WIND SPEED    31   HIGHEST WIND DIRECTION     E (110)
  HIGHEST GUST SPEED    39   HIGHEST GUST DIRECTION     E (110)
  AVERAGE WIND SPEED     9.4


SKY COVER
  AVERAGE SKY COVER 0.0


WEATHER CONDITIONS
 THE FOLLOWING WEATHER WAS RECORDED YESTERDAY.
  THUNDERSTORM
  LIGHT RAIN


RELATIVE HUMIDITY (PERCENT)
 HIGHEST    73           500 AM
 LOWEST     30           300 PM
 AVERAGE    52

..........................................................




SUNRISE AND SUNSET
JUNE 22 2017..........SUNRISE   559 AM CDT   SUNSET   924 PM CDT
JUNE 23 2017..........SUNRISE   559 AM CDT   SUNSET   924 PM CDT


-  INDICATES NEGATIVE NUMBERS.
R  INDICATES RECORD WAS SET OR TIED.
MM INDICATES DATA IS MISSING.
T  INDICATES TRACE AMOUNT.




$$
