000
CDUS43 KUNR 131207
CLIICR


CLIMATE REPORT
NATIONAL WEATHER SERVICE RAPID CITY SD
506 AM MST SAT FEB 13 2016


...................................

...THE WINNER REGIONAL AIRPORT SD CLIMATE SUMMARY FOR FEBRUARY 12 2016...

CLIMATE NORMAL PERIOD 1981 TO 2010
CLIMATE RECORD PERIOD 9999 TO 9999


WEATHER ITEM   OBSERVED TIME   NORMAL DEPARTURE LAST
                VALUE   (LST)  VALUE  FROM      YEAR
                                      NORMAL
......................................................
TEMPERATURE (F)
 YESTERDAY
  MAXIMUM         29    418 AM  37     -8       36
  MINIMUM         17   1159 PM  16      1        2
  AVERAGE         23            26     -3       19

PRECIPITATION (IN)
  YESTERDAY        T             0.02  -0.02     0.00
  MONTH TO DATE    0.01          0.22  -0.21     0.01
  SINCE DEC 1      1.53          0.81   0.72     0.29
  SINCE JAN 1      0.08          0.47  -0.39     0.09

DEGREE DAYS
 HEATING
  YESTERDAY       42            39      3       46
  MONTH TO DATE  412           473    -61      439
  SINCE DEC 1   2787          2957   -170     2628
  SINCE JUL 1   3882          4428   -546     4084

 COOLING
  YESTERDAY        0             0      0        0
  MONTH TO DATE    0             0      0        0
  SINCE DEC 1      0             0      0        0
  SINCE JAN 1      0             0      0        0
......................................................


WIND (MPH)
  HIGHEST WIND SPEED    18   HIGHEST WIND DIRECTION    SE (130)
  HIGHEST GUST SPEED    22   HIGHEST GUST DIRECTION     N (360)
  AVERAGE WIND SPEED    10.8


SKY COVER
  AVERAGE SKY COVER 1.0


WEATHER CONDITIONS
 THE FOLLOWING WEATHER WAS RECORDED YESTERDAY.
  FOG
  HAZE


RELATIVE HUMIDITY (PERCENT)
 HIGHEST    92           300 AM
 LOWEST     60           200 PM
 AVERAGE    76

..........................................................




SUNRISE AND SUNSET
FEBRUARY 13 2016......SUNRISE   741 AM CST   SUNSET   607 PM CST
FEBRUARY 14 2016......SUNRISE   740 AM CST   SUNSET   608 PM CST


-  INDICATES NEGATIVE NUMBERS.
R  INDICATES RECORD WAS SET OR TIED.
MM INDICATES DATA IS MISSING.
T  INDICATES TRACE AMOUNT.




$$
