000
CDUS43 KUNR 220851
CLIICR


CLIMATE REPORT
NATIONAL WEATHER SERVICE RAPID CITY SD
249 AM MDT MON MAY 22 2017


...................................

...THE WINNER REGIONAL AIRPORT SD CLIMATE SUMMARY FOR MAY 21 2017...

CLIMATE NORMAL PERIOD 1981 TO 2010
CLIMATE RECORD PERIOD 9999 TO 9999


WEATHER ITEM   OBSERVED TIME   NORMAL DEPARTURE LAST
                VALUE   (LST)  VALUE  FROM      YEAR
                                      NORMAL
......................................................
TEMPERATURE (F)
 YESTERDAY
  MAXIMUM         70    536 PM  72     -2       76
  MINIMUM         35    506 AM  48    -13       57
  AVERAGE         53            60     -7       67

PRECIPITATION (IN)
  YESTERDAY        0.00          0.10  -0.10     0.00
  MONTH TO DATE    2.84          2.22   0.62     0.74
  SINCE MAR 1      5.26          6.09  -0.83     6.88
  SINCE JAN 1      6.90          6.85   0.05     7.27

DEGREE DAYS
 HEATING
  YESTERDAY       12             6      6        0
  MONTH TO DATE  148           192    -44      175
  SINCE MAR 1   1339          1587   -248     1274
  SINCE JUL 1   5491          6596  -1105     5567

 COOLING
  YESTERDAY        0             1     -1        2
  MONTH TO DATE   26            16     10       17
  SINCE MAR 1     28            18     10       26
  SINCE JAN 1     28            18     10       26
......................................................


WIND (MPH)
  HIGHEST WIND SPEED    20   HIGHEST WIND DIRECTION    NW (300)
  HIGHEST GUST SPEED    25   HIGHEST GUST DIRECTION    NW (310)
  AVERAGE WIND SPEED    10.9


SKY COVER
  AVERAGE SKY COVER 0.2


WEATHER CONDITIONS
 THE FOLLOWING WEATHER WAS RECORDED YESTERDAY.
  NO SIGNIFICANT WEATHER WAS OBSERVED.


RELATIVE HUMIDITY (PERCENT)
 HIGHEST    92          1200 AM
 LOWEST     28           500 PM
 AVERAGE    60

..........................................................




SUNRISE AND SUNSET
MAY 22 2017...........SUNRISE   608 AM CDT   SUNSET   905 PM CDT
MAY 23 2017...........SUNRISE   607 AM CDT   SUNSET   905 PM CDT


-  INDICATES NEGATIVE NUMBERS.
R  INDICATES RECORD WAS SET OR TIED.
MM INDICATES DATA IS MISSING.
T  INDICATES TRACE AMOUNT.




$$
