000
CDUS43 KICT 192204
CLIICT


CLIMATE REPORT
NATIONAL WEATHER SERVICE WICHITA KS
504 PM CDT TUE SEP 19 2017


...................................

...THE WICHITA EISENHOWER NATIONAL CLIMATE SUMMARY FOR SEPTEMBER 19 2017...
VALID TODAY AS OF 0500 PM LOCAL TIME.

CLIMATE NORMAL PERIOD 1981 TO 2010
CLIMATE RECORD PERIOD 1888 TO 2017


WEATHER ITEM   OBSERVED TIME   RECORD YEAR NORMAL DEPARTURE LAST
                VALUE   (LST)  VALUE       VALUE  FROM      YEAR
                                                  NORMAL
..................................................................
TEMPERATURE (F)
 TODAY
  MAXIMUM         97    335 PM 101    1954  81     16       93
  MINIMUM         67    356 AM  38    1991  58      9       67
  AVERAGE         82                        70     12       80

PRECIPITATION (IN)
  TODAY            0.00          1.36 1890   0.11  -0.11     0.00
  MONTH TO DATE    0.34                      2.02  -1.68     9.65
  SINCE SEP 1      0.34                      2.02  -1.68     9.65
  SINCE JAN 1     27.69                     26.11   1.58    45.99

SNOWFALL (IN)
  TODAY            0.0           0.0  2007   0.0    0.0      0.0
  MONTH TO DATE    0.0                       0.0    0.0      0.0
  SINCE SEP 1      0.0                       0.0    0.0      0.0
  SINCE JUL 1      0.0                       0.0    0.0      0.0
  SNOW DEPTH       0

DEGREE DAYS
 HEATING
  TODAY            0                         2     -2        0
  MONTH TO DATE    1                        10     -9        0
  SINCE SEP 1      1                        10     -9        0
  SINCE JUL 1      1                        11    -10        0

 COOLING
  TODAY           17                         6     11       15
  MONTH TO DATE  172                       171      1      201
  SINCE SEP 1    172                       171      1      201
  SINCE JAN 1   1611                      1598     13     1873
..................................................................


WIND (MPH)
  HIGHEST WIND SPEED    37   HIGHEST WIND DIRECTION     S (190)
  HIGHEST GUST SPEED    44   HIGHEST GUST DIRECTION     S (180)
  AVERAGE WIND SPEED    16.0


SKY COVER
  POSSIBLE SUNSHINE  MM
  AVERAGE SKY COVER 0.4


WEATHER CONDITIONS
 THE FOLLOWING WEATHER WAS RECORDED TODAY.
  NO SIGNIFICANT WEATHER WAS OBSERVED.


RELATIVE HUMIDITY (PERCENT)
 HIGHEST   100           400 AM
 LOWEST     38           300 PM
 AVERAGE    69

..........................................................


THE WICHITA EISENHOWER NATIONAL CLIMATE NORMALS FOR TOMORROW
                         NORMAL    RECORD    YEAR
 MAXIMUM TEMPERATURE (F)   81        99      1980
 MINIMUM TEMPERATURE (F)   58        36      1918
                                             1901


SUNRISE AND SUNSET
SEPTEMBER 19 2017.....SUNRISE   715 AM CDT   SUNSET   731 PM CDT
SEPTEMBER 20 2017.....SUNRISE   716 AM CDT   SUNSET   729 PM CDT


-  INDICATES NEGATIVE NUMBERS.
R  INDICATES RECORD WAS SET OR TIED.
MM INDICATES DATA IS MISSING.
T  INDICATES TRACE AMOUNT.




$$
