000
CDUS43 KICT 210634
CLIICT

CLIMATE REPORT
NATIONAL WEATHER SERVICE WICHITA KS
131 AM CDT TUE OCT 21 2014

...................................

...THE WICHITA MID CONTINENT KS CLIMATE SUMMARY FOR OCTOBER 20 2014...

CLIMATE NORMAL PERIOD 1981 TO 2010
CLIMATE RECORD PERIOD 1888 TO 2014


WEATHER ITEM   OBSERVED TIME   RECORD YEAR NORMAL DEPARTURE LAST
                VALUE   (LST)  VALUE       VALUE  FROM      YEAR
                                                  NORMAL
..................................................................
TEMPERATURE (F)
 YESTERDAY
  MAXIMUM         82    326 PM  92    1979  68     14       72
  MINIMUM         53    658 AM  21    1976  46      7       39
  AVERAGE         68                        57     11       56

PRECIPITATION (IN)
  YESTERDAY        0.00          2.02 1935   0.09  -0.09     0.00
  MONTH TO DATE    1.38                      1.93  -0.55     1.01
  SINCE SEP 1      1.85                      5.07  -3.22     3.04
  SINCE JAN 1     23.83                     29.16  -5.33    37.21

SNOWFALL (IN)
  YESTERDAY        0.0           0.0  2007   0.0    0.0      0.0
  MONTH TO DATE    0.0                       0.0    0.0       T
  SINCE SEP 1      0.0                       0.0    0.0       T
  SINCE JUL 1      0.0                       0.0    0.0       T
  SNOW DEPTH       0

DEGREE DAYS
 HEATING
  YESTERDAY        0                         9     -9        9
  MONTH TO DATE   91                       125    -34      129
  SINCE SEP 1    111                       167    -56      133
  SINCE JUL 1    112                       168    -56      134

 COOLING
  YESTERDAY        3                         1      2        0
  MONTH TO DATE   47                        33     14       51
  SINCE SEP 1    322                       255     67      365
  SINCE JAN 1   1818                      1682    136     1778
..................................................................


WIND (MPH)
  HIGHEST WIND SPEED    15   HIGHEST WIND DIRECTION     N (20)
  HIGHEST GUST SPEED    18   HIGHEST GUST DIRECTION    NE (40)
  AVERAGE WIND SPEED     4.6


SKY COVER
  POSSIBLE SUNSHINE  MM
  AVERAGE SKY COVER 0.1


WEATHER CONDITIONS
 THE FOLLOWING WEATHER WAS RECORDED YESTERDAY.
  FOG
  HAZE


RELATIVE HUMIDITY (PERCENT)
 HIGHEST    93           700 AM
 LOWEST     26           300 PM
 AVERAGE    60

..........................................................


THE WICHITA MID CONTINENT KS CLIMATE NORMALS FOR TODAY
                         NORMAL    RECORD    YEAR
 MAXIMUM TEMPERATURE (F)   68        89      2012
                                             1978
 MINIMUM TEMPERATURE (F)   45        29      1976


SUNRISE AND SUNSET
OCTOBER 21 2014.......SUNRISE   744 AM CDT   SUNSET   644 PM CDT
OCTOBER 22 2014.......SUNRISE   745 AM CDT   SUNSET   643 PM CDT


-  INDICATES NEGATIVE NUMBERS.
R  INDICATES RECORD WAS SET OR TIED.
MM INDICATES DATA IS MISSING.
T  INDICATES TRACE AMOUNT.

$$
