000
CDUS45 KPIH 060730
CLIIDA


CLIMATE REPORT
NATIONAL WEATHER SERVICE POCATELLO ID
130 AM MDT MON JUL 6 2015


...................................

...THE IDAHO FALLS ID CLIMATE SUMMARY FOR JULY 5 2015...

CLIMATE NORMAL PERIOD 1981 TO 2010
CLIMATE RECORD PERIOD 1948 TO 2015


WEATHER ITEM   OBSERVED TIME   RECORD YEAR NORMAL DEPARTURE LAST
                VALUE   (LST)  VALUE       VALUE  FROM      YEAR
                                                  NORMAL
..................................................................
TEMPERATURE (F)
 YESTERDAY
  MAXIMUM         83    445 PM  96    1990  84     -1       94
  MINIMUM         64   1110 PM  34    1999  49     15       51
  AVERAGE         74                        66      8       73

PRECIPITATION (IN)
  YESTERDAY        0.02          0.24 1949   0.01   0.01     0.00
  MONTH TO DATE    0.02                      0.07  -0.05      T
  SINCE OCT 1      6.89                      8.58  -1.69     5.14
  SINCE JAN 1      5.43                      6.01  -0.58     3.84

SNOWFALL (IN)
  YESTERDAY       MM
  MONTH TO DATE   MM
  SINCE JUN 1     MM
  SINCE JUL 1     MM
  SNOW DEPTH      MM

DEGREE DAYS
 HEATING
  YESTERDAY        0                         1     -1        0
  MONTH TO DATE    0                         9     -9        2
  SINCE JUN 1     46                       162   -116      130
  SINCE JUL 1      0                         9     -9        2

 COOLING
  YESTERDAY        9                         3      6        8
  MONTH TO DATE   48                        14     34       26
  SINCE JUN 1    144                        44    100       35
  SINCE JAN 1    145                        46     99       36
..................................................................


WIND (MPH)
  HIGHEST WIND SPEED    25   HIGHEST WIND DIRECTION    SW (210)
  HIGHEST GUST SPEED    34   HIGHEST GUST DIRECTION    SW (210)
  AVERAGE WIND SPEED    15.5


SKY COVER
  POSSIBLE SUNSHINE  MM
  AVERAGE SKY COVER 0.4


WEATHER CONDITIONS
 THE FOLLOWING WEATHER WAS RECORDED YESTERDAY.
  LIGHT RAIN


RELATIVE HUMIDITY (PERCENT)
 HIGHEST    78          1100 PM
 LOWEST     33           400 PM
 AVERAGE    56

..........................................................


THE IDAHO FALLS ID CLIMATE NORMALS FOR TODAY
                         NORMAL    RECORD    YEAR
 MAXIMUM TEMPERATURE (F)   84        97      1985
 MINIMUM TEMPERATURE (F)   49        33      1986


SUNRISE AND SUNSET
JULY  6 2015..........SUNRISE   554 AM MDT   SUNSET   912 PM MDT
JULY  7 2015..........SUNRISE   555 AM MDT   SUNSET   911 PM MDT


-  INDICATES NEGATIVE NUMBERS.
R  INDICATES RECORD WAS SET OR TIED.
MM INDICATES DATA IS MISSING.
T  INDICATES TRACE AMOUNT.




$$
