000
CDUS45 KPIH 270731
CLIIDA


CLIMATE REPORT
NATIONAL WEATHER SERVICE POCATELLO ID
1231 AM MST FRI FEB 27 2015


...................................

...THE IDAHO FALLS ID CLIMATE SUMMARY FOR FEBRUARY 26 2015...

CLIMATE NORMAL PERIOD 1981 TO 2010
CLIMATE RECORD PERIOD 1948 TO 2015


WEATHER ITEM   OBSERVED TIME   RECORD YEAR NORMAL DEPARTURE LAST
                VALUE   (LST)  VALUE       VALUE  FROM      YEAR
                                                  NORMAL
..................................................................
TEMPERATURE (F)
 YESTERDAY
  MAXIMUM         42    338 PM  59    1950  38      4       50
  MINIMUM         23   1021 PM -14    1964  18      5       21
  AVERAGE         33                        28      5       36

PRECIPITATION (IN)
  YESTERDAY        0.00          0.23 1983   0.03  -0.03     0.00
  MONTH TO DATE    0.17                      0.61  -0.44     0.26
  SINCE OCT 1      1.91                      3.87  -1.96     2.07
  SINCE JAN 1      0.45                      1.30  -0.85     0.77

SNOWFALL (IN)
  YESTERDAY       MM
  MONTH TO DATE   MM
  SINCE DEC 1     MM
  SINCE JUL 1     MM
  SNOW DEPTH      MM

DEGREE DAYS
 HEATING
  YESTERDAY       32                        37     -5       29
  MONTH TO DATE  713                      1068   -355      935
  SINCE DEC 1   3060                      3828   -768     3747
  SINCE JUL 1   4749                      5731   -982     5471

 COOLING
  YESTERDAY        0                         0      0        0
  MONTH TO DATE    0                         0      0        0
  SINCE DEC 1      0                         0      0        0
  SINCE JAN 1      0                         0      0        0
..................................................................


WIND (MPH)
  HIGHEST WIND SPEED    18   HIGHEST WIND DIRECTION     N (20)
  HIGHEST GUST SPEED    23   HIGHEST GUST DIRECTION     N (20)
  AVERAGE WIND SPEED     8.3


SKY COVER
  POSSIBLE SUNSHINE  MM
  AVERAGE SKY COVER 0.7


WEATHER CONDITIONS
 THE FOLLOWING WEATHER WAS RECORDED YESTERDAY.
  NO SIGNIFICANT WEATHER WAS OBSERVED.


RELATIVE HUMIDITY (PERCENT)
 HIGHEST    63           100 AM
 LOWEST     23           500 PM
 AVERAGE    43

..........................................................


THE IDAHO FALLS ID CLIMATE NORMALS FOR TODAY
                         NORMAL    RECORD    YEAR
 MAXIMUM TEMPERATURE (F)   39        58      1980
 MINIMUM TEMPERATURE (F)   19       -18      1960


SUNRISE AND SUNSET
FEBRUARY 27 2015......SUNRISE   708 AM MST   SUNSET   614 PM MST
FEBRUARY 28 2015......SUNRISE   707 AM MST   SUNSET   616 PM MST


-  INDICATES NEGATIVE NUMBERS.
R  INDICATES RECORD WAS SET OR TIED.
MM INDICATES DATA IS MISSING.
T  INDICATES TRACE AMOUNT.




$$
