000
CDUS45 KPIH 180731
CLIIDA


CLIMATE REPORT
NATIONAL WEATHER SERVICE POCATELLO ID
1229 AM MST THU JAN 18 2018


...................................

...THE IDAHO FALLS ID CLIMATE SUMMARY FOR JANUARY 17 2018...

CLIMATE NORMAL PERIOD 1981 TO 2010
CLIMATE RECORD PERIOD 1948 TO 2018


WEATHER ITEM   OBSERVED TIME   RECORD YEAR NORMAL DEPARTURE LAST
                VALUE   (LST)  VALUE       VALUE  FROM      YEAR
                                                  NORMAL
..................................................................
TEMPERATURE (F)
 YESTERDAY
  MAXIMUM         38    404 PM  44    1981  29      9       11
  MINIMUM         23    818 AM -24    1984  12     11       -7
  AVERAGE         31                        20     11        2

PRECIPITATION (IN)
  YESTERDAY        0.00          0.19 1980   0.02  -0.02     0.00
  MONTH TO DATE    0.43                      0.42   0.01     0.53
  SINCE OCT 1      2.36                      2.99  -0.63     4.81
  SINCE JAN 1      0.43                      0.42   0.01     0.53

SNOWFALL (IN)
  YESTERDAY       MM
  MONTH TO DATE   MM
  SINCE DEC 1     MM
  SINCE JUL 1     MM
  SNOW DEPTH      MM

DEGREE DAYS
 HEATING
  YESTERDAY       34                        45    -11       63
  MONTH TO DATE  632                       765   -133      956
  SINCE DEC 1   1998                      2135   -137     2485
  SINCE JUL 1   3822                      4038   -216     4103

 COOLING
  YESTERDAY        0                         0      0        0
  MONTH TO DATE    0                         0      0        0
  SINCE DEC 1      0                         0      0        0
  SINCE JAN 1      0                         0      0        0
..................................................................


WIND (MPH)
  HIGHEST WIND SPEED    12   HIGHEST WIND DIRECTION    NW (330)
  HIGHEST GUST SPEED    16   HIGHEST GUST DIRECTION    NW (330)
  AVERAGE WIND SPEED     3.8


SKY COVER
  POSSIBLE SUNSHINE  MM
  AVERAGE SKY COVER 0.3


WEATHER CONDITIONS
 THE FOLLOWING WEATHER WAS RECORDED YESTERDAY.
  NO SIGNIFICANT WEATHER WAS OBSERVED.


RELATIVE HUMIDITY (PERCENT)
 HIGHEST    92          1200 AM
 LOWEST     70           200 PM
 AVERAGE    81

..........................................................


THE IDAHO FALLS ID CLIMATE NORMALS FOR TODAY
                         NORMAL    RECORD    YEAR
 MAXIMUM TEMPERATURE (F)   29        44      2015
 MINIMUM TEMPERATURE (F)   12       -27      1984


SUNRISE AND SUNSET
JANUARY 18 2018.......SUNRISE   756 AM MST   SUNSET   521 PM MST
JANUARY 19 2018.......SUNRISE   756 AM MST   SUNSET   523 PM MST


-  INDICATES NEGATIVE NUMBERS.
R  INDICATES RECORD WAS SET OR TIED.
MM INDICATES DATA IS MISSING.
T  INDICATES TRACE AMOUNT.




$$
