000
CDUS45 KPIH 250733
CLIIDA


CLIMATE REPORT
NATIONAL WEATHER SERVICE POCATELLO ID
132 AM MDT SUN SEP 25 2016


...................................

...THE IDAHO FALLS ID CLIMATE SUMMARY FOR SEPTEMBER 24 2016...

CLIMATE NORMAL PERIOD 1981 TO 2010
CLIMATE RECORD PERIOD 1948 TO 2016


WEATHER ITEM   OBSERVED TIME   RECORD YEAR NORMAL DEPARTURE LAST
                VALUE   (LST)  VALUE       VALUE  FROM      YEAR
                                                  NORMAL
..................................................................
TEMPERATURE (F)
 YESTERDAY
  MAXIMUM         62    439 PM  88    2014  70     -8       84
                                      1987
  MINIMUM         41   1152 PM  18    2000  37      4       38
  AVERAGE         52                        54     -2       61

PRECIPITATION (IN)
  YESTERDAY        0.01          0.11 2005   0.03  -0.02     0.00
  MONTH TO DATE    1.78                      0.66   1.12     0.52
  SINCE OCT 1      9.54                     10.21  -0.67     9.54
  SINCE JAN 1      7.22                      7.64  -0.42     8.08

SNOWFALL (IN)
  YESTERDAY       MM
  MONTH TO DATE   MM
  SINCE SEP 1     MM
  SINCE JUL 1     MM
  SNOW DEPTH      MM

DEGREE DAYS
 HEATING
  YESTERDAY       13                        11      2        4
  MONTH TO DATE  198                       165     33      130
  SINCE SEP 1    198                       165     33      130
  SINCE JUL 1    275                       230     45      200

 COOLING
  YESTERDAY        0                         0      0        0
  MONTH TO DATE   16                        10      6       15
  SINCE SEP 1     16                        10      6       15
  SINCE JAN 1    260                       262     -2      317
..................................................................


WIND (MPH)
  HIGHEST WIND SPEED    20   HIGHEST WIND DIRECTION    SW (210)
  HIGHEST GUST SPEED    26   HIGHEST GUST DIRECTION    SW (210)
  AVERAGE WIND SPEED    12.4


SKY COVER
  POSSIBLE SUNSHINE  MM
  AVERAGE SKY COVER 0.5


WEATHER CONDITIONS
 THE FOLLOWING WEATHER WAS RECORDED YESTERDAY.
  LIGHT RAIN


RELATIVE HUMIDITY (PERCENT)
 HIGHEST    92           600 AM
 LOWEST     49           500 PM
 AVERAGE    71

..........................................................


THE IDAHO FALLS ID CLIMATE NORMALS FOR TODAY
                         NORMAL    RECORD    YEAR
 MAXIMUM TEMPERATURE (F)   70        89      2015
                                             2014
 MINIMUM TEMPERATURE (F)   37        21      1970


SUNRISE AND SUNSET
SEPTEMBER 25 2016.....SUNRISE   720 AM MDT   SUNSET   719 PM MDT
SEPTEMBER 26 2016.....SUNRISE   721 AM MDT   SUNSET   717 PM MDT


-  INDICATES NEGATIVE NUMBERS.
R  INDICATES RECORD WAS SET OR TIED.
MM INDICATES DATA IS MISSING.
T  INDICATES TRACE AMOUNT.




$$
