000
CDUS45 KPIH 240731
CLIIDA


CLIMATE REPORT
NATIONAL WEATHER SERVICE POCATELLO ID
129 AM MDT THU APR 24 2014


...................................

...THE IDAHO FALLS ID CLIMATE SUMMARY FOR APRIL 23 2014...

CLIMATE NORMAL PERIOD 1981 TO 2010
CLIMATE RECORD PERIOD 1948 TO 2014


WEATHER ITEM   OBSERVED TIME   RECORD YEAR NORMAL DEPARTURE LAST
                VALUE   (LST)  VALUE       VALUE  FROM      YEAR
                                                  NORMAL
..................................................................
TEMPERATURE (F)
 YESTERDAY
  MAXIMUM         52    205 PM  86    2012  60     -8       48
  MINIMUM         32    641 AM  13    1968  33     -1       17
  AVERAGE         42                        46     -4       33

PRECIPITATION (IN)
  YESTERDAY        T             0.31 2007   0.04  -0.04     0.00
  MONTH TO DATE    0.40                      0.80  -0.40     0.52
  SINCE OCT 1      3.99                      5.58  -1.59     4.05
  SINCE JAN 1      2.69                      3.01  -0.32     1.36

SNOWFALL (IN)
  YESTERDAY       MM
  MONTH TO DATE   MM
  SINCE MAR 1     MM
  SINCE JUL 1     MM
  SNOW DEPTH      MM

DEGREE DAYS
 HEATING
  YESTERDAY       23                        18      5       32
  MONTH TO DATE  450                       488    -38      533
  SINCE MAR 1   1242                      1390   -148     1429
  SINCE JUL 1   6759                      7192   -433     6992

 COOLING
  YESTERDAY        0                         0      0        0
  MONTH TO DATE    0                         0      0        0
  SINCE MAR 1      0                         0      0        0
  SINCE JAN 1      0                         0      0        0
..................................................................


WIND (MPH)
  HIGHEST WIND SPEED    31   HIGHEST WIND DIRECTION     W (250)
  HIGHEST GUST SPEED    44   HIGHEST GUST DIRECTION     W (260)
  AVERAGE WIND SPEED    19.4


SKY COVER
  POSSIBLE SUNSHINE  MM
  AVERAGE SKY COVER 0.7


WEATHER CONDITIONS
 THE FOLLOWING WEATHER WAS RECORDED YESTERDAY.
  LIGHT SNOW
  FOG


RELATIVE HUMIDITY (PERCENT)
 HIGHEST    89           300 AM
 LOWEST     29           500 PM
 AVERAGE    59

..........................................................


THE IDAHO FALLS ID CLIMATE NORMALS FOR TODAY
                         NORMAL    RECORD    YEAR
 MAXIMUM TEMPERATURE (F)   61        81      1977
 MINIMUM TEMPERATURE (F)   33        19      2002
                                             1950


SUNRISE AND SUNSET
APRIL 24 2014.........SUNRISE   631 AM MDT   SUNSET   822 PM MDT
APRIL 25 2014.........SUNRISE   630 AM MDT   SUNSET   823 PM MDT


-  INDICATES NEGATIVE NUMBERS.
R  INDICATES RECORD WAS SET OR TIED.
MM INDICATES DATA IS MISSING.
T  INDICATES TRACE AMOUNT.




$$
