000
CDUS45 KPIH 052324
CLIIDA


CLIMATE REPORT
NATIONAL WEATHER SERVICE POCATELLO ID
423 PM MST MON DEC 5 2016


...................................

...THE IDAHO FALLS ID CLIMATE SUMMARY FOR DECEMBER 5 2016...
VALID TODAY AS OF 0400 PM LOCAL TIME.

CLIMATE NORMAL PERIOD 1981 TO 2010
CLIMATE RECORD PERIOD 1948 TO 2016


WEATHER ITEM   OBSERVED TIME   RECORD YEAR NORMAL DEPARTURE LAST
                VALUE   (LST)  VALUE       VALUE  FROM      YEAR
                                                  NORMAL
..................................................................
TEMPERATURE (F)
 TODAY
  MAXIMUM         34   1202 AM  49    1987  32      2       37
  MINIMUM         17    817 AM -31    1972  14      3       16
  AVERAGE         26                        23      3       27

PRECIPITATION (IN)
  TODAY            T             0.28 1966   0.03  -0.03     0.00
  MONTH TO DATE    0.03                      0.16  -0.13     0.00
  SINCE OCT 1      2.98                      1.86   1.12     1.93
  SINCE JAN 1     10.20                      9.68   0.52    10.01

SNOWFALL (IN)
  TODAY           MM
  MONTH TO DATE   MM
  SINCE DEC 1     MM
  SINCE JUL 1     MM
  SNOW DEPTH      MM

DEGREE DAYS
 HEATING
  TODAY           39                        42     -3       38
  MONTH TO DATE  198                       206     -8      222
  SINCE DEC 1    198                       206     -8      222
  SINCE JUL 1   1816                      2109   -293     1922

 COOLING
  TODAY            0                         0      0        0
  MONTH TO DATE    0                         0      0        0
  SINCE DEC 1      0                         0      0        0
  SINCE JAN 1    260                       264     -4      326
..................................................................


WIND (MPH)
  HIGHEST WIND SPEED    31   HIGHEST WIND DIRECTION    SW (240)
  HIGHEST GUST SPEED    43   HIGHEST GUST DIRECTION    SW (240)
  AVERAGE WIND SPEED    14.7


SKY COVER
  POSSIBLE SUNSHINE  MM
  AVERAGE SKY COVER 0.5


WEATHER CONDITIONS
 THE FOLLOWING WEATHER WAS RECORDED TODAY.
  NO SIGNIFICANT WEATHER WAS OBSERVED.


RELATIVE HUMIDITY (PERCENT)
 HIGHEST    89          1200 AM
 LOWEST     54           800 AM
 AVERAGE    72

..........................................................


THE IDAHO FALLS ID CLIMATE NORMALS FOR TOMORROW
                         NORMAL    RECORD    YEAR
 MAXIMUM TEMPERATURE (F)   31        55      1987
 MINIMUM TEMPERATURE (F)   14       -16      1972


SUNRISE AND SUNSET
DECEMBER  5 2016......SUNRISE   746 AM MST   SUNSET   452 PM MST
DECEMBER  6 2016......SUNRISE   747 AM MST   SUNSET   452 PM MST


-  INDICATES NEGATIVE NUMBERS.
R  INDICATES RECORD WAS SET OR TIED.
MM INDICATES DATA IS MISSING.
T  INDICATES TRACE AMOUNT.




$$
