786
CDUS45 KPIH 180738
CLIIDA


CLIMATE REPORT
NATIONAL WEATHER SERVICE POCATELLO ID
1234 AM MST SAT NOV 18 2017


...................................

...THE IDAHO FALLS ID CLIMATE SUMMARY FOR NOVEMBER 17 2017...

CLIMATE NORMAL PERIOD 1981 TO 2010
CLIMATE RECORD PERIOD 1948 TO 2017


WEATHER ITEM   OBSERVED TIME   RECORD YEAR NORMAL DEPARTURE LAST
                VALUE   (LST)  VALUE       VALUE  FROM      YEAR
                                                  NORMAL
..................................................................
TEMPERATURE (F)
 YESTERDAY
  MAXIMUM         41    400 PM  57    1976  41      0       41
  MINIMUM         27   1159 PM  -4    2014  22      5       18
  AVERAGE         34                        32      2       30

PRECIPITATION (IN)
  YESTERDAY        0.01          0.49 2011   0.03  -0.02      T
  MONTH TO DATE    0.59                      0.47   0.12      T
  SINCE OCT 1      1.47                      1.30   0.17     2.77
  SINCE JAN 1     10.46                      9.12   1.34     9.99

SNOWFALL (IN)
  YESTERDAY       MM
  MONTH TO DATE   MM
  SINCE SEP 1     MM
  SINCE JUL 1     MM
  SNOW DEPTH      MM

DEGREE DAYS
 HEATING
  YESTERDAY       31                        33     -2       35
  MONTH TO DATE  460                       499    -39      357
  SINCE SEP 1   1450                      1356     94     1136
  SINCE JUL 1   1459                      1421     38     1213

 COOLING
  YESTERDAY        0                         0      0        0
  MONTH TO DATE    0                         0      0        0
  SINCE SEP 1     40                        12     28       16
  SINCE JAN 1    362                       264     98      260
..................................................................


WIND (MPH)
  HIGHEST WIND SPEED    28   HIGHEST WIND DIRECTION    NW (330)
  HIGHEST GUST SPEED    38   HIGHEST GUST DIRECTION     W (290)
  AVERAGE WIND SPEED    13.5


SKY COVER
  POSSIBLE SUNSHINE  MM
  AVERAGE SKY COVER 0.7


WEATHER CONDITIONS
 THE FOLLOWING WEATHER WAS RECORDED YESTERDAY.
  LIGHT RAIN
  FOG


RELATIVE HUMIDITY (PERCENT)
 HIGHEST   100           100 AM
 LOWEST     59           400 PM
 AVERAGE    80

..........................................................


THE IDAHO FALLS ID CLIMATE NORMALS FOR TODAY
                         NORMAL    RECORD    YEAR
 MAXIMUM TEMPERATURE (F)   41        60      2008
 MINIMUM TEMPERATURE (F)   21        -3      2014


SUNRISE AND SUNSET
NOVEMBER 18 2017......SUNRISE   726 AM MST   SUNSET   500 PM MST
NOVEMBER 19 2017......SUNRISE   727 AM MST   SUNSET   500 PM MST


-  INDICATES NEGATIVE NUMBERS.
R  INDICATES RECORD WAS SET OR TIED.
MM INDICATES DATA IS MISSING.
T  INDICATES TRACE AMOUNT.




$$
