000
CDUS45 KPIH 290741
CLIIDA


CLIMATE REPORT
NATIONAL WEATHER SERVICE POCATELLO ID
140 AM MDT SAT AUG 29 2015


...................................

...THE IDAHO FALLS ID CLIMATE SUMMARY FOR AUGUST 28 2015...

CLIMATE NORMAL PERIOD 1981 TO 2010
CLIMATE RECORD PERIOD 1948 TO 2015


WEATHER ITEM   OBSERVED TIME   RECORD YEAR NORMAL DEPARTURE LAST
                VALUE   (LST)  VALUE       VALUE  FROM      YEAR
                                                  NORMAL
..................................................................
TEMPERATURE (F)
 YESTERDAY
  MAXIMUM         90    417 PM  94    2012  82      8       85
  MINIMUM         47    541 AM  33    1960  46      1       47
  AVERAGE         69                        64      5       66

PRECIPITATION (IN)
  YESTERDAY        0.00          0.38 1951   0.02  -0.02     0.00
  MONTH TO DATE    1.13                      0.47   0.66     2.29
  SINCE OCT 1      8.94                      9.48  -0.54     7.54
  SINCE JAN 1      7.48                      6.91   0.57     6.24

SNOWFALL (IN)
  YESTERDAY       MM
  MONTH TO DATE   MM
  SINCE JUN 1     MM
  SINCE JUL 1     MM
  SNOW DEPTH      MM

DEGREE DAYS
 HEATING
  YESTERDAY        0                         3     -3        0
  MONTH TO DATE   26                        28     -2       46
  SINCE JUN 1    114                       208    -94      176
  SINCE JUL 1     68                        55     13       48

 COOLING
  YESTERDAY        4                         2      2        1
  MONTH TO DATE   94                        90      4       77
  SINCE JUN 1    289                       243     46      279
  SINCE JAN 1    290                       245     45      280
..................................................................


WIND (MPH)
  HIGHEST WIND SPEED    22   HIGHEST WIND DIRECTION     S (200)
  HIGHEST GUST SPEED    28   HIGHEST GUST DIRECTION     S (200)
  AVERAGE WIND SPEED     6.2


SKY COVER
  POSSIBLE SUNSHINE  MM
  AVERAGE SKY COVER 0.1


WEATHER CONDITIONS
 THE FOLLOWING WEATHER WAS RECORDED YESTERDAY.
  HAZE


RELATIVE HUMIDITY (PERCENT)
 HIGHEST    86           400 AM
 LOWEST     16           300 PM
 AVERAGE    51

..........................................................


THE IDAHO FALLS ID CLIMATE NORMALS FOR TODAY
                         NORMAL    RECORD    YEAR
 MAXIMUM TEMPERATURE (F)   82        95      1948
 MINIMUM TEMPERATURE (F)   46        32      1960


SUNRISE AND SUNSET
AUGUST 29 2015........SUNRISE   649 AM MDT   SUNSET   809 PM MDT
AUGUST 30 2015........SUNRISE   650 AM MDT   SUNSET   807 PM MDT


-  INDICATES NEGATIVE NUMBERS.
R  INDICATES RECORD WAS SET OR TIED.
MM INDICATES DATA IS MISSING.
T  INDICATES TRACE AMOUNT.




$$
