000
CDUS45 KPIH 250738
CLIIDA


CLIMATE REPORT
NATIONAL WEATHER SERVICE POCATELLO ID
1237 AM MST THU DEC 25 2014


...................................

...THE IDAHO FALLS ID CLIMATE SUMMARY FOR DECEMBER 24 2014...

CLIMATE NORMAL PERIOD 1981 TO 2010
CLIMATE RECORD PERIOD 1948 TO 2014


WEATHER ITEM   OBSERVED TIME   RECORD YEAR NORMAL DEPARTURE LAST
                VALUE   (LST)  VALUE       VALUE  FROM      YEAR
                                                  NORMAL
..................................................................
TEMPERATURE (F)
 YESTERDAY
  MAXIMUM         40    151 PM  47    1964  28     12       39
  MINIMUM         23    154 AM -18    1990  11     12       14
  AVERAGE         32                        19     13       27

PRECIPITATION (IN)
  YESTERDAY        0.26          0.36 2007   0.03   0.23      T
  MONTH TO DATE    0.65                      0.69  -0.04     0.13
  SINCE OCT 1      1.21                      2.39  -1.18     1.28
  SINCE JAN 1     10.04                     10.21  -0.17     6.30

SNOWFALL (IN)
  YESTERDAY       MM
  MONTH TO DATE   MM
  SINCE DEC 1     MM
  SINCE JUL 1     MM
  SNOW DEPTH      MM

DEGREE DAYS
 HEATING
  YESTERDAY       33                        46    -13       38
  MONTH TO DATE  735                      1050   -315     1202
  SINCE DEC 1    735                      1050   -315     1202
  SINCE JUL 1   2424                      2953   -529     2926

 COOLING
  YESTERDAY        0                         0      0        0
  MONTH TO DATE    0                         0      0        0
  SINCE DEC 1      0                         0      0        0
  SINCE JAN 1    303                       264     39      510
..................................................................


WIND (MPH)
  HIGHEST WIND SPEED    22   HIGHEST WIND DIRECTION     S (200)
  HIGHEST GUST SPEED    27   HIGHEST GUST DIRECTION    SW (210)
  AVERAGE WIND SPEED     5.8


SKY COVER
  POSSIBLE SUNSHINE  MM
  AVERAGE SKY COVER 0.8


WEATHER CONDITIONS
 THE FOLLOWING WEATHER WAS RECORDED YESTERDAY.
  SNOW
  LIGHT SNOW
  FOG


RELATIVE HUMIDITY (PERCENT)
 HIGHEST    92           800 PM
 LOWEST     40           200 PM
 AVERAGE    66

..........................................................


THE IDAHO FALLS ID CLIMATE NORMALS FOR TODAY
                         NORMAL    RECORD    YEAR
 MAXIMUM TEMPERATURE (F)   28        46      1955
 MINIMUM TEMPERATURE (F)   11       -15      1990


SUNRISE AND SUNSET
DECEMBER 25 2014......SUNRISE   800 AM MST   SUNSET   457 PM MST
DECEMBER 26 2014......SUNRISE   800 AM MST   SUNSET   458 PM MST


-  INDICATES NEGATIVE NUMBERS.
R  INDICATES RECORD WAS SET OR TIED.
MM INDICATES DATA IS MISSING.
T  INDICATES TRACE AMOUNT.




$$
