000
CDUS43 KUNR 050831
CLIIEN


CLIMATE REPORT
NATIONAL WEATHER SERVICE RAPID CITY SD
230 AM MDT THU MAY 5 2016


...................................

...THE PINE RIDGE SD CLIMATE SUMMARY FOR MAY 4 2016...

CLIMATE NORMAL PERIOD 1981 TO 2010
CLIMATE RECORD PERIOD 9999 TO 9999


WEATHER ITEM   OBSERVED TIME   NORMAL DEPARTURE LAST
                VALUE   (LST)  VALUE  FROM      YEAR
                                      NORMAL
......................................................
TEMPERATURE (F)
 YESTERDAY
  MAXIMUM         78    300 PM  66     12       59
  MINIMUM         34    500 AM  37     -3       38
  AVERAGE         56            52      4       49

PRECIPITATION (IN)
  YESTERDAY        0.00          0.09  -0.09     0.01
  MONTH TO DATE    0.01          0.40  -0.39     0.01
  SINCE MAR 1      4.86          3.18   1.68     2.07
  SINCE JAN 1      5.36          3.97   1.39     2.53

DEGREE DAYS
 HEATING
  YESTERDAY        9            14     -5       16
  MONTH TO DATE   67            57     10       39
  SINCE MAR 1   1330          1527   -197     1299
  SINCE JUL 1   6199          6877   -678     6509

 COOLING
  YESTERDAY        0             0      0        0
  MONTH TO DATE    0             0      0        0
  SINCE MAR 1      1             0      1        0
  SINCE JAN 1      1             0      1        0
......................................................


WIND (MPH)
  HIGHEST WIND SPEED    10   HIGHEST WIND DIRECTION    SE (130)
  HIGHEST GUST SPEED    14   HIGHEST GUST DIRECTION    SE (130)
  AVERAGE WIND SPEED     2.4


SKY COVER
  AVERAGE SKY COVER 0.0


WEATHER CONDITIONS
 THE FOLLOWING WEATHER WAS RECORDED YESTERDAY.
  NO SIGNIFICANT WEATHER WAS OBSERVED.


RELATIVE HUMIDITY (PERCENT)
 HIGHEST    96           400 AM
 LOWEST     19           300 PM
 AVERAGE    58

..........................................................




SUNRISE AND SUNSET
MAY  5 2016...........SUNRISE   538 AM MDT   SUNSET   756 PM MDT
MAY  6 2016...........SUNRISE   537 AM MDT   SUNSET   757 PM MDT


-  INDICATES NEGATIVE NUMBERS.
R  INDICATES RECORD WAS SET OR TIED.
MM INDICATES DATA IS MISSING.
T  INDICATES TRACE AMOUNT.




$$
