000
CDUS43 KUNR 220832
CLIIEN


CLIMATE REPORT
NATIONAL WEATHER SERVICE RAPID CITY SD
232 AM MDT FRI AUG 22 2014


...................................

...THE PINE RIDGE SD CLIMATE SUMMARY FOR AUGUST 21 2014...

CLIMATE NORMAL PERIOD 1981 TO 2010
CLIMATE RECORD PERIOD 9999 TO 9999


WEATHER ITEM   OBSERVED TIME   NORMAL DEPARTURE LAST
                VALUE   (LST)  VALUE  FROM      YEAR
                                      NORMAL
......................................................
TEMPERATURE (F)
 YESTERDAY
  MAXIMUM         86    346 PM  87     -1       77
  MINIMUM         54    412 AM  55     -1       55
  AVERAGE         70            71     -1       66

PRECIPITATION (IN)
  YESTERDAY        0.00          0.05  -0.05      T
  MONTH TO DATE    0.79          1.36  -0.57     2.30
  SINCE JUN 1      7.89          7.06   0.83     6.23
  SINCE JAN 1     15.49         13.30   2.19    13.99

DEGREE DAYS
 HEATING
  YESTERDAY        0             1     -1        0
  MONTH TO DATE    0             9     -9        0
  SINCE JUN 1    136           108     28       80
  SINCE JUL 1     28            21      7        2

 COOLING
  YESTERDAY        5             7     -2        1
  MONTH TO DATE  147           184    -37      146
  SINCE JUN 1    380           575   -195      513
  SINCE JAN 1    405           592   -187      530
......................................................


WIND (MPH)
  HIGHEST WIND SPEED    18   HIGHEST WIND DIRECTION    SE (150)
  HIGHEST GUST SPEED    25   HIGHEST GUST DIRECTION     S (200)
  AVERAGE WIND SPEED     6.2


SKY COVER
  AVERAGE SKY COVER 0.1


WEATHER CONDITIONS
 THE FOLLOWING WEATHER WAS RECORDED YESTERDAY.
  NO SIGNIFICANT WEATHER WAS OBSERVED.


RELATIVE HUMIDITY (PERCENT)
 HIGHEST   100           500 AM
 LOWEST     37          1200 PM
 AVERAGE    69

..........................................................




SUNRISE AND SUNSET
AUGUST 22 2014........SUNRISE   604 AM MDT   SUNSET   741 PM MDT
AUGUST 23 2014........SUNRISE   605 AM MDT   SUNSET   740 PM MDT


-  INDICATES NEGATIVE NUMBERS.
R  INDICATES RECORD WAS SET OR TIED.
MM INDICATES DATA IS MISSING.
T  INDICATES TRACE AMOUNT.




$$
