000
CDUS43 KUNR 260841
CLIIEN


CLIMATE REPORT
NATIONAL WEATHER SERVICE RAPID CITY SD
241 AM MDT TUE SEP 26 2017


...................................

...THE PINE RIDGE SD CLIMATE SUMMARY FOR SEPTEMBER 25 2017...

CLIMATE NORMAL PERIOD 1981 TO 2010
CLIMATE RECORD PERIOD 9999 TO 9999


WEATHER ITEM   OBSERVED TIME   NORMAL DEPARTURE LAST
                VALUE   (LST)  VALUE  FROM      YEAR
                                      NORMAL
......................................................
TEMPERATURE (F)
 YESTERDAY
  MAXIMUM         53   1154 AM  73    -20       67
  MINIMUM         37   1150 PM  40     -3       32
  AVERAGE         45            57    -12       50

PRECIPITATION (IN)
  YESTERDAY        0.09          0.05   0.04     0.00
  MONTH TO DATE    0.79          1.39  -0.60     0.68
  SINCE SEP 1      0.79          1.39  -0.60     0.68
  SINCE JAN 1     13.96         15.18  -1.22    13.60

DEGREE DAYS
 HEATING
  YESTERDAY       20             9     11       15
  MONTH TO DATE  125           134     -9      107
  SINCE SEP 1    125           134     -9      107
  SINCE JUL 1    137           171    -34      140

 COOLING
  YESTERDAY        0             1     -1        0
  MONTH TO DATE   98            64     34       52
  SINCE SEP 1     98            64     34       52
  SINCE JAN 1    771           712     59      764
......................................................


WIND (MPH)
  HIGHEST WIND SPEED    12   HIGHEST WIND DIRECTION    NE (30)
  HIGHEST GUST SPEED    14   HIGHEST GUST DIRECTION     N (20)
  AVERAGE WIND SPEED     4.3


SKY COVER
  AVERAGE SKY COVER 0.8


WEATHER CONDITIONS
 THE FOLLOWING WEATHER WAS RECORDED YESTERDAY.
  RAIN
  LIGHT RAIN
  FOG


RELATIVE HUMIDITY (PERCENT)
 HIGHEST   100           200 AM
 LOWEST     66          1200 PM
 AVERAGE    83

..........................................................




SUNRISE AND SUNSET
SEPTEMBER 26 2017.....SUNRISE   642 AM MDT   SUNSET   640 PM MDT
SEPTEMBER 27 2017.....SUNRISE   643 AM MDT   SUNSET   638 PM MDT


-  INDICATES NEGATIVE NUMBERS.
R  INDICATES RECORD WAS SET OR TIED.
MM INDICATES DATA IS MISSING.
T  INDICATES TRACE AMOUNT.




$$
