000
CDUS43 KUNR 230833
CLIIEN


CLIMATE REPORT
NATIONAL WEATHER SERVICE RAPID CITY SD
232 AM MDT WED APR 23 2014


...................................

...THE PINE RIDGE SD CLIMATE SUMMARY FOR APRIL 22 2014...

CLIMATE NORMAL PERIOD 1981 TO 2010
CLIMATE RECORD PERIOD 9999 TO 9999


WEATHER ITEM   OBSERVED TIME   NORMAL DEPARTURE LAST
                VALUE   (LST)  VALUE  FROM      YEAR
                                      NORMAL
......................................................
TEMPERATURE (F)
 YESTERDAY
  MAXIMUM         80    257 PM  62     18       36
  MINIMUM         52    254 AM  33     19       18
  AVERAGE         66            47     19       27

PRECIPITATION (IN)
  YESTERDAY        0.18          0.07   0.11     0.29
  MONTH TO DATE    0.96          1.33  -0.37     1.11
  SINCE MAR 1      1.30          2.20  -0.90     1.42
  SINCE JAN 1      1.57          2.99  -1.42     2.36

DEGREE DAYS
 HEATING
  YESTERDAY        0            18    -18       38
  MONTH TO DATE  475           454     21      642
  SINCE MAR 1   1408          1342     66     1543
  SINCE JUL 1   6890          6692    198     6644

 COOLING
  YESTERDAY        1             0      1        0
  MONTH TO DATE    1             0      1        0
  SINCE MAR 1      1             0      1        0
  SINCE JAN 1      1             0      1        0
......................................................


WIND (MPH)
  HIGHEST WIND SPEED    36   HIGHEST WIND DIRECTION     S (180)
  HIGHEST GUST SPEED    45   HIGHEST GUST DIRECTION     S (190)
  AVERAGE WIND SPEED    22.1


SKY COVER
  AVERAGE SKY COVER 0.1


WEATHER CONDITIONS
 THE FOLLOWING WEATHER WAS RECORDED YESTERDAY.
  THUNDERSTORM
  HEAVY RAIN
  LIGHT RAIN


RELATIVE HUMIDITY (PERCENT)
 HIGHEST    86           700 PM
 LOWEST     25           400 PM
 AVERAGE    56

..........................................................




SUNRISE AND SUNSET
APRIL 23 2014.........SUNRISE   556 AM MDT   SUNSET   742 PM MDT
APRIL 24 2014.........SUNRISE   554 AM MDT   SUNSET   743 PM MDT


-  INDICATES NEGATIVE NUMBERS.
R  INDICATES RECORD WAS SET OR TIED.
MM INDICATES DATA IS MISSING.
T  INDICATES TRACE AMOUNT.




$$
