000
CDUS43 KUNR 290842
CLIIEN


CLIMATE REPORT
NATIONAL WEATHER SERVICE RAPID CITY SD
238 AM MDT SUN MAR 29 2015


...................................

...THE PINE RIDGE SD CLIMATE SUMMARY FOR MARCH 28 2015...

CLIMATE NORMAL PERIOD 1981 TO 2010
CLIMATE RECORD PERIOD 9999 TO 9999


WEATHER ITEM   OBSERVED TIME   NORMAL DEPARTURE LAST
                VALUE   (LST)  VALUE  FROM      YEAR
                                      NORMAL
......................................................
TEMPERATURE (F)
 YESTERDAY
  MAXIMUM         82    404 PM  54     28       39
  MINIMUM         26    503 AM  27     -1       20
  AVERAGE         54            40     14       30

PRECIPITATION (IN)
  YESTERDAY        0.00          0.04  -0.04      T
  MONTH TO DATE    0.18          0.76  -0.58     0.25
  SINCE MAR 1      0.18          0.76  -0.58     0.25
  SINCE JAN 1      0.64          1.55  -0.91     0.52

DEGREE DAYS
 HEATING
  YESTERDAY       11            25    -14       35
  MONTH TO DATE  667           815   -148      865
  SINCE MAR 1    667           815   -148      865
  SINCE JUL 1   5877          6165   -288     6347

 COOLING
  YESTERDAY        0             0      0        0
  MONTH TO DATE    0             0      0        0
  SINCE MAR 1      0             0      0        0
  SINCE JAN 1      0             0      0        0
......................................................


WIND (MPH)
  HIGHEST WIND SPEED    32   HIGHEST WIND DIRECTION     N (350)
  HIGHEST GUST SPEED    43   HIGHEST GUST DIRECTION     N (360)
  AVERAGE WIND SPEED    11.7


SKY COVER
  AVERAGE SKY COVER 0.0


WEATHER CONDITIONS
 THE FOLLOWING WEATHER WAS RECORDED YESTERDAY.
  NO SIGNIFICANT WEATHER WAS OBSERVED.


RELATIVE HUMIDITY (PERCENT)
 HIGHEST    89           700 AM
 LOWEST     11           400 PM
 AVERAGE    50

..........................................................




SUNRISE AND SUNSET
MARCH 29 2015.........SUNRISE   638 AM MDT   SUNSET   713 PM MDT
MARCH 30 2015.........SUNRISE   636 AM MDT   SUNSET   714 PM MDT


-  INDICATES NEGATIVE NUMBERS.
R  INDICATES RECORD WAS SET OR TIED.
MM INDICATES DATA IS MISSING.
T  INDICATES TRACE AMOUNT.




$$
