000
CDUS43 KUNR 220840
CLIIEN


CLIMATE REPORT
NATIONAL WEATHER SERVICE RAPID CITY SD
140 AM MST SAT NOV 22 2014


...................................

...THE PINE RIDGE SD CLIMATE SUMMARY FOR NOVEMBER 21 2014...

CLIMATE NORMAL PERIOD 1981 TO 2010
CLIMATE RECORD PERIOD 9999 TO 9999


WEATHER ITEM   OBSERVED TIME   NORMAL DEPARTURE LAST
                VALUE   (LST)  VALUE  FROM      YEAR
                                      NORMAL
......................................................
TEMPERATURE (F)
 YESTERDAY
  MAXIMUM         50   1215 PM  45      5       16
  MINIMUM         16   1154 PM  17     -1       -4
  AVERAGE         33            31      2        6

PRECIPITATION (IN)
  YESTERDAY        0.00          0.01  -0.01     0.05
  MONTH TO DATE    0.66          0.48   0.18     0.83
  SINCE SEP 1      3.83          3.29   0.54     5.69
  SINCE JAN 1     22.06         17.08   4.98    19.96

DEGREE DAYS
 HEATING
  YESTERDAY       32            34     -2       59
  MONTH TO DATE  809           606    203      609
  SINCE SEP 1   1454          1324    130     1384
  SINCE JUL 1   1498          1361    137     1386

 COOLING
  YESTERDAY        0             0      0        0
  MONTH TO DATE    0             0      0        0
  SINCE SEP 1     64            69     -5      152
  SINCE JAN 1    482           717   -235      804
......................................................


WIND (MPH)
  HIGHEST WIND SPEED    12   HIGHEST WIND DIRECTION    SW (230)
  HIGHEST GUST SPEED    16   HIGHEST GUST DIRECTION    SW (210)
  AVERAGE WIND SPEED     4.7


SKY COVER
  AVERAGE SKY COVER 0.0


WEATHER CONDITIONS
 THE FOLLOWING WEATHER WAS RECORDED YESTERDAY.
  NO SIGNIFICANT WEATHER WAS OBSERVED.


RELATIVE HUMIDITY (PERCENT)
 HIGHEST    92           900 PM
 LOWEST     42          1200 PM
 AVERAGE    67

..........................................................




SUNRISE AND SUNSET
NOVEMBER 22 2014......SUNRISE   651 AM MST   SUNSET   421 PM MST
NOVEMBER 23 2014......SUNRISE   652 AM MST   SUNSET   420 PM MST


-  INDICATES NEGATIVE NUMBERS.
R  INDICATES RECORD WAS SET OR TIED.
MM INDICATES DATA IS MISSING.
T  INDICATES TRACE AMOUNT.




$$
