000
CDUS43 KUNR 200833
CLIIEN


CLIMATE REPORT
NATIONAL WEATHER SERVICE RAPID CITY SD
133 AM MST MON NOV 20 2017


...................................

...THE PINE RIDGE SD CLIMATE SUMMARY FOR NOVEMBER 19 2017...

CLIMATE NORMAL PERIOD 1981 TO 2010
CLIMATE RECORD PERIOD 9999 TO 9999


WEATHER ITEM   OBSERVED TIME   NORMAL DEPARTURE LAST
                VALUE   (LST)  VALUE  FROM      YEAR
                                      NORMAL
......................................................
TEMPERATURE (F)
 YESTERDAY
  MAXIMUM         55    146 PM  46      9       41
  MINIMUM         16    718 AM  18     -2        3
  AVERAGE         36            32      4       22

PRECIPITATION (IN)
  YESTERDAY        0.00          0.02  -0.02     0.00
  MONTH TO DATE    0.28          0.46  -0.18     0.13
  SINCE SEP 1      2.02          3.27  -1.25     1.35
  SINCE JAN 1     15.19         17.06  -1.87    14.27

DEGREE DAYS
 HEATING
  YESTERDAY       29            33     -4       43
  MONTH TO DATE  515           538    -23      370
  SINCE SEP 1   1233          1256    -23      816
  SINCE JUL 1   1245          1293    -48      849

 COOLING
  YESTERDAY        0             0      0        0
  MONTH TO DATE    0             0      0        0
  SINCE SEP 1    107            69     38       62
  SINCE JAN 1    780           717     63      774
......................................................


WIND (MPH)
  HIGHEST WIND SPEED    20   HIGHEST WIND DIRECTION     W (250)
  HIGHEST GUST SPEED    28   HIGHEST GUST DIRECTION    SW (240)
  AVERAGE WIND SPEED     6.6


SKY COVER
  AVERAGE SKY COVER 0.0


WEATHER CONDITIONS
 THE FOLLOWING WEATHER WAS RECORDED YESTERDAY.
  NO SIGNIFICANT WEATHER WAS OBSERVED.


RELATIVE HUMIDITY (PERCENT)
 HIGHEST    77          1200 AM
 LOWEST     24           100 PM
 AVERAGE    51

..........................................................




SUNRISE AND SUNSET
NOVEMBER 20 2017......SUNRISE   649 AM MST   SUNSET   422 PM MST
NOVEMBER 21 2017......SUNRISE   650 AM MST   SUNSET   421 PM MST


-  INDICATES NEGATIVE NUMBERS.
R  INDICATES RECORD WAS SET OR TIED.
MM INDICATES DATA IS MISSING.
T  INDICATES TRACE AMOUNT.




$$
