000
CDUS43 KUNR 250836
CLIIEN


CLIMATE REPORT
NATIONAL WEATHER SERVICE RAPID CITY SD
232 AM MDT FRI JUL 25 2014


...................................

...THE PINE RIDGE SD CLIMATE SUMMARY FOR JULY 24 2014...

CLIMATE NORMAL PERIOD 1981 TO 2010
CLIMATE RECORD PERIOD 9999 TO 9999


WEATHER ITEM   OBSERVED TIME   NORMAL DEPARTURE LAST
                VALUE   (LST)  VALUE  FROM      YEAR
                                      NORMAL
......................................................
TEMPERATURE (F)
 YESTERDAY
  MAXIMUM         99    225 PM  91      8       89
  MINIMUM         70    544 AM  59     11       56
  AVERAGE         85            75     10       73

PRECIPITATION (IN)
  YESTERDAY        0.02          0.06  -0.04     0.00
  MONTH TO DATE    2.56          1.68   0.88     1.44
  SINCE JUN 1      7.10          5.11   1.99     3.55
  SINCE JAN 1     14.70         11.35   3.35    11.31

DEGREE DAYS
 HEATING
  YESTERDAY        0             0      0        0
  MONTH TO DATE   24             4     20        0
  SINCE JUN 1    132            91     41       78
  SINCE JUL 1     24             4     20        0

 COOLING
  YESTERDAY       20            10     10        8
  MONTH TO DATE  161           209    -48      251
  SINCE JUN 1    218           319   -101      334
  SINCE JAN 1    243           336    -93      351
......................................................


WIND (MPH)
  HIGHEST WIND SPEED    36   HIGHEST WIND DIRECTION    SW (240)
  HIGHEST GUST SPEED    46   HIGHEST GUST DIRECTION    SW (240)
  AVERAGE WIND SPEED    13.9


SKY COVER
  AVERAGE SKY COVER 0.0


WEATHER CONDITIONS
 THE FOLLOWING WEATHER WAS RECORDED YESTERDAY.
  THUNDERSTORM
  LIGHT RAIN
  HAZE


RELATIVE HUMIDITY (PERCENT)
 HIGHEST    84           200 AM
 LOWEST     26           100 PM
 AVERAGE    55

..........................................................




SUNRISE AND SUNSET
JULY 25 2014..........SUNRISE   534 AM MDT   SUNSET   819 PM MDT
JULY 26 2014..........SUNRISE   535 AM MDT   SUNSET   818 PM MDT


-  INDICATES NEGATIVE NUMBERS.
R  INDICATES RECORD WAS SET OR TIED.
MM INDICATES DATA IS MISSING.
T  INDICATES TRACE AMOUNT.




$$
