260
CDUS43 KUNR 280832
CLIIEN


CLIMATE REPORT
NATIONAL WEATHER SERVICE RAPID CITY SD
231 AM MDT THU JUL 28 2016


...................................

...THE PINE RIDGE SD CLIMATE SUMMARY FOR JULY 27 2016...

CLIMATE NORMAL PERIOD 1981 TO 2010
CLIMATE RECORD PERIOD 9999 TO 9999


WEATHER ITEM   OBSERVED TIME   NORMAL DEPARTURE LAST
                VALUE   (LST)  VALUE  FROM      YEAR
                                      NORMAL
......................................................
TEMPERATURE (F)
 YESTERDAY
  MAXIMUM         84    420 PM  91     -7       95
  MINIMUM         58    206 AM  59     -1       61
  AVERAGE         71            75     -4       78

PRECIPITATION (IN)
  YESTERDAY        T             0.08  -0.08      T
  MONTH TO DATE    2.41          1.91   0.50     2.64
  SINCE JUN 1      3.91          5.34  -1.43     6.41
  SINCE JAN 1      9.99         11.58  -1.59    16.09

DEGREE DAYS
 HEATING
  YESTERDAY        0             0      0        0
  MONTH TO DATE    2             4     -2        3
  SINCE JUN 1     28            91    -63       13
  SINCE JUL 1      2             4     -2        3

 COOLING
  YESTERDAY        6            10     -4       13
  MONTH TO DATE  261           239     22      185
  SINCE JUN 1    478           349    129      306
  SINCE JAN 1    486           366    120      306
......................................................


WIND (MPH)
  HIGHEST WIND SPEED    18   HIGHEST WIND DIRECTION    NE (30)
  HIGHEST GUST SPEED    24   HIGHEST GUST DIRECTION     W (250)
  AVERAGE WIND SPEED     6.4


SKY COVER
  AVERAGE SKY COVER 0.1


WEATHER CONDITIONS
 THE FOLLOWING WEATHER WAS RECORDED YESTERDAY.
  LIGHT RAIN


RELATIVE HUMIDITY (PERCENT)
 HIGHEST   100           100 AM
 LOWEST     47           400 PM
 AVERAGE    74

..........................................................




SUNRISE AND SUNSET
JULY 28 2016..........SUNRISE   537 AM MDT   SUNSET   815 PM MDT
JULY 29 2016..........SUNRISE   538 AM MDT   SUNSET   814 PM MDT


-  INDICATES NEGATIVE NUMBERS.
R  INDICATES RECORD WAS SET OR TIED.
MM INDICATES DATA IS MISSING.
T  INDICATES TRACE AMOUNT.




$$
