000
CDUS45 KVEF 270128
CLIIGM


CLIMATE REPORT
NATIONAL WEATHER SERVICE LAS VEGAS, NV
627 PM PDT WED JUL 26 2017


...................................

...THE KINGMAN AZ CLIMATE SUMMARY FOR JULY 26 2017...
VALID TODAY AS OF 0500 PM LOCAL TIME.

CLIMATE NORMAL PERIOD 1981 TO 2010
CLIMATE RECORD PERIOD 1901 TO 2017


WEATHER ITEM   OBSERVED TIME   RECORD YEAR NORMAL DEPARTURE LAST
                VALUE   (LST)  VALUE       VALUE  FROM      YEAR
                                                  NORMAL
..................................................................
TEMPERATURE (F)
 TODAY
  MAXIMUM         95    348 PM 108    1934  97     -2      104
  MINIMUM         66    454 AM  55    1918  71     -5       76
  AVERAGE         81                        84     -3       90

PRECIPITATION (IN)
  TODAY            0.00          0.67 1908   0.03  -0.03     0.00
  MONTH TO DATE    2.06                      0.61   1.45     0.32
  SINCE OCT 1      8.51                      6.26   2.25     5.48
  SINCE JAN 1      4.95                      4.16   0.79     3.96

DEGREE DAYS
 HEATING
  TODAY            0                         0      0        0
  MONTH TO DATE    0                         0      0        0
  SINCE JUN 1      0                         3     -3        0
  SINCE JUL 1      0                         0      0        0

 COOLING
  TODAY           16                        19     -3       25
  MONTH TO DATE  546                       480     66      543
  SINCE JUN 1   1061                       865    196     1105
  SINCE JAN 1   1221                      1063    158     1245
..................................................................


WIND (MPH)
  RESULTANT WIND SPEED   2   RESULTANT WIND DIRECTION   E (90)
  HIGHEST WIND SPEED    12   HIGHEST WIND DIRECTION    SW (240)
  HIGHEST GUST SPEED    14   HIGHEST GUST DIRECTION    NE (30)
  AVERAGE WIND SPEED     4.1


SKY COVER
  POSSIBLE SUNSHINE  MM
  AVERAGE SKY COVER 0.2


WEATHER CONDITIONS
 THE FOLLOWING WEATHER WAS RECORDED TODAY.
  NO SIGNIFICANT WEATHER WAS OBSERVED.


RELATIVE HUMIDITY (PERCENT)
 HIGHEST   100           100 AM
 LOWEST     30           400 PM
 AVERAGE    65

..........................................................


THE KINGMAN AZ CLIMATE NORMALS FOR TOMORROW
                         NORMAL    RECORD    YEAR
 MAXIMUM TEMPERATURE (F)   97       108      1934
 MINIMUM TEMPERATURE (F)   71        49      1907


SUNRISE AND SUNSET
JULY 26 2017..........SUNRISE   540 AM MST   SUNSET   744 PM MST
JULY 27 2017..........SUNRISE   541 AM MST   SUNSET   743 PM MST


-  INDICATES NEGATIVE NUMBERS.
R  INDICATES RECORD WAS SET OR TIED.
MM INDICATES DATA IS MISSING.
T  INDICATES TRACE AMOUNT.




$$
