000
CDUS45 KVEF 020830
CLIIGM


CLIMATE REPORT
NATIONAL WEATHER SERVICE LAS VEGAS, NV
129 AM PDT THU JUL 2 2015


...................................

...THE KINGMAN AZ CLIMATE SUMMARY FOR JULY 1 2015...

CLIMATE NORMAL PERIOD 1981 TO 2010
CLIMATE RECORD PERIOD 1901 TO 2015


WEATHER ITEM   OBSERVED TIME   RECORD YEAR NORMAL DEPARTURE LAST
                VALUE   (LST)  VALUE       VALUE  FROM      YEAR
                                                  NORMAL
..................................................................
TEMPERATURE (F)
 YESTERDAY
  MAXIMUM         94   1251 PM 108    1967  96     -2      103
  MINIMUM         73    602 AM  48    1910  68      5       72
  AVERAGE         84                        82      2       88

PRECIPITATION (IN)
  YESTERDAY        T             0.38 1980   0.01  -0.01     0.00
  MONTH TO DATE    T                         0.01  -0.01     0.00
  SINCE OCT 1      6.61                      5.66   0.95     1.67
  SINCE JAN 1      4.48                      3.56   0.92     0.79

DEGREE DAYS
 HEATING
  YESTERDAY        0                         0      0        0
  MONTH TO DATE    0                         0      0        0
  SINCE JUN 1      0                         3     -3        0
  SINCE JUL 1      0                         0      0        0

 COOLING
  YESTERDAY       19                        17      2       23
  MONTH TO DATE   19                        17      2       23
  SINCE JUN 1    496                       402     94      463
  SINCE JAN 1    602                       600      2      688
..................................................................


WIND (MPH)
  RESULTANT WIND SPEED  15   RESULTANT WIND DIRECTION  SW (220)
  HIGHEST WIND SPEED    25   HIGHEST WIND DIRECTION    SW (210)
  HIGHEST GUST SPEED    32   HIGHEST GUST DIRECTION    SW (240)
  AVERAGE WIND SPEED    15.5


SKY COVER
  POSSIBLE SUNSHINE  MM
  AVERAGE SKY COVER 0.0


WEATHER CONDITIONS
 THE FOLLOWING WEATHER WAS RECORDED YESTERDAY.
  THUNDERSTORM
  LIGHT RAIN


RELATIVE HUMIDITY (PERCENT)
 HIGHEST    53           500 AM
 LOWEST     26           100 PM
 AVERAGE    40

..........................................................


THE KINGMAN AZ CLIMATE NORMALS FOR TODAY
                         NORMAL    RECORD    YEAR
 MAXIMUM TEMPERATURE (F)   96       111      1967
 MINIMUM TEMPERATURE (F)   68        45      1928


SUNRISE AND SUNSET
JULY  2 2015..........SUNRISE   525 AM MST   SUNSET   754 PM MST
JULY  3 2015..........SUNRISE   526 AM MST   SUNSET   754 PM MST


-  INDICATES NEGATIVE NUMBERS.
R  INDICATES RECORD WAS SET OR TIED.
MM INDICATES DATA IS MISSING.
T  INDICATES TRACE AMOUNT.




$$
