000
CDUS45 KVEF 300828
CLIIGM


CLIMATE REPORT
NATIONAL WEATHER SERVICE LAS VEGAS, NV
1228 AM PST FRI JAN 30 2015


...................................

...THE KINGMAN AZ CLIMATE SUMMARY FOR JANUARY 29 2015...

CLIMATE NORMAL PERIOD 1981 TO 2010
CLIMATE RECORD PERIOD 1901 TO 2015


WEATHER ITEM   OBSERVED TIME   RECORD YEAR NORMAL DEPARTURE LAST
                VALUE   (LST)  VALUE       VALUE  FROM      YEAR
                                                  NORMAL
..................................................................
TEMPERATURE (F)
 YESTERDAY
  MAXIMUM         60    359 PM  75    1935  58      2       71
  MINIMUM         45    810 AM   4    1979  32     13       32
  AVERAGE         53                        45      8       52

PRECIPITATION (IN)
  YESTERDAY        0.10          1.60 1915   0.04   0.06     0.00
  MONTH TO DATE    0.37                      0.93  -0.56     0.00
  SINCE OCT 1      2.50                      3.03  -0.53     0.88
  SINCE JAN 1      0.37                      0.93  -0.56     0.00

DEGREE DAYS
 HEATING
  YESTERDAY       12                        20     -8       13
  MONTH TO DATE  565                       615    -50      529
  SINCE DEC 1   1206                      1298    -92     1272
  SINCE JUL 1   1620                      1864   -244     1905

 COOLING
  YESTERDAY        0                         0      0        0
  MONTH TO DATE    0                         0      0        0
  SINCE DEC 1      0                         0      0        0
  SINCE JAN 1      0                         0      0        0
..................................................................


WIND (MPH)
  RESULTANT WIND SPEED   5   RESULTANT WIND DIRECTION   E (70)
  HIGHEST WIND SPEED    13   HIGHEST WIND DIRECTION    NE (30)
  HIGHEST GUST SPEED    15   HIGHEST GUST DIRECTION     N (10)
  AVERAGE WIND SPEED     6.6


SKY COVER
  POSSIBLE SUNSHINE  MM
  AVERAGE SKY COVER 0.4


WEATHER CONDITIONS
 THE FOLLOWING WEATHER WAS RECORDED YESTERDAY.
  LIGHT RAIN


RELATIVE HUMIDITY (PERCENT)
 HIGHEST    92           800 AM
 LOWEST     46           200 PM
 AVERAGE    69

..........................................................


THE KINGMAN AZ CLIMATE NORMALS FOR TODAY
                         NORMAL    RECORD    YEAR
 MAXIMUM TEMPERATURE (F)   58        74      1920
 MINIMUM TEMPERATURE (F)   32         6      1979


SUNRISE AND SUNSET
JANUARY 30 2015.......SUNRISE   737 AM MST   SUNSET   602 PM MST
JANUARY 31 2015.......SUNRISE   736 AM MST   SUNSET   603 PM MST


-  INDICATES NEGATIVE NUMBERS.
R  INDICATES RECORD WAS SET OR TIED.
MM INDICATES DATA IS MISSING.
T  INDICATES TRACE AMOUNT.




$$
