000
CDUS45 KVEF 020027
CLIIGM


CLIMATE REPORT
NATIONAL WEATHER SERVICE LAS VEGAS, NV
527 PM PDT MON JUN 1 2015


...................................

...THE KINGMAN AZ CLIMATE SUMMARY FOR JUNE 1 2015...
VALID TODAY AS OF 0500 PM LOCAL TIME.

CLIMATE NORMAL PERIOD 1981 TO 2010
CLIMATE RECORD PERIOD 1901 TO 2015


WEATHER ITEM   OBSERVED TIME   RECORD YEAR NORMAL DEPARTURE LAST
                VALUE   (LST)  VALUE       VALUE  FROM      YEAR
                                                  NORMAL
..................................................................
TEMPERATURE (F)
 TODAY
  MAXIMUM         94    302 PM 108    1915  90      4       92
  MINIMUM         64    510 AM  34    1908  57      7       56
  AVERAGE         79                        74      5       74

PRECIPITATION (IN)
  TODAY            0.00          0.74 1972   0.00   0.00     0.00
  MONTH TO DATE    0.00                      0.00   0.00     0.00
  SINCE OCT 1      5.12                      5.56  -0.44     1.67
  SINCE JAN 1      2.99                      3.46  -0.47     0.79

DEGREE DAYS
 HEATING
  TODAY            0                         0      0        0
  MONTH TO DATE    0                         0      0        0
  SINCE JUN 1      0                         0      0        0
  SINCE JUL 1   2530                      3100   -570     2834

 COOLING
  TODAY           14                         9      5        9
  MONTH TO DATE   14                         9      5        9
  SINCE JUN 1     14                         9      5        9
  SINCE JAN 1    120                       207    -87      234
..................................................................


WIND (MPH)
  RESULTANT WIND SPEED  14   RESULTANT WIND DIRECTION   S (200)
  HIGHEST WIND SPEED    31   HIGHEST WIND DIRECTION    SW (220)
  HIGHEST GUST SPEED    40   HIGHEST GUST DIRECTION    SW (240)
  AVERAGE WIND SPEED    15.7


SKY COVER
  POSSIBLE SUNSHINE  MM
  AVERAGE SKY COVER 0.0


WEATHER CONDITIONS
 THE FOLLOWING WEATHER WAS RECORDED TODAY.
  NO SIGNIFICANT WEATHER WAS OBSERVED.


RELATIVE HUMIDITY (PERCENT)
 HIGHEST    24           400 AM
 LOWEST      5           300 PM
 AVERAGE    15

..........................................................


THE KINGMAN AZ CLIMATE NORMALS FOR TOMORROW
                         NORMAL    RECORD    YEAR
 MAXIMUM TEMPERATURE (F)   90       100      2006
 MINIMUM TEMPERATURE (F)   58        41      1929


SUNRISE AND SUNSET
JUNE  1 2015..........SUNRISE   522 AM MST   SUNSET   745 PM MST
JUNE  2 2015..........SUNRISE   522 AM MST   SUNSET   746 PM MST


-  INDICATES NEGATIVE NUMBERS.
R  INDICATES RECORD WAS SET OR TIED.
MM INDICATES DATA IS MISSING.
T  INDICATES TRACE AMOUNT.




$$
