606
CDUS45 KVEF 240827
CLIIGM


CLIMATE REPORT
NATIONAL WEATHER SERVICE LAS VEGAS, NV
127 AM PDT MON APR 24 2017


...................................

...THE KINGMAN AZ CLIMATE SUMMARY FOR APRIL 23 2017...

CLIMATE NORMAL PERIOD 1981 TO 2010
CLIMATE RECORD PERIOD 1901 TO 2017


WEATHER ITEM   OBSERVED TIME   RECORD YEAR NORMAL DEPARTURE LAST
                VALUE   (LST)  VALUE       VALUE  FROM      YEAR
                                                  NORMAL
..................................................................
TEMPERATURE (F)
 YESTERDAY
  MAXIMUM         86    159 PM  93    2012  76     10       73
                                      1949
  MINIMUM         49    322 AM  28    1904  46      3       49
  AVERAGE         68                        61      7       61

PRECIPITATION (IN)
  YESTERDAY        0.00          0.65 1942   0.01  -0.01     0.00
  MONTH TO DATE    0.00                      0.35  -0.35     0.69
  SINCE OCT 1      6.26                      5.37   0.89     3.55
  SINCE JAN 1      2.70                      3.27  -0.57     2.03

DEGREE DAYS
 HEATING
  YESTERDAY        0                         5     -5        4
  MONTH TO DATE  126                       184    -58       87
  SINCE MAR 1    367                       602   -235      366
  SINCE JUL 1   2364                      3015   -651     2718

 COOLING
  YESTERDAY        3                         1      2        0
  MONTH TO DATE    7                        16     -9       18
  SINCE MAR 1     13                        19     -6       20
  SINCE JAN 1     13                        19     -6       20
..................................................................


WIND (MPH)
  RESULTANT WIND SPEED  14   RESULTANT WIND DIRECTION   S (200)
  HIGHEST WIND SPEED    41   HIGHEST WIND DIRECTION    SW (210)
  HIGHEST GUST SPEED    50   HIGHEST GUST DIRECTION    SW (210)
  AVERAGE WIND SPEED    16.9


SKY COVER
  POSSIBLE SUNSHINE  MM
  AVERAGE SKY COVER 0.0


WEATHER CONDITIONS
 THE FOLLOWING WEATHER WAS RECORDED YESTERDAY.
  NO SIGNIFICANT WEATHER WAS OBSERVED.


RELATIVE HUMIDITY (PERCENT)
 HIGHEST    39           100 AM
 LOWEST      8           200 PM
 AVERAGE    24

..........................................................


THE KINGMAN AZ CLIMATE NORMALS FOR TODAY
                         NORMAL    RECORD    YEAR
 MAXIMUM TEMPERATURE (F)   76        95      1921
 MINIMUM TEMPERATURE (F)   46        27      1904


SUNRISE AND SUNSET
APRIL 24 2017.........SUNRISE   552 AM MST   SUNSET   716 PM MST
APRIL 25 2017.........SUNRISE   551 AM MST   SUNSET   717 PM MST


-  INDICATES NEGATIVE NUMBERS.
R  INDICATES RECORD WAS SET OR TIED.
MM INDICATES DATA IS MISSING.
T  INDICATES TRACE AMOUNT.




$$
