000
CDUS45 KVEF 190841
CLIIGM


CLIMATE REPORT
NATIONAL WEATHER SERVICE LAS VEGAS, NV
1241 AM PST MON FEB 19 2018


...................................

...THE KINGMAN AZ CLIMATE SUMMARY FOR FEBRUARY 18 2018...

CLIMATE NORMAL PERIOD 1981 TO 2010
CLIMATE RECORD PERIOD 1901 TO 2018


WEATHER ITEM   OBSERVED TIME   RECORD YEAR NORMAL DEPARTURE LAST
                VALUE   (LST)  VALUE       VALUE  FROM      YEAR
                                                  NORMAL
..................................................................
TEMPERATURE (F)
 YESTERDAY
  MAXIMUM         65    235 PM  77    1981  60      5       56
  MINIMUM         35    737 AM  17    1910  34      1       46
  AVERAGE         50                        47      3       51

PRECIPITATION (IN)
  YESTERDAY        0.00          0.50 1971   0.04  -0.04     0.06
  MONTH TO DATE    0.19                      0.77  -0.58     0.08
  SINCE OCT 1      0.78                      3.89  -3.11     5.42
  SINCE JAN 1      0.78                      1.79  -1.01     1.86

DEGREE DAYS
 HEATING
  YESTERDAY       15                        18     -3       14
  MONTH TO DATE  235                       339   -104      195
  SINCE DEC 1   1208                      1678   -470     1482
  SINCE JUL 1   1499                      2244   -745     1804

 COOLING
  YESTERDAY        0                         0      0        0
  MONTH TO DATE    0                         0      0        0
  SINCE DEC 1      0                         0      0        0
  SINCE JAN 1      0                         0      0        0
..................................................................


WIND (MPH)
  RESULTANT WIND SPEED  13   RESULTANT WIND DIRECTION   S (190)
  HIGHEST WIND SPEED    32   HIGHEST WIND DIRECTION     S (200)
  HIGHEST GUST SPEED    41   HIGHEST GUST DIRECTION     S (180)
  AVERAGE WIND SPEED    16.0


SKY COVER
  POSSIBLE SUNSHINE  MM
  AVERAGE SKY COVER 0.0


WEATHER CONDITIONS
 THE FOLLOWING WEATHER WAS RECORDED YESTERDAY.
  NO SIGNIFICANT WEATHER WAS OBSERVED.


RELATIVE HUMIDITY (PERCENT)
 HIGHEST    70           400 AM
 LOWEST     21           400 PM
 AVERAGE    46

..........................................................


THE KINGMAN AZ CLIMATE NORMALS FOR TODAY
                         NORMAL    RECORD    YEAR
 MAXIMUM TEMPERATURE (F)   60        81      1923
 MINIMUM TEMPERATURE (F)   35        20      1955


SUNRISE AND SUNSET
FEBRUARY 19 2018......SUNRISE   717 AM MST   SUNSET   622 PM MST
FEBRUARY 20 2018......SUNRISE   716 AM MST   SUNSET   623 PM MST


-  INDICATES NEGATIVE NUMBERS.
R  INDICATES RECORD WAS SET OR TIED.
MM INDICATES DATA IS MISSING.
T  INDICATES TRACE AMOUNT.




$$
