439
CDUS45 KVEF 230827
CLIIGM


CLIMATE REPORT
NATIONAL WEATHER SERVICE LAS VEGAS, NV
1226 AM PST THU NOV 23 2017


...................................

...THE KINGMAN AZ CLIMATE SUMMARY FOR NOVEMBER 22 2017...

CLIMATE NORMAL PERIOD 1981 TO 2010
CLIMATE RECORD PERIOD 1901 TO 2017


WEATHER ITEM   OBSERVED TIME   RECORD YEAR NORMAL DEPARTURE LAST
                VALUE   (LST)  VALUE       VALUE  FROM      YEAR
                                                  NORMAL
..................................................................
TEMPERATURE (F)
 YESTERDAY
  MAXIMUM         79R   342 PM  77    2002  61     18       61
  MINIMUM         46    701 AM  22    1941  35     11       36
  AVERAGE         63                        48     15       49

PRECIPITATION (IN)
  YESTERDAY        0.00          1.85 1996   0.02  -0.02     0.00
  MONTH TO DATE    T                         0.49  -0.49     0.28
  SINCE OCT 1      T                         1.20  -1.20     0.78
  SINCE JAN 1      7.97                      7.49   0.48     8.21

DEGREE DAYS
 HEATING
  YESTERDAY        2                        17    -15       16
  MONTH TO DATE  168                       281   -113      133
  SINCE SEP 1    236                       420   -184      163
  SINCE JUL 1    236                       420   -184      163

 COOLING
  YESTERDAY        0                         0      0        0
  MONTH TO DATE    0                         0      0        2
  SINCE SEP 1    313                       391    -78      368
  SINCE JAN 1   2183                      2092     91     2244
..................................................................


WIND (MPH)
  RESULTANT WIND SPEED   5   RESULTANT WIND DIRECTION  NE (50)
  HIGHEST WIND SPEED    15   HIGHEST WIND DIRECTION     N (20)
  HIGHEST GUST SPEED    17   HIGHEST GUST DIRECTION    NE (30)
  AVERAGE WIND SPEED     6.8


SKY COVER
  POSSIBLE SUNSHINE  MM
  AVERAGE SKY COVER 0.0


WEATHER CONDITIONS
 THE FOLLOWING WEATHER WAS RECORDED YESTERDAY.
  NO SIGNIFICANT WEATHER WAS OBSERVED.


RELATIVE HUMIDITY (PERCENT)
 HIGHEST    41          1000 PM
 LOWEST     17           200 PM
 AVERAGE    29

..........................................................


THE KINGMAN AZ CLIMATE NORMALS FOR TODAY
                         NORMAL    RECORD    YEAR
 MAXIMUM TEMPERATURE (F)   61        82      1915
 MINIMUM TEMPERATURE (F)   35        15      1931


SUNRISE AND SUNSET
NOVEMBER 23 2017......SUNRISE   719 AM MST   SUNSET   525 PM MST
NOVEMBER 24 2017......SUNRISE   720 AM MST   SUNSET   525 PM MST


-  INDICATES NEGATIVE NUMBERS.
R  INDICATES RECORD WAS SET OR TIED.
MM INDICATES DATA IS MISSING.
T  INDICATES TRACE AMOUNT.




$$
