000
CDUS45 KVEF 300830
CLIIGM


CLIMATE REPORT
NATIONAL WEATHER SERVICE LAS VEGAS, NV
129 AM PDT THU JUL 30 2015


...................................

...THE KINGMAN AZ CLIMATE SUMMARY FOR JULY 29 2015...

CLIMATE NORMAL PERIOD 1981 TO 2010
CLIMATE RECORD PERIOD 1901 TO 2015


WEATHER ITEM   OBSERVED TIME   RECORD YEAR NORMAL DEPARTURE LAST
                VALUE   (LST)  VALUE       VALUE  FROM      YEAR
                                                  NORMAL
..................................................................
TEMPERATURE (F)
 YESTERDAY
  MAXIMUM         98    327 PM 106    2000  97      1       98
  MINIMUM         69    115 AM  55    1907  71     -2       69
  AVERAGE         84                        84      0       84

PRECIPITATION (IN)
  YESTERDAY        T             0.50 2005   0.02  -0.02     0.00
  MONTH TO DATE    0.92                      0.69   0.23     1.25
  SINCE OCT 1      7.53                      6.34   1.19     2.92
  SINCE JAN 1      5.40                      4.24   1.16     2.04

DEGREE DAYS
 HEATING
  YESTERDAY        0                         0      0        0
  MONTH TO DATE    0                         0      0        0
  SINCE JUN 1      0                         3     -3        0
  SINCE JUL 1      0                         0      0        0

 COOLING
  YESTERDAY       19                        19      0       19
  MONTH TO DATE  472                       537    -65      541
  SINCE JUN 1    949                       922     27      981
  SINCE JAN 1   1055                      1120    -65     1206
..................................................................


WIND (MPH)
  RESULTANT WIND SPEED   9   RESULTANT WIND DIRECTION  SW (220)
  HIGHEST WIND SPEED    26   HIGHEST WIND DIRECTION     S (200)
  HIGHEST GUST SPEED    38   HIGHEST GUST DIRECTION     W (250)
  AVERAGE WIND SPEED    10.8


SKY COVER
  POSSIBLE SUNSHINE  MM
  AVERAGE SKY COVER 0.1


WEATHER CONDITIONS
 THE FOLLOWING WEATHER WAS RECORDED YESTERDAY.
  NO SIGNIFICANT WEATHER WAS OBSERVED.


RELATIVE HUMIDITY (PERCENT)
 HIGHEST    37          1100 PM
 LOWEST     21           700 AM
 AVERAGE    29

..........................................................


THE KINGMAN AZ CLIMATE NORMALS FOR TODAY
                         NORMAL    RECORD    YEAR
 MAXIMUM TEMPERATURE (F)   97       106      1938
 MINIMUM TEMPERATURE (F)   71        57      1913


SUNRISE AND SUNSET
JULY 30 2015..........SUNRISE   543 AM MST   SUNSET   741 PM MST
JULY 31 2015..........SUNRISE   544 AM MST   SUNSET   740 PM MST


-  INDICATES NEGATIVE NUMBERS.
R  INDICATES RECORD WAS SET OR TIED.
MM INDICATES DATA IS MISSING.
T  INDICATES TRACE AMOUNT.




$$
