000
CDUS41 KPHI 242130
CLIILG


CLIMATE REPORT
NATIONAL WEATHER SERVICE MOUNT HOLLY NJ
427 PM EST TUE JAN 24 2017


...................................

...THE WILMINGTON DE CLIMATE SUMMARY FOR JANUARY 24 2017...
VALID TODAY AS OF 0400 PM LOCAL TIME.

CLIMATE NORMAL PERIOD 1981 TO 2010
CLIMATE RECORD PERIOD 1894 TO 2017


WEATHER ITEM   OBSERVED TIME   RECORD YEAR NORMAL DEPARTURE LAST
                VALUE   (LST)  VALUE       VALUE  FROM      YEAR
                                                  NORMAL
..................................................................
TEMPERATURE (F)
 TODAY
  MAXIMUM         48   1251 PM  71    1967  40      8       29
  MINIMUM         38    722 AM   2    1963  25     13       18
  AVERAGE         43                        32     11       24

PRECIPITATION (IN)
  TODAY            T             1.63 1896   0.10  -0.10      T
  MONTH TO DATE    2.62                      2.32   0.30     2.30
  SINCE DEC 1      5.21                      5.80  -0.59     7.51
  SINCE JAN 1      2.62                      2.32   0.30     2.30

SNOWFALL (IN)
  TODAY            0.0           9.0  1908   0.3   -0.3       T
  MONTH TO DATE    4.0                       4.1   -0.1     16.9
  SINCE DEC 1      4.0                       7.5   -3.5     16.9
  SINCE JUL 1      4.0                       7.9   -3.9     16.9
  SNOW DEPTH       0

DEGREE DAYS
 HEATING
  TODAY           22                        33    -11       41
  MONTH TO DATE  659                       786   -127      783
  SINCE DEC 1   1490                      1665   -175     1260
  SINCE JUL 1   2214                      2563   -349     1964

 COOLING
  TODAY            0                         0      0        0
  MONTH TO DATE    0                         0      0        0
  SINCE DEC 1      0                         0      0        1
  SINCE JAN 1      0                         0      0        0
..................................................................


WIND (MPH)
  HIGHEST WIND SPEED    25   HIGHEST WIND DIRECTION    NW (310)
  HIGHEST GUST SPEED    33   HIGHEST GUST DIRECTION    NW (300)
  AVERAGE WIND SPEED    17.9


SKY COVER
  POSSIBLE SUNSHINE  MM
  AVERAGE SKY COVER 1.0


WEATHER CONDITIONS
 THE FOLLOWING WEATHER WAS RECORDED TODAY.
  LIGHT RAIN


RELATIVE HUMIDITY (PERCENT)
 HIGHEST    92           500 AM
 LOWEST     61           100 PM
 AVERAGE    77

..........................................................


THE WILMINGTON DE CLIMATE NORMALS FOR TOMORROW
                         NORMAL    RECORD    YEAR
 MAXIMUM TEMPERATURE (F)   40        67      1967
 MINIMUM TEMPERATURE (F)   25        -1      1945
                                             1935


SUNRISE AND SUNSET
JANUARY 24 2017.......SUNRISE   716 AM EST   SUNSET   513 PM EST
JANUARY 25 2017.......SUNRISE   716 AM EST   SUNSET   514 PM EST


-  INDICATES NEGATIVE NUMBERS.
R  INDICATES RECORD WAS SET OR TIED.
MM INDICATES DATA IS MISSING.
T  INDICATES TRACE AMOUNT.




$$
