000
CDUS41 KPHI 300635
CLIILG


CLIMATE REPORT
NATIONAL WEATHER SERVICE MOUNT HOLLY NJ
235 AM EDT THU MAR 30 2017


...................................

...THE WILMINGTON DE CLIMATE SUMMARY FOR MARCH 29 2017...

CLIMATE NORMAL PERIOD 1981 TO 2010
CLIMATE RECORD PERIOD 1894 TO 2017


WEATHER ITEM   OBSERVED TIME   RECORD YEAR NORMAL DEPARTURE LAST
                VALUE   (LST)  VALUE       VALUE  FROM      YEAR
                                                  NORMAL
..................................................................
TEMPERATURE (F)
 YESTERDAY
  MAXIMUM         63    404 PM  85    1945  57      6       58
  MINIMUM         44   1155 PM  13    1923  38      6       38
  AVERAGE         54                        47      7       48

PRECIPITATION (IN)
  YESTERDAY        0.00          1.51 2014   0.14  -0.14     0.00
  MONTH TO DATE    3.20                      3.65  -0.45     1.80
  SINCE MAR 1      3.20                      3.65  -0.45     1.80
  SINCE JAN 1      7.22                      9.34  -2.12     8.53

SNOWFALL (IN)
  YESTERDAY        0.0           0.5  1942   0.0    0.0      0.0
  MONTH TO DATE    3.4                       1.9    1.5      2.7
  SINCE MAR 1      3.4                       1.9    1.5      2.7
  SINCE JUL 1      9.0                      19.9  -10.9     25.4
  SNOW DEPTH       0

DEGREE DAYS
 HEATING
  YESTERDAY       11                        18     -7       17
  MONTH TO DATE  675                       647     28      473
  SINCE MAR 1    675                       647     28      473
  SINCE JUL 1   3677                      4270   -593     3481

 COOLING
  YESTERDAY        0                         0      0        0
  MONTH TO DATE    0                         0      0        2
  SINCE MAR 1      0                         0      0        2
  SINCE JAN 1      0                         0      0        2
..................................................................


WIND (MPH)
  HIGHEST WIND SPEED    18   HIGHEST WIND DIRECTION    NE (30)
  HIGHEST GUST SPEED    26   HIGHEST GUST DIRECTION    NW (330)
  AVERAGE WIND SPEED    11.8


SKY COVER
  POSSIBLE SUNSHINE  MM
  AVERAGE SKY COVER 0.2


WEATHER CONDITIONS
 THE FOLLOWING WEATHER WAS RECORDED YESTERDAY.
  NO SIGNIFICANT WEATHER WAS OBSERVED.


RELATIVE HUMIDITY (PERCENT)
 HIGHEST   100           100 AM
 LOWEST     34           300 PM
 AVERAGE    67

..........................................................


THE WILMINGTON DE CLIMATE NORMALS FOR TODAY
                         NORMAL    RECORD    YEAR
 MAXIMUM TEMPERATURE (F)   58        86      1998
 MINIMUM TEMPERATURE (F)   38        23      1941
                                             1915


SUNRISE AND SUNSET
MARCH 30 2017.........SUNRISE   649 AM EDT   SUNSET   725 PM EDT
MARCH 31 2017.........SUNRISE   648 AM EDT   SUNSET   726 PM EDT


-  INDICATES NEGATIVE NUMBERS.
R  INDICATES RECORD WAS SET OR TIED.
MM INDICATES DATA IS MISSING.
T  INDICATES TRACE AMOUNT.




$$
