000
CDUS41 KPHI 192129
CLIILG


CLIMATE REPORT
NATIONAL WEATHER SERVICE MOUNT HOLLY NJ
528 PM EDT FRI SEP 19 2014


...................................

...THE WILMINGTON DE CLIMATE SUMMARY FOR SEPTEMBER 19 2014...
VALID TODAY AS OF 0500 PM LOCAL TIME.

CLIMATE NORMAL PERIOD 1981 TO 2010
CLIMATE RECORD PERIOD 1894 TO 2014


WEATHER ITEM   OBSERVED TIME   RECORD YEAR NORMAL DEPARTURE LAST
                VALUE   (LST)  VALUE       VALUE  FROM      YEAR
                                                  NORMAL
..................................................................
TEMPERATURE (F)
 TODAY
  MAXIMUM         71    256 PM  94    1983  76     -5       75
  MINIMUM         54    519 AM  40    1929  57     -3       48
  AVERAGE         63                        67     -4       62

PRECIPITATION (IN)
  TODAY            0.00          2.33 1960   0.15  -0.15     0.00
  MONTH TO DATE    1.57                      2.59  -1.02     0.46
  SINCE SEP 1      1.57                      2.59  -1.02     0.46
  SINCE JAN 1     39.64                     31.35   8.29    36.79

SNOWFALL (IN)
  TODAY            0.0           0.0  1894   0.0    0.0      0.0
  MONTH TO DATE    0.0                       0.0    0.0      0.0
  SINCE SEP 1      0.0                       0.0    0.0      0.0
  SINCE JUL 1      0.0                       0.0    0.0      0.0
  SNOW DEPTH       0

DEGREE DAYS
 HEATING
  TODAY            2                         2      0        3
  MONTH TO DATE   19                        15      4       34
  SINCE SEP 1     19                        15      4       34
  SINCE JUL 1     19                        17      2       34

 COOLING
  TODAY            0                         4     -4        0
  MONTH TO DATE  126                       108     18      105
  SINCE SEP 1    126                       108     18      105
  SINCE JAN 1   1032                      1101    -69     1190
..................................................................


WIND (MPH)
  HIGHEST WIND SPEED    20   HIGHEST WIND DIRECTION    NE (60)
  HIGHEST GUST SPEED    25   HIGHEST GUST DIRECTION    NE (50)
  AVERAGE WIND SPEED    11.2


SKY COVER
  POSSIBLE SUNSHINE  MM
  AVERAGE SKY COVER 0.3


WEATHER CONDITIONS
 THE FOLLOWING WEATHER WAS RECORDED TODAY.
  NO SIGNIFICANT WEATHER WAS OBSERVED.


RELATIVE HUMIDITY (PERCENT)
 HIGHEST    93          1200 AM
 LOWEST     57           300 PM
 AVERAGE    75

..........................................................


THE WILMINGTON DE CLIMATE NORMALS FOR TOMORROW
                         NORMAL    RECORD    YEAR
 MAXIMUM TEMPERATURE (F)   76        93      1983
 MINIMUM TEMPERATURE (F)   57        40      1920


SUNRISE AND SUNSET
SEPTEMBER 19 2014.....SUNRISE   647 AM EDT   SUNSET   704 PM EDT
SEPTEMBER 20 2014.....SUNRISE   648 AM EDT   SUNSET   703 PM EDT


-  INDICATES NEGATIVE NUMBERS.
R  INDICATES RECORD WAS SET OR TIED.
MM INDICATES DATA IS MISSING.
T  INDICATES TRACE AMOUNT.




$$
