000
CDUS41 KPHI 290629
CLIILG


CLIMATE REPORT
NATIONAL WEATHER SERVICE MOUNT HOLLY NJ
227 AM EDT THU SEP 29 2016


...................................

...THE WILMINGTON DE CLIMATE SUMMARY FOR SEPTEMBER 28 2016...

CLIMATE NORMAL PERIOD 1981 TO 2010
CLIMATE RECORD PERIOD 1894 TO 2016


WEATHER ITEM   OBSERVED TIME   RECORD YEAR NORMAL DEPARTURE LAST
                VALUE   (LST)  VALUE       VALUE  FROM      YEAR
                                                  NORMAL
..................................................................
TEMPERATURE (F)
 YESTERDAY
  MAXIMUM         70    411 PM  85    1954  73     -3       82
                                      1941
  MINIMUM         52    456 AM  35    1947  53     -1       61
  AVERAGE         61                        63     -2       72

PRECIPITATION (IN)
  YESTERDAY        0.20          5.72 2004   0.16   0.04     0.00
  MONTH TO DATE    1.53                      4.00  -2.47     0.95
  SINCE SEP 1      1.53                      4.00  -2.47     0.95
  SINCE JAN 1     30.79                     32.76  -1.97    35.99

SNOWFALL (IN)
  YESTERDAY        0.0           0.0  1894   0.0    0.0      0.0
  MONTH TO DATE    0.0                       0.0    0.0      0.0
  SINCE SEP 1      0.0                       0.0    0.0      0.0
  SINCE JUL 1      0.0                       0.0    0.0      0.0
  SNOW DEPTH       0

DEGREE DAYS
 HEATING
  YESTERDAY        4                         4      0        0
  MONTH TO DATE   14                        41    -27        0
  SINCE SEP 1     14                        41    -27        0
  SINCE JUL 1     14                        43    -29        0

 COOLING
  YESTERDAY        0                         2     -2        7
  MONTH TO DATE  235                       130    105      215
  SINCE SEP 1    235                       130    105      215
  SINCE JAN 1   1456                      1123    333     1362
..................................................................


WIND (MPH)
  HIGHEST WIND SPEED    26   HIGHEST WIND DIRECTION     E (80)
  HIGHEST GUST SPEED    35   HIGHEST GUST DIRECTION     E (70)
  AVERAGE WIND SPEED    10.1


SKY COVER
  POSSIBLE SUNSHINE  MM
  AVERAGE SKY COVER 0.5


WEATHER CONDITIONS
 THE FOLLOWING WEATHER WAS RECORDED YESTERDAY.
  RAIN
  LIGHT RAIN
  FOG


RELATIVE HUMIDITY (PERCENT)
 HIGHEST   100           100 AM
 LOWEST     84           800 AM
 AVERAGE    92

..........................................................


THE WILMINGTON DE CLIMATE NORMALS FOR TODAY
                         NORMAL    RECORD    YEAR
 MAXIMUM TEMPERATURE (F)   72        88      1945
 MINIMUM TEMPERATURE (F)   53        34      1942


SUNRISE AND SUNSET
SEPTEMBER 29 2016.....SUNRISE   657 AM EDT   SUNSET   647 PM EDT
SEPTEMBER 30 2016.....SUNRISE   658 AM EDT   SUNSET   646 PM EDT


-  INDICATES NEGATIVE NUMBERS.
R  INDICATES RECORD WAS SET OR TIED.
MM INDICATES DATA IS MISSING.
T  INDICATES TRACE AMOUNT.




$$
