000
CDUS41 KPHI 280627
CLIILG


CLIMATE REPORT
NATIONAL WEATHER SERVICE MOUNT HOLLY NJ
227 AM EDT THU JUL 28 2016


...................................

...THE WILMINGTON DE CLIMATE SUMMARY FOR JULY 27 2016...

CLIMATE NORMAL PERIOD 1981 TO 2010
CLIMATE RECORD PERIOD 1894 TO 2016


WEATHER ITEM   OBSERVED TIME   RECORD YEAR NORMAL DEPARTURE LAST
                VALUE   (LST)  VALUE       VALUE  FROM      YEAR
                                                  NORMAL
..................................................................
TEMPERATURE (F)
 YESTERDAY
  MAXIMUM         93    403 PM 100    1894  86      7       82
  MINIMUM         75   1129 PM  51    1962  68      7       70
  AVERAGE         84                        77      7       76

PRECIPITATION (IN)
  YESTERDAY        T             3.02 1897   0.15  -0.15     0.26
  MONTH TO DATE    3.80                      4.01  -0.21     1.87
  SINCE JUN 1      7.49                      7.89  -0.40    14.39
  SINCE JAN 1     25.16                     24.95   0.21    33.07

SNOWFALL (IN)
  YESTERDAY        0.0           0.0  1894   0.0    0.0      0.0
  MONTH TO DATE    0.0                       0.0    0.0      0.0
  SINCE JUN 1      0.0                       0.0    0.0      0.0
  SINCE JUL 1      0.0                       0.0    0.0      0.0
  SNOW DEPTH       0

DEGREE DAYS
 HEATING
  YESTERDAY        0                         0      0        0
  MONTH TO DATE    0                         0      0        0
  SINCE JUN 1      5                        15    -10       18
  SINCE JUL 1      0                         0      0        0

 COOLING
  YESTERDAY       19                        12      7       11
  MONTH TO DATE  389                       320     69      312
  SINCE JUN 1    617                       551     66      580
  SINCE JAN 1    709                       630     79      748
..................................................................


WIND (MPH)
  HIGHEST WIND SPEED    14   HIGHEST WIND DIRECTION     E (70)
  HIGHEST GUST SPEED    19   HIGHEST GUST DIRECTION    NE (60)
  AVERAGE WIND SPEED     5.6


SKY COVER
  POSSIBLE SUNSHINE  MM
  AVERAGE SKY COVER 0.0


WEATHER CONDITIONS
 THE FOLLOWING WEATHER WAS RECORDED YESTERDAY.
  LIGHT RAIN


RELATIVE HUMIDITY (PERCENT)
 HIGHEST    79           300 AM
 LOWEST     33           200 PM
 AVERAGE    56

..........................................................


THE WILMINGTON DE CLIMATE NORMALS FOR TODAY
                         NORMAL    RECORD    YEAR
 MAXIMUM TEMPERATURE (F)   86       101      1894
 MINIMUM TEMPERATURE (F)   68        53      1962


SUNRISE AND SUNSET
JULY 28 2016..........SUNRISE   558 AM EDT   SUNSET   819 PM EDT
JULY 29 2016..........SUNRISE   559 AM EDT   SUNSET   818 PM EDT


-  INDICATES NEGATIVE NUMBERS.
R  INDICATES RECORD WAS SET OR TIED.
MM INDICATES DATA IS MISSING.
T  INDICATES TRACE AMOUNT.




$$
