000
CDUS41 KPHI 280547
CLIILG


CLIMATE REPORT
NATIONAL WEATHER SERVICE MOUNT HOLLY NJ
147 AM EDT FRI JUL 28 2017


...................................

...THE WILMINGTON DE CLIMATE SUMMARY FOR JULY 27 2017...

CLIMATE NORMAL PERIOD 1981 TO 2010
CLIMATE RECORD PERIOD 1894 TO 2017


WEATHER ITEM   OBSERVED TIME   RECORD YEAR NORMAL DEPARTURE LAST
                VALUE   (LST)  VALUE       VALUE  FROM      YEAR
                                                  NORMAL
..................................................................
TEMPERATURE (F)
 YESTERDAY
  MAXIMUM         81    438 PM 100    1894  86     -5       93
  MINIMUM         68    240 AM  51    1962  68      0       75
  AVERAGE         75                        77     -2       84

PRECIPITATION (IN)
  YESTERDAY        T             3.02 1897   0.15  -0.15      T
  MONTH TO DATE    6.30                      4.01   2.29     3.80
  SINCE JUN 1     10.29                      7.89   2.40     7.49
  SINCE JAN 1     27.47                     24.95   2.52    25.16

SNOWFALL (IN)
  YESTERDAY        0.0           0.0  1894   0.0    0.0      0.0
  MONTH TO DATE    0.0                       0.0    0.0      0.0
  SINCE JUN 1      0.0                       0.0    0.0      0.0
  SINCE JUL 1      0.0                       0.0    0.0      0.0
  SNOW DEPTH       0

DEGREE DAYS
 HEATING
  YESTERDAY        0                         0      0        0
  MONTH TO DATE    0                         0      0        0
  SINCE JUN 1     10                        15     -5        5
  SINCE JUL 1      0                         0      0        0

 COOLING
  YESTERDAY       10                        12     -2       19
  MONTH TO DATE  385                       320     65      389
  SINCE JUN 1    646                       551     95      617
  SINCE JAN 1    737                       630    107      709
..................................................................


WIND (MPH)
  HIGHEST WIND SPEED    12   HIGHEST WIND DIRECTION    SE (130)
  HIGHEST GUST SPEED    14   HIGHEST GUST DIRECTION     S (160)
  AVERAGE WIND SPEED     5.9


SKY COVER
  POSSIBLE SUNSHINE  MM
  AVERAGE SKY COVER 0.9


WEATHER CONDITIONS
 THE FOLLOWING WEATHER WAS RECORDED YESTERDAY.
  LIGHT RAIN


RELATIVE HUMIDITY (PERCENT)
 HIGHEST    94           900 PM
 LOWEST     74           300 PM
 AVERAGE    84

..........................................................


THE WILMINGTON DE CLIMATE NORMALS FOR TODAY
                         NORMAL    RECORD    YEAR
 MAXIMUM TEMPERATURE (F)   86       101      1894
 MINIMUM TEMPERATURE (F)   68        53      1962


SUNRISE AND SUNSET
JULY 28 2017..........SUNRISE   558 AM EDT   SUNSET   819 PM EDT
JULY 29 2017..........SUNRISE   559 AM EDT   SUNSET   818 PM EDT


-  INDICATES NEGATIVE NUMBERS.
R  INDICATES RECORD WAS SET OR TIED.
MM INDICATES DATA IS MISSING.
T  INDICATES TRACE AMOUNT.




$$
