000
CDUS41 KPHI 022130
CLIILG


CLIMATE REPORT
NATIONAL WEATHER SERVICE MOUNT HOLLY NJ
429 PM EST FRI DEC 2 2016


...................................

...THE WILMINGTON DE CLIMATE SUMMARY FOR DECEMBER 2 2016...
VALID TODAY AS OF 0400 PM LOCAL TIME.

CLIMATE NORMAL PERIOD 1981 TO 2010
CLIMATE RECORD PERIOD 1894 TO 2016


WEATHER ITEM   OBSERVED TIME   RECORD YEAR NORMAL DEPARTURE LAST
                VALUE   (LST)  VALUE       VALUE  FROM      YEAR
                                                  NORMAL
..................................................................
TEMPERATURE (F)
 TODAY
  MAXIMUM         51    203 PM  67    1970  49      2       58
  MINIMUM         37    701 AM  11    1967  33      4       50
  AVERAGE         44                        41      3       54

PRECIPITATION (IN)
  TODAY            0.00          1.27 1991   0.13  -0.13     0.22
  MONTH TO DATE    0.03                      0.25  -0.22     1.26
  SINCE DEC 1      0.03                      0.25  -0.22     1.26
  SINCE JAN 1     38.22                     39.85  -1.63    44.79

SNOWFALL (IN)
  TODAY            0.0           1.0  1952   0.1   -0.1      0.0
  MONTH TO DATE    0.0                       0.2   -0.2      0.0
  SINCE DEC 1      0.0                       0.2   -0.2      0.0
  SINCE JUL 1      0.0                       0.6   -0.6      0.0
  SNOW DEPTH       0

DEGREE DAYS
 HEATING
  TODAY           21                        24     -3       11
  MONTH TO DATE   33                        48    -15       25
  SINCE DEC 1     33                        48    -15       25
  SINCE JUL 1    757                       946   -189      729

 COOLING
  TODAY            0                         0      0        0
  MONTH TO DATE    0                         0      0        0
  SINCE DEC 1      0                         0      0        0
  SINCE JAN 1   1489                      1145    344     1388
..................................................................


WIND (MPH)
  HIGHEST WIND SPEED    25   HIGHEST WIND DIRECTION     W (280)
  HIGHEST GUST SPEED    34   HIGHEST GUST DIRECTION     W (290)
  AVERAGE WIND SPEED    12.6


SKY COVER
  POSSIBLE SUNSHINE  MM
  AVERAGE SKY COVER 0.1


WEATHER CONDITIONS
 THE FOLLOWING WEATHER WAS RECORDED TODAY.
  NO SIGNIFICANT WEATHER WAS OBSERVED.


RELATIVE HUMIDITY (PERCENT)
 HIGHEST    70           600 AM
 LOWEST     42           100 PM
 AVERAGE    56

..........................................................


THE WILMINGTON DE CLIMATE NORMALS FOR TOMORROW
                         NORMAL    RECORD    YEAR
 MAXIMUM TEMPERATURE (F)   49        68      2012
                                             2009
                                             1998
 MINIMUM TEMPERATURE (F)   32         9      1976


SUNRISE AND SUNSET
DECEMBER  2 2016......SUNRISE   706 AM EST   SUNSET   438 PM EST
DECEMBER  3 2016......SUNRISE   706 AM EST   SUNSET   438 PM EST


-  INDICATES NEGATIVE NUMBERS.
R  INDICATES RECORD WAS SET OR TIED.
MM INDICATES DATA IS MISSING.
T  INDICATES TRACE AMOUNT.




$$
