000
CDUS41 KPHI 270627
CLIILG


CLIMATE REPORT
NATIONAL WEATHER SERVICE MOUNT HOLLY NJ
126 AM EST SAT DEC 27 2014


...................................

...THE WILMINGTON DE CLIMATE SUMMARY FOR DECEMBER 26 2014...

CLIMATE NORMAL PERIOD 1981 TO 2010
CLIMATE RECORD PERIOD 1894 TO 2014


WEATHER ITEM   OBSERVED TIME   RECORD YEAR NORMAL DEPARTURE LAST
                VALUE   (LST)  VALUE       VALUE  FROM      YEAR
                                                  NORMAL
..................................................................
TEMPERATURE (F)
 YESTERDAY
  MAXIMUM         51    309 PM  70    1964  42      9       42
  MINIMUM         31    743 AM  -2    1983  26      5       22
  AVERAGE         41                        34      7       32

PRECIPITATION (IN)
  YESTERDAY        0.00          2.20 1909   0.11  -0.11      T
  MONTH TO DATE    2.95                      3.02  -0.07     3.85
  SINCE DEC 1      2.95                      3.02  -0.07     3.85
  SINCE JAN 1     50.85                     42.62   8.23    46.98

SNOWFALL (IN)
  YESTERDAY        0.0           3.2  2010   0.2   -0.2       T
  MONTH TO DATE    0.2                       2.8   -2.6     11.9
  SINCE DEC 1      0.2                       2.8   -2.6     11.9
  SINCE JUL 1      0.5                       3.2   -2.7     11.9
  SNOW DEPTH       0

DEGREE DAYS
 HEATING
  YESTERDAY       24                        31     -7       33
  MONTH TO DATE  630                       721    -91      706
  SINCE DEC 1    630                       721    -91      706
  SINCE JUL 1   1519                      1619   -100     1627

 COOLING
  YESTERDAY        0                         0      0        0
  MONTH TO DATE    0                         0      0        0
  SINCE DEC 1      0                         0      0        0
  SINCE JAN 1   1073                      1145    -72     1241
..................................................................


WIND (MPH)
  HIGHEST WIND SPEED    14   HIGHEST WIND DIRECTION     W (270)
  HIGHEST GUST SPEED    16   HIGHEST GUST DIRECTION     W (270)
  AVERAGE WIND SPEED     4.6


SKY COVER
  POSSIBLE SUNSHINE  MM
  AVERAGE SKY COVER 0.0


WEATHER CONDITIONS
 THE FOLLOWING WEATHER WAS RECORDED YESTERDAY.
  NO SIGNIFICANT WEATHER WAS OBSERVED.


RELATIVE HUMIDITY (PERCENT)
 HIGHEST    82           600 AM
 LOWEST     44           300 PM
 AVERAGE    63

..........................................................


THE WILMINGTON DE CLIMATE NORMALS FOR TODAY
                         NORMAL    RECORD    YEAR
 MAXIMUM TEMPERATURE (F)   42        65      1973
 MINIMUM TEMPERATURE (F)   26         6      1950


SUNRISE AND SUNSET
DECEMBER 27 2014......SUNRISE   722 AM EST   SUNSET   445 PM EST
DECEMBER 28 2014......SUNRISE   722 AM EST   SUNSET   446 PM EST


-  INDICATES NEGATIVE NUMBERS.
R  INDICATES RECORD WAS SET OR TIED.
MM INDICATES DATA IS MISSING.
T  INDICATES TRACE AMOUNT.




$$
