000
CDUS41 KPHI 020630
CLIILG


CLIMATE REPORT
NATIONAL WEATHER SERVICE MOUNT HOLLY NJ
227 AM EDT TUE JUN 2 2015


...................................

...THE WILMINGTON DE CLIMATE SUMMARY FOR JUNE 1 2015...

CLIMATE NORMAL PERIOD 1981 TO 2010
CLIMATE RECORD PERIOD 1894 TO 2015


WEATHER ITEM   OBSERVED TIME   RECORD YEAR NORMAL DEPARTURE LAST
                VALUE   (LST)  VALUE       VALUE  FROM      YEAR
                                                  NORMAL
..................................................................
TEMPERATURE (F)
 YESTERDAY
  MAXIMUM         82    238 PM 100    1895  78      4       76
  MINIMUM         59   1159 PM  40    1945  58      1       50
  AVERAGE         71                        68      3       63

PRECIPITATION (IN)
  YESTERDAY        3.80R         1.69 1952   0.13   3.67     0.00
  MONTH TO DATE    3.80                      0.13   3.67     0.00
  SINCE JUN 1      3.80                      0.13   3.67     0.00
  SINCE JAN 1     22.48                     17.19   5.29    22.33

SNOWFALL (IN)
  YESTERDAY        0.0           0.0  1894   0.0    0.0      0.0
  MONTH TO DATE    0.0                       0.0    0.0      0.0
  SINCE JUN 1      0.0                       0.0    0.0      0.0
  SINCE JUL 1     23.4                      20.2    3.2     56.1
  SNOW DEPTH       0

DEGREE DAYS
 HEATING
  YESTERDAY        0                         2     -2        2
  MONTH TO DATE    0                         2     -2        2
  SINCE JUN 1      0                         2     -2        2
  SINCE JUL 1   5057                      4806    251     5127

 COOLING
  YESTERDAY        6                         4      2        0
  MONTH TO DATE    6                         4      2        0
  SINCE JUN 1      6                         4      2        0
  SINCE JAN 1    174                        83     91       67
..................................................................


WIND (MPH)
  HIGHEST WIND SPEED    25   HIGHEST WIND DIRECTION     N (360)
  HIGHEST GUST SPEED    31   HIGHEST GUST DIRECTION     N (10)
  AVERAGE WIND SPEED     9.1


SKY COVER
  POSSIBLE SUNSHINE  MM
  AVERAGE SKY COVER 0.8


WEATHER CONDITIONS
 THE FOLLOWING WEATHER WAS RECORDED YESTERDAY.
  THUNDERSTORM
  HEAVY RAIN
  RAIN
  LIGHT RAIN
  HAIL
  FOG


RELATIVE HUMIDITY (PERCENT)
 HIGHEST    97          1000 PM
 LOWEST     69          1200 AM
 AVERAGE    83

..........................................................


THE WILMINGTON DE CLIMATE NORMALS FOR TODAY
                         NORMAL    RECORD    YEAR
 MAXIMUM TEMPERATURE (F)   78        99      1895
 MINIMUM TEMPERATURE (F)   58        44      1945


SUNRISE AND SUNSET
JUNE  2 2015..........SUNRISE   536 AM EDT   SUNSET   825 PM EDT
JUNE  3 2015..........SUNRISE   536 AM EDT   SUNSET   825 PM EDT


-  INDICATES NEGATIVE NUMBERS.
R  INDICATES RECORD WAS SET OR TIED.
MM INDICATES DATA IS MISSING.
T  INDICATES TRACE AMOUNT.




$$
