425
CDUS41 KPHI 230547
CLIILG


CLIMATE REPORT
NATIONAL WEATHER SERVICE MOUNT HOLLY NJ
1247 AM EST THU NOV 23 2017


...................................

...THE WILMINGTON DE CLIMATE SUMMARY FOR NOVEMBER 22 2017...

CLIMATE NORMAL PERIOD 1981 TO 2010
CLIMATE RECORD PERIOD 1894 TO 2017


WEATHER ITEM   OBSERVED TIME   RECORD YEAR NORMAL DEPARTURE LAST
                VALUE   (LST)  VALUE       VALUE  FROM      YEAR
                                                  NORMAL
..................................................................
TEMPERATURE (F)
 YESTERDAY
  MAXIMUM         57   1136 AM  72    2007  53      4       49
  MINIMUM         32   1155 PM  17    1964  36     -4       31
  AVERAGE         45                        44      1       40

PRECIPITATION (IN)
  YESTERDAY        0.10          1.64 2011   0.11  -0.01     0.00
  MONTH TO DATE    1.37                      2.20  -0.83     0.44
  SINCE SEP 1      6.51                      9.94  -3.43     7.46
  SINCE JAN 1     38.65                     38.70  -0.05    36.72

SNOWFALL (IN)
  YESTERDAY       MM             1.9  1989   0.0   MM        0.0
  MONTH TO DATE    0.0                       0.0    0.0      0.0
  SINCE SEP 1      0.0                       0.0    0.0      0.0
  SINCE JUL 1      0.0                       0.0    0.0      0.0
  SNOW DEPTH       0

DEGREE DAYS
 HEATING
  YESTERDAY       20                        21     -1       25
  MONTH TO DATE  386                       378      8      343
  SINCE SEP 1    556                       720   -164      581
  SINCE JUL 1    556                       722   -166      581

 COOLING
  YESTERDAY        0                         0      0        0
  MONTH TO DATE    0                         0      0        0
  SINCE SEP 1    258                       152    106      268
  SINCE JAN 1   1304                      1145    159     1489
..................................................................


WIND (MPH)
  HIGHEST WIND SPEED    29   HIGHEST WIND DIRECTION    NW (330)
  HIGHEST GUST SPEED    36   HIGHEST GUST DIRECTION    NW (300)
  AVERAGE WIND SPEED    11.4


SKY COVER
  POSSIBLE SUNSHINE  MM
  AVERAGE SKY COVER 0.5


WEATHER CONDITIONS
 THE FOLLOWING WEATHER WAS RECORDED YESTERDAY.
  RAIN
  FOG


RELATIVE HUMIDITY (PERCENT)
 HIGHEST   100           800 AM
 LOWEST     45           200 PM
 AVERAGE    73

..........................................................


THE WILMINGTON DE CLIMATE NORMALS FOR TODAY
                         NORMAL    RECORD    YEAR
 MAXIMUM TEMPERATURE (F)   53        73      1979
                                             1913
 MINIMUM TEMPERATURE (F)   35        17      1964


SUNRISE AND SUNSET
NOVEMBER 23 2017......SUNRISE   656 AM EST   SUNSET   442 PM EST
NOVEMBER 24 2017......SUNRISE   657 AM EST   SUNSET   441 PM EST


-  INDICATES NEGATIVE NUMBERS.
R  INDICATES RECORD WAS SET OR TIED.
MM INDICATES DATA IS MISSING.
T  INDICATES TRACE AMOUNT.




$$
