000
CDUS42 KILM 232050
CLIILM


CLIMATE REPORT
NATIONAL WEATHER SERVICE WILMINGTON NC
449 PM EDT THU MAR 23 2017


...................................

...THE WILMINGTON NC CLIMATE SUMMARY FOR MARCH 23 2017...
VALID TODAY AS OF 0400 PM LOCAL TIME.

CLIMATE NORMAL PERIOD 1981 TO 2010
CLIMATE RECORD PERIOD 1871 TO 2017


WEATHER ITEM   OBSERVED TIME   RECORD YEAR NORMAL DEPARTURE LAST
                VALUE   (LST)  VALUE       VALUE  FROM      YEAR
                                                  NORMAL
..................................................................
TEMPERATURE (F)
 TODAY
  MAXIMUM         53    257 PM  94    1907  68    -15       76
  MINIMUM         33    624 AM  24    1888  46    -13       49
  AVERAGE         43                        57    -14       63

PRECIPITATION (IN)
  TODAY            0.00          1.66 1989   0.13  -0.13     0.00
  MONTH TO DATE    1.98                      3.18  -1.20     1.95
  SINCE MAR 1      1.98                      3.18  -1.20     1.95
  SINCE JAN 1      7.53                     10.56  -3.03    14.02

SNOWFALL (IN)
  TODAY            0.0           T    1968   0.0    0.0      0.0
  MONTH TO DATE    1.1                       0.1    1.0      0.0
  SINCE MAR 1      1.1                       0.1    1.0      0.0
  SINCE JUL 1      1.1                       1.6   -0.5       T
  SNOW DEPTH       0

DEGREE DAYS
 HEATING
  TODAY           22                         9     13        2
  MONTH TO DATE  348                       261     87      158
  SINCE MAR 1    348                       261     87      158
  SINCE JUL 1   1863                      2190   -327     1645

 COOLING
  TODAY            0                         1     -1        0
  MONTH TO DATE   11                         8      3       54
  SINCE MAR 1     11                         8      3       54
  SINCE JAN 1     17                        13      4       57
..................................................................


WIND (MPH)
  HIGHEST WIND SPEED    20   HIGHEST WIND DIRECTION     E (90)
  HIGHEST GUST SPEED    24   HIGHEST GUST DIRECTION     E (70)
  AVERAGE WIND SPEED    10.1


SKY COVER
  POSSIBLE SUNSHINE  MM
  AVERAGE SKY COVER 0.0


WEATHER CONDITIONS
 THE FOLLOWING WEATHER WAS RECORDED TODAY.
  NO SIGNIFICANT WEATHER WAS OBSERVED.


RELATIVE HUMIDITY (PERCENT)
 HIGHEST    82           500 AM
 LOWEST     39          1100 AM
 AVERAGE    61

..........................................................


THE WILMINGTON NC CLIMATE NORMALS FOR TOMORROW
                         NORMAL    RECORD    YEAR
 MAXIMUM TEMPERATURE (F)   69        87      1929
                                             1907
 MINIMUM TEMPERATURE (F)   46        26      1885


SUNRISE AND SUNSET
MARCH 23 2017.........SUNRISE   711 AM EDT   SUNSET   726 PM EDT
MARCH 24 2017.........SUNRISE   710 AM EDT   SUNSET   727 PM EDT


-  INDICATES NEGATIVE NUMBERS.
R  INDICATES RECORD WAS SET OR TIED.
MM INDICATES DATA IS MISSING.
T  INDICATES TRACE AMOUNT.




$$
