000
CDUS42 KILM 200852
CLIILM


CLIMATE REPORT
NATIONAL WEATHER SERVICE WILMINGTON NC
452 AM EDT FRI OCT 20 2017


...................................

...THE WILMINGTON NC CLIMATE SUMMARY FOR OCTOBER 19 2017...

CLIMATE NORMAL PERIOD 1981 TO 2010
CLIMATE RECORD PERIOD 1871 TO 2017


WEATHER ITEM   OBSERVED TIME   RECORD YEAR NORMAL DEPARTURE LAST
                VALUE   (LST)  VALUE       VALUE  FROM      YEAR
                                                  NORMAL
..................................................................
TEMPERATURE (F)
 YESTERDAY
  MAXIMUM         80    154 PM  88    1899  75      5       85
  MINIMUM         56    252 AM  35    1992  53      3       63
  AVERAGE         68                        64      4       74

PRECIPITATION (IN)
  YESTERDAY        0.00          2.87 1944   0.12  -0.12     0.00
  MONTH TO DATE    1.83                      2.72  -0.89     6.68
  SINCE SEP 1      5.65                     10.56  -4.91    22.54
  SINCE JAN 1     53.03                     49.53   3.50    64.08

DEGREE DAYS
 HEATING
  YESTERDAY        0                         3     -3        0
  MONTH TO DATE   13                        37    -24       10
  SINCE SEP 1     13                        42    -29       10
  SINCE JUL 1     13                        42    -29       10

 COOLING
  YESTERDAY        3                         2      1        9
  MONTH TO DATE  151                        75     76      103
  SINCE SEP 1    496                       369    127      482
  SINCE JAN 1   2310                      1992    318     2352
..................................................................


WIND (MPH)
  HIGHEST WIND SPEED    12   HIGHEST WIND DIRECTION    NE (50)
  HIGHEST GUST SPEED    16   HIGHEST GUST DIRECTION    NE (30)
  AVERAGE WIND SPEED     5.2


SKY COVER
  POSSIBLE SUNSHINE  MM
  AVERAGE SKY COVER 0.1


WEATHER CONDITIONS
 THE FOLLOWING WEATHER WAS RECORDED YESTERDAY.
  NO SIGNIFICANT WEATHER WAS OBSERVED.


RELATIVE HUMIDITY (PERCENT)
 HIGHEST    97          1100 PM
 LOWEST     45           200 PM
 AVERAGE    71

..........................................................


THE WILMINGTON NC CLIMATE NORMALS FOR TODAY
                         NORMAL    RECORD    YEAR
 MAXIMUM TEMPERATURE (F)   75        87      1969
 MINIMUM TEMPERATURE (F)   53        35      1992
                                             1981
                                             1972


SUNRISE AND SUNSET
OCTOBER 20 2017.......SUNRISE   721 AM EDT   SUNSET   631 PM EDT
OCTOBER 21 2017.......SUNRISE   722 AM EDT   SUNSET   630 PM EDT


-  INDICATES NEGATIVE NUMBERS.
R  INDICATES RECORD WAS SET OR TIED.
MM INDICATES DATA IS MISSING.
T  INDICATES TRACE AMOUNT.




$$
