000
CDUS42 KILM 300842
CLIILM


CLIMATE REPORT
NATIONAL WEATHER SERVICE WILMINGTON NC
441 AM EDT WED JUL 30 2014


...................................

...THE WILMINGTON NC CLIMATE SUMMARY FOR JULY 29 2014...

CLIMATE NORMAL PERIOD 1981 TO 2010
CLIMATE RECORD PERIOD 1871 TO 2014


WEATHER ITEM   OBSERVED TIME   RECORD YEAR NORMAL DEPARTURE LAST
                VALUE   (LST)  VALUE       VALUE  FROM      YEAR
                                                  NORMAL
..................................................................
TEMPERATURE (F)
 YESTERDAY
  MAXIMUM         88    249 PM 101    1993  89     -1       87
  MINIMUM         68    538 AM  62    1924  73     -5       71
                                      1920
  AVERAGE         78                        81     -3       79

PRECIPITATION (IN)
  YESTERDAY        0.59          3.25 1960   0.25   0.34     0.91
  MONTH TO DATE   11.98                      6.98   5.00     5.55
  SINCE JUN 1     14.46                     12.16   2.30    17.01
  SINCE JAN 1     33.70                     31.06   2.64    33.72

DEGREE DAYS
 HEATING
  YESTERDAY        0                         0      0        0
  MONTH TO DATE    0                         0      0        0
  SINCE JUN 1      0                         2     -2        0
  SINCE JUL 1      0                         0      0        0

 COOLING
  YESTERDAY       13                        16     -3       14
  MONTH TO DATE  444                       464    -20      440
  SINCE JUN 1    884                       849     35      820
  SINCE JAN 1   1291                      1130    161     1046
..................................................................


WIND (MPH)
  HIGHEST WIND SPEED    14   HIGHEST WIND DIRECTION    NE (30)
  HIGHEST GUST SPEED    17   HIGHEST GUST DIRECTION     W (270)
  AVERAGE WIND SPEED     5.5


SKY COVER
  POSSIBLE SUNSHINE  MM
  AVERAGE SKY COVER 0.4


WEATHER CONDITIONS
 THE FOLLOWING WEATHER WAS RECORDED YESTERDAY.
  HEAVY RAIN
  LIGHT RAIN


RELATIVE HUMIDITY (PERCENT)
 HIGHEST   100          1100 PM
 LOWEST     46           300 PM
 AVERAGE    73

..........................................................


THE WILMINGTON NC CLIMATE NORMALS FOR TODAY
                         NORMAL    RECORD    YEAR
 MAXIMUM TEMPERATURE (F)   89       101      2011
 MINIMUM TEMPERATURE (F)   73        61      1914


SUNRISE AND SUNSET
JULY 30 2014..........SUNRISE   621 AM EDT   SUNSET   815 PM EDT
JULY 31 2014..........SUNRISE   622 AM EDT   SUNSET   814 PM EDT


-  INDICATES NEGATIVE NUMBERS.
R  INDICATES RECORD WAS SET OR TIED.
MM INDICATES DATA IS MISSING.
T  INDICATES TRACE AMOUNT.




$$
