000
CDUS42 KILM 142042
CLIILM


CLIMATE REPORT
NATIONAL WEATHER SERVICE WILMINGTON NC
441 PM EDT SUN SEP 14 2014


...................................

...THE WILMINGTON NC CLIMATE SUMMARY FOR SEPTEMBER 14 2014...
VALID TODAY AS OF 0400 PM LOCAL TIME.

CLIMATE NORMAL PERIOD 1981 TO 2010
CLIMATE RECORD PERIOD 1871 TO 2014


WEATHER ITEM   OBSERVED TIME   RECORD YEAR NORMAL DEPARTURE LAST
                VALUE   (LST)  VALUE       VALUE  FROM      YEAR
                                                  NORMAL
..................................................................
TEMPERATURE (F)
 TODAY
  MAXIMUM         75    212 PM  94    2010  84     -9       82
                                      1991
                                      1897
  MINIMUM         67    711 AM  49    1985  66      1       67
  AVERAGE         71                        75     -4       75

PRECIPITATION (IN)
  TODAY            T             5.87 2005   0.28  -0.28     0.00
  MONTH TO DATE    5.07                      3.82   1.25     0.11
  SINCE SEP 1      5.07                      3.82   1.25     0.11
  SINCE JAN 1     47.58                     42.79   4.79    42.60

DEGREE DAYS
 HEATING
  TODAY            0                         0      0        0
  MONTH TO DATE    0                         0      0        0
  SINCE SEP 1      0                         0      0        0
  SINCE JUL 1      0                         0      0        0

 COOLING
  TODAY            6                        10     -4       10
  MONTH TO DATE  199                       166     33      196
  SINCE SEP 1    199                       166     33      196
  SINCE JAN 1   1956                      1789    167     1686
..................................................................


WIND (MPH)
  HIGHEST WIND SPEED    16   HIGHEST WIND DIRECTION    NE (30)
  HIGHEST GUST SPEED    19   HIGHEST GUST DIRECTION    NE (30)
  AVERAGE WIND SPEED     9.9


SKY COVER
  POSSIBLE SUNSHINE  MM
  AVERAGE SKY COVER 0.9


WEATHER CONDITIONS
 THE FOLLOWING WEATHER WAS RECORDED TODAY.
  LIGHT RAIN
  FOG


RELATIVE HUMIDITY (PERCENT)
 HIGHEST   100           100 AM
 LOWEST     74           100 PM
 AVERAGE    87

..........................................................


THE WILMINGTON NC CLIMATE NORMALS FOR TOMORROW
                         NORMAL    RECORD    YEAR
 MAXIMUM TEMPERATURE (F)   84        95      1956
                                             1927
 MINIMUM TEMPERATURE (F)   66        51      1880


SUNRISE AND SUNSET
SEPTEMBER 14 2014.....SUNRISE   654 AM EDT   SUNSET   720 PM EDT
SEPTEMBER 15 2014.....SUNRISE   655 AM EDT   SUNSET   718 PM EDT


-  INDICATES NEGATIVE NUMBERS.
R  INDICATES RECORD WAS SET OR TIED.
MM INDICATES DATA IS MISSING.
T  INDICATES TRACE AMOUNT.




$$
