000
CDUS42 KILM 062149
CLIILM


CLIMATE REPORT
NATIONAL WEATHER SERVICE WILMINGTON NC
449 PM EST FRI MAR 6 2015


...................................

...THE WILMINGTON NC CLIMATE SUMMARY FOR MARCH 6 2015...
VALID TODAY AS OF 0400 PM LOCAL TIME.

CLIMATE NORMAL PERIOD 1981 TO 2010
CLIMATE RECORD PERIOD 1871 TO 2015


WEATHER ITEM   OBSERVED TIME   RECORD YEAR NORMAL DEPARTURE LAST
                VALUE   (LST)  VALUE       VALUE  FROM      YEAR
                                                  NORMAL
..................................................................
TEMPERATURE (F)
 TODAY
  MAXIMUM         44    247 PM  84    1976  64    -20       46
  MINIMUM         31    727 AM  21    1960  41    -10       34
  AVERAGE         38                        52    -14       40

PRECIPITATION (IN)
  TODAY            T             1.92 1959   0.14  -0.14     1.06
  MONTH TO DATE    0.61                      0.82  -0.21     1.17
  SINCE MAR 1      0.61                      0.82  -0.21     1.17
  SINCE JAN 1      9.93                      8.20   1.73     6.63

SNOWFALL (IN)
  TODAY            0.0           0.4  1965   0.0    0.0      0.0
  MONTH TO DATE    0.0                       0.0    0.0      0.0
  SINCE MAR 1      0.0                       0.0    0.0      0.0
  SINCE JUL 1      0.3                       1.5   -1.2      1.0
  SNOW DEPTH       0

DEGREE DAYS
 HEATING
  TODAY           27                        13     14       25
  MONTH TO DATE   91                        80     11      126
  SINCE MAR 1     91                        80     11      126
  SINCE JUL 1   2274                      2009    265     2060

 COOLING
  TODAY            0                         0      0        0
  MONTH TO DATE    0                         0      0        0
  SINCE MAR 1      0                         0      0        0
  SINCE JAN 1      6                         5      1        5
..................................................................


WIND (MPH)
  HIGHEST WIND SPEED    24   HIGHEST WIND DIRECTION     N (10)
  HIGHEST GUST SPEED    33   HIGHEST GUST DIRECTION     N (20)
  AVERAGE WIND SPEED    15.0


SKY COVER
  POSSIBLE SUNSHINE  MM
  AVERAGE SKY COVER 1.0


WEATHER CONDITIONS
 THE FOLLOWING WEATHER WAS RECORDED TODAY.
  LIGHT RAIN


RELATIVE HUMIDITY (PERCENT)
 HIGHEST    92          1200 AM
 LOWEST     49           200 PM
 AVERAGE    71

..........................................................


THE WILMINGTON NC CLIMATE NORMALS FOR TOMORROW
                         NORMAL    RECORD    YEAR
 MAXIMUM TEMPERATURE (F)   64        87      1974
 MINIMUM TEMPERATURE (F)   42        20      1960


SUNRISE AND SUNSET
MARCH  6 2015.........SUNRISE   634 AM EST   SUNSET   612 PM EST
MARCH  7 2015.........SUNRISE   633 AM EST   SUNSET   613 PM EST


-  INDICATES NEGATIVE NUMBERS.
R  INDICATES RECORD WAS SET OR TIED.
MM INDICATES DATA IS MISSING.
T  INDICATES TRACE AMOUNT.




$$
