000
CDUS43 KILX 210633
CLIILX


CLIMATE REPORT
NATIONAL WEATHER SERVICE LINCOLN IL
1233 AM CST TUE NOV 21 2017


...................................

...THE LINCOLN IL CLIMATE SUMMARY FOR NOVEMBER 20 2017...

CLIMATE NORMAL PERIOD 1981 TO 2010
CLIMATE RECORD PERIOD 1905 TO 2017


WEATHER ITEM   OBSERVED TIME   RECORD YEAR NORMAL DEPARTURE LAST
                VALUE   (LST)  VALUE       VALUE  FROM      YEAR
                                                  NORMAL
..................................................................
TEMPERATURE (F)
 YESTERDAY
  MAXIMUM         55        MM  73    1913  49      6       38
  MINIMUM         29        MM   2    1914  31     -2       22
  AVERAGE         42                        40      2       30

PRECIPITATION (IN)
  YESTERDAY        0.00          1.81 1991   0.11  -0.11     0.00
  MONTH TO DATE    2.37                      2.13   0.24     0.97
  SINCE SEP 1      7.76                      8.42  -0.66     7.04
  SINCE JAN 1     32.88                     35.84  -2.96    36.48

SNOWFALL (IN)
  YESTERDAY        0.0           2.5  1972   0.0    0.0      0.0
  MONTH TO DATE    T                         0.2   -0.2      0.0
  SINCE SEP 1      T                         0.2   -0.2      0.0
  SINCE JUL 1      T                         0.2   -0.2      0.0
  SNOW DEPTH       0

DEGREE DAYS
 HEATING
  YESTERDAY       23                        25     -2       35
  MONTH TO DATE  477                       410     67      302
  SINCE SEP 1    815                       857    -42      523
  SINCE JUL 1    821                       866    -45      532

 COOLING
  YESTERDAY        0                         0      0        0
  MONTH TO DATE    0                         0      0        7
  SINCE SEP 1    185                       128     57      250
  SINCE JAN 1    984                      1017    -33     1241
..................................................................


WIND (MPH)
  HIGHEST WIND SPEED    MM   HIGHEST WIND DIRECTION    MM
  HIGHEST GUST SPEED    MM   HIGHEST GUST DIRECTION    MM
  AVERAGE WIND SPEED    MM


SKY COVER
  POSSIBLE SUNSHINE  MM


WEATHER CONDITIONS
 THE FOLLOWING WEATHER WAS RECORDED YESTERDAY.
  NO SIGNIFICANT WEATHER WAS OBSERVED.


..........................................................


THE LINCOLN IL CLIMATE NORMALS FOR TODAY
                         NORMAL    RECORD    YEAR
 MAXIMUM TEMPERATURE (F)   48        76      1913
 MINIMUM TEMPERATURE (F)   31         5      1937


SUNRISE AND SUNSET
NOVEMBER 21 2017......SUNRISE   650 AM CST   SUNSET   436 PM CST
NOVEMBER 22 2017......SUNRISE   651 AM CST   SUNSET   436 PM CST


-  INDICATES NEGATIVE NUMBERS.
R  INDICATES RECORD WAS SET OR TIED.
MM INDICATES DATA IS MISSING.
T  INDICATES TRACE AMOUNT.




$$
