761
CDUS43 KILX 060634
CLIILX


CLIMATE REPORT
NATIONAL WEATHER SERVICE LINCOLN IL
134 AM CDT FRI MAY 6 2016


...................................

...THE LINCOLN IL CLIMATE SUMMARY FOR MAY 5 2016...

CLIMATE NORMAL PERIOD 1981 TO 2010
CLIMATE RECORD PERIOD 1905 TO 2016


WEATHER ITEM   OBSERVED TIME   RECORD YEAR NORMAL DEPARTURE LAST
                VALUE   (LST)  VALUE       VALUE  FROM      YEAR
                                                  NORMAL
..................................................................
TEMPERATURE (F)
 YESTERDAY
  MAXIMUM         67        MM  94    1952  71     -4       83
  MINIMUM         39        MM  31    1925  48     -9       60
  AVERAGE         53                        60     -7       72

PRECIPITATION (IN)
  YESTERDAY        0.00          2.13 1991   0.14  -0.14     0.00
  MONTH TO DATE    0.22                      0.67  -0.45     0.59
  SINCE MAR 1      6.68                      6.88  -0.20     4.38
  SINCE JAN 1      8.92                     10.63  -1.71     7.14

SNOWFALL (IN)
  YESTERDAY        0.0           0.0    MM   0.0    0.0      0.0
  MONTH TO DATE    0.0                       0.0    0.0      0.0
  SINCE MAR 1      T                         2.0   -2.0      3.7
  SINCE JUL 1     12.3                      20.5   -8.2     21.9
  SNOW DEPTH       0

DEGREE DAYS
 HEATING
  YESTERDAY       12                         7      5        0
  MONTH TO DATE   60                        36     24       18
  SINCE MAR 1    983                      1168   -185     1170
  SINCE JUL 1   4778                      5591   -813     6107

 COOLING
  YESTERDAY        0                         1     -1        7
  MONTH TO DATE    0                         5     -5       16
  SINCE MAR 1      8                        20    -12       17
  SINCE JAN 1      8                        20    -12       17
..................................................................


WIND (MPH)
  HIGHEST WIND SPEED    MM   HIGHEST WIND DIRECTION    MM
  HIGHEST GUST SPEED    MM   HIGHEST GUST DIRECTION    MM
  AVERAGE WIND SPEED    MM


SKY COVER
  POSSIBLE SUNSHINE  MM


WEATHER CONDITIONS
 THE FOLLOWING WEATHER WAS RECORDED YESTERDAY.
  NO SIGNIFICANT WEATHER WAS OBSERVED.


..........................................................


THE LINCOLN IL CLIMATE NORMALS FOR TODAY
                         NORMAL    RECORD    YEAR
 MAXIMUM TEMPERATURE (F)   71        92      1949
 MINIMUM TEMPERATURE (F)   49        25      1989


SUNRISE AND SUNSET
MAY  6 2016...........SUNRISE   551 AM CDT   SUNSET   758 PM CDT
MAY  7 2016...........SUNRISE   549 AM CDT   SUNSET   759 PM CDT


-  INDICATES NEGATIVE NUMBERS.
R  INDICATES RECORD WAS SET OR TIED.
MM INDICATES DATA IS MISSING.
T  INDICATES TRACE AMOUNT.




$$
