594
CDUS43 KILX 190700
CLIILX


CLIMATE REPORT
NATIONAL WEATHER SERVICE LINCOLN IL
1249 AM CST MON FEB 19 2018


...................................

...THE LINCOLN IL CLIMATE SUMMARY FOR FEBRUARY 18 2018...

CLIMATE NORMAL PERIOD 1981 TO 2010
CLIMATE RECORD PERIOD 1905 TO 2018


WEATHER ITEM   OBSERVED TIME   RECORD YEAR NORMAL DEPARTURE LAST
                VALUE   (LST)  VALUE       VALUE  FROM      YEAR
                                                  NORMAL
..................................................................
TEMPERATURE (F)
 YESTERDAY
  MAXIMUM         48        MM  67    2017  40      8       67
  MINIMUM         20        MM -14    1936  23     -3       40
  AVERAGE         34                        31      3       54

PRECIPITATION (IN)
  YESTERDAY        T             0.61 1926   0.07  -0.07     0.00
  MONTH TO DATE    0.59                      1.11  -0.52     0.33
  SINCE DEC 1      1.78                      5.68  -3.90     3.45
  SINCE JAN 1      1.32                      3.04  -1.72     2.09

SNOWFALL (IN)
  YESTERDAY        0.0           2.0  1959   0.2   -0.2      0.0
  MONTH TO DATE    2.8                       4.0   -1.2      3.4
  SINCE DEC 1      9.9                      16.1   -6.2      7.2
  SINCE JUL 1      9.9                      16.7   -6.8      7.2
  SNOW DEPTH       0

DEGREE DAYS
 HEATING
  YESTERDAY       31                        34     -3       11
  MONTH TO DATE  730                       651     79      527
  SINCE DEC 1   3131                      2962    169     2665
  SINCE JUL 1   4184                      4105     79     3442

 COOLING
  YESTERDAY        0                         0      0        0
  MONTH TO DATE    0                         0      0        0
  SINCE DEC 1      0                         0      0        0
  SINCE JAN 1      0                         0      0        0
..................................................................


WIND (MPH)
  HIGHEST WIND SPEED    MM   HIGHEST WIND DIRECTION    MM
  HIGHEST GUST SPEED    MM   HIGHEST GUST DIRECTION    MM
  AVERAGE WIND SPEED    MM


SKY COVER
  POSSIBLE SUNSHINE  MM


WEATHER CONDITIONS
 THE FOLLOWING WEATHER WAS RECORDED YESTERDAY.
  LIGHT RAIN


..........................................................


THE LINCOLN IL CLIMATE NORMALS FOR TODAY
                         NORMAL    RECORD    YEAR
 MAXIMUM TEMPERATURE (F)   40        71      1930
 MINIMUM TEMPERATURE (F)   23        -7      1979


SUNRISE AND SUNSET
FEBRUARY 19 2018......SUNRISE   645 AM CST   SUNSET   538 PM CST
FEBRUARY 20 2018......SUNRISE   644 AM CST   SUNSET   539 PM CST


-  INDICATES NEGATIVE NUMBERS.
R  INDICATES RECORD WAS SET OR TIED.
MM INDICATES DATA IS MISSING.
T  INDICATES TRACE AMOUNT.




$$
