000
CDUS43 KILX 312202
CLIILX


CLIMATE REPORT
NATIONAL WEATHER SERVICE LINCOLN IL
502 PM CDT TUE MAY 31 2016


...................................

...THE LINCOLN IL CLIMATE SUMMARY FOR MAY 31 2016...
VALID TODAY AS OF 0400 PM LOCAL TIME.

CLIMATE NORMAL PERIOD 1981 TO 2010
CLIMATE RECORD PERIOD 1905 TO 2016


WEATHER ITEM   OBSERVED TIME   RECORD YEAR NORMAL DEPARTURE LAST
                VALUE   (LST)  VALUE       VALUE  FROM      YEAR
                                                  NORMAL
..................................................................
TEMPERATURE (F)
 TODAY
  MAXIMUM         82        MM 102    1934  79      3       57
  MINIMUM         65        MM  33    1930  57      8       46
  AVERAGE         74                        68      6       52

PRECIPITATION (IN)
  TODAY            0.07          1.81 1974   0.13  -0.06      T
  MONTH TO DATE    3.24                      4.16  -0.92     7.84
  SINCE MAR 1      9.70                     10.37  -0.67    11.63
  SINCE JAN 1     11.94                     14.12  -2.18    14.39

SNOWFALL (IN)
  TODAY            0.0           0.0    MM   0.0    0.0      0.0
  MONTH TO DATE    0.0                       0.0    0.0      0.0
  SINCE MAR 1      T                         2.0   -2.0      3.7
  SINCE JUL 1     12.3                      20.5   -8.2     21.9
  SNOW DEPTH       0

DEGREE DAYS
 HEATING
  TODAY            0                         2     -2       13
  MONTH TO DATE  155                       137     18      108
  SINCE MAR 1   1078                      1268   -190     1260
  SINCE JUL 1   4873                      5691   -818     6197

 COOLING
  TODAY            9                         5      4        0
  MONTH TO DATE   79                        76      3      110
  SINCE MAR 1     87                        91     -4      111
  SINCE JAN 1     87                        91     -4      111
..................................................................







THE LINCOLN IL CLIMATE NORMALS FOR TOMORROW
                         NORMAL    RECORD    YEAR
 MAXIMUM TEMPERATURE (F)   79       105      1934
 MINIMUM TEMPERATURE (F)   57        39      2003


SUNRISE AND SUNSET
MAY 31 2016...........SUNRISE   530 AM CDT   SUNSET   820 PM CDT
JUNE  1 2016..........SUNRISE   530 AM CDT   SUNSET   821 PM CDT


-  INDICATES NEGATIVE NUMBERS.
R  INDICATES RECORD WAS SET OR TIED.
MM INDICATES DATA IS MISSING.
T  INDICATES TRACE AMOUNT.




$$
