000
CDUS43 KILX 230629
CLIILX


CLIMATE REPORT
NATIONAL WEATHER SERVICE LINCOLN IL
128 AM CDT TUE SEP 23 2014


...................................

...THE LINCOLN IL CLIMATE SUMMARY FOR SEPTEMBER 22 2014...

CLIMATE NORMAL PERIOD 1981 TO 2010
CLIMATE RECORD PERIOD 1905 TO 2014


WEATHER ITEM   OBSERVED TIME   RECORD YEAR NORMAL DEPARTURE LAST
                VALUE   (LST)  VALUE       VALUE  FROM      YEAR
                                                  NORMAL
..................................................................
TEMPERATURE (F)
 YESTERDAY
  MAXIMUM         71        MM  94    2005  76     -5       72
                                      1956
  MINIMUM         45        MM  32    1913  51     -6       42
  AVERAGE         58                        63     -5       57

PRECIPITATION (IN)
  YESTERDAY        0.00          1.92 1970   0.10  -0.10     0.00
  MONTH TO DATE    7.62                      2.39   5.23     0.63
  SINCE SEP 1      7.62                      2.39   5.23     0.63
  SINCE JAN 1     36.27                     29.81   6.46    29.77

SNOWFALL (IN)
  YESTERDAY        0.0           0.0    MM   0.0    0.0      0.0
  MONTH TO DATE    0.0                       0.0    0.0      0.0
  SINCE SEP 1      0.0                       0.0    0.0      0.0
  SINCE JUL 1      0.0                       0.0    0.0       T
  SNOW DEPTH       0

DEGREE DAYS
 HEATING
  YESTERDAY        7                         4      3        8
  MONTH TO DATE  102                        41     61       42
  SINCE SEP 1    102                        41     61       42
  SINCE JUL 1    112                        50     62       64

 COOLING
  YESTERDAY        0                         2     -2        0
  MONTH TO DATE   63                       100    -37      129
  SINCE SEP 1     63                       100    -37      129
  SINCE JAN 1    817                       989   -172      900
..................................................................


WIND (MPH)
  HIGHEST WIND SPEED    MM   HIGHEST WIND DIRECTION    MM
  HIGHEST GUST SPEED    MM   HIGHEST GUST DIRECTION    MM
  AVERAGE WIND SPEED    MM


SKY COVER
  POSSIBLE SUNSHINE  MM


WEATHER CONDITIONS
 THE FOLLOWING WEATHER WAS RECORDED YESTERDAY.
  NO SIGNIFICANT WEATHER WAS OBSERVED.


..........................................................


THE LINCOLN IL CLIMATE NORMALS FOR TODAY
                         NORMAL    RECORD    YEAR
 MAXIMUM TEMPERATURE (F)   76        92      2007
                                             1937
 MINIMUM TEMPERATURE (F)   50        28      1995


SUNRISE AND SUNSET
SEPTEMBER 23 2014.....SUNRISE   646 AM CDT   SUNSET   653 PM CDT
SEPTEMBER 24 2014.....SUNRISE   647 AM CDT   SUNSET   651 PM CDT


-  INDICATES NEGATIVE NUMBERS.
R  INDICATES RECORD WAS SET OR TIED.
MM INDICATES DATA IS MISSING.
T  INDICATES TRACE AMOUNT.




$$
