000
CDUS43 KILX 230708
CLIILX


CLIMATE REPORT
NATIONAL WEATHER SERVICE LINCOLN IL
107 AM CST MON JAN 23 2017


...................................

...THE LINCOLN IL CLIMATE SUMMARY FOR JANUARY 22 2017...

CLIMATE NORMAL PERIOD 1981 TO 2010
CLIMATE RECORD PERIOD 1905 TO 2017


WEATHER ITEM   OBSERVED TIME   RECORD YEAR NORMAL DEPARTURE LAST
                VALUE   (LST)  VALUE       VALUE  FROM      YEAR
                                                  NORMAL
..................................................................
TEMPERATURE (F)
 YESTERDAY
  MAXIMUM         50        MM  64    1967  34     16       26
  MINIMUM         38        MM -20    1930  18     20       14
  AVERAGE         44                        26     18       20

PRECIPITATION (IN)
  YESTERDAY        T             1.41 1929   0.06  -0.06      T
  MONTH TO DATE    1.76                      1.48   0.28     0.99
  SINCE DEC 1      3.12                      4.12  -1.00     7.80
  SINCE JAN 1      1.76                      1.48   0.28     0.99

SNOWFALL (IN)
  YESTERDAY        0.0           6.5  1915   0.2   -0.2       T
  MONTH TO DATE    0.5                       4.2   -3.7      5.5
  SINCE DEC 1      3.7                      10.4   -6.7      5.6
  SINCE JUL 1      3.7                      11.0   -7.3      6.6
  SNOW DEPTH       0

DEGREE DAYS
 HEATING
  YESTERDAY       21                        39    -18       45
  MONTH TO DATE  746                       858   -112      917
  SINCE DEC 1   1861                      1957    -96     1677
  SINCE JUL 1   2638                      3100   -462     2604

 COOLING
  YESTERDAY        0                         0      0        0
  MONTH TO DATE    0                         0      0        0
  SINCE DEC 1      0                         0      0        0
  SINCE JAN 1      0                         0      0        0
..................................................................


WIND (MPH)
  HIGHEST WIND SPEED    MM   HIGHEST WIND DIRECTION    MM
  HIGHEST GUST SPEED    MM   HIGHEST GUST DIRECTION    MM
  AVERAGE WIND SPEED    MM


SKY COVER
  POSSIBLE SUNSHINE  MM


WEATHER CONDITIONS
 THE FOLLOWING WEATHER WAS RECORDED YESTERDAY.
  LIGHT RAIN
  FOG


..........................................................


THE LINCOLN IL CLIMATE NORMALS FOR TODAY
                         NORMAL    RECORD    YEAR
 MAXIMUM TEMPERATURE (F)   34        69      1909
 MINIMUM TEMPERATURE (F)   18       -20      1936


SUNRISE AND SUNSET
JANUARY 23 2017.......SUNRISE   713 AM CST   SUNSET   506 PM CST
JANUARY 24 2017.......SUNRISE   713 AM CST   SUNSET   507 PM CST


-  INDICATES NEGATIVE NUMBERS.
R  INDICATES RECORD WAS SET OR TIED.
MM INDICATES DATA IS MISSING.
T  INDICATES TRACE AMOUNT.




$$
