280
CDUS43 KILX 290630
CLIILX


CLIMATE REPORT
NATIONAL WEATHER SERVICE LINCOLN IL
130 AM CDT WED MAR 29 2017


...................................

...THE LINCOLN IL CLIMATE SUMMARY FOR MARCH 28 2017...

CLIMATE NORMAL PERIOD 1981 TO 2010
CLIMATE RECORD PERIOD 1905 TO 2017


WEATHER ITEM   OBSERVED TIME   RECORD YEAR NORMAL DEPARTURE LAST
                VALUE   (LST)  VALUE       VALUE  FROM      YEAR
                                                  NORMAL
..................................................................
TEMPERATURE (F)
 YESTERDAY
  MAXIMUM         53        MM  81    1910  56     -3       56
  MINIMUM         42        MM   5    1934  35      7       36
  AVERAGE         48                        46      2       46

PRECIPITATION (IN)
  YESTERDAY        0.00          1.19 2009   0.09  -0.09     0.00
  MONTH TO DATE    2.02                      2.32  -0.30     2.36
  SINCE MAR 1      2.02                      2.32  -0.30     2.36
  SINCE JAN 1      4.67                      6.07  -1.40     4.60

SNOWFALL (IN)
  YESTERDAY        0.0           0.5  1970   0.0    0.0      0.0
  MONTH TO DATE    3.7                       1.6    2.1       T
  SINCE MAR 1      3.7                       1.6    2.1       T
  SINCE JUL 1     10.9                      20.1   -9.2     12.3
  SNOW DEPTH       0

DEGREE DAYS
 HEATING
  YESTERDAY       17                        20     -3       19
  MONTH TO DATE  638                       685    -47      508
  SINCE MAR 1    638                       685    -47      508
  SINCE JUL 1   4246                      5108   -862     4303

 COOLING
  YESTERDAY        0                         0      0        0
  MONTH TO DATE    0                         0      0        0
  SINCE MAR 1      0                         0      0        0
  SINCE JAN 1      0                         0      0        0
..................................................................


WIND (MPH)
  HIGHEST WIND SPEED    MM   HIGHEST WIND DIRECTION    MM
  HIGHEST GUST SPEED    MM   HIGHEST GUST DIRECTION    MM
  AVERAGE WIND SPEED    MM


SKY COVER
  POSSIBLE SUNSHINE  MM


WEATHER CONDITIONS
 THE FOLLOWING WEATHER WAS RECORDED YESTERDAY.
  NO SIGNIFICANT WEATHER WAS OBSERVED.


..........................................................


THE LINCOLN IL CLIMATE NORMALS FOR TODAY
                         NORMAL    RECORD    YEAR
 MAXIMUM TEMPERATURE (F)   57        86      1985
 MINIMUM TEMPERATURE (F)   35        16      1915


SUNRISE AND SUNSET
MARCH 29 2017.........SUNRISE   646 AM CDT   SUNSET   719 PM CDT
MARCH 30 2017.........SUNRISE   644 AM CDT   SUNSET   720 PM CDT


-  INDICATES NEGATIVE NUMBERS.
R  INDICATES RECORD WAS SET OR TIED.
MM INDICATES DATA IS MISSING.
T  INDICATES TRACE AMOUNT.




$$
