000
CDUS43 KILX 140629
CLIILX


CLIMATE REPORT
NATIONAL WEATHER SERVICE LINCOLN IL
129 AM CDT MON JUL 14 2014


...................................

...THE LINCOLN IL CLIMATE SUMMARY FOR JULY 13 2014...

CLIMATE NORMAL PERIOD 1981 TO 2010
CLIMATE RECORD PERIOD 1905 TO 2014


WEATHER ITEM   OBSERVED TIME   RECORD YEAR NORMAL DEPARTURE LAST
                VALUE   (LST)  VALUE       VALUE  FROM      YEAR
                                                  NORMAL
..................................................................
TEMPERATURE (F)
 YESTERDAY
  MAXIMUM         85        MM 110    1936  86     -1       82
  MINIMUM         65        MM  47    1918  65      0       57
  AVERAGE         75                        75      0       70

PRECIPITATION (IN)
  YESTERDAY        1.11          3.00 1960   0.17   0.94     0.00
  MONTH TO DATE    2.74                      2.18   0.56     1.70
  SINCE JUN 1      9.16                      6.50   2.66     4.95
  SINCE JAN 1     20.48                     20.62  -0.14    26.11

SNOWFALL (IN)
  YESTERDAY        0.0           0.0    MM   0.0    0.0      0.0
  MONTH TO DATE    0.0                       0.0    0.0       T
  SINCE JUN 1      0.0                       0.0    0.0       T
  SINCE JUL 1      0.0                       0.0    0.0       T
  SNOW DEPTH       0

DEGREE DAYS
 HEATING
  YESTERDAY        0                         0      0        0
  MONTH TO DATE    0                         0      0        0
  SINCE JUN 1      7                        17    -10       17
  SINCE JUL 1      0                         0      0        0

 COOLING
  YESTERDAY       10                        10      0        5
  MONTH TO DATE   80                       137    -57      105
  SINCE JUN 1    317                       369    -52      329
  SINCE JAN 1    446                       460    -14      431
..................................................................


WIND (MPH)
  HIGHEST WIND SPEED    MM   HIGHEST WIND DIRECTION    MM
  HIGHEST GUST SPEED     0   HIGHEST GUST DIRECTION     N (0)
  AVERAGE WIND SPEED    MM


SKY COVER
  POSSIBLE SUNSHINE   0 PERCENT


WEATHER CONDITIONS
 THE FOLLOWING WEATHER WAS RECORDED YESTERDAY.
  THUNDERSTORM
  HEAVY RAIN
  RAIN
  LIGHT RAIN
  FOG


..........................................................


THE LINCOLN IL CLIMATE NORMALS FOR TODAY
                         NORMAL    RECORD    YEAR
 MAXIMUM TEMPERATURE (F)   86       112      1936
 MINIMUM TEMPERATURE (F)   65        45      1926


SUNRISE AND SUNSET
JULY 14 2014..........SUNRISE   540 AM CDT   SUNSET   826 PM CDT
JULY 15 2014..........SUNRISE   541 AM CDT   SUNSET   826 PM CDT


-  INDICATES NEGATIVE NUMBERS.
R  INDICATES RECORD WAS SET OR TIED.
MM INDICATES DATA IS MISSING.
T  INDICATES TRACE AMOUNT.




$$
