000
CDUS43 KIND 050530
CLIIND


CLIMATE REPORT
NATIONAL WEATHER SERVICE INDIANAPOLIS IN
130 AM EDT WED AUG 5 2015


...................................

...THE INDIANAPOLIS IN CLIMATE SUMMARY FOR AUGUST 4 2015...

CLIMATE NORMAL PERIOD 1981 TO 2010
CLIMATE RECORD PERIOD 1871 TO 2015


WEATHER ITEM   OBSERVED TIME   RECORD YEAR NORMAL DEPARTURE LAST
                VALUE   (LST)  VALUE       VALUE  FROM      YEAR
                                                  NORMAL
..................................................................
TEMPERATURE (F)
 YESTERDAY
  MAXIMUM         83    342 PM  99    1887  84     -1       85
  MINIMUM         62    614 AM  49    1912  65     -3       62
  AVERAGE         73                        75     -2       74

PRECIPITATION (IN)
  YESTERDAY        0.00          3.81 2009   0.10  -0.10      T
  MONTH TO DATE    T                         0.43  -0.43     0.01
  SINCE JUN 1     21.50                      9.23  12.27    10.15
  SINCE JAN 1     34.63                     26.63   8.00    27.58

SNOWFALL (IN)
  YESTERDAY        0.0           0.0    MM   0.0    0.0      0.0
  MONTH TO DATE    0.0                       0.0    0.0      0.0
  SINCE JUN 1      T                         0.0    0.0      0.0
  SINCE JUL 1      0.0                       0.0    0.0      0.0
  SNOW DEPTH       0

DEGREE DAYS
 HEATING
  YESTERDAY        0                         0      0        0
  MONTH TO DATE    0                         0      0        0
  SINCE JUN 1     16                        17     -1        6
  SINCE JUL 1      0                         1     -1        4

 COOLING
  YESTERDAY        8                        10     -2        9
  MONTH TO DATE   42                        40      2       32
  SINCE JUN 1    597                       589      8      442
  SINCE JAN 1    745                       673     72      546
..................................................................


WIND (MPH)
  HIGHEST WIND SPEED    16   HIGHEST WIND DIRECTION     W (290)
  HIGHEST GUST SPEED    20   HIGHEST GUST DIRECTION    SW (240)
  AVERAGE WIND SPEED     6.1


SKY COVER
  AVERAGE SKY COVER 0.5


WEATHER CONDITIONS
 THE FOLLOWING WEATHER WAS RECORDED YESTERDAY.
  NO SIGNIFICANT WEATHER WAS OBSERVED.


RELATIVE HUMIDITY (PERCENT)
 HIGHEST    84           600 AM
 LOWEST     39          1100 AM
 AVERAGE    62

..........................................................


THE INDIANAPOLIS IN CLIMATE NORMALS FOR TODAY
                         NORMAL    RECORD    YEAR
 MAXIMUM TEMPERATURE (F)   84       103      1918
 MINIMUM TEMPERATURE (F)   65        51      1974


SUNRISE AND SUNSET
AUGUST  5 2015........SUNRISE   648 AM EDT   SUNSET   854 PM EDT
AUGUST  6 2015........SUNRISE   649 AM EDT   SUNSET   853 PM EDT


-  INDICATES NEGATIVE NUMBERS.
R  INDICATES RECORD WAS SET OR TIED.
MM INDICATES DATA IS MISSING.
T  INDICATES TRACE AMOUNT.




$$
