092
CDUS43 KIND 270531
CLIIND


CLIMATE REPORT
NATIONAL WEATHER SERVICE INDIANAPOLIS IN
131 AM EDT THU APR 27 2017


...................................

...THE INDIANAPOLIS IN CLIMATE SUMMARY FOR APRIL 26 2017...

CLIMATE NORMAL PERIOD 1981 TO 2010
CLIMATE RECORD PERIOD 1871 TO 2017


WEATHER ITEM   OBSERVED TIME   RECORD YEAR NORMAL DEPARTURE LAST
                VALUE   (LST)  VALUE       VALUE  FROM      YEAR
                                                  NORMAL
..................................................................
TEMPERATURE (F)
 YESTERDAY
  MAXIMUM         83    351 PM  87    1915  67     16       82
  MINIMUM         60    637 AM  31    1976  46     14       60
  AVERAGE         72                        56     16       71

PRECIPITATION (IN)
  YESTERDAY        0.00          1.48 1890   0.13  -0.13     0.19
  MONTH TO DATE    1.47                      3.26  -1.79     3.89
  SINCE MAR 1      6.19                      6.82  -0.63     8.09
  SINCE JAN 1     11.64                     11.80  -0.16    11.80

SNOWFALL (IN)
  YESTERDAY        0.0           0.2  1926   0.0    0.0      0.0
  MONTH TO DATE    0.0                       0.2   -0.2       T
  SINCE MAR 1      1.0                       2.8   -1.8      1.2
  SINCE JUL 1      9.7                      25.9  -16.2     13.3
  SNOW DEPTH       0

DEGREE DAYS
 HEATING
  YESTERDAY        0                         9     -9        0
  MONTH TO DATE  172                       337   -165      322
  SINCE MAR 1    823                      1044   -221      804
  SINCE JUL 1   4107                      5187  -1080     4257

 COOLING
  YESTERDAY        7                         1      6        6
  MONTH TO DATE   29                         9     20       18
  SINCE MAR 1     31                        11     20       18
  SINCE JAN 1     31                        11     20       18
..................................................................


WIND (MPH)
  HIGHEST WIND SPEED    28   HIGHEST WIND DIRECTION     W (260)
  HIGHEST GUST SPEED    37   HIGHEST GUST DIRECTION     W (260)
  AVERAGE WIND SPEED    12.7


SKY COVER
  AVERAGE SKY COVER 0.6


WEATHER CONDITIONS
 THE FOLLOWING WEATHER WAS RECORDED YESTERDAY.
  THUNDERSTORM


RELATIVE HUMIDITY (PERCENT)
 HIGHEST    84           200 AM
 LOWEST     46           300 PM
 AVERAGE    65

..........................................................


THE INDIANAPOLIS IN CLIMATE NORMALS FOR TODAY
                         NORMAL    RECORD    YEAR
 MAXIMUM TEMPERATURE (F)   67        84      1990
                                             1986
                                             1962
 MINIMUM TEMPERATURE (F)   47        30      1976
                                             1946


SUNRISE AND SUNSET
APRIL 27 2017.........SUNRISE   650 AM EDT   SUNSET   836 PM EDT
APRIL 28 2017.........SUNRISE   649 AM EDT   SUNSET   837 PM EDT


-  INDICATES NEGATIVE NUMBERS.
R  INDICATES RECORD WAS SET OR TIED.
MM INDICATES DATA IS MISSING.
T  INDICATES TRACE AMOUNT.




$$
