000
CDUS43 KIND 270539
CLIIND


CLIMATE REPORT
NATIONAL WEATHER SERVICE INDIANAPOLIS IN
139 AM EDT WED JUL 27 2016


...................................

...THE INDIANAPOLIS IN CLIMATE SUMMARY FOR JULY 26 2016...

CLIMATE NORMAL PERIOD 1981 TO 2010
CLIMATE RECORD PERIOD 1871 TO 2016


WEATHER ITEM   OBSERVED TIME   RECORD YEAR NORMAL DEPARTURE LAST
                VALUE   (LST)  VALUE       VALUE  FROM      YEAR
                                                  NORMAL
..................................................................
TEMPERATURE (F)
 YESTERDAY
  MAXIMUM         84    518 PM  98    1941  85     -1       88
                                      1936
                                      1934
  MINIMUM         73   1159 PM  51    1911  66      7       71
  AVERAGE         79                        75      4       80

PRECIPITATION (IN)
  YESTERDAY        0.13          2.41 1984   0.13   0.00     1.25
  MONTH TO DATE    5.50                      3.93   1.57    13.13
  SINCE JUN 1     10.03                      8.18   1.85    21.49
  SINCE JAN 1     27.54                     25.58   1.96    34.62

SNOWFALL (IN)
  YESTERDAY        0.0           0.0    MM   0.0    0.0      0.0
  MONTH TO DATE    0.0                       0.0    0.0      0.0
  SINCE JUN 1      0.0                       0.0    0.0       T
  SINCE JUL 1      0.0                       0.0    0.0      0.0
  SNOW DEPTH       0

DEGREE DAYS
 HEATING
  YESTERDAY        0                         0      0        0
  MONTH TO DATE    2                         0      2        0
  SINCE JUN 1      3                        16    -13       16
  SINCE JUL 1      2                         0      2        0

 COOLING
  YESTERDAY       14                        10      4       15
  MONTH TO DATE  301                       275     26      233
  SINCE JUN 1    596                       501     95      484
  SINCE JAN 1    697                       585    112      632
..................................................................


WIND (MPH)
  HIGHEST WIND SPEED    12   HIGHEST WIND DIRECTION     E (100)
  HIGHEST GUST SPEED    13   HIGHEST GUST DIRECTION     E (90)
  AVERAGE WIND SPEED     5.7


SKY COVER
  AVERAGE SKY COVER 0.8


WEATHER CONDITIONS
 THE FOLLOWING WEATHER WAS RECORDED YESTERDAY.
  THUNDERSTORM
  RAIN
  LIGHT RAIN
  FOG


RELATIVE HUMIDITY (PERCENT)
 HIGHEST    87          1200 PM
 LOWEST     54          1000 AM
 AVERAGE    71

..........................................................


THE INDIANAPOLIS IN CLIMATE NORMALS FOR TODAY
                         NORMAL    RECORD    YEAR
 MAXIMUM TEMPERATURE (F)   85       100      1916
 MINIMUM TEMPERATURE (F)   66        51      1962


SUNRISE AND SUNSET
JULY 27 2016..........SUNRISE   640 AM EDT   SUNSET   903 PM EDT
JULY 28 2016..........SUNRISE   641 AM EDT   SUNSET   902 PM EDT


-  INDICATES NEGATIVE NUMBERS.
R  INDICATES RECORD WAS SET OR TIED.
MM INDICATES DATA IS MISSING.
T  INDICATES TRACE AMOUNT.




$$
