000
CDUS43 KIND 242032
CLIIND


CLIMATE REPORT
NATIONAL WEATHER SERVICE INDIANAPOLIS IN
432 PM EDT THU APR 24 2014


...................................

...THE INDIANAPOLIS IN CLIMATE SUMMARY FOR APRIL 24 2014...
VALID TODAY AS OF 0400 PM LOCAL TIME.

CLIMATE NORMAL PERIOD 1981 TO 2010
CLIMATE RECORD PERIOD 1871 TO 2014


WEATHER ITEM   OBSERVED TIME   RECORD YEAR NORMAL DEPARTURE LAST
                VALUE   (LST)  VALUE       VALUE  FROM      YEAR
                                                  NORMAL
..................................................................
TEMPERATURE (F)
 TODAY
  MAXIMUM         65    258 PM  90    1925  66     -1       56
  MINIMUM         48    559 AM  28    1910  46      2       36
  AVERAGE         57                        56      1       46

PRECIPITATION (IN)
  TODAY            T             1.65 1880   0.13  -0.13     0.77
  MONTH TO DATE    4.10                      2.99   1.11     8.23
  SINCE MAR 1      6.48                      6.55  -0.07    10.19
  SINCE JAN 1     11.27                     11.53  -0.26    17.97

SNOWFALL (IN)
  TODAY            0.0           0.1  1910   0.0    0.0      0.0
  MONTH TO DATE    0.3                       0.2    0.1       T
  SINCE MAR 1      3.4                       2.8    0.6     14.5
  SINCE JUL 1     55.7                      25.9   29.8     34.5
  SNOW DEPTH       0

..................................................................


WIND (MPH)
  HIGHEST WIND SPEED    23   HIGHEST WIND DIRECTION     E (110)
  HIGHEST GUST SPEED    27   HIGHEST GUST DIRECTION     E (110)
  AVERAGE WIND SPEED    14.0


SKY COVER
  AVERAGE SKY COVER 0.9


WEATHER CONDITIONS
 THE FOLLOWING WEATHER WAS RECORDED TODAY.
  LIGHT RAIN


RELATIVE HUMIDITY (PERCENT)
 HIGHEST    61           700 AM
 LOWEST     37           300 PM

..........................................................


THE INDIANAPOLIS IN CLIMATE NORMALS FOR TOMORROW
                         NORMAL    RECORD    YEAR
 MAXIMUM TEMPERATURE (F)   67        87      1915
 MINIMUM TEMPERATURE (F)   46        27      1919


SUNRISE AND SUNSET
APRIL 24 2014.........SUNRISE   655 AM EDT   SUNSET   832 PM EDT
APRIL 25 2014.........SUNRISE   653 AM EDT   SUNSET   833 PM EDT


-  INDICATES NEGATIVE NUMBERS.
R  INDICATES RECORD WAS SET OR TIED.
MM INDICATES DATA IS MISSING.
T  INDICATES TRACE AMOUNT.




$$
