232
CDUS43 KIND 100533
CLIIND


CLIMATE REPORT
NATIONAL WEATHER SERVICE INDIANAPOLIS IN
1233 AM EST SAT DEC 10 2016


...................................

...THE INDIANAPOLIS IN CLIMATE SUMMARY FOR DECEMBER 9 2016...

CLIMATE NORMAL PERIOD 1981 TO 2010
CLIMATE RECORD PERIOD 1871 TO 2016


WEATHER ITEM   OBSERVED TIME   RECORD YEAR NORMAL DEPARTURE LAST
                VALUE   (LST)  VALUE       VALUE  FROM      YEAR
                                                  NORMAL
..................................................................
TEMPERATURE (F)
 YESTERDAY
  MAXIMUM         29        MM  65    1952  41    -12       56
  MINIMUM         19        MM -15    1876  26     -7       42
  AVERAGE         24                        33     -9       49

PRECIPITATION (IN)
  YESTERDAY        T             1.39 2008   0.11  -0.11     0.00
  MONTH TO DATE    0.41                      0.94  -0.53     0.24
  SINCE DEC 1      0.41                      0.94  -0.53     0.24
  SINCE JAN 1     44.83                     40.21   4.62    42.80

SNOWFALL (IN)
  YESTERDAY        T             5.4  1901   0.2   -0.2      0.0
  MONTH TO DATE    T                         1.3   -1.3      0.6
  SINCE DEC 1      T                         1.3   -1.3      0.6
  SINCE JUL 1      T                         2.4   -2.4      1.9
  SNOW DEPTH       0

DEGREE DAYS
 HEATING
  YESTERDAY       41                        32      9       16
  MONTH TO DATE  281                       271     10      238
  SINCE DEC 1    281                       271     10      238
  SINCE JUL 1    974                      1313   -339     1025

 COOLING
  YESTERDAY        0                         0      0        0
  MONTH TO DATE    0                         0      0        0
  SINCE DEC 1      0                         0      0        0
  SINCE JAN 1   1443                      1066    377     1164
..................................................................


WIND (MPH)
  HIGHEST WIND SPEED    13   HIGHEST WIND DIRECTION     W (250)
  HIGHEST GUST SPEED    MM   HIGHEST GUST DIRECTION    MM
  AVERAGE WIND SPEED     9.8


SKY COVER
  AVERAGE SKY COVER 0.9


WEATHER CONDITIONS
 THE FOLLOWING WEATHER WAS RECORDED YESTERDAY.
  LIGHT SNOW


RELATIVE HUMIDITY (PERCENT)
 HIGHEST    84           100 AM
 LOWEST     57           300 PM
 AVERAGE    71

..........................................................


THE INDIANAPOLIS IN CLIMATE NORMALS FOR TODAY
                         NORMAL    RECORD    YEAR
 MAXIMUM TEMPERATURE (F)   40        66      1971
 MINIMUM TEMPERATURE (F)   26        -8      1917


SUNRISE AND SUNSET
DECEMBER 10 2016......SUNRISE   756 AM EST   SUNSET   521 PM EST
DECEMBER 11 2016......SUNRISE   756 AM EST   SUNSET   521 PM EST


-  INDICATES NEGATIVE NUMBERS.
R  INDICATES RECORD WAS SET OR TIED.
MM INDICATES DATA IS MISSING.
T  INDICATES TRACE AMOUNT.




$$
