000
CDUS43 KIND 170535
CLIIND


CLIMATE REPORT
NATIONAL WEATHER SERVICE INDIANAPOLIS IN
133 AM EDT TUE OCT 17 2017


...................................

...THE INDIANAPOLIS IN CLIMATE SUMMARY FOR OCTOBER 16 2017...

CLIMATE NORMAL PERIOD 1981 TO 2010
CLIMATE RECORD PERIOD 1871 TO 2017


WEATHER ITEM   OBSERVED TIME   RECORD YEAR NORMAL DEPARTURE LAST
                VALUE   (LST)  VALUE       VALUE  FROM      YEAR
                                                  NORMAL
..................................................................
TEMPERATURE (F)
 YESTERDAY
  MAXIMUM         62    439 PM  85    1897  65     -3       75
  MINIMUM         44    713 AM  26    1991  45     -1       61
                                      1876
  AVERAGE         53                        55     -2       68

PRECIPITATION (IN)
  YESTERDAY        0.00          1.65 1989   0.10  -0.10     0.18
  MONTH TO DATE    2.10                      1.65   0.45     0.29
  SINCE SEP 1      2.76                      4.77  -2.01     4.96
  SINCE JAN 1     41.52                     34.10   7.42    39.98

SNOWFALL (IN)
  YESTERDAY        0.0           0.0    MM   0.0    0.0      0.0
  MONTH TO DATE    0.0                       0.1   -0.1      0.0
  SINCE SEP 1      0.0                       0.1   -0.1       T
  SINCE JUL 1      0.0                       0.1   -0.1       T
  SNOW DEPTH       0

DEGREE DAYS
 HEATING
  YESTERDAY       12                        10      2        0
  MONTH TO DATE   29                       134   -105       52
  SINCE SEP 1     58                       205   -147       70
  SINCE JUL 1     58                       209   -151       72

 COOLING
  YESTERDAY        0                         0      0        3
  MONTH TO DATE   45                        13     32       26
  SINCE SEP 1    222                       141     81      239
  SINCE JAN 1   1162                      1062    100     1419
..................................................................


WIND (MPH)
  HIGHEST WIND SPEED    14   HIGHEST WIND DIRECTION    NW (320)
  HIGHEST GUST SPEED    18   HIGHEST GUST DIRECTION    NW (320)
  AVERAGE WIND SPEED     6.9


SKY COVER
  AVERAGE SKY COVER 0.2


WEATHER CONDITIONS
 THE FOLLOWING WEATHER WAS RECORDED YESTERDAY.
  HAZE


RELATIVE HUMIDITY (PERCENT)
 HIGHEST    86           200 AM
 LOWEST     36           300 PM
 AVERAGE    61

..........................................................


THE INDIANAPOLIS IN CLIMATE NORMALS FOR TODAY
                         NORMAL    RECORD    YEAR
 MAXIMUM TEMPERATURE (F)   65        86      1950
 MINIMUM TEMPERATURE (F)   44        26      1948


SUNRISE AND SUNSET
OCTOBER 17 2017.......SUNRISE   758 AM EDT   SUNSET   703 PM EDT
OCTOBER 18 2017.......SUNRISE   759 AM EDT   SUNSET   701 PM EDT


-  INDICATES NEGATIVE NUMBERS.
R  INDICATES RECORD WAS SET OR TIED.
MM INDICATES DATA IS MISSING.
T  INDICATES TRACE AMOUNT.




$$
