000
CDUS43 KIND 060533
CLIIND


CLIMATE REPORT
NATIONAL WEATHER SERVICE INDIANAPOLIS IN
1232 AM EST FRI MAR 6 2015


...................................

...THE INDIANAPOLIS IN CLIMATE SUMMARY FOR MARCH 5 2015...

CLIMATE NORMAL PERIOD 1981 TO 2010
CLIMATE RECORD PERIOD 1871 TO 2015


WEATHER ITEM   OBSERVED TIME   RECORD YEAR NORMAL DEPARTURE LAST
                VALUE   (LST)  VALUE       VALUE  FROM      YEAR
                                                  NORMAL
..................................................................
TEMPERATURE (F)
 YESTERDAY
  MAXIMUM         23    147 PM  75    1983  47    -24       32
                                      1956
  MINIMUM          8   1159 PM  -1    1978  29    -21       17
  AVERAGE         16                        38    -22       25

PRECIPITATION (IN)
  YESTERDAY        0.00          3.06 1897   0.10  -0.10     0.00
  MONTH TO DATE    0.88                      0.48   0.40     0.29
  SINCE MAR 1      0.88                      0.48   0.40     0.29
  SINCE JAN 1      4.03                      5.46  -1.43     5.08

SNOWFALL (IN)
  YESTERDAY        0.0           5.1  1899   0.1   -0.1      0.0
  MONTH TO DATE    5.9                       0.6    5.3      2.4
  SINCE MAR 1      5.9                       0.6    5.3      2.4
  SINCE JUL 1     25.6                      23.7    1.9     54.7
  SNOW DEPTH       6

DEGREE DAYS
 HEATING
  YESTERDAY       49                        27     22       40
  MONTH TO DATE  198                       138     60      210
  SINCE MAR 1    198                       138     60      210
  SINCE JUL 1   4924                      4281    643     5007

 COOLING
  YESTERDAY        0                         0      0        0
  MONTH TO DATE    0                         0      0        0
  SINCE MAR 1      0                         0      0        0
  SINCE JAN 1      0                         0      0        0
..................................................................


WIND (MPH)
  HIGHEST WIND SPEED    17   HIGHEST WIND DIRECTION     N (340)
  HIGHEST GUST SPEED    20   HIGHEST GUST DIRECTION    NW (330)
  AVERAGE WIND SPEED     9.6


SKY COVER
  AVERAGE SKY COVER 0.6


WEATHER CONDITIONS
 THE FOLLOWING WEATHER WAS RECORDED YESTERDAY.
  NO SIGNIFICANT WEATHER WAS OBSERVED.


RELATIVE HUMIDITY (PERCENT)
 HIGHEST    69          1100 PM
 LOWEST     51           400 PM
 AVERAGE    60

..........................................................


THE INDIANAPOLIS IN CLIMATE NORMALS FOR TODAY
                         NORMAL    RECORD    YEAR
 MAXIMUM TEMPERATURE (F)   47        75      1973
 MINIMUM TEMPERATURE (F)   30        -6      1960


SUNRISE AND SUNSET
MARCH  6 2015.........SUNRISE   711 AM EST   SUNSET   642 PM EST
MARCH  7 2015.........SUNRISE   710 AM EST   SUNSET   643 PM EST


-  INDICATES NEGATIVE NUMBERS.
R  INDICATES RECORD WAS SET OR TIED.
MM INDICATES DATA IS MISSING.
T  INDICATES TRACE AMOUNT.




$$
