000
CDUS43 KIND 302033
CLIIND


CLIMATE REPORT
NATIONAL WEATHER SERVICE INDIANAPOLIS IN
432 PM EDT SAT MAY 30 2015


...................................

...THE INDIANAPOLIS IN CLIMATE SUMMARY FOR MAY 30 2015...
VALID TODAY AS OF 0400 PM LOCAL TIME.

CLIMATE NORMAL PERIOD 1981 TO 2010
CLIMATE RECORD PERIOD 1871 TO 2015


WEATHER ITEM   OBSERVED TIME   RECORD YEAR NORMAL DEPARTURE LAST
                VALUE   (LST)  VALUE       VALUE  FROM      YEAR
                                                  NORMAL
..................................................................
TEMPERATURE (F)
 TODAY
  MAXIMUM         83    239 PM  94    1895  77      6       84
  MINIMUM         66   1235 PM  37    1947  57      9       64
                                      1889
  AVERAGE         75                        67      8       74

PRECIPITATION (IN)
  TODAY            0.60          3.80 2004   0.15   0.45     0.00
  MONTH TO DATE    1.69                      4.89  -3.20     4.87
  SINCE MAR 1      9.22                     12.26  -3.04    12.64
  SINCE JAN 1     12.37                     17.24  -4.87    17.43

SNOWFALL (IN)
  TODAY            0.0           0.0    MM   0.0    0.0      0.0
  MONTH TO DATE    0.0                       0.0    0.0       T
  SINCE MAR 1      5.9                       2.8    3.1      3.4
  SINCE JUL 1     25.6                      25.9   -0.3     55.7
  SNOW DEPTH       0

..................................................................


WIND (MPH)
  HIGHEST WIND SPEED    48   HIGHEST WIND DIRECTION     S (190)
  HIGHEST GUST SPEED    58   HIGHEST GUST DIRECTION     S (190)
  AVERAGE WIND SPEED     8.8


SKY COVER
  AVERAGE SKY COVER 0.5


WEATHER CONDITIONS
 THE FOLLOWING WEATHER WAS RECORDED TODAY.
  THUNDERSTORM
  HEAVY RAIN
  LIGHT RAIN
  FOG
  FOG W/VISIBILITY <= 1/4 MILE


RELATIVE HUMIDITY (PERCENT)
 HIGHEST    90           700 AM
 LOWEST     58          1100 AM

..........................................................


THE INDIANAPOLIS IN CLIMATE NORMALS FOR TOMORROW
                         NORMAL    RECORD    YEAR
 MAXIMUM TEMPERATURE (F)   77        96      1895
 MINIMUM TEMPERATURE (F)   58        36      1889


SUNRISE AND SUNSET
MAY 30 2015...........SUNRISE   620 AM EDT   SUNSET   905 PM EDT
MAY 31 2015...........SUNRISE   620 AM EDT   SUNSET   906 PM EDT


-  INDICATES NEGATIVE NUMBERS.
R  INDICATES RECORD WAS SET OR TIED.
MM INDICATES DATA IS MISSING.
T  INDICATES TRACE AMOUNT.




$$
