000
CDUS43 KIND 160538
CLIIND


CLIMATE REPORT
NATIONAL WEATHER SERVICE INDIANAPOLIS IN
133 AM EDT WED APR 16 2014


...................................

...THE INDIANAPOLIS IN CLIMATE SUMMARY FOR APRIL 15 2014...

CLIMATE NORMAL PERIOD 1981 TO 2010
CLIMATE RECORD PERIOD 1871 TO 2014


WEATHER ITEM   OBSERVED TIME   RECORD YEAR NORMAL DEPARTURE LAST
                VALUE   (LST)  VALUE       VALUE  FROM      YEAR
                                                  NORMAL
..................................................................
TEMPERATURE (F)
 YESTERDAY
  MAXIMUM         38    230 PM  84    2002  63    -25       70
  MINIMUM         28   1059 AM  24    1928  43    -15       54
  AVERAGE         33                        53    -20       62

PRECIPITATION (IN)
  YESTERDAY        0.02          1.42 1939   0.12  -0.10      T
  MONTH TO DATE    4.09                      1.84   2.25     0.96
  SINCE MAR 1      6.47                      5.40   1.07     2.92
  SINCE JAN 1     11.26                     10.38   0.88    10.70

SNOWFALL (IN)
  YESTERDAY        0.2           1.2  1893   0.0    0.2      0.0
  MONTH TO DATE    0.3                       0.2    0.1      0.0
  SINCE MAR 1      3.4                       2.8    0.6     14.5
  SINCE JUL 1     55.7                      25.9   29.8     34.5
  SNOW DEPTH       0

DEGREE DAYS
 HEATING
  YESTERDAY       32                        12     20        3
  MONTH TO DATE  212                       220     -8      195
  SINCE MAR 1   1111                       927    184     1101
  SINCE JUL 1   5908                      5070    838     5112

 COOLING
  YESTERDAY        0                         0      0        0
  MONTH TO DATE    4                         0      4        9
  SINCE MAR 1      4                         2      2        9
  SINCE JAN 1      4                         2      2        9
..................................................................


WIND (MPH)
  HIGHEST WIND SPEED    24   HIGHEST WIND DIRECTION    NW (320)
  HIGHEST GUST SPEED    31   HIGHEST GUST DIRECTION    NW (320)
  AVERAGE WIND SPEED    12.4


SKY COVER
  AVERAGE SKY COVER 0.7


WEATHER CONDITIONS
 THE FOLLOWING WEATHER WAS RECORDED YESTERDAY.
  HAIL
  LIGHT SNOW
  FOG


RELATIVE HUMIDITY (PERCENT)
 HIGHEST    92           100 AM
 LOWEST     44           700 PM
 AVERAGE    68

..........................................................


THE INDIANAPOLIS IN CLIMATE NORMALS FOR TODAY
                         NORMAL    RECORD    YEAR
 MAXIMUM TEMPERATURE (F)   64        87      1896
 MINIMUM TEMPERATURE (F)   43        21      1875


SUNRISE AND SUNSET
APRIL 16 2014.........SUNRISE   706 AM EDT   SUNSET   824 PM EDT
APRIL 17 2014.........SUNRISE   705 AM EDT   SUNSET   825 PM EDT


-  INDICATES NEGATIVE NUMBERS.
R  INDICATES RECORD WAS SET OR TIED.
MM INDICATES DATA IS MISSING.
T  INDICATES TRACE AMOUNT.




$$
