032
CDUS43 KDLH 010642
CLIINL


CLIMATE REPORT
NATIONAL WEATHER SERVICE DULUTH MN
1241 AM CST WED MAR 1 2017


...................................

...THE INTERNATIONAL FALLS MN CLIMATE SUMMARY FOR FEBRUARY 28 2017...

CLIMATE NORMAL PERIOD 1981 TO 2010
CLIMATE RECORD PERIOD 1895 TO 2017


WEATHER ITEM   OBSERVED TIME   RECORD YEAR NORMAL DEPARTURE LAST
                VALUE   (LST)  VALUE       VALUE  FROM      YEAR
                                                  NORMAL
..................................................................
TEMPERATURE (F)
 YESTERDAY
  MAXIMUM         29    421 PM  47    1914  27      2       25
  MINIMUM         15   1159 PM -37    1962   4     11       16
  AVERAGE         22                        16      6       21

PRECIPITATION (IN)
  YESTERDAY        0.01          0.23 1955   0.03  -0.02     0.08
  MONTH TO DATE    1.48                      0.57   0.91     0.76
  SINCE DEC 1      4.94                      2.00   2.94     2.42
  SINCE JAN 1      2.75                      1.19   1.56     1.35

SNOWFALL (IN)
  YESTERDAY        0.3           4.3  1955   0.4   -0.1      2.5
  MONTH TO DATE   12.5                      10.8    1.7     10.9
  SINCE DEC 1     54.9                      40.8   14.1     29.2
  SINCE JUL 1     63.3                      56.8    6.5     33.0
  SNOW DEPTH      10

DEGREE DAYS
 HEATING
  YESTERDAY       43                        49     -6       44
  MONTH TO DATE 1330                      1530   -200     1458
  SINCE DEC 1   4668                      5122   -454     4467
  SINCE JUL 1   6474                      7583  -1109     6473

 COOLING
  YESTERDAY        0                         0      0        0
  MONTH TO DATE    0                         0      0        0
  SINCE DEC 1      0                         0      0        0
  SINCE JAN 1      0                         0      0        0
..................................................................


WIND (MPH)
  HIGHEST WIND SPEED    14   HIGHEST WIND DIRECTION     N (10)
  HIGHEST GUST SPEED    18   HIGHEST GUST DIRECTION     N (360)
  AVERAGE WIND SPEED     7.8


SKY COVER
  AVERAGE SKY COVER 0.5


WEATHER CONDITIONS
 THE FOLLOWING WEATHER WAS RECORDED YESTERDAY.
  LIGHT SNOW
  FOG


RELATIVE HUMIDITY (PERCENT)
 HIGHEST    84           200 AM
 LOWEST     45           800 PM
 AVERAGE    65

..........................................................


THE INTERNATIONAL FALLS MN CLIMATE NORMALS FOR TODAY
                         NORMAL    RECORD    YEAR
 MAXIMUM TEMPERATURE (F)   28        50      1993
 MINIMUM TEMPERATURE (F)    5       -38      1962


SUNRISE AND SUNSET
MARCH  1 2017.........SUNRISE   655 AM CST   SUNSET   558 PM CST
MARCH  2 2017.........SUNRISE   653 AM CST   SUNSET   600 PM CST


-  INDICATES NEGATIVE NUMBERS.
R  INDICATES RECORD WAS SET OR TIED.
MM INDICATES DATA IS MISSING.
T  INDICATES TRACE AMOUNT.




$$
