000
CDUS43 KDLH 232220
CLIINL


CLIMATE REPORT
NATIONAL WEATHER SERVICE DULUTH MN
520 PM CDT WED APR 23 2014


...................................

...THE INTERNATIONAL FALLS MN CLIMATE SUMMARY FOR APRIL 23 2014...
VALID TODAY AS OF 0500 PM LOCAL TIME.

CLIMATE NORMAL PERIOD 1981 TO 2010
CLIMATE RECORD PERIOD 1895 TO 2014


WEATHER ITEM   OBSERVED TIME   RECORD YEAR NORMAL DEPARTURE LAST
                VALUE   (LST)  VALUE       VALUE  FROM      YEAR
                                                  NORMAL
..................................................................
TEMPERATURE (F)
 TODAY
  MAXIMUM         56    154 PM  81    1990  56      0       38
  MINIMUM         24    312 AM   6    1909  30     -6       20
  AVERAGE         40                        43     -3       29

PRECIPITATION (IN)
  TODAY            0.00                      0.05  -0.05     0.00
  MONTH TO DATE    0.59                      1.08  -0.49     1.47
  SINCE MAR 1      2.05                      2.03   0.02     2.62
  SINCE JAN 1      3.80                      3.22   0.58     6.28

SNOWFALL (IN)
  TODAY            0.0                       0.1   -0.1      0.0
  MONTH TO DATE    3.8                       5.5   -1.7     13.6
  SINCE JUL 1     97.8                      69.9   27.9     98.6
  SNOW DEPTH       T

DEGREE DAYS
 HEATING
  TODAY           25                        22      3       36
  MONTH TO DATE  726                       629     97      861
  SINCE MAR 1   2332                      1912    420     2373
  SINCE JUL 1  10763                      9495   1268     9930

 COOLING
  TODAY            0                         0      0        0
  MONTH TO DATE    0                         0      0        0
  SINCE MAR 1      0                         0      0        0
  SINCE JAN 1      0                         0      0        0
..................................................................


WIND (MPH)
  HIGHEST WIND SPEED    20   HIGHEST WIND DIRECTION     E (110)
  HIGHEST GUST SPEED    24   HIGHEST GUST DIRECTION    SE (120)


SKY COVER
  AVERAGE SKY COVER 0.0


WEATHER CONDITIONS
 THE FOLLOWING WEATHER WAS RECORDED TODAY.
  NO SIGNIFICANT WEATHER WAS OBSERVED.


RELATIVE HUMIDITY (PERCENT)
 HIGHEST    88           200 AM
 LOWEST     26           200 PM
 AVERAGE    57

..........................................................


THE INTERNATIONAL FALLS MN CLIMATE NORMALS FOR TOMORROW
                         NORMAL    RECORD    YEAR
 MAXIMUM TEMPERATURE (F)   56        85      1990
 MINIMUM TEMPERATURE (F)   31        10      1909


SUNRISE AND SUNSET
APRIL 23 2014.........SUNRISE   608 AM CDT   SUNSET   817 PM CDT
APRIL 24 2014.........SUNRISE   606 AM CDT   SUNSET   818 PM CDT


-  INDICATES NEGATIVE NUMBERS.
R  INDICATES RECORD WAS SET OR TIED.
MM INDICATES DATA IS MISSING.
T  INDICATES TRACE AMOUNT.




$$
