452
CDUS43 KDLH 201315
CLIINL


CLIMATE REPORT
NATIONAL WEATHER SERVICE DULUTH MN
814 AM CDT FRI OCT 20 2017


...................................

...THE INTERNATIONAL FALLS MN CLIMATE SUMMARY FOR OCTOBER 19 2017...

CLIMATE NORMAL PERIOD 1981 TO 2010
CLIMATE RECORD PERIOD 1895 TO 2017


WEATHER ITEM   OBSERVED TIME   RECORD YEAR NORMAL DEPARTURE LAST
                VALUE   (LST)  VALUE       VALUE  FROM      YEAR
                                                  NORMAL
..................................................................
TEMPERATURE (F)
 YESTERDAY
  MAXIMUM         67    430 PM  77    1953  50     17       43
  MINIMUM         36    728 AM  12    1972  30      6       31
  AVERAGE         52                        40     12       37

PRECIPITATION (IN)
  YESTERDAY        0.00          2.00 1909   0.07  -0.07     0.00
  MONTH TO DATE    0.82                      1.38  -0.56     1.15
  SINCE SEP 1      3.89                      4.37  -0.48     4.48
  SINCE JAN 1     20.63                     21.33  -0.70    25.04

SNOWFALL (IN)
  YESTERDAY        0.0           1.2  1992   0.1   -0.1      0.0
  MONTH TO DATE    0.0                       0.8   -0.8       T
  SINCE SEP 1      0.0                       0.9   -0.9       T
  SINCE JUL 1      0.0                       0.9   -0.9       T
  SNOW DEPTH       0

DEGREE DAYS
 HEATING
  YESTERDAY       13                        25    -12       28
  MONTH TO DATE  347                       408    -61      332
  SINCE SEP 1    616                       761   -145      570
  SINCE JUL 1    827                       942   -115      687

 COOLING
  YESTERDAY        0                         0      0        0
  MONTH TO DATE    0                         0      0        0
  SINCE SEP 1      7                        11     -4        7
  SINCE JAN 1     86                       192   -106      155
..................................................................


WIND (MPH)
  HIGHEST WIND SPEED    14   HIGHEST WIND DIRECTION     W (270)
  HIGHEST GUST SPEED    20   HIGHEST GUST DIRECTION     W (280)
  AVERAGE WIND SPEED     6.4


SKY COVER
  AVERAGE SKY COVER 0.0


WEATHER CONDITIONS
 THE FOLLOWING WEATHER WAS RECORDED YESTERDAY.
  NO SIGNIFICANT WEATHER WAS OBSERVED.


RELATIVE HUMIDITY (PERCENT)
 HIGHEST    50           800 AM
 LOWEST     22           100 PM
 AVERAGE    36

..........................................................


THE INTERNATIONAL FALLS MN CLIMATE NORMALS FOR TODAY
                         NORMAL    RECORD    YEAR
 MAXIMUM TEMPERATURE (F)   49        80      1953
 MINIMUM TEMPERATURE (F)   30        12      1952


SUNRISE AND SUNSET
OCTOBER 20 2017.......SUNRISE   742 AM CDT   SUNSET   614 PM CDT
OCTOBER 21 2017.......SUNRISE   743 AM CDT   SUNSET   612 PM CDT


-  INDICATES NEGATIVE NUMBERS.
R  INDICATES RECORD WAS SET OR TIED.
MM INDICATES DATA IS MISSING.
T  INDICATES TRACE AMOUNT.




$$
