000
CDUS43 KDLH 060653
CLIINL


CLIMATE REPORT
NATIONAL WEATHER SERVICE DULUTH MN
1252 AM CST FRI MAR 6 2015


...................................

...THE INTERNATIONAL FALLS MN CLIMATE SUMMARY FOR MARCH 5 2015...

CLIMATE NORMAL PERIOD 1981 TO 2010
CLIMATE RECORD PERIOD 1895 TO 2015


WEATHER ITEM   OBSERVED TIME   RECORD YEAR NORMAL DEPARTURE LAST
                VALUE   (LST)  VALUE       VALUE  FROM      YEAR
                                                  NORMAL
..................................................................
TEMPERATURE (F)
 YESTERDAY
  MAXIMUM         17    342 PM  67    2000  29    -12       22
  MINIMUM        -25    624 AM -30    2003   7    -32      -18
  AVERAGE         -4                        18    -22        2

PRECIPITATION (IN)
  YESTERDAY        T             0.53 1896   0.02  -0.02      T
  MONTH TO DATE    0.04                      0.12  -0.08      T
  SINCE MAR 1      0.04                      0.12  -0.08      T
  SINCE JAN 1      2.06                      1.31   0.75     1.75

SNOWFALL (IN)
  YESTERDAY        T             3.0  2013   0.3   -0.3       T
  MONTH TO DATE    1.4                       1.6   -0.2      0.1
  SINCE MAR 1      1.4                       1.6   -0.2      0.1
  SINCE JUL 1     58.1                      58.4   -0.3     76.5
  SNOW DEPTH      16

DEGREE DAYS
 HEATING
  YESTERDAY       69                        47     22       63
  MONTH TO DATE  310                       239     71      365
  SINCE MAR 1    310                       239     71      365
  SINCE JUL 1   8064                      7822    242     8796

 COOLING
  YESTERDAY        0                         0      0        0
  MONTH TO DATE    0                         0      0        0
  SINCE MAR 1      0                         0      0        0
  SINCE JAN 1      0                         0      0        0
..................................................................


WIND (MPH)
  HIGHEST WIND SPEED    18   HIGHEST WIND DIRECTION    SW (210)
  HIGHEST GUST SPEED    25   HIGHEST GUST DIRECTION     W (260)
  AVERAGE WIND SPEED     8.8


SKY COVER
  AVERAGE SKY COVER 0.0


WEATHER CONDITIONS
 THE FOLLOWING WEATHER WAS RECORDED YESTERDAY.
  HAZE


RELATIVE HUMIDITY (PERCENT)
 HIGHEST    81          1200 AM
 LOWEST     36           300 PM
 AVERAGE    59

..........................................................


THE INTERNATIONAL FALLS MN CLIMATE NORMALS FOR TODAY
                         NORMAL    RECORD    YEAR
 MAXIMUM TEMPERATURE (F)   30        66      2000
 MINIMUM TEMPERATURE (F)    7       -30      1897


SUNRISE AND SUNSET
MARCH  6 2015.........SUNRISE   646 AM CST   SUNSET   605 PM CST
MARCH  7 2015.........SUNRISE   644 AM CST   SUNSET   606 PM CST


-  INDICATES NEGATIVE NUMBERS.
R  INDICATES RECORD WAS SET OR TIED.
MM INDICATES DATA IS MISSING.
T  INDICATES TRACE AMOUNT.




$$
