000
CDUS45 KFGZ 190845
CLIINW
CLIMATE REPORT
NATIONAL WEATHER SERVICE FLAGSTAFF, AZ
1241 AM MST SUN NOV 19 2017


...................................

...THE WINSLOW AZ AIRPORT CLIMATE SUMMARY FOR NOVEMBER 18 2017...

CLIMATE NORMAL PERIOD 1981 TO 2010
CLIMATE RECORD PERIOD 1915 TO 2017


WEATHER ITEM   OBSERVED TIME   RECORD YEAR NORMAL DEPARTURE LAST
                VALUE   (LST)  VALUE       VALUE  FROM      YEAR
                                                  NORMAL
..................................................................
TEMPERATURE (F)
 YESTERDAY
  MAXIMUM         53    307 PM  74    1942  59     -6       51
  MINIMUM         23   1150 PM  10    2014  27     -4       19
                                      1980
  AVERAGE         38                        43     -5       35

PRECIPITATION (IN)
  YESTERDAY        0.00          0.36 1973   0.02  -0.02     0.00
  MONTH TO DATE    0.00                      0.31  -0.31     0.86
  SINCE SEP 1      0.22                      1.72  -1.50     1.84
  SINCE JAN 1      4.25                      6.25  -2.00     5.46

DEGREE DAYS
 HEATING
  YESTERDAY       27                        22      5       30
  MONTH TO DATE  198                       332   -134      252
  SINCE JUL 1    476                       638   -162      391

 COOLING
  YESTERDAY        0                         0      0        0
  MONTH TO DATE    0                         0      0        0
  SINCE JAN 1   1443                      1208    235     1278
..................................................................


WIND (MPH)
  HIGHEST WIND SPEED    17   HIGHEST WIND DIRECTION    NW (300)
  HIGHEST GUST SPEED    22   HIGHEST GUST DIRECTION    NW (300)
  AVERAGE WIND SPEED     5.9


SKY COVER
  POSSIBLE SUNSHINE  MM
  AVERAGE SKY COVER 0.2


WEATHER CONDITIONS
 THE FOLLOWING WEATHER WAS RECORDED YESTERDAY.
  NO SIGNIFICANT WEATHER WAS OBSERVED.


RELATIVE HUMIDITY (PERCENT)
 HIGHEST    64           600 AM
 LOWEST     13           500 PM
 AVERAGE    39

..........................................................


THE WINSLOW AZ AIRPORT CLIMATE NORMALS FOR TODAY
                         NORMAL    RECORD    YEAR
 MAXIMUM TEMPERATURE (F)   58        80      2007
 MINIMUM TEMPERATURE (F)   27        11      2000


SUNRISE AND SUNSET
NOVEMBER 19 2017......SUNRISE   702 AM MST   SUNSET   515 PM MST
NOVEMBER 20 2017......SUNRISE   703 AM MST   SUNSET   514 PM MST


-  INDICATES NEGATIVE NUMBERS.
R  INDICATES RECORD WAS SET OR TIED.
MM INDICATES DATA IS MISSING.
T  INDICATES TRACE AMOUNT.




$$
