000
CDUS45 KFGZ 010830
CLIINW
CLIMATE REPORT
NATIONAL WEATHER SERVICE FLAGSTAFF, AZ
109 AM MST SAT AUG 1 2015


...................................

...THE WINSLOW AZ AIRPORT CLIMATE SUMMARY FOR JULY 31 2015...

CLIMATE NORMAL PERIOD 1981 TO 2010
CLIMATE RECORD PERIOD 1915 TO 2015


WEATHER ITEM   OBSERVED TIME   RECORD YEAR NORMAL DEPARTURE LAST
                VALUE   (LST)  VALUE       VALUE  FROM      YEAR
                                                  NORMAL
..................................................................
TEMPERATURE (F)
 YESTERDAY
  MAXIMUM         91    323 PM 102    1970  93     -2       92
  MINIMUM         64    553 AM  52    1973  63      1       68
                                      1921
  AVERAGE         78                        78      0       80

PRECIPITATION (IN)
  YESTERDAY        T             0.67 1959   0.04  -0.04     0.00
  MONTH TO DATE    1.33                      1.04   0.29     0.32
  SINCE SEP 1      8.49                      5.81   2.68     5.31
  SINCE JAN 1      5.64                      3.33   2.31     1.50

DEGREE DAYS
 HEATING
  YESTERDAY        0                         0      0        0
  MONTH TO DATE    0                         0      0        0
  SINCE JUL 1      0                         0      0        0

 COOLING
  YESTERDAY       13                        13      0       15
  MONTH TO DATE  367                       409    -42      482
  SINCE JAN 1    720                       717      3      819
..................................................................


WIND (MPH)
  HIGHEST WIND SPEED    16   HIGHEST WIND DIRECTION    SW (240)
  HIGHEST GUST SPEED    21   HIGHEST GUST DIRECTION    NW (330)
  AVERAGE WIND SPEED     4.2


SKY COVER
  POSSIBLE SUNSHINE  MM
  AVERAGE SKY COVER 0.3


WEATHER CONDITIONS
 THE FOLLOWING WEATHER WAS RECORDED YESTERDAY.
  LIGHT RAIN


RELATIVE HUMIDITY (PERCENT)
 HIGHEST    78           400 AM
 LOWEST     29           400 PM
 AVERAGE    54

..........................................................


THE WINSLOW AZ AIRPORT CLIMATE NORMALS FOR TODAY
                         NORMAL    RECORD    YEAR
 MAXIMUM TEMPERATURE (F)   93       103      1938
 MINIMUM TEMPERATURE (F)   63        49      1921


SUNRISE AND SUNSET
AUGUST  1 2015........SUNRISE   532 AM MST   SUNSET   726 PM MST
AUGUST  2 2015........SUNRISE   533 AM MST   SUNSET   725 PM MST


-  INDICATES NEGATIVE NUMBERS.
R  INDICATES RECORD WAS SET OR TIED.
MM INDICATES DATA IS MISSING.
T  INDICATES TRACE AMOUNT.




$$
