000
CDUS45 KFGZ 170830
CLIINW
CLIMATE REPORT
NATIONAL WEATHER SERVICE FLAGSTAFF, AZ
128 AM MST WED SEP 17 2014


...................................

...THE WINSLOW AZ AIRPORT CLIMATE SUMMARY FOR SEPTEMBER 16 2014...

CLIMATE NORMAL PERIOD 1981 TO 2010
CLIMATE RECORD PERIOD 1898 TO 2014


WEATHER ITEM   OBSERVED TIME   RECORD YEAR NORMAL DEPARTURE LAST
                VALUE   (LST)  VALUE       VALUE  FROM      YEAR
                                                  NORMAL
..................................................................
TEMPERATURE (F)
 YESTERDAY
  MAXIMUM         87    315 PM  95    2000  85      2       87
                                      1971
  MINIMUM         65    702 AM  43    1950  52     13       57
  AVERAGE         76                        69      7       72

PRECIPITATION (IN)
  YESTERDAY        T             1.02 1923   0.03  -0.03     0.00
  MONTH TO DATE    0.10                      0.52  -0.42     0.93
  SINCE SEP 1      0.10                      0.52  -0.42     0.93
  SINCE JAN 1      4.28                      5.05  -0.77     6.63

DEGREE DAYS
 HEATING
  YESTERDAY        0                         1     -1        0
  MONTH TO DATE    0                         3     -3        0
  SINCE JUL 1      0                         3     -3        0

 COOLING
  YESTERDAY       11                         5      6        7
  MONTH TO DATE  129                       107     22      112
  SINCE JAN 1   1245                      1165     80     1337
..................................................................


WIND (MPH)
  HIGHEST WIND SPEED    26   HIGHEST WIND DIRECTION     S (160)
  HIGHEST GUST SPEED    33   HIGHEST GUST DIRECTION     S (170)
  AVERAGE WIND SPEED     9.4


SKY COVER
  POSSIBLE SUNSHINE  MM
  AVERAGE SKY COVER 0.3


WEATHER CONDITIONS
 THE FOLLOWING WEATHER WAS RECORDED YESTERDAY.
  NO SIGNIFICANT WEATHER WAS OBSERVED.


RELATIVE HUMIDITY (PERCENT)
 HIGHEST    67           700 AM
 LOWEST     26           300 PM
 AVERAGE    47

..........................................................


THE WINSLOW AZ AIRPORT CLIMATE NORMALS FOR TODAY
                         NORMAL    RECORD    YEAR
 MAXIMUM TEMPERATURE (F)   85        96      2000
                                             1928
 MINIMUM TEMPERATURE (F)   52        38      2006
                                             1968


SUNRISE AND SUNSET
SEPTEMBER 17 2014.....SUNRISE   607 AM MST   SUNSET   627 PM MST
SEPTEMBER 18 2014.....SUNRISE   608 AM MST   SUNSET   625 PM MST


-  INDICATES NEGATIVE NUMBERS.
R  INDICATES RECORD WAS SET OR TIED.
MM INDICATES DATA IS MISSING.
T  INDICATES TRACE AMOUNT.




$$
