000
CDUS45 KFGZ 220738
CLIINW
CLIMATE REPORT
NATIONAL WEATHER SERVICE FLAGSTAFF, AZ
1237 AM MST SUN JAN 22 2017


...................................

...THE WINSLOW AZ AIRPORT CLIMATE SUMMARY FOR JANUARY 21 2017...

CLIMATE NORMAL PERIOD 1981 TO 2010
CLIMATE RECORD PERIOD 1915 TO 2017


WEATHER ITEM   OBSERVED TIME   RECORD YEAR NORMAL DEPARTURE LAST
                VALUE   (LST)  VALUE       VALUE  FROM      YEAR
                                                  NORMAL
..................................................................
TEMPERATURE (F)
 YESTERDAY
  MAXIMUM         45    239 PM  67    1971  50     -5       50
  MINIMUM         29   1123 PM  -6    1968  21      8       17
  AVERAGE         37                        36      1       34

PRECIPITATION (IN)
  YESTERDAY        0.13          1.09 2010   0.02   0.11     0.00
  MONTH TO DATE    0.77                      0.36   0.41     0.19
  SINCE SEP 1      3.85                      2.84   1.01     4.21
  SINCE JAN 1      0.77                      0.36   0.41     0.19

DEGREE DAYS
 HEATING
  YESTERDAY       28                        29     -1       31
  MONTH TO DATE  475                       639   -164      649
  SINCE JUL 1   1974                      2517   -543     2430

 COOLING
  YESTERDAY        0                         0      0        0
  MONTH TO DATE    0                         0      0        0
  SINCE JAN 1      0                         0      0        0
..................................................................


WIND (MPH)
  HIGHEST WIND SPEED    32   HIGHEST WIND DIRECTION     W (270)
  HIGHEST GUST SPEED    40   HIGHEST GUST DIRECTION     W (270)
  AVERAGE WIND SPEED    16.7


SKY COVER
  POSSIBLE SUNSHINE  MM
  AVERAGE SKY COVER 0.3


WEATHER CONDITIONS
 THE FOLLOWING WEATHER WAS RECORDED YESTERDAY.
  RAIN
  LIGHT SNOW
  FOG


RELATIVE HUMIDITY (PERCENT)
 HIGHEST    96           500 AM
 LOWEST     49           300 PM
 AVERAGE    73

..........................................................


THE WINSLOW AZ AIRPORT CLIMATE NORMALS FOR TODAY
                         NORMAL    RECORD    YEAR
 MAXIMUM TEMPERATURE (F)   50        65      1993
                                             1967
 MINIMUM TEMPERATURE (F)   21       -18      1937


SUNRISE AND SUNSET
JANUARY 22 2017.......SUNRISE   728 AM MST   SUNSET   542 PM MST
JANUARY 23 2017.......SUNRISE   727 AM MST   SUNSET   543 PM MST


-  INDICATES NEGATIVE NUMBERS.
R  INDICATES RECORD WAS SET OR TIED.
MM INDICATES DATA IS MISSING.
T  INDICATES TRACE AMOUNT.




$$
