000
CDUS45 KFGZ 180747
CLIINW
CLIMATE REPORT
NATIONAL WEATHER SERVICE FLAGSTAFF, AZ
1246 AM MST FRI APR 18 2014


...................................

...THE WINSLOW AZ AIRPORT CLIMATE SUMMARY FOR APRIL 17 2014...

CLIMATE NORMAL PERIOD 1981 TO 2010
CLIMATE RECORD PERIOD 1898 TO 2014


WEATHER ITEM   OBSERVED TIME   RECORD YEAR NORMAL DEPARTURE LAST
                VALUE   (LST)  VALUE       VALUE  FROM      YEAR
                                                  NORMAL
..................................................................
TEMPERATURE (F)
 YESTERDAY
  MAXIMUM         79    446 PM  86    2001  72      7       51
                                      1989
                                      1962
  MINIMUM         36    609 AM  23    1922  37     -1       31
  AVERAGE         58                        55      3       41

PRECIPITATION (IN)
  YESTERDAY        0.00          0.64 1988   0.00   0.00     0.01
  MONTH TO DATE    0.03                      0.17  -0.14     0.31
  SINCE SEP 1      4.86                      4.17   0.69     3.06
  SINCE JAN 1      1.05                      1.69  -0.64     1.79

DEGREE DAYS
 HEATING
  YESTERDAY        7                        11     -4       24
  MONTH TO DATE  191                       217    -26      156
  SINCE JUL 1   4049                      4270   -221     4007

 COOLING
  YESTERDAY        0                         0      0        0
  MONTH TO DATE    0                         0      0        0
  SINCE JAN 1      0                         0      0        0
..................................................................


WIND (MPH)
  HIGHEST WIND SPEED    14   HIGHEST WIND DIRECTION     E (80)
  HIGHEST GUST SPEED    17   HIGHEST GUST DIRECTION     E (80)
  AVERAGE WIND SPEED     5.2


SKY COVER
  POSSIBLE SUNSHINE  MM
  AVERAGE SKY COVER 0.0


WEATHER CONDITIONS
 THE FOLLOWING WEATHER WAS RECORDED YESTERDAY.
  HAZE


RELATIVE HUMIDITY (PERCENT)
 HIGHEST    52           600 AM
 LOWEST     11           300 PM
 AVERAGE    32

..........................................................


THE WINSLOW AZ AIRPORT CLIMATE NORMALS FOR TODAY
                         NORMAL    RECORD    YEAR
 MAXIMUM TEMPERATURE (F)   73        88      1962
 MINIMUM TEMPERATURE (F)   37        21      1922


SUNRISE AND SUNSET
APRIL 18 2014.........SUNRISE   547 AM MST   SUNSET   658 PM MST
APRIL 19 2014.........SUNRISE   546 AM MST   SUNSET   659 PM MST


-  INDICATES NEGATIVE NUMBERS.
R  INDICATES RECORD WAS SET OR TIED.
MM INDICATES DATA IS MISSING.
T  INDICATES TRACE AMOUNT.




$$
