228
CDUS45 KFGZ 180711
CLIINW
CLIMATE REPORT
NATIONAL WEATHER SERVICE FLAGSTAFF, AZ
1210 AM MST THU JAN 18 2018


...................................

...THE WINSLOW AZ AIRPORT CLIMATE SUMMARY FOR JANUARY 17 2018...

CLIMATE NORMAL PERIOD 1981 TO 2010
CLIMATE RECORD PERIOD 1915 TO 2018


WEATHER ITEM   OBSERVED TIME   RECORD YEAR NORMAL DEPARTURE LAST
                VALUE   (LST)  VALUE       VALUE  FROM      YEAR
                                                  NORMAL
..................................................................
TEMPERATURE (F)
 YESTERDAY
  MAXIMUM         55    408 PM  69    2000  50      5       48
  MINIMUM         19    734 AM   1    1968  21     -2       31
                                      1960
  AVERAGE         37                        35      2       40

PRECIPITATION (IN)
  YESTERDAY        0.00          0.85 1916   0.02  -0.02     0.00
  MONTH TO DATE    0.01                      0.30  -0.29     0.63
  SINCE SEP 1      0.24                      2.78  -2.54     3.71
  SINCE JAN 1      0.01                      0.30  -0.29     0.63

DEGREE DAYS
 HEATING
  YESTERDAY       28                        30     -2       25
  MONTH TO DATE  436                       521    -85      373
  SINCE JUL 1   1953                      2399   -446     1872

 COOLING
  YESTERDAY        0                         0      0        0
  MONTH TO DATE    0                         0      0        0
  SINCE JAN 1      0                         0      0        0
..................................................................


WIND (MPH)
  HIGHEST WIND SPEED    12   HIGHEST WIND DIRECTION     W (260)
  HIGHEST GUST SPEED    14   HIGHEST GUST DIRECTION    NW (320)
  AVERAGE WIND SPEED     4.3


SKY COVER
  POSSIBLE SUNSHINE  MM
  AVERAGE SKY COVER 0.0


WEATHER CONDITIONS
 THE FOLLOWING WEATHER WAS RECORDED YESTERDAY.
  NO SIGNIFICANT WEATHER WAS OBSERVED.


RELATIVE HUMIDITY (PERCENT)
 HIGHEST    71           500 AM
 LOWEST     22           500 PM
 AVERAGE    47

..........................................................


THE WINSLOW AZ AIRPORT CLIMATE NORMALS FOR TODAY
                         NORMAL    RECORD    YEAR
 MAXIMUM TEMPERATURE (F)   50        70      2000
 MINIMUM TEMPERATURE (F)   21        -6      1968


SUNRISE AND SUNSET
JANUARY 18 2018.......SUNRISE   729 AM MST   SUNSET   538 PM MST
JANUARY 19 2018.......SUNRISE   729 AM MST   SUNSET   539 PM MST


-  INDICATES NEGATIVE NUMBERS.
R  INDICATES RECORD WAS SET OR TIED.
MM INDICATES DATA IS MISSING.
T  INDICATES TRACE AMOUNT.




$$
