000
CDUS45 KFGZ 260827
CLIINW
CLIMATE REPORT
NATIONAL WEATHER SERVICE FLAGSTAFF, AZ
126 AM MST THU MAR 26 2015


...................................

...THE WINSLOW AZ AIRPORT CLIMATE SUMMARY FOR MARCH 25 2015...

CLIMATE NORMAL PERIOD 1981 TO 2010
CLIMATE RECORD PERIOD 1915 TO 2015


WEATHER ITEM   OBSERVED TIME   RECORD YEAR NORMAL DEPARTURE LAST
                VALUE   (LST)  VALUE       VALUE  FROM      YEAR
                                                  NORMAL
..................................................................
TEMPERATURE (F)
 YESTERDAY
  MAXIMUM         71    213 PM  80    1956  66      5       68
  MINIMUM         37   1127 PM  15    1929  32      5       28
  AVERAGE         54                        49      5       48

PRECIPITATION (IN)
  YESTERDAY        0.00          0.61 1965   0.02  -0.02     0.00
  MONTH TO DATE    0.22                      0.44  -0.22     0.99
  SINCE SEP 1      5.14                      3.90   1.24     4.82
  SINCE JAN 1      2.29                      1.42   0.87     1.01

DEGREE DAYS
 HEATING
  YESTERDAY       11                        16     -5       17
  MONTH TO DATE  380                       466    -86      413
  SINCE JUL 1   3319                      3961   -642     3780

 COOLING
  YESTERDAY        0                         0      0        0
  MONTH TO DATE    0                         0      0        0
  SINCE JAN 1      0                         0      0        0
..................................................................


WIND (MPH)
  HIGHEST WIND SPEED    23   HIGHEST WIND DIRECTION    NW (330)
  HIGHEST GUST SPEED    29   HIGHEST GUST DIRECTION    NW (320)
  AVERAGE WIND SPEED     9.4


SKY COVER
  POSSIBLE SUNSHINE  MM
  AVERAGE SKY COVER 0.0


WEATHER CONDITIONS
 THE FOLLOWING WEATHER WAS RECORDED YESTERDAY.
  NO SIGNIFICANT WEATHER WAS OBSERVED.


RELATIVE HUMIDITY (PERCENT)
 HIGHEST    54           600 AM
 LOWEST     10           400 PM
 AVERAGE    32

..........................................................


THE WINSLOW AZ AIRPORT CLIMATE NORMALS FOR TODAY
                         NORMAL    RECORD    YEAR
 MAXIMUM TEMPERATURE (F)   66        83      1971
                                             1928
 MINIMUM TEMPERATURE (F)   32        18      1976


SUNRISE AND SUNSET
MARCH 26 2015.........SUNRISE   618 AM MST   SUNSET   639 PM MST
MARCH 27 2015.........SUNRISE   617 AM MST   SUNSET   640 PM MST


-  INDICATES NEGATIVE NUMBERS.
R  INDICATES RECORD WAS SET OR TIED.
MM INDICATES DATA IS MISSING.
T  INDICATES TRACE AMOUNT.




$$
