000
CDUS43 KDVN 210920
CLIIOW


CLIMATE REPORT
NATIONAL WEATHER SERVICE QUAD CITIES IA IL
420 AM CDT SUN SEP 21 2014


...................................

...THE IOWA CITY IA CLIMATE SUMMARY FOR SEPTEMBER 20 2014...

CLIMATE NORMAL PERIOD 1981 TO 2010
CLIMATE RECORD PERIOD 9999 TO 9999


WEATHER ITEM   OBSERVED TIME   RECORD YEAR NORMAL DEPARTURE LAST
                VALUE   (LST)  VALUE       VALUE  FROM      YEAR
                                                  NORMAL
..................................................................
TEMPERATURE (F)
 YESTERDAY
  MAXIMUM         80    422 PM  MM      MM  75      5       67
  MINIMUM         62   1159 PM  MM      MM  50     12       53
  AVERAGE         71                        62      9       60

PRECIPITATION (IN)
  YESTERDAY        0.04         MM      MM   0.12  -0.08     0.03
  MONTH TO DATE    5.87                      2.38   3.49     1.64
  SINCE SEP 1      5.87                      2.38   3.49     1.64
  SINCE JAN 1     33.30                     28.53   4.77    29.90

DEGREE DAYS
 HEATING
  YESTERDAY        0                         4     -4        5
  MONTH TO DATE   93                        42     51       28
  SINCE SEP 1     93                        42     51       28
  SINCE JUL 1    105                        50     55       37

 COOLING
  YESTERDAY        6                         2      4        0
  MONTH TO DATE   44                        67    -23      161
  SINCE SEP 1     44                        67    -23      161
  SINCE JAN 1    760                       889   -129     1029
..................................................................


WIND (MPH)
  HIGHEST WIND SPEED    31   HIGHEST WIND DIRECTION    NW (300)
  HIGHEST GUST SPEED    41   HIGHEST GUST DIRECTION    NW (300)
  AVERAGE WIND SPEED     8.1


SKY COVER
  POSSIBLE SUNSHINE  MM
  AVERAGE SKY COVER 0.3


WEATHER CONDITIONS
 THE FOLLOWING WEATHER WAS RECORDED YESTERDAY.
  THUNDERSTORM
  LIGHT RAIN
  FOG


RELATIVE HUMIDITY (PERCENT)
 HIGHEST   100           600 AM
 LOWEST     62           400 PM
 AVERAGE    81

..........................................................


THE IOWA CITY IA CLIMATE NORMALS FOR TODAY
                         NORMAL    RECORD    YEAR
 MAXIMUM TEMPERATURE (F)   74        MM        MM
 MINIMUM TEMPERATURE (F)   50        MM        MM


SUNRISE AND SUNSET
SEPTEMBER 21 2014.....SUNRISE   653 AM CDT   SUNSET   705 PM CDT
SEPTEMBER 22 2014.....SUNRISE   654 AM CDT   SUNSET   703 PM CDT


-  INDICATES NEGATIVE NUMBERS.
R  INDICATES RECORD WAS SET OR TIED.
MM INDICATES DATA IS MISSING.
T  INDICATES TRACE AMOUNT.




$$
