000
CDUS43 KDVN 262242
CLIIOW


CLIMATE REPORT
NATIONAL WEATHER SERVICE QUAD CITIES IA IL
441 PM CST MON JAN 26 2015


...................................

...THE IOWA CITY IA CLIMATE SUMMARY FOR JANUARY 26 2015...
VALID TODAY AS OF 0400 PM LOCAL TIME.

CLIMATE NORMAL PERIOD 1981 TO 2010
CLIMATE RECORD PERIOD 9999 TO 9999


WEATHER ITEM   OBSERVED TIME   RECORD YEAR NORMAL DEPARTURE LAST
                VALUE   (LST)  VALUE       VALUE  FROM      YEAR
                                                  NORMAL
..................................................................
TEMPERATURE (F)
 TODAY
  MAXIMUM         36    333 PM  MM      MM  31      5       38
  MINIMUM         18   1204 AM  MM      MM  15      3        2
  AVERAGE         27                        23      4       20

PRECIPITATION (IN)
  TODAY            0.02         MM      MM   0.05  -0.03     0.02
  MONTH TO DATE    0.51                      0.66  -0.15     0.35
  SINCE DEC 1      1.57                      2.18  -0.61     1.03
  SINCE JAN 1      0.51                      0.66  -0.15     0.35

DEGREE DAYS
 HEATING
  TODAY           38                        42     -4       45
  MONTH TO DATE 1146                      1117     29     1296
  SINCE DEC 1   2210                      2349   -139     2718
  SINCE JUL 1   3770                      3656    114     4086

 COOLING
  TODAY            0                         0      0        0
  MONTH TO DATE    0                         0      0        0
  SINCE DEC 1      0                         0      0        0
  SINCE JAN 1      0                         0      0        0
..................................................................


WIND (MPH)
  HIGHEST WIND SPEED    15   HIGHEST WIND DIRECTION    SE (150)
  HIGHEST GUST SPEED    17   HIGHEST GUST DIRECTION    SE (140)
  AVERAGE WIND SPEED     3.9


SKY COVER
  POSSIBLE SUNSHINE  MM
  AVERAGE SKY COVER 1.0


WEATHER CONDITIONS
 THE FOLLOWING WEATHER WAS RECORDED TODAY.
  LIGHT SNOW
  FOG


RELATIVE HUMIDITY (PERCENT)
 HIGHEST    92           900 AM
 LOWEST     77           200 AM
 AVERAGE    85

..........................................................


THE IOWA CITY IA CLIMATE NORMALS FOR TOMORROW
                         NORMAL    RECORD    YEAR
 MAXIMUM TEMPERATURE (F)   31        MM        MM
 MINIMUM TEMPERATURE (F)   15        MM        MM


SUNRISE AND SUNSET
JANUARY 26 2015.......SUNRISE   724 AM CST   SUNSET   514 PM CST
JANUARY 27 2015.......SUNRISE   723 AM CST   SUNSET   515 PM CST


-  INDICATES NEGATIVE NUMBERS.
R  INDICATES RECORD WAS SET OR TIED.
MM INDICATES DATA IS MISSING.
T  INDICATES TRACE AMOUNT.




$$
