000
CDUS43 KDVN 280916
CLIIOW


CLIMATE REPORT
NATIONAL WEATHER SERVICE QUAD CITIES IA IL
413 AM CDT FRI AUG 28 2015


...................................

...THE IOWA CITY IA CLIMATE SUMMARY FOR AUGUST 27 2015...

CLIMATE NORMAL PERIOD 1981 TO 2010
CLIMATE RECORD PERIOD 9999 TO 9999


WEATHER ITEM   OBSERVED TIME   RECORD YEAR NORMAL DEPARTURE LAST
                VALUE   (LST)  VALUE       VALUE  FROM      YEAR
                                                  NORMAL
..................................................................
TEMPERATURE (F)
 YESTERDAY
  MAXIMUM         74    328 PM  MM      MM  81     -7       77
  MINIMUM         52    451 AM  MM      MM  61     -9       66
  AVERAGE         63                        71     -8       72

PRECIPITATION (IN)
  YESTERDAY        0.00         MM      MM   0.14  -0.14      T
  MONTH TO DATE    2.33                      3.91  -1.58     2.64
  SINCE JUN 1     10.89                     13.47  -2.58    15.40
  SINCE JAN 1     20.74                     25.56  -4.82    26.45

DEGREE DAYS
 HEATING
  YESTERDAY        2                         0      2        0
  MONTH TO DATE   11                         0     11        0
  SINCE JUN 1     20                        19      1       16
  SINCE JUL 1     13                         2     11       12

 COOLING
  YESTERDAY        0                         6     -6        7
  MONTH TO DATE  181                       221    -40      215
  SINCE JUN 1    663                       738    -75      593
  SINCE JAN 1    726                       799    -73      682
..................................................................


WIND (MPH)
  HIGHEST WIND SPEED    16   HIGHEST WIND DIRECTION    SE (150)
  HIGHEST GUST SPEED    21   HIGHEST GUST DIRECTION    SE (140)
  AVERAGE WIND SPEED     5.3


SKY COVER
  POSSIBLE SUNSHINE  MM
  AVERAGE SKY COVER 0.0


WEATHER CONDITIONS
 THE FOLLOWING WEATHER WAS RECORDED YESTERDAY.
  FOG


RELATIVE HUMIDITY (PERCENT)
 HIGHEST    93           100 AM
 LOWEST     61           100 PM
 AVERAGE    77

..........................................................


THE IOWA CITY IA CLIMATE NORMALS FOR TODAY
                         NORMAL    RECORD    YEAR
 MAXIMUM TEMPERATURE (F)   81        MM        MM
 MINIMUM TEMPERATURE (F)   60        MM        MM


SUNRISE AND SUNSET
AUGUST 28 2015........SUNRISE   628 AM CDT   SUNSET   746 PM CDT
AUGUST 29 2015........SUNRISE   629 AM CDT   SUNSET   745 PM CDT


-  INDICATES NEGATIVE NUMBERS.
R  INDICATES RECORD WAS SET OR TIED.
MM INDICATES DATA IS MISSING.
T  INDICATES TRACE AMOUNT.




$$
