700
CDUS43 KDVN 250930
CLIIOW


CLIMATE REPORT
NATIONAL WEATHER SERVICE QUAD CITIES IA IL
428 AM CDT SUN JUN 25 2017


...................................

...THE IOWA CITY IA CLIMATE SUMMARY FOR JUNE 24 2017...

CLIMATE NORMAL PERIOD 1981 TO 2010
CLIMATE RECORD PERIOD 9999 TO 9999


WEATHER ITEM   OBSERVED TIME   RECORD YEAR NORMAL DEPARTURE LAST
                VALUE   (LST)  VALUE       VALUE  FROM      YEAR
                                                  NORMAL
..................................................................
TEMPERATURE (F)
 YESTERDAY
  MAXIMUM         76    438 PM  MM      MM  84     -8       83
  MINIMUM         54    504 AM  MM      MM  64    -10       62
  AVERAGE         65                        74     -9       73

PRECIPITATION (IN)
  YESTERDAY        T            MM      MM   0.16  -0.16     0.00
  MONTH TO DATE    3.38                      3.54  -0.16     4.76
  SINCE JUN 1      3.38                      3.54  -0.16     4.76
  SINCE JAN 1     17.10                     15.63   1.47    13.37

DEGREE DAYS
 HEATING
  YESTERDAY        0                         0      0        0
  MONTH TO DATE    0                        14    -14        2
  SINCE JUN 1      0                        14    -14        2
  SINCE JUL 1   5113                      6375  -1262     5468

 COOLING
  YESTERDAY        0                         9     -9        8
  MONTH TO DATE  246                       156     90      238
  SINCE JUN 1    246                       156     90      238
  SINCE JAN 1    299                       217     82      310
..................................................................


WIND (MPH)
  HIGHEST WIND SPEED    23   HIGHEST WIND DIRECTION     W (290)
  HIGHEST GUST SPEED    30   HIGHEST GUST DIRECTION    NW (310)
  AVERAGE WIND SPEED    10.7


SKY COVER
  POSSIBLE SUNSHINE  MM
  AVERAGE SKY COVER 0.1


WEATHER CONDITIONS
 THE FOLLOWING WEATHER WAS RECORDED YESTERDAY.
  LIGHT RAIN


RELATIVE HUMIDITY (PERCENT)
 HIGHEST    89           500 AM
 LOWEST     31           200 PM
 AVERAGE    60

..........................................................


THE IOWA CITY IA CLIMATE NORMALS FOR TODAY
                         NORMAL    RECORD    YEAR
 MAXIMUM TEMPERATURE (F)   84        MM        MM
 MINIMUM TEMPERATURE (F)   64        MM        MM


SUNRISE AND SUNSET
JUNE 25 2017..........SUNRISE   533 AM CDT   SUNSET   845 PM CDT
JUNE 26 2017..........SUNRISE   534 AM CDT   SUNSET   845 PM CDT


-  INDICATES NEGATIVE NUMBERS.
R  INDICATES RECORD WAS SET OR TIED.
MM INDICATES DATA IS MISSING.
T  INDICATES TRACE AMOUNT.




$$
