000
CDUS41 KCTP 032117
CLIIPT


CLIMATE REPORT
NATIONAL WEATHER SERVICE STATE COLLEGE PA
517 PM EDT MON AUG 3 2015


...................................

...THE WILLIAMSPORT PA CLIMATE SUMMARY FOR AUGUST 3 2015...
VALID TODAY AS OF 0500 PM LOCAL TIME.

CLIMATE NORMAL PERIOD 1981 TO 2010
CLIMATE RECORD PERIOD 1895 TO 2015


WEATHER ITEM   OBSERVED TIME   RECORD YEAR NORMAL DEPARTURE LAST
                VALUE   (LST)  VALUE       VALUE  FROM      YEAR
                                                  NORMAL
..................................................................
TEMPERATURE (F)
 TODAY
  MAXIMUM         89    312 PM 100    1930  83      6       77
  MINIMUM         64    530 AM  44    1927  62      2       64
  AVERAGE         77                        72      5       71

PRECIPITATION (IN)
  TODAY            0.00          1.89 1964   0.14  -0.14     0.39
  MONTH TO DATE    0.00                      0.41  -0.41     0.39
  SINCE JUN 1     11.74                      8.67   3.07     7.87
  SINCE JAN 1     24.16                     23.58   0.58    22.62

SNOWFALL (IN)
  TODAY            0.0           0.0  2002   0.0    0.0      0.0
                                      2001
  MONTH TO DATE    0.0                       0.0    0.0      0.0
  SINCE JUN 1      0.0                       0.0    0.0      0.0
  SINCE JUL 1      0.0                       0.0    0.0      0.0
  SNOW DEPTH       0

DEGREE DAYS
 HEATING
  TODAY            0                         0      0        0
  MONTH TO DATE    0                         0      0        0
  SINCE JUN 1     23                        41    -18        8
  SINCE JUL 1      2                         4     -2        0

 COOLING
  TODAY           12                         8      4        6
  MONTH TO DATE   29                        24      5       23
  SINCE JUN 1    457                       414     43      430
  SINCE JAN 1    585                       457    128      482
..................................................................


WIND (MPH)
  HIGHEST WIND SPEED    17   HIGHEST WIND DIRECTION    SW (230)
  HIGHEST GUST SPEED    23   HIGHEST GUST DIRECTION     W (250)
  AVERAGE WIND SPEED     5.6


SKY COVER
  POSSIBLE SUNSHINE  MM
  AVERAGE SKY COVER 0.1


WEATHER CONDITIONS
 THE FOLLOWING WEATHER WAS RECORDED TODAY.
  NO SIGNIFICANT WEATHER WAS OBSERVED.


RELATIVE HUMIDITY (PERCENT)
 HIGHEST    87           300 AM
 LOWEST     36           200 PM
 AVERAGE    62

..........................................................


THE WILLIAMSPORT PA CLIMATE NORMALS FOR TOMORROW
                         NORMAL    RECORD    YEAR
 MAXIMUM TEMPERATURE (F)   83       102      1930
 MINIMUM TEMPERATURE (F)   62        48      1966


SUNRISE AND SUNSET
AUGUST  3 2015........SUNRISE   605 AM EDT   SUNSET   822 PM EDT
AUGUST  4 2015........SUNRISE   606 AM EDT   SUNSET   821 PM EDT


-  INDICATES NEGATIVE NUMBERS.
R  INDICATES RECORD WAS SET OR TIED.
MM INDICATES DATA IS MISSING.
T  INDICATES TRACE AMOUNT.




$$
