000
CDUS41 KCTP 290621
CLIIPT


CLIMATE REPORT
NATIONAL WEATHER SERVICE STATE COLLEGE PA
221 AM EDT SAT AUG 29 2015


...................................

...THE WILLIAMSPORT PA CLIMATE SUMMARY FOR AUGUST 28 2015...

CLIMATE NORMAL PERIOD 1981 TO 2010
CLIMATE RECORD PERIOD 1895 TO 2015


WEATHER ITEM   OBSERVED TIME   RECORD YEAR NORMAL DEPARTURE LAST
                VALUE   (LST)  VALUE       VALUE  FROM      YEAR
                                                  NORMAL
..................................................................
TEMPERATURE (F)
 YESTERDAY
  MAXIMUM         79    403 PM  98    1953  80     -1       77
  MINIMUM         57    609 AM  42    1941  59     -2       54
  AVERAGE         68                        69     -1       66

PRECIPITATION (IN)
  YESTERDAY        0.00          1.28 1992   0.12  -0.12     0.00
  MONTH TO DATE    3.88                      3.49   0.39     6.29
  SINCE JUN 1     15.62                     11.75   3.87    13.77
  SINCE JAN 1     28.04                     26.66   1.38    28.52

DEGREE DAYS
 HEATING
  YESTERDAY        0                         1     -1        0
  MONTH TO DATE    0                         4     -4        4
  SINCE JUN 1     23                        45    -22       12
  SINCE JUL 1      2                         8     -6        4

 COOLING
  YESTERDAY        3                         5     -2        1
  MONTH TO DATE  203                       187     16      149
  SINCE JUN 1    631                       577     54      556
  SINCE JAN 1    759                       620    139      608
..................................................................


WIND (MPH)
  HIGHEST WIND SPEED     9   HIGHEST WIND DIRECTION    NW (320)
  HIGHEST GUST SPEED    13   HIGHEST GUST DIRECTION     N (360)
  AVERAGE WIND SPEED     2.5


SKY COVER
  POSSIBLE SUNSHINE  MM
  AVERAGE SKY COVER 0.4


WEATHER CONDITIONS
 THE FOLLOWING WEATHER WAS RECORDED YESTERDAY.
  NO SIGNIFICANT WEATHER WAS OBSERVED.


RELATIVE HUMIDITY (PERCENT)
 HIGHEST    93           200 AM
 LOWEST     39           400 PM
 AVERAGE    66

..........................................................


THE WILLIAMSPORT PA CLIMATE NORMALS FOR TODAY
                         NORMAL    RECORD    YEAR
 MAXIMUM TEMPERATURE (F)   79        97      1953
 MINIMUM TEMPERATURE (F)   59        39      1982


SUNRISE AND SUNSET
AUGUST 29 2015........SUNRISE   631 AM EDT   SUNSET   746 PM EDT
AUGUST 30 2015........SUNRISE   632 AM EDT   SUNSET   744 PM EDT


-  INDICATES NEGATIVE NUMBERS.
R  INDICATES RECORD WAS SET OR TIED.
MM INDICATES DATA IS MISSING.
T  INDICATES TRACE AMOUNT.




$$
