838
CDUS41 KCTP 270618
CLIIPT


CLIMATE REPORT
NATIONAL WEATHER SERVICE STATE COLLEGE PA
218 AM EDT THU APR 27 2017


...................................

...THE WILLIAMSPORT PA CLIMATE SUMMARY FOR APRIL 26 2017...

CLIMATE NORMAL PERIOD 1981 TO 2010
CLIMATE RECORD PERIOD 1895 TO 2017


WEATHER ITEM   OBSERVED TIME   RECORD YEAR NORMAL DEPARTURE LAST
                VALUE   (LST)  VALUE       VALUE  FROM      YEAR
                                                  NORMAL
..................................................................
TEMPERATURE (F)
 YESTERDAY
  MAXIMUM         77    412 PM  92    1990  65     12       78
  MINIMUM         55    631 AM  26    1934  42     13       43
  AVERAGE         66                        54     12       61

PRECIPITATION (IN)
  YESTERDAY        0.01          1.15 1993   0.11  -0.10     0.14
  MONTH TO DATE    3.61                      2.81   0.80     1.17
  SINCE MAR 1      7.35                      5.78   1.57     2.28
  SINCE JAN 1     12.65                     10.82   1.83     8.70

SNOWFALL (IN)
  YESTERDAY        0.0           T    1993   0.0    0.0      0.0
                                      1992
  MONTH TO DATE    T                         1.1   -1.1      1.8
  SINCE MAR 1     22.6                       8.0   14.6      2.0
  SINCE JUL 1     41.1                      36.0    5.1      7.7
  SNOW DEPTH       0

DEGREE DAYS
 HEATING
  YESTERDAY        0                        12    -12        4
  MONTH TO DATE  248                       415   -167      416
  SINCE MAR 1   1106                      1244   -138      998
  SINCE JUL 1   4742                      5711   -969     4641

 COOLING
  YESTERDAY        1                         0      1        0
  MONTH TO DATE    6                         0      6        0
  SINCE MAR 1      6                         0      6        0
  SINCE JAN 1      6                         0      6        0
..................................................................


WIND (MPH)
  HIGHEST WIND SPEED    13   HIGHEST WIND DIRECTION    SE (150)
  HIGHEST GUST SPEED    16   HIGHEST GUST DIRECTION     S (180)
  AVERAGE WIND SPEED     3.0


SKY COVER
  POSSIBLE SUNSHINE  MM
  AVERAGE SKY COVER 0.6


WEATHER CONDITIONS
 THE FOLLOWING WEATHER WAS RECORDED YESTERDAY.
  LIGHT RAIN
  FOG


RELATIVE HUMIDITY (PERCENT)
 HIGHEST    93          1200 AM
 LOWEST     50           400 PM
 AVERAGE    72

..........................................................


THE WILLIAMSPORT PA CLIMATE NORMALS FOR TODAY
                         NORMAL    RECORD    YEAR
 MAXIMUM TEMPERATURE (F)   66        94      2009
 MINIMUM TEMPERATURE (F)   42        28      1926


SUNRISE AND SUNSET
APRIL 27 2017.........SUNRISE   610 AM EDT   SUNSET   801 PM EDT
APRIL 28 2017.........SUNRISE   609 AM EDT   SUNSET   802 PM EDT


-  INDICATES NEGATIVE NUMBERS.
R  INDICATES RECORD WAS SET OR TIED.
MM INDICATES DATA IS MISSING.
T  INDICATES TRACE AMOUNT.




$$
