000
CDUS41 KCTP 312117
CLIIPT


CLIMATE REPORT
NATIONAL WEATHER SERVICE STATE COLLEGE PA
516 PM EDT TUE MAY 31 2016


...................................

...THE WILLIAMSPORT PA CLIMATE SUMMARY FOR MAY 31 2016...
VALID TODAY AS OF 0500 PM LOCAL TIME.

CLIMATE NORMAL PERIOD 1981 TO 2010
CLIMATE RECORD PERIOD 1895 TO 2016


WEATHER ITEM   OBSERVED TIME   RECORD YEAR NORMAL DEPARTURE LAST
                VALUE   (LST)  VALUE       VALUE  FROM      YEAR
                                                  NORMAL
..................................................................
TEMPERATURE (F)
 TODAY
  MAXIMUM         88    237 PM  94    2011  76     12       80
  MINIMUM         62    546 AM  35    1907  53      9       59
  AVERAGE         75                        64     11       70

PRECIPITATION (IN)
  TODAY            0.00          2.53 1975   0.12  -0.12     0.96
  MONTH TO DATE    2.22                      3.66  -1.44     3.07
  SINCE MAR 1      4.92                      9.87  -4.95     9.63
  SINCE JAN 1     11.34                     14.91  -3.57    12.42

SNOWFALL (IN)
  TODAY            0.0           0.0  2002   0.0    0.0      0.0
                                      2001
  MONTH TO DATE    T                         0.0    0.0      0.0
  SINCE MAR 1      2.0                       8.0   -6.0     11.4
  SINCE JUL 1      7.7                      36.0  -28.3     44.4
  SNOW DEPTH       0

DEGREE DAYS
 HEATING
  TODAY            0                         3     -3        0
  MONTH TO DATE  207                       203      4       93
  SINCE MAR 1   1264                      1491   -227     1517
  SINCE JUL 1   4907                      5958  -1051     6154

 COOLING
  TODAY           10                         3      7        5
  MONTH TO DATE   73                        38     35      128
  SINCE MAR 1     73                        43     30      128
  SINCE JAN 1     73                        43     30      128
..................................................................


WIND (MPH)
  HIGHEST WIND SPEED    13   HIGHEST WIND DIRECTION    SW (240)
  HIGHEST GUST SPEED    17   HIGHEST GUST DIRECTION    SW (240)
  AVERAGE WIND SPEED     4.7


SKY COVER
  POSSIBLE SUNSHINE  MM
  AVERAGE SKY COVER 0.5


WEATHER CONDITIONS
 THE FOLLOWING WEATHER WAS RECORDED TODAY.
  FOG
  HAZE


RELATIVE HUMIDITY (PERCENT)
 HIGHEST    93           400 AM
 LOWEST     31           200 PM
 AVERAGE    62

..........................................................


THE WILLIAMSPORT PA CLIMATE NORMALS FOR TOMORROW
                         NORMAL    RECORD    YEAR
 MAXIMUM TEMPERATURE (F)   76        96      1925
 MINIMUM TEMPERATURE (F)   53        36      1945


SUNRISE AND SUNSET
MAY 31 2016...........SUNRISE   537 AM EDT   SUNSET   834 PM EDT
JUNE  1 2016..........SUNRISE   537 AM EDT   SUNSET   835 PM EDT


-  INDICATES NEGATIVE NUMBERS.
R  INDICATES RECORD WAS SET OR TIED.
MM INDICATES DATA IS MISSING.
T  INDICATES TRACE AMOUNT.




$$
