000
CDUS41 KCTP 190629
CLIIPT


CLIMATE REPORT
NATIONAL WEATHER SERVICE STATE COLLEGE PA
129 AM EST THU JAN 19 2017


...................................

...THE WILLIAMSPORT PA CLIMATE SUMMARY FOR JANUARY 18 2017...

CLIMATE NORMAL PERIOD 1981 TO 2010
CLIMATE RECORD PERIOD 1895 TO 2017


WEATHER ITEM   OBSERVED TIME   RECORD YEAR NORMAL DEPARTURE LAST
                VALUE   (LST)  VALUE       VALUE  FROM      YEAR
                                                  NORMAL
..................................................................
TEMPERATURE (F)
 YESTERDAY
  MAXIMUM         45    502 PM  62    1990  34     11       28
  MINIMUM         37    919 AM -17    1977  19     18       12
  AVERAGE         41                        26     15       20

PRECIPITATION (IN)
  YESTERDAY        0.01          1.77 2006   0.09  -0.08      T
  MONTH TO DATE    1.81                      1.55   0.26     2.06
  SINCE DEC 1      4.77                      4.48   0.29     5.42
  SINCE JAN 1      1.81                      1.55   0.26     2.06

SNOWFALL (IN)
  YESTERDAY        0.0           4.0  1930   0.3   -0.3      0.2
  MONTH TO DATE    1.0                       5.9   -4.9      0.9
  SINCE DEC 1      9.9                      12.8   -2.9      0.9
  SINCE JUL 1     10.0                      14.6   -4.6      0.9
  SNOW DEPTH       0

DEGREE DAYS
 HEATING
  YESTERDAY       24                        39    -15       45
  MONTH TO DATE  622                       691    -69      663
  SINCE DEC 1   1597                      1739   -142     1335
  SINCE JUL 1   2531                      2984   -453     2262

 COOLING
  YESTERDAY        0                         0      0        0
  MONTH TO DATE    0                         0      0        0
  SINCE DEC 1      0                         0      0        0
  SINCE JAN 1      0                         0      0        0
..................................................................


WIND (MPH)
  HIGHEST WIND SPEED    10   HIGHEST WIND DIRECTION     W (270)
  HIGHEST GUST SPEED    13   HIGHEST GUST DIRECTION    NW (300)
  AVERAGE WIND SPEED     3.2


SKY COVER
  POSSIBLE SUNSHINE  MM
  AVERAGE SKY COVER 1.0


WEATHER CONDITIONS
 THE FOLLOWING WEATHER WAS RECORDED YESTERDAY.
  LIGHT RAIN
  FOG
  FOG W/VISIBILITY <= 1/4 MILE


RELATIVE HUMIDITY (PERCENT)
 HIGHEST   100           700 AM
 LOWEST     70           600 PM
 AVERAGE    85

..........................................................


THE WILLIAMSPORT PA CLIMATE NORMALS FOR TODAY
                         NORMAL    RECORD    YEAR
 MAXIMUM TEMPERATURE (F)   34        61      1929
 MINIMUM TEMPERATURE (F)   19       -14      1994


SUNRISE AND SUNSET
JANUARY 19 2017.......SUNRISE   729 AM EST   SUNSET   509 PM EST
JANUARY 20 2017.......SUNRISE   728 AM EST   SUNSET   510 PM EST


-  INDICATES NEGATIVE NUMBERS.
R  INDICATES RECORD WAS SET OR TIED.
MM INDICATES DATA IS MISSING.
T  INDICATES TRACE AMOUNT.




$$
