058
CDUS41 KCTP 180644
CLIIPT


CLIMATE REPORT
NATIONAL WEATHER SERVICE STATE COLLEGE PA
244 AM EDT WED OCT 18 2017


...................................

...THE WILLIAMSPORT PA CLIMATE SUMMARY FOR OCTOBER 17 2017...

CLIMATE NORMAL PERIOD 1981 TO 2010
CLIMATE RECORD PERIOD 1895 TO 2017


WEATHER ITEM   OBSERVED TIME   RECORD YEAR NORMAL DEPARTURE LAST
                VALUE   (LST)  VALUE       VALUE  FROM      YEAR
                                                  NORMAL
..................................................................
TEMPERATURE (F)
 YESTERDAY
  MAXIMUM         64    342 PM  86    1938  62      2       75
  MINIMUM         34    607 AM  22    1937  41     -7       58
  AVERAGE         49                        51     -2       67

PRECIPITATION (IN)
  YESTERDAY        0.00          1.35 1943   0.11  -0.11      T
  MONTH TO DATE    2.14                      1.96   0.18     1.86
  SINCE SEP 1      3.38                      6.12  -2.74     5.37
  SINCE JAN 1     39.41                     33.15   6.26    28.80

SNOWFALL (IN)
  YESTERDAY        0.0           T    1977   0.0    0.0      0.0
  MONTH TO DATE    0.0                       0.0    0.0      0.0
  SINCE SEP 1      0.0                       0.0    0.0      0.0
  SINCE JUL 1      0.0                       0.0    0.0      0.0
  SNOW DEPTH       0

DEGREE DAYS
 HEATING
  YESTERDAY       16                        14      2        0
  MONTH TO DATE   73                       189   -116      120
  SINCE SEP 1    138                       303   -165      161
  SINCE JUL 1    140                       317   -177      161

 COOLING
  YESTERDAY        0                         0      0        2
  MONTH TO DATE   41                         1     40        2
  SINCE SEP 1    187                        64    123      166
  SINCE JAN 1    929                       698    231     1139
..................................................................


WIND (MPH)
  HIGHEST WIND SPEED    13   HIGHEST WIND DIRECTION     W (260)
  HIGHEST GUST SPEED    15   HIGHEST GUST DIRECTION     W (250)
  AVERAGE WIND SPEED     2.0


SKY COVER
  POSSIBLE SUNSHINE  MM
  AVERAGE SKY COVER 0.1


WEATHER CONDITIONS
 THE FOLLOWING WEATHER WAS RECORDED YESTERDAY.
  NO SIGNIFICANT WEATHER WAS OBSERVED.


RELATIVE HUMIDITY (PERCENT)
 HIGHEST    92           200 AM
 LOWEST     31           300 PM
 AVERAGE    62

..........................................................


THE WILLIAMSPORT PA CLIMATE NORMALS FOR TODAY
                         NORMAL    RECORD    YEAR
 MAXIMUM TEMPERATURE (F)   61        84      2016
 MINIMUM TEMPERATURE (F)   41        24      1939


SUNRISE AND SUNSET
OCTOBER 18 2017.......SUNRISE   723 AM EDT   SUNSET   622 PM EDT
OCTOBER 19 2017.......SUNRISE   724 AM EDT   SUNSET   620 PM EDT


-  INDICATES NEGATIVE NUMBERS.
R  INDICATES RECORD WAS SET OR TIED.
MM INDICATES DATA IS MISSING.
T  INDICATES TRACE AMOUNT.




$$
