000
CDUS41 KCTP 270631
CLIIPT


CLIMATE REPORT
NATIONAL WEATHER SERVICE STATE COLLEGE PA
130 AM EST MON FEB 27 2017


...................................

...THE WILLIAMSPORT PA CLIMATE SUMMARY FOR FEBRUARY 26 2017...

CLIMATE NORMAL PERIOD 1981 TO 2010
CLIMATE RECORD PERIOD 1895 TO 2017


WEATHER ITEM   OBSERVED TIME   RECORD YEAR NORMAL DEPARTURE LAST
                VALUE   (LST)  VALUE       VALUE  FROM      YEAR
                                                  NORMAL
..................................................................
TEMPERATURE (F)
 YESTERDAY
  MAXIMUM         39    358 PM  66    1976  41     -2       37
  MINIMUM         26   1159 PM  -5    1914  23      3       26
  AVERAGE         33                        32      1       32

PRECIPITATION (IN)
  YESTERDAY        T             2.10 1908   0.08  -0.08      T
  MONTH TO DATE    1.87                      2.17  -0.30     4.32
  SINCE DEC 1      8.26                      7.80   0.46     9.74
  SINCE JAN 1      5.30                      4.87   0.43     6.38

SNOWFALL (IN)
  YESTERDAY        T             5.0  2010   0.3   -0.3      0.1
                                      1934
  MONTH TO DATE    6.2                       8.2   -2.0      4.4
  SINCE DEC 1     18.4                      25.6   -7.2      5.7
  SINCE JUL 1     18.5                      27.4   -8.9      5.7
  SNOW DEPTH       0

DEGREE DAYS
 HEATING
  YESTERDAY       32                        33     -1       33
  MONTH TO DATE  699                       923   -224      844
  SINCE DEC 1   2655                      3157   -502     2644
  SINCE JUL 1   3589                      4402   -813     3571

 COOLING
  YESTERDAY        0                         0      0        0
  MONTH TO DATE    0                         0      0        0
  SINCE DEC 1      0                         0      0        0
  SINCE JAN 1      0                         0      0        0
..................................................................


WIND (MPH)
  HIGHEST WIND SPEED    22   HIGHEST WIND DIRECTION    NW (310)
  HIGHEST GUST SPEED    29   HIGHEST GUST DIRECTION     W (270)
  AVERAGE WIND SPEED     9.5


SKY COVER
  POSSIBLE SUNSHINE  MM
  AVERAGE SKY COVER 0.7


WEATHER CONDITIONS
 THE FOLLOWING WEATHER WAS RECORDED YESTERDAY.
  LIGHT SNOW


RELATIVE HUMIDITY (PERCENT)
 HIGHEST    75          1000 PM
 LOWEST     37           300 PM
 AVERAGE    56

..........................................................


THE WILLIAMSPORT PA CLIMATE NORMALS FOR TODAY
                         NORMAL    RECORD    YEAR
 MAXIMUM TEMPERATURE (F)   42        69      1997
 MINIMUM TEMPERATURE (F)   24        -5      1963


SUNRISE AND SUNSET
FEBRUARY 27 2017......SUNRISE   645 AM EST   SUNSET   556 PM EST
FEBRUARY 28 2017......SUNRISE   643 AM EST   SUNSET   558 PM EST


-  INDICATES NEGATIVE NUMBERS.
R  INDICATES RECORD WAS SET OR TIED.
MM INDICATES DATA IS MISSING.
T  INDICATES TRACE AMOUNT.




$$
