000
CDUS41 KCTP 290649
CLIIPT


CLIMATE REPORT
NATIONAL WEATHER SERVICE STATE COLLEGE PA
248 AM EDT FRI AUG 29 2014


...................................

...THE WILLIAMSPORT PA CLIMATE SUMMARY FOR AUGUST 28 2014...

CLIMATE NORMAL PERIOD 1981 TO 2010
CLIMATE RECORD PERIOD 1895 TO 2014


WEATHER ITEM   OBSERVED TIME   RECORD YEAR NORMAL DEPARTURE LAST
                VALUE   (LST)  VALUE       VALUE  FROM      YEAR
                                                  NORMAL
..................................................................
TEMPERATURE (F)
 YESTERDAY
  MAXIMUM         77    351 PM  98    1953  80     -3       79
  MINIMUM         54   1141 PM  42    1941  59     -5       69
  AVERAGE         66                        69     -3       74

PRECIPITATION (IN)
  YESTERDAY        0.00          1.28 1992   0.12  -0.12     0.04
  MONTH TO DATE    6.29                      3.49   2.80     1.74
  SINCE JUN 1     13.77                     11.75   2.02     9.03
  SINCE JAN 1     28.52                     26.66   1.86    21.60

DEGREE DAYS
 HEATING
  YESTERDAY        0                         1     -1        0
  MONTH TO DATE    4                         4      0        5
  SINCE JUN 1     12                        45    -33       14
  SINCE JUL 1      4                         8     -4        5

 COOLING
  YESTERDAY        1                         5     -4        9
  MONTH TO DATE  149                       187    -38      155
  SINCE JUN 1    556                       577    -21      652
  SINCE JAN 1    608                       620    -12      723
..................................................................


WIND (MPH)
  HIGHEST WIND SPEED    20   HIGHEST WIND DIRECTION    NW (320)
  HIGHEST GUST SPEED    25   HIGHEST GUST DIRECTION    NW (300)
  AVERAGE WIND SPEED     6.1


SKY COVER
  POSSIBLE SUNSHINE  MM
  AVERAGE SKY COVER 0.3


WEATHER CONDITIONS
 THE FOLLOWING WEATHER WAS RECORDED YESTERDAY.
  NO SIGNIFICANT WEATHER WAS OBSERVED.


RELATIVE HUMIDITY (PERCENT)
 HIGHEST    84           400 AM
 LOWEST     36           200 PM
 AVERAGE    60

..........................................................


THE WILLIAMSPORT PA CLIMATE NORMALS FOR TODAY
                         NORMAL    RECORD    YEAR
 MAXIMUM TEMPERATURE (F)   79        97      1953
 MINIMUM TEMPERATURE (F)   59        39      1982


SUNRISE AND SUNSET
AUGUST 29 2014........SUNRISE   631 AM EDT   SUNSET   745 PM EDT
AUGUST 30 2014........SUNRISE   632 AM EDT   SUNSET   744 PM EDT


-  INDICATES NEGATIVE NUMBERS.
R  INDICATES RECORD WAS SET OR TIED.
MM INDICATES DATA IS MISSING.
T  INDICATES TRACE AMOUNT.




$$
