000
CDUS41 KCTP 120640
CLIIPT


CLIMATE REPORT
NATIONAL WEATHER SERVICE STATE COLLEGE PA
140 AM EST FRI FEB 12 2016


...................................

...THE WILLIAMSPORT PA CLIMATE SUMMARY FOR FEBRUARY 11 2016...

CLIMATE NORMAL PERIOD 1981 TO 2010
CLIMATE RECORD PERIOD 1895 TO 2016


WEATHER ITEM   OBSERVED TIME   RECORD YEAR NORMAL DEPARTURE LAST
                VALUE   (LST)  VALUE       VALUE  FROM      YEAR
                                                  NORMAL
..................................................................
TEMPERATURE (F)
 YESTERDAY
  MAXIMUM         23    131 PM  60    2009  37    -14       34
  MINIMUM         14   1107 PM -17    1899  21     -7       16
  AVERAGE         19                        29    -10       25

PRECIPITATION (IN)
  YESTERDAY        T             2.21 1981   0.08  -0.08     0.00
  MONTH TO DATE    1.18                      0.92   0.26     0.79
  SINCE DEC 1      6.60                      6.55   0.05     5.10
  SINCE JAN 1      3.24                      3.62  -0.38     2.50

SNOWFALL (IN)
  YESTERDAY        0.1           4.4  1955   0.3   -0.2      0.0
  MONTH TO DATE    2.6                       3.5   -0.9      4.7
  SINCE DEC 1      3.5                      20.9  -17.4     23.4
  SINCE JUL 1      3.5                      22.7  -19.2     28.5
  SNOW DEPTH       1

DEGREE DAYS
 HEATING
  YESTERDAY       46                        36     10       40
  MONTH TO DATE  329                       405    -76      447
  SINCE DEC 1   2129                      2639   -510     2607
  SINCE JUL 1   3056                      3884   -828     3777

 COOLING
  YESTERDAY        0                         0      0        0
  MONTH TO DATE    0                         0      0        0
  SINCE DEC 1      0                         0      0        0
  SINCE JAN 1      0                         0      0        0
..................................................................


WIND (MPH)
  HIGHEST WIND SPEED    25   HIGHEST WIND DIRECTION    NW (300)
  HIGHEST GUST SPEED    35   HIGHEST GUST DIRECTION     W (270)
  AVERAGE WIND SPEED    13.5


SKY COVER
  POSSIBLE SUNSHINE  MM
  AVERAGE SKY COVER 0.7


WEATHER CONDITIONS
 THE FOLLOWING WEATHER WAS RECORDED YESTERDAY.
  LIGHT SNOW


RELATIVE HUMIDITY (PERCENT)
 HIGHEST    67           500 AM
 LOWEST     39           500 PM
 AVERAGE    53

..........................................................


THE WILLIAMSPORT PA CLIMATE NORMALS FOR TODAY
                         NORMAL    RECORD    YEAR
 MAXIMUM TEMPERATURE (F)   37        59      1999
 MINIMUM TEMPERATURE (F)   21        -7      2014


SUNRISE AND SUNSET
FEBRUARY 12 2016......SUNRISE   707 AM EST   SUNSET   537 PM EST
FEBRUARY 13 2016......SUNRISE   706 AM EST   SUNSET   539 PM EST


-  INDICATES NEGATIVE NUMBERS.
R  INDICATES RECORD WAS SET OR TIED.
MM INDICATES DATA IS MISSING.
T  INDICATES TRACE AMOUNT.




$$
