000
CDUS43 KEAX 250034
CLIIRK


CLIMATE REPORT
NATIONAL WEATHER SERVICE KANSAS CITY/PLEASANT HILL MO
734 PM CDT SUN MAY 24 2015


...................................

...THE KIRKSVILLE MO CLIMATE SUMMARY FOR MAY 24 2015...
VALID TODAY AS OF 0700 PM LOCAL TIME.

CLIMATE NORMAL PERIOD 1981 TO 2010
CLIMATE RECORD PERIOD 9999 TO 9999


WEATHER ITEM   OBSERVED TIME   NORMAL DEPARTURE LAST
                VALUE   (LST)  VALUE  FROM      YEAR
                                      NORMAL
......................................................
TEMPERATURE (F)
 TODAY
  MAXIMUM         73    104 PM  75     -2       75
  MINIMUM         59    230 AM  55      4       52
  AVERAGE         66            65      1       64

PRECIPITATION (IN)
  TODAY            0.96          0.17   0.79      T
  MONTH TO DATE    3.46          3.82  -0.36     1.31
  SINCE MAR 1      7.99         10.21  -2.22     5.36
  SINCE JAN 1     10.04         13.01  -2.97     8.91

DEGREE DAYS
 HEATING
  TODAY            0             3     -3        1
  MONTH TO DATE  106           136    -30      155
  SINCE MAR 1   1074          1293   -219     1458
  SINCE JUL 1   5753          5826    -73     6428

 COOLING
  TODAY            1             2     -1        0
  MONTH TO DATE   43            34      9       57
  SINCE MAR 1     46            41      5       62
  SINCE JAN 1     46            41      5       62
......................................................


WIND (MPH)
  HIGHEST WIND SPEED    20   HIGHEST WIND DIRECTION     S (160)
  HIGHEST GUST SPEED    24   HIGHEST GUST DIRECTION     S (160)
  AVERAGE WIND SPEED    10.5


SKY COVER
  AVERAGE SKY COVER 0.9


WEATHER CONDITIONS
 THE FOLLOWING WEATHER WAS RECORDED TODAY.
  THUNDERSTORM
  HEAVY RAIN
  RAIN
  LIGHT RAIN
  FOG


RELATIVE HUMIDITY (PERCENT)
 HIGHEST    97           100 AM
 LOWEST     90           600 AM
 AVERAGE    94

..........................................................


THE KIRKSVILLE MO CLIMATE NORMALS FOR TOMORROW
                         NORMAL
 MAXIMUM TEMPERATURE (F)   75
 MINIMUM TEMPERATURE (F)   55


SUNRISE AND SUNSET
MAY 24 2015...........SUNRISE   548 AM CDT   SUNSET   827 PM CDT
MAY 25 2015...........SUNRISE   547 AM CDT   SUNSET   828 PM CDT


-  INDICATES NEGATIVE NUMBERS.
R  INDICATES RECORD WAS SET OR TIED.
MM INDICATES DATA IS MISSING.
T  INDICATES TRACE AMOUNT.




$$
