000
CDUS43 KEAX 010636
CLIIRK


CLIMATE REPORT
NATIONAL WEATHER SERVICE KANSAS CITY/PLEASANT HILL MO
135 AM CDT SUN MAY 1 2016


...................................

...THE KIRKSVILLE MO CLIMATE SUMMARY FOR APRIL 30 2016...

CLIMATE NORMAL PERIOD 1981 TO 2010
CLIMATE RECORD PERIOD 9999 TO 9999


WEATHER ITEM   OBSERVED TIME   NORMAL DEPARTURE LAST
                VALUE   (LST)  VALUE  FROM      YEAR
                                      NORMAL
......................................................
TEMPERATURE (F)
 YESTERDAY
  MAXIMUM         68    342 PM  67      1       70
  MINIMUM         48    243 AM  46      2       45
  AVERAGE         58            56      2       58

PRECIPITATION (IN)
  YESTERDAY        0.25          0.18   0.07     0.00
  MONTH TO DATE    2.99          3.84  -0.85     3.71
  SINCE MAR 1      4.98          6.39  -1.41     4.53
  SINCE JAN 1      7.57          9.19  -1.62     6.58

DEGREE DAYS
 HEATING
  YESTERDAY        7             9     -2        7
  MONTH TO DATE  335           402    -67      282
  SINCE MAR 1    861          1157   -296      968
  SINCE JUL 1   4568          5690  -1122     5647

 COOLING
  YESTERDAY        0             0      0        0
  MONTH TO DATE    8             7      1        2
  SINCE MAR 1      8             7      1        3
  SINCE JAN 1      8             7      1        3
......................................................


WIND (MPH)
  HIGHEST WIND SPEED    22   HIGHEST WIND DIRECTION     E (90)
  HIGHEST GUST SPEED    30   HIGHEST GUST DIRECTION     E (90)
  AVERAGE WIND SPEED    10.8


SKY COVER
  AVERAGE SKY COVER 0.8


WEATHER CONDITIONS
 THE FOLLOWING WEATHER WAS RECORDED YESTERDAY.
  RAIN
  LIGHT RAIN
  FOG
  FOG W/VISIBILITY <= 1/4 MILE


RELATIVE HUMIDITY (PERCENT)
 HIGHEST    97           100 PM
 LOWEST     73           400 PM
 AVERAGE    85

..........................................................


THE KIRKSVILLE MO CLIMATE NORMALS FOR TODAY
                         NORMAL
 MAXIMUM TEMPERATURE (F)   68
 MINIMUM TEMPERATURE (F)   46


SUNRISE AND SUNSET
MAY  1 2016...........SUNRISE   609 AM CDT   SUNSET   806 PM CDT
MAY  2 2016...........SUNRISE   608 AM CDT   SUNSET   807 PM CDT


-  INDICATES NEGATIVE NUMBERS.
R  INDICATES RECORD WAS SET OR TIED.
MM INDICATES DATA IS MISSING.
T  INDICATES TRACE AMOUNT.




$$
