000
CDUS43 KEAX 240631
CLIIRK


CLIMATE REPORT
NATIONAL WEATHER SERVICE KANSAS CITY/PLEASANT HILL MO
131 AM CDT TUE MAY 24 2016


...................................

...THE KIRKSVILLE MO CLIMATE SUMMARY FOR MAY 23 2016...

CLIMATE NORMAL PERIOD 1981 TO 2010
CLIMATE RECORD PERIOD 9999 TO 9999


WEATHER ITEM   OBSERVED TIME   NORMAL DEPARTURE LAST
                VALUE   (LST)  VALUE  FROM      YEAR
                                      NORMAL
......................................................
TEMPERATURE (F)
 YESTERDAY
  MAXIMUM         80    121 PM  75      5       74
  MINIMUM         53    430 AM  54     -1       50
  AVERAGE         67            64      3       62

PRECIPITATION (IN)
  YESTERDAY        0.00          0.17  -0.17     0.02
  MONTH TO DATE    3.04          3.65  -0.61     2.50
  SINCE MAR 1      8.02         10.04  -2.02     7.03
  SINCE JAN 1     10.61         12.84  -2.23     9.08

DEGREE DAYS
 HEATING
  YESTERDAY        0             3     -3        3
  MONTH TO DATE  170           133     37      106
  SINCE MAR 1   1031          1290   -259     1074
  SINCE JUL 1   4738          5823  -1085     5753

 COOLING
  YESTERDAY        2             2      0        0
  MONTH TO DATE   11            32    -21       42
  SINCE MAR 1     19            39    -20       45
  SINCE JAN 1     19            39    -20       45
......................................................


WIND (MPH)
  HIGHEST WIND SPEED    18   HIGHEST WIND DIRECTION     S (170)
  HIGHEST GUST SPEED    24   HIGHEST GUST DIRECTION     S (160)
  AVERAGE WIND SPEED     9.5


SKY COVER
  AVERAGE SKY COVER 0.0


WEATHER CONDITIONS
 THE FOLLOWING WEATHER WAS RECORDED YESTERDAY.
  NO SIGNIFICANT WEATHER WAS OBSERVED.


RELATIVE HUMIDITY (PERCENT)
 HIGHEST    83           500 AM
 LOWEST     42           200 PM
 AVERAGE    63

..........................................................


THE KIRKSVILLE MO CLIMATE NORMALS FOR TODAY
                         NORMAL
 MAXIMUM TEMPERATURE (F)   75
 MINIMUM TEMPERATURE (F)   55


SUNRISE AND SUNSET
MAY 24 2016...........SUNRISE   547 AM CDT   SUNSET   827 PM CDT
MAY 25 2016...........SUNRISE   547 AM CDT   SUNSET   828 PM CDT


-  INDICATES NEGATIVE NUMBERS.
R  INDICATES RECORD WAS SET OR TIED.
MM INDICATES DATA IS MISSING.
T  INDICATES TRACE AMOUNT.




$$
