000
CDUS43 KEAX 281232
CLIIRK


CLIMATE REPORT
NATIONAL WEATHER SERVICE KANSAS CITY/PLEASANT HILL MO
631 AM CST SAT FEB 28 2015


...................................

...THE KIRKSVILLE MO CLIMATE SUMMARY FOR FEBRUARY 28 2015...
VALID AS OF 0600 AM LOCAL TIME.

CLIMATE NORMAL PERIOD 1981 TO 2010
CLIMATE RECORD PERIOD 9999 TO 9999


WEATHER ITEM   OBSERVED TIME   NORMAL DEPARTURE LAST
                VALUE   (LST)  VALUE  FROM      YEAR
                                      NORMAL
......................................................
TEMPERATURE (F)
 TODAY
  MAXIMUM         12    559 AM  43    -31       49
  MINIMUM          7    116 AM  25    -18       10
  AVERAGE         10            34    -24       30

PRECIPITATION (IN)
  TODAY            0.00          0.05  -0.05      T
  MONTH TO DATE    0.39          1.53  -1.14     2.69
  SINCE DEC 1      2.89          4.55  -1.66     4.86
  SINCE JAN 1      1.99          2.80  -0.81     3.55

DEGREE DAYS
 HEATING
  TODAY           55            31     24       35
  MONTH TO DATE 1257           986    271     1284
  SINCE DEC 1   3364          3312     52     3703
  SINCE JUL 1   4685          4533    152     4970

 COOLING
  TODAY            0             0      0        0
  MONTH TO DATE    0             0      0        0
  SINCE DEC 1      0             0      0        0
  SINCE JAN 1      0             0      0        0
......................................................


WIND (MPH)
  HIGHEST WIND SPEED     9   HIGHEST WIND DIRECTION    SE (120)
  HIGHEST GUST SPEED    13   HIGHEST GUST DIRECTION    SE (140)
  AVERAGE WIND SPEED     6.7


SKY COVER
  AVERAGE SKY COVER 0.8


WEATHER CONDITIONS
 THE FOLLOWING WEATHER WAS RECORDED TODAY.
  NO SIGNIFICANT WEATHER WAS OBSERVED.


RELATIVE HUMIDITY (PERCENT)
 HIGHEST    76          1200 AM
 LOWEST     66           300 AM
 AVERAGE    71

..........................................................


THE KIRKSVILLE MO CLIMATE NORMALS FOR TOMORROW
                         NORMAL
 MAXIMUM TEMPERATURE (F)   44
 MINIMUM TEMPERATURE (F)   25


SUNRISE AND SUNSET
FEBRUARY 28 2015......SUNRISE   645 AM CST   SUNSET   601 PM CST
MARCH  1 2015.........SUNRISE   644 AM CST   SUNSET   602 PM CST


-  INDICATES NEGATIVE NUMBERS.
R  INDICATES RECORD WAS SET OR TIED.
MM INDICATES DATA IS MISSING.
T  INDICATES TRACE AMOUNT.




$$
