000
CDUS43 KEAX 310632
CLIIRK


CLIMATE REPORT
NATIONAL WEATHER SERVICE KANSAS CITY/PLEASANT HILL MO
131 AM CDT MON AUG 31 2015


...................................

...THE KIRKSVILLE MO CLIMATE SUMMARY FOR AUGUST 30 2015...

CLIMATE NORMAL PERIOD 1981 TO 2010
CLIMATE RECORD PERIOD 9999 TO 9999


WEATHER ITEM   OBSERVED TIME   NORMAL DEPARTURE LAST
                VALUE   (LST)  VALUE  FROM      YEAR
                                      NORMAL
......................................................
TEMPERATURE (F)
 YESTERDAY
  MAXIMUM         84    439 PM  82      2       86
  MINIMUM         67    621 AM  60      7       66
  AVERAGE         76            71      5       76

PRECIPITATION (IN)
  YESTERDAY        0.00          0.17  -0.17     0.25
  MONTH TO DATE    2.43          3.65  -1.22     8.76
  SINCE JUN 1     20.47         13.09   7.38    18.99
  SINCE JAN 1     31.23         27.24   3.99    28.09

DEGREE DAYS
 HEATING
  YESTERDAY        0             1     -1        0
  MONTH TO DATE    8             1      7        0
  SINCE JUN 1     28            18     10       12
  SINCE JUL 1     13             2     11        6

 COOLING
  YESTERDAY       11             6      5       11
  MONTH TO DATE  222           269    -47      296
  SINCE JUN 1    796           774     22      734
  SINCE JAN 1    864           836     28      856
......................................................


WIND (MPH)
  HIGHEST WIND SPEED     9   HIGHEST WIND DIRECTION     E (110)
  HIGHEST GUST SPEED    12   HIGHEST GUST DIRECTION    NE (60)
  AVERAGE WIND SPEED     4.7


SKY COVER
  AVERAGE SKY COVER 0.6


WEATHER CONDITIONS
 THE FOLLOWING WEATHER WAS RECORDED YESTERDAY.
  FOG
  FOG W/VISIBILITY <= 1/4 MILE
  HAZE


RELATIVE HUMIDITY (PERCENT)
 HIGHEST   100           600 AM
 LOWEST     55           300 PM
 AVERAGE    78

..........................................................


THE KIRKSVILLE MO CLIMATE NORMALS FOR TODAY
                         NORMAL
 MAXIMUM TEMPERATURE (F)   82
 MINIMUM TEMPERATURE (F)   59


SUNRISE AND SUNSET
AUGUST 31 2015........SUNRISE   637 AM CDT   SUNSET   744 PM CDT
SEPTEMBER  1 2015.....SUNRISE   638 AM CDT   SUNSET   742 PM CDT


-  INDICATES NEGATIVE NUMBERS.
R  INDICATES RECORD WAS SET OR TIED.
MM INDICATES DATA IS MISSING.
T  INDICATES TRACE AMOUNT.




$$
