000
CDUS43 KEAX 260632
CLIIRK


CLIMATE REPORT
NATIONAL WEATHER SERVICE KANSAS CITY/PLEASANT HILL MO
131 AM CDT FRI MAY 26 2017


...................................

...THE KIRKSVILLE MO CLIMATE SUMMARY FOR MAY 25 2017...

CLIMATE NORMAL PERIOD 1981 TO 2010
CLIMATE RECORD PERIOD 9999 TO 9999


WEATHER ITEM   OBSERVED TIME   NORMAL DEPARTURE LAST
                VALUE   (LST)  VALUE  FROM      YEAR
                                      NORMAL
......................................................
TEMPERATURE (F)
 YESTERDAY
  MAXIMUM         72    524 PM  75     -3       83
  MINIMUM         41    504 AM  55    -14       62
  AVERAGE         57            65     -8       73

PRECIPITATION (IN)
  YESTERDAY        0.00          0.16  -0.16      T
  MONTH TO DATE    1.68          3.98  -2.30     3.04
  SINCE MAR 1     11.45         10.37   1.08     8.02
  SINCE JAN 1     13.31         13.17   0.14    10.61

DEGREE DAYS
 HEATING
  YESTERDAY        8             3      5        0
  MONTH TO DATE  152           139     13      170
  SINCE MAR 1   1080          1296   -216     1031
  SINCE JUL 1   4609          5829  -1220     4738

 COOLING
  YESTERDAY        0             3     -3        8
  MONTH TO DATE   56            37     19       22
  SINCE MAR 1     80            44     36       30
  SINCE JAN 1     80            44     36       30
......................................................


WIND (MPH)
  HIGHEST WIND SPEED    17   HIGHEST WIND DIRECTION    SE (120)
  HIGHEST GUST SPEED    20   HIGHEST GUST DIRECTION    SE (120)
  AVERAGE WIND SPEED     5.0


SKY COVER
  AVERAGE SKY COVER 0.0


WEATHER CONDITIONS
 THE FOLLOWING WEATHER WAS RECORDED YESTERDAY.
  FOG
  FOG W/VISIBILITY <= 1/4 MILE


RELATIVE HUMIDITY (PERCENT)
 HIGHEST   100          1200 AM
 LOWEST     49           300 PM
 AVERAGE    75

..........................................................


THE KIRKSVILLE MO CLIMATE NORMALS FOR TODAY
                         NORMAL
 MAXIMUM TEMPERATURE (F)   76
 MINIMUM TEMPERATURE (F)   55


SUNRISE AND SUNSET
MAY 26 2017...........SUNRISE   546 AM CDT   SUNSET   829 PM CDT
MAY 27 2017...........SUNRISE   545 AM CDT   SUNSET   830 PM CDT


-  INDICATES NEGATIVE NUMBERS.
R  INDICATES RECORD WAS SET OR TIED.
MM INDICATES DATA IS MISSING.
T  INDICATES TRACE AMOUNT.




$$
