000
CDUS43 KEAX 070037
CLIIRK


CLIMATE REPORT
NATIONAL WEATHER SERVICE KANSAS CITY/PLEASANT HILL MO
737 PM CDT MON JUL 6 2015


...................................

...THE KIRKSVILLE MO CLIMATE SUMMARY FOR JULY 6 2015...
VALID TODAY AS OF 0700 PM LOCAL TIME.

CLIMATE NORMAL PERIOD 1981 TO 2010
CLIMATE RECORD PERIOD 9999 TO 9999


WEATHER ITEM   OBSERVED TIME   NORMAL DEPARTURE LAST
                VALUE   (LST)  VALUE  FROM      YEAR
                                      NORMAL
......................................................
TEMPERATURE (F)
 TODAY
  MAXIMUM         89    157 PM  85      4       86
  MINIMUM         72    539 AM  64      8       70
  AVERAGE         81            74      7       78

PRECIPITATION (IN)
  TODAY            0.61          0.16   0.45     0.35
  MONTH TO DATE    0.80          0.75   0.05     1.69
  SINCE JUN 1     11.99          5.53   6.46     9.11
  SINCE JAN 1     22.75         19.68   3.07    18.21

DEGREE DAYS
 HEATING
  TODAY            0             0      0        0
  MONTH TO DATE    0             0      0        4
  SINCE JUN 1     15            16     -1       10
  SINCE JUL 1      0             0      0        4

 COOLING
  TODAY           16             9      7       13
  MONTH TO DATE   46            54     -8       26
  SINCE JUN 1    288           246     42      273
  SINCE JAN 1    356           308     48      395
......................................................


WIND (MPH)
  HIGHEST WIND SPEED    16   HIGHEST WIND DIRECTION     S (200)
  HIGHEST GUST SPEED    21   HIGHEST GUST DIRECTION     S (200)
  AVERAGE WIND SPEED     8.9


SKY COVER
  AVERAGE SKY COVER 0.1


WEATHER CONDITIONS
 THE FOLLOWING WEATHER WAS RECORDED TODAY.
  THUNDERSTORM
  HEAVY RAIN
  RAIN
  LIGHT RAIN
  FOG


RELATIVE HUMIDITY (PERCENT)
 HIGHEST    90           300 AM
 LOWEST     63           100 PM
 AVERAGE    77

..........................................................


THE KIRKSVILLE MO CLIMATE NORMALS FOR TOMORROW
                         NORMAL
 MAXIMUM TEMPERATURE (F)   85
 MINIMUM TEMPERATURE (F)   64


SUNRISE AND SUNSET
JULY  6 2015..........SUNRISE   547 AM CDT   SUNSET   842 PM CDT
JULY  7 2015..........SUNRISE   548 AM CDT   SUNSET   842 PM CDT


-  INDICATES NEGATIVE NUMBERS.
R  INDICATES RECORD WAS SET OR TIED.
MM INDICATES DATA IS MISSING.
T  INDICATES TRACE AMOUNT.




$$
