000
CDUS43 KBIS 260724
CLIISN


CLIMATE REPORT
NATIONAL WEATHER SERVICE BISMARCK ND
124 AM CST MON JAN 26 2015


...................................

...THE WILLISTON ND CLIMATE SUMMARY FOR JANUARY 25 2015...

CLIMATE NORMAL PERIOD 1981 TO 2010
CLIMATE RECORD PERIOD 1894 TO 2015


WEATHER ITEM   OBSERVED TIME   RECORD YEAR NORMAL DEPARTURE LAST
                VALUE   (LST)  VALUE       VALUE  FROM      YEAR
                                                  NORMAL
..................................................................
TEMPERATURE (F)
 YESTERDAY
  MAXIMUM         43   1114 PM  51    2006  23     20       46
  MINIMUM         32    855 AM -37    1969   1     31       26
  AVERAGE         38                        12     26       36

PRECIPITATION (IN)
  YESTERDAY        0.00          0.23 1974   0.02  -0.02      T
  MONTH TO DATE    0.34                      0.50  -0.16     0.16
  SINCE DEC 1      0.37                      1.12  -0.75     1.23
  SINCE JAN 1      0.34                      0.50  -0.16     0.16

SNOWFALL (IN)
  YESTERDAY       MM             2.8  2004   0.3   MM       MM
  MONTH TO DATE   MM                         8.6   MM       MM
  SINCE DEC 1     MM                        18.1   MM       MM
  SINCE JUL 1     MM                        27.0   MM       MM
  SNOW DEPTH      MM

DEGREE DAYS
 HEATING
  YESTERDAY       27                        53    -26       29
  MONTH TO DATE 1240                      1359   -119     1192
  SINCE DEC 1   2641                      2944   -303     2967
  SINCE JUL 1   4834                      5106   -272     5041

 COOLING
  YESTERDAY        0                         0      0        0
  MONTH TO DATE    0                         0      0        0
  SINCE DEC 1      0                         0      0        0
  SINCE JAN 1      0                         0      0        0
..................................................................


WIND (MPH)
  HIGHEST WIND SPEED    21   HIGHEST WIND DIRECTION    NW (330)
  HIGHEST GUST SPEED    25   HIGHEST GUST DIRECTION    NW (330)
  AVERAGE WIND SPEED     9.2


SKY COVER
  POSSIBLE SUNSHINE  MM
  AVERAGE SKY COVER 0.6


WEATHER CONDITIONS
 THE FOLLOWING WEATHER WAS RECORDED YESTERDAY.
  NO SIGNIFICANT WEATHER WAS OBSERVED.


RELATIVE HUMIDITY (PERCENT)
 HIGHEST    85           800 AM
 LOWEST     62           400 PM
 AVERAGE    74

..........................................................


THE WILLISTON ND CLIMATE NORMALS FOR TODAY
                         NORMAL    RECORD    YEAR
 MAXIMUM TEMPERATURE (F)   23        47      2006
 MINIMUM TEMPERATURE (F)    1       -37      1950


SUNRISE AND SUNSET
JANUARY 26 2015.......SUNRISE   830 AM CST   SUNSET   544 PM CST
JANUARY 27 2015.......SUNRISE   829 AM CST   SUNSET   546 PM CST


-  INDICATES NEGATIVE NUMBERS.
R  INDICATES RECORD WAS SET OR TIED.
MM INDICATES DATA IS MISSING.
T  INDICATES TRACE AMOUNT.




$$
