000
CDUS43 KBIS 280733
CLIISN


CLIMATE REPORT
NATIONAL WEATHER SERVICE BISMARCK ND
232 AM CDT SUN AUG 28 2016


...................................

...THE WILLISTON ND CLIMATE SUMMARY FOR AUGUST 27 2016...

CLIMATE NORMAL PERIOD 1981 TO 2010
CLIMATE RECORD PERIOD 1894 TO 2016


WEATHER ITEM   OBSERVED TIME   RECORD YEAR NORMAL DEPARTURE LAST
                VALUE   (LST)  VALUE       VALUE  FROM      YEAR
                                                  NORMAL
..................................................................
TEMPERATURE (F)
 YESTERDAY
  MAXIMUM         83    542 PM 100    1991  81      2       86
  MINIMUM         44    645 AM  35    1982  51     -7       56
  AVERAGE         64                        66     -2       71

PRECIPITATION (IN)
  YESTERDAY        0.00          1.50 1903   0.05  -0.05     0.00
  MONTH TO DATE    0.45                      1.28  -0.83     0.82
  SINCE JUN 1      4.68                      6.34  -1.66     4.27
  SINCE JAN 1      9.75                     10.95  -1.20     7.77

SNOWFALL (IN)
  YESTERDAY       MM
  SNOW DEPTH      MM

DEGREE DAYS
 HEATING
  YESTERDAY        1                         3     -2        0
  MONTH TO DATE    9                        36    -27       31
  SINCE JUN 1     26                       180   -154       93
  SINCE JUL 1     10                        60    -50       39

 COOLING
  YESTERDAY        0                         3     -3        6
  MONTH TO DATE  145                       154     -9      183
  SINCE JUN 1    450                       404     46      533
  SINCE JAN 1    460                       417     43      534
..................................................................


WIND (MPH)
  HIGHEST WIND SPEED    15   HIGHEST WIND DIRECTION    SE (140)
  HIGHEST GUST SPEED    19   HIGHEST GUST DIRECTION    SE (150)
  AVERAGE WIND SPEED     4.9


SKY COVER
  POSSIBLE SUNSHINE  MM
  AVERAGE SKY COVER 0.0


WEATHER CONDITIONS
 THE FOLLOWING WEATHER WAS RECORDED YESTERDAY.
  NO SIGNIFICANT WEATHER WAS OBSERVED.


RELATIVE HUMIDITY (PERCENT)
 HIGHEST    89           600 AM
 LOWEST     24           400 PM
 AVERAGE    57

..........................................................


THE WILLISTON ND CLIMATE NORMALS FOR TODAY
                         NORMAL    RECORD    YEAR
 MAXIMUM TEMPERATURE (F)   80       100      1996
 MINIMUM TEMPERATURE (F)   50        34      1988


SUNRISE AND SUNSET
AUGUST 28 2016........SUNRISE   708 AM CDT   SUNSET   843 PM CDT
AUGUST 29 2016........SUNRISE   709 AM CDT   SUNSET   841 PM CDT


-  INDICATES NEGATIVE NUMBERS.
R  INDICATES RECORD WAS SET OR TIED.
MM INDICATES DATA IS MISSING.
T  INDICATES TRACE AMOUNT.




$$
