000
CDUS43 KBIS 230809
CLIISN


CLIMATE REPORT
NATIONAL WEATHER SERVICE BISMARCK ND
208 AM CST THU FEB 23 2017


...................................

...THE WILLISTON ND CLIMATE SUMMARY FOR FEBRUARY 22 2017...

CLIMATE NORMAL PERIOD 1981 TO 2010
CLIMATE RECORD PERIOD 1894 TO 2017


WEATHER ITEM   OBSERVED TIME   RECORD YEAR NORMAL DEPARTURE LAST
                VALUE   (LST)  VALUE       VALUE  FROM      YEAR
                                                  NORMAL
..................................................................
TEMPERATURE (F)
 YESTERDAY
  MAXIMUM         34    526 PM  61    1958  30      4       47
  MINIMUM         27   1001 PM -28    1910   9     18       19
  AVERAGE         31                        19     12       33

PRECIPITATION (IN)
  YESTERDAY        0.12          0.70 1961   0.02   0.10     0.00
  MONTH TO DATE    0.55                      0.29   0.26     0.70
  SINCE DEC 1      1.95                      1.50   0.45     1.63
  SINCE JAN 1      0.99                      0.88   0.11     1.08

SNOWFALL (IN)
  YESTERDAY       MM
  SNOW DEPTH      MM

DEGREE DAYS
 HEATING
  YESTERDAY       34                        46    -12       32
  MONTH TO DATE  956                      1081   -125      812
  SINCE DEC 1   4142                      4340   -198     3641
  SINCE JUL 1   5721                      6502   -781     5391

 COOLING
  YESTERDAY        0                         0      0        0
  MONTH TO DATE    0                         0      0        0
  SINCE DEC 1      0                         0      0        0
  SINCE JAN 1      0                         0      0        0
..................................................................


WIND (MPH)
  HIGHEST WIND SPEED    17   HIGHEST WIND DIRECTION     N (10)
  HIGHEST GUST SPEED    22   HIGHEST GUST DIRECTION     N (20)
  AVERAGE WIND SPEED     9.2


SKY COVER
  POSSIBLE SUNSHINE  MM
  AVERAGE SKY COVER 1.0


WEATHER CONDITIONS
 THE FOLLOWING WEATHER WAS RECORDED YESTERDAY.
  LIGHT SNOW
  FOG


RELATIVE HUMIDITY (PERCENT)
 HIGHEST    96          1200 AM
 LOWEST     64           500 PM
 AVERAGE    80

..........................................................


THE WILLISTON ND CLIMATE NORMALS FOR TODAY
                         NORMAL    RECORD    YEAR
 MAXIMUM TEMPERATURE (F)   30        58      1958
 MINIMUM TEMPERATURE (F)    9       -28      2003


SUNRISE AND SUNSET
FEBRUARY 23 2017......SUNRISE   746 AM CST   SUNSET   630 PM CST
FEBRUARY 24 2017......SUNRISE   745 AM CST   SUNSET   631 PM CST


-  INDICATES NEGATIVE NUMBERS.
R  INDICATES RECORD WAS SET OR TIED.
MM INDICATES DATA IS MISSING.
T  INDICATES TRACE AMOUNT.




$$
