000
CDUS43 KBIS 300836
CLIISN


CLIMATE REPORT
NATIONAL WEATHER SERVICE BISMARCK ND
336 AM CDT SAT MAY 30 2015


...................................

...THE WILLISTON ND CLIMATE SUMMARY FOR MAY 29 2015...

CLIMATE NORMAL PERIOD 1981 TO 2010
CLIMATE RECORD PERIOD 1894 TO 2015


WEATHER ITEM   OBSERVED TIME   RECORD YEAR NORMAL DEPARTURE LAST
                VALUE   (LST)  VALUE       VALUE  FROM      YEAR
                                                  NORMAL
..................................................................
TEMPERATURE (F)
 YESTERDAY
  MAXIMUM         61    459 PM  99    1988  71    -10       82
                                      1934
  MINIMUM         44    544 AM  26    1947  45     -1       52
  AVERAGE         53                        58     -5       67

PRECIPITATION (IN)
  YESTERDAY        0.00          1.44 1929   0.07  -0.07      T
  MONTH TO DATE    1.82                      1.76   0.06     1.61
  SINCE MAR 1      2.56                      3.47  -0.91     3.64
  SINCE JAN 1      3.50                      4.45  -0.95     4.08

SNOWFALL (IN)
  YESTERDAY       MM             0.0  2002   0.0   MM       MM
                                      2001
  MONTH TO DATE   MM                         1.3   MM       MM
  SINCE MAR 1     MM                        11.2   MM       MM
  SINCE JUL 1     MM                        45.3   MM       MM
  SNOW DEPTH      MM

DEGREE DAYS
 HEATING
  YESTERDAY       12                         8      4        0
  MONTH TO DATE  352                       335     17      345
  SINCE MAR 1   1824                      2092   -268     2274
  SINCE JUL 1   8340                      8860   -520     9223

 COOLING
  YESTERDAY        0                         1     -1        2
  MONTH TO DATE    1                         5     -4       21
  SINCE MAR 1      1                         6     -5       21
  SINCE JAN 1      1                         6     -5       21
..................................................................


WIND (MPH)
  HIGHEST WIND SPEED    25   HIGHEST WIND DIRECTION     N (10)
  HIGHEST GUST SPEED    35   HIGHEST GUST DIRECTION     N (10)
  AVERAGE WIND SPEED     9.7


SKY COVER
  POSSIBLE SUNSHINE  MM
  AVERAGE SKY COVER 0.5


WEATHER CONDITIONS
 THE FOLLOWING WEATHER WAS RECORDED YESTERDAY.
  NO SIGNIFICANT WEATHER WAS OBSERVED.


RELATIVE HUMIDITY (PERCENT)
 HIGHEST    66           100 AM
 LOWEST     33           400 PM
 AVERAGE    50

..........................................................


THE WILLISTON ND CLIMATE NORMALS FOR TODAY
                         NORMAL    RECORD    YEAR
 MAXIMUM TEMPERATURE (F)   72        98      1984
 MINIMUM TEMPERATURE (F)   45        30      1907


SUNRISE AND SUNSET
MAY 30 2015...........SUNRISE   600 AM CDT   SUNSET   945 PM CDT
MAY 31 2015...........SUNRISE   559 AM CDT   SUNSET   946 PM CDT


-  INDICATES NEGATIVE NUMBERS.
R  INDICATES RECORD WAS SET OR TIED.
MM INDICATES DATA IS MISSING.
T  INDICATES TRACE AMOUNT.




$$
