000
CDUS43 KBIS 190805
CLIISN


CLIMATE REPORT
NATIONAL WEATHER SERVICE BISMARCK ND
205 AM CST MON FEB 19 2018


...................................

...THE WILLISTON ND CLIMATE SUMMARY FOR FEBRUARY 18 2018...

CLIMATE NORMAL PERIOD 1981 TO 2010
CLIMATE RECORD PERIOD 1894 TO 2018


WEATHER ITEM   OBSERVED TIME   RECORD YEAR NORMAL DEPARTURE LAST
                VALUE   (LST)  VALUE       VALUE  FROM      YEAR
                                                  NORMAL
..................................................................
TEMPERATURE (F)
 YESTERDAY
  MAXIMUM         13   1230 AM  55    1930  28    -15       42
  MINIMUM        -10   1133 PM -40    1910   7    -17       23
  AVERAGE          2                        18    -16       33

PRECIPITATION (IN)
  YESTERDAY        0.17          0.25 1994   0.02   0.15      T
  MONTH TO DATE    0.37                      0.23   0.14     0.41
  SINCE DEC 1      1.10                      1.44  -0.34     1.81
  SINCE JAN 1      0.56                      0.82  -0.26     0.85

DEGREE DAYS
 HEATING
  YESTERDAY       63                        47     16       32
  MONTH TO DATE 1147                       896    251      841
  SINCE DEC 1   4270                      4155    115     4027
  SINCE JUL 1   6284                      6317    -33     5606

 COOLING
  YESTERDAY        0                         0      0        0
  MONTH TO DATE    0                         0      0        0
  SINCE DEC 1      0                         0      0        0
  SINCE JAN 1      0                         0      0        0
..................................................................


WIND (MPH)
  HIGHEST WIND SPEED    17   HIGHEST WIND DIRECTION     N (360)
  HIGHEST GUST SPEED    20   HIGHEST GUST DIRECTION    NE (60)
  AVERAGE WIND SPEED     9.3


SKY COVER
  POSSIBLE SUNSHINE  MM
  AVERAGE SKY COVER 0.7


WEATHER CONDITIONS
 THE FOLLOWING WEATHER WAS RECORDED YESTERDAY.
  LIGHT SNOW
  FOG
  HAZE


RELATIVE HUMIDITY (PERCENT)
 HIGHEST    83           200 AM
 LOWEST     66          1200 PM
 AVERAGE    75

..........................................................


THE WILLISTON ND CLIMATE NORMALS FOR TODAY
                         NORMAL    RECORD    YEAR
 MAXIMUM TEMPERATURE (F)   29        55      1981
 MINIMUM TEMPERATURE (F)    8       -38      1929


SUNRISE AND SUNSET
FEBRUARY 19 2018......SUNRISE   754 AM CST   SUNSET   623 PM CST
FEBRUARY 20 2018......SUNRISE   752 AM CST   SUNSET   625 PM CST


-  INDICATES NEGATIVE NUMBERS.
R  INDICATES RECORD WAS SET OR TIED.
MM INDICATES DATA IS MISSING.
T  INDICATES TRACE AMOUNT.




$$
