000
CDUS43 KBIS 120731
CLIISN


CLIMATE REPORT
NATIONAL WEATHER SERVICE BISMARCK ND
130 AM CST FRI FEB 12 2016


...................................

...THE WILLISTON ND CLIMATE SUMMARY FOR FEBRUARY 11 2016...

CLIMATE NORMAL PERIOD 1981 TO 2010
CLIMATE RECORD PERIOD 1894 TO 2016


WEATHER ITEM   OBSERVED TIME   RECORD YEAR NORMAL DEPARTURE LAST
                VALUE   (LST)  VALUE       VALUE  FROM      YEAR
                                                  NORMAL
..................................................................
TEMPERATURE (F)
 YESTERDAY
  MAXIMUM         27    208 PM  51    1990  26      1       11
  MINIMUM         20   1159 PM -39    1899   5     15       -3
  AVERAGE         24                        16      8        4

PRECIPITATION (IN)
  YESTERDAY        0.16          0.24 1979   0.01   0.15      T
  MONTH TO DATE    0.20                      0.13   0.07     0.24
  SINCE DEC 1      1.13                      1.34  -0.21     0.75
  SINCE JAN 1      0.58                      0.72  -0.14     0.72

SNOWFALL (IN)
  YESTERDAY       MM
  SNOW DEPTH      MM

DEGREE DAYS
 HEATING
  YESTERDAY       41                        49     -8       61
  MONTH TO DATE  417                       559   -142      573
  SINCE DEC 1   3246                      3818   -572     3427
  SINCE JUL 1   4996                      5980   -984     5620

 COOLING
  YESTERDAY        0                         0      0        0
  MONTH TO DATE    0                         0      0        0
  SINCE DEC 1      0                         0      0        0
  SINCE JAN 1      0                         0      0        0
..................................................................


WIND (MPH)
  HIGHEST WIND SPEED    10   HIGHEST WIND DIRECTION     N (10)
  HIGHEST GUST SPEED    12   HIGHEST GUST DIRECTION     N (360)
  AVERAGE WIND SPEED     5.7


SKY COVER
  POSSIBLE SUNSHINE  MM
  AVERAGE SKY COVER 1.0


WEATHER CONDITIONS
 THE FOLLOWING WEATHER WAS RECORDED YESTERDAY.
  LIGHT SNOW
  FOG


RELATIVE HUMIDITY (PERCENT)
 HIGHEST    92           800 AM
 LOWEST     68           500 PM
 AVERAGE    80

..........................................................


THE WILLISTON ND CLIMATE NORMALS FOR TODAY
                         NORMAL    RECORD    YEAR
 MAXIMUM TEMPERATURE (F)   27        58      1924
 MINIMUM TEMPERATURE (F)    5       -33      1936


SUNRISE AND SUNSET
FEBRUARY 12 2016......SUNRISE   807 AM CST   SUNSET   611 PM CST
FEBRUARY 13 2016......SUNRISE   805 AM CST   SUNSET   613 PM CST


-  INDICATES NEGATIVE NUMBERS.
R  INDICATES RECORD WAS SET OR TIED.
MM INDICATES DATA IS MISSING.
T  INDICATES TRACE AMOUNT.




$$
