000
CDUS43 KBIS 010732
CLIISN


CLIMATE REPORT
NATIONAL WEATHER SERVICE BISMARCK ND
231 AM CDT SUN MAY 1 2016


...................................

...THE WILLISTON ND CLIMATE SUMMARY FOR APRIL 30 2016...

CLIMATE NORMAL PERIOD 1981 TO 2010
CLIMATE RECORD PERIOD 1894 TO 2016


WEATHER ITEM   OBSERVED TIME   RECORD YEAR NORMAL DEPARTURE LAST
                VALUE   (LST)  VALUE       VALUE  FROM      YEAR
                                                  NORMAL
..................................................................
TEMPERATURE (F)
 YESTERDAY
  MAXIMUM         64    430 PM  91    1901  63      1       71
  MINIMUM         35    432 AM  13    1954  35      0       44
                                      1909
  AVERAGE         50                        49      1       58

PRECIPITATION (IN)
  YESTERDAY        0.00          1.24 1948   0.05  -0.05      T
  MONTH TO DATE    1.95                      1.00   0.95     0.27
  SINCE MAR 1      2.13                      1.71   0.42     0.74
  SINCE JAN 1      3.26                      2.69   0.57     1.68

SNOWFALL (IN)
  YESTERDAY       MM
  SNOW DEPTH      MM

DEGREE DAYS
 HEATING
  YESTERDAY       15                        16     -1        7
  MONTH TO DATE  597                       650    -53      603
  SINCE MAR 1   1467                      1757   -290     1472
  SINCE JUL 1   7077                      8525  -1448     7988

 COOLING
  YESTERDAY        0                         0      0        0
  MONTH TO DATE    0                         1     -1        0
  SINCE MAR 1      0                         1     -1        0
  SINCE JAN 1      0                         1     -1        0
..................................................................


WIND (MPH)
  HIGHEST WIND SPEED    22   HIGHEST WIND DIRECTION     E (90)
  HIGHEST GUST SPEED    30   HIGHEST GUST DIRECTION     E (80)
  AVERAGE WIND SPEED     8.5


SKY COVER
  POSSIBLE SUNSHINE  MM
  AVERAGE SKY COVER 0.0


WEATHER CONDITIONS
 THE FOLLOWING WEATHER WAS RECORDED YESTERDAY.
  NO SIGNIFICANT WEATHER WAS OBSERVED.


RELATIVE HUMIDITY (PERCENT)
 HIGHEST    70           100 AM
 LOWEST     27           100 PM
 AVERAGE    49

..........................................................


THE WILLISTON ND CLIMATE NORMALS FOR TODAY
                         NORMAL    RECORD    YEAR
 MAXIMUM TEMPERATURE (F)   63        89      1901
 MINIMUM TEMPERATURE (F)   35        20      1909


SUNRISE AND SUNSET
MAY  1 2016...........SUNRISE   635 AM CDT   SUNSET   909 PM CDT
MAY  2 2016...........SUNRISE   633 AM CDT   SUNSET   910 PM CDT


-  INDICATES NEGATIVE NUMBERS.
R  INDICATES RECORD WAS SET OR TIED.
MM INDICATES DATA IS MISSING.
T  INDICATES TRACE AMOUNT.




$$
