816
CDUS43 KBIS 240744
CLIISN


CLIMATE REPORT
NATIONAL WEATHER SERVICE BISMARCK ND
143 AM CST FRI NOV 24 2017


...................................

...THE WILLISTON ND CLIMATE SUMMARY FOR NOVEMBER 23 2017...

CLIMATE NORMAL PERIOD 1981 TO 2010
CLIMATE RECORD PERIOD 1894 TO 2017


WEATHER ITEM   OBSERVED TIME   RECORD YEAR NORMAL DEPARTURE LAST
                VALUE   (LST)  VALUE       VALUE  FROM      YEAR
                                                  NORMAL
..................................................................
TEMPERATURE (F)
 YESTERDAY
  MAXIMUM         68R   428 PM  56    2011  33     35       35
  MINIMUM         22    126 AM -21    1996  13      9       31
                                      1900
  AVERAGE         45                        23     22       33

PRECIPITATION (IN)
  YESTERDAY        0.00          0.43 1996   0.02  -0.02     0.00
  MONTH TO DATE    0.26                      0.53  -0.27     0.01
  SINCE SEP 1      2.46                      2.51  -0.05     4.61
  SINCE JAN 1     11.74                     13.63  -1.89    14.36

DEGREE DAYS
 HEATING
  YESTERDAY       20                        42    -22       32
  MONTH TO DATE  935                       826    109      559
  SINCE SEP 1   1810                      1782     28     1332
  SINCE JUL 1   1829                      1853    -24     1342

 COOLING
  YESTERDAY        0                         0      0        0
  MONTH TO DATE    0                         0      0        0
  SINCE SEP 1     38                        27     11       31
  SINCE JAN 1    643                       456    187      521
..................................................................


WIND (MPH)
  HIGHEST WIND SPEED    15   HIGHEST WIND DIRECTION    SW (240)
  HIGHEST GUST SPEED    21   HIGHEST GUST DIRECTION    SW (240)
  AVERAGE WIND SPEED     7.1


SKY COVER
  POSSIBLE SUNSHINE  MM
  AVERAGE SKY COVER 0.0


WEATHER CONDITIONS
 THE FOLLOWING WEATHER WAS RECORDED YESTERDAY.
  LIGHT RAIN


RELATIVE HUMIDITY (PERCENT)
 HIGHEST    96           200 AM
 LOWEST     34           400 PM
 AVERAGE    65

..........................................................


THE WILLISTON ND CLIMATE NORMALS FOR TODAY
                         NORMAL    RECORD    YEAR
 MAXIMUM TEMPERATURE (F)   33        57      1933
                                             1913
 MINIMUM TEMPERATURE (F)   12       -27      1996


SUNRISE AND SUNSET
NOVEMBER 24 2017......SUNRISE   815 AM CST   SUNSET   507 PM CST
NOVEMBER 25 2017......SUNRISE   816 AM CST   SUNSET   506 PM CST


-  INDICATES NEGATIVE NUMBERS.
R  INDICATES RECORD WAS SET OR TIED.
MM INDICATES DATA IS MISSING.
T  INDICATES TRACE AMOUNT.




$$
