000
CDUS43 KBIS 221245
CLIISN


CLIMATE REPORT
NATIONAL WEATHER SERVICE BISMARCK ND
745 AM CDT FRI SEP 22 2017


...................................

...THE WILLISTON ND CLIMATE SUMMARY FOR SEPTEMBER 21 2017...

CLIMATE NORMAL PERIOD 1981 TO 2010
CLIMATE RECORD PERIOD 1894 TO 2017


WEATHER ITEM   OBSERVED TIME   RECORD YEAR NORMAL DEPARTURE LAST
                VALUE   (LST)  VALUE       VALUE  FROM      YEAR
                                                  NORMAL
..................................................................
TEMPERATURE (F)
 YESTERDAY
  MAXIMUM         64    449 PM  91    1938  69     -5       59
  MINIMUM         39    143 AM  18    1995  40     -1       53
  AVERAGE         52                        54     -2       56

PRECIPITATION (IN)
  YESTERDAY        T             0.85 1969   0.03  -0.03     0.49
  MONTH TO DATE    1.46                      0.74   0.72     1.93
  SINCE SEP 1      1.46                      0.74   0.72     1.93
  SINCE JAN 1     10.74                     11.86  -1.12    11.68

DEGREE DAYS
 HEATING
  YESTERDAY       13                        11      2        9
  MONTH TO DATE  124                       154    -30      121
  SINCE SEP 1    124                       154    -30      121
  SINCE JUL 1    143                       225    -82      131

 COOLING
  YESTERDAY        0                         0      0        0
  MONTH TO DATE   38                        24     14       31
  SINCE SEP 1     38                        24     14       31
  SINCE JAN 1    643                       453    190      521
..................................................................


WIND (MPH)
  HIGHEST WIND SPEED    14   HIGHEST WIND DIRECTION    NW (330)
  HIGHEST GUST SPEED    15   HIGHEST GUST DIRECTION    NW (330)
  AVERAGE WIND SPEED     4.9


SKY COVER
  POSSIBLE SUNSHINE  MM
  AVERAGE SKY COVER 0.6


WEATHER CONDITIONS
 THE FOLLOWING WEATHER WAS RECORDED YESTERDAY.
  LIGHT RAIN


RELATIVE HUMIDITY (PERCENT)
 HIGHEST    86           200 AM
 LOWEST     36           500 PM
 AVERAGE    61

..........................................................


THE WILLISTON ND CLIMATE NORMALS FOR TODAY
                         NORMAL    RECORD    YEAR
 MAXIMUM TEMPERATURE (F)   68        93      1938
 MINIMUM TEMPERATURE (F)   39        19      1983


SUNRISE AND SUNSET
SEPTEMBER 22 2017.....SUNRISE   742 AM CDT   SUNSET   752 PM CDT
SEPTEMBER 23 2017.....SUNRISE   743 AM CDT   SUNSET   750 PM CDT


-  INDICATES NEGATIVE NUMBERS.
R  INDICATES RECORD WAS SET OR TIED.
MM INDICATES DATA IS MISSING.
T  INDICATES TRACE AMOUNT.




$$
