000
CDUS43 KBIS 230723
CLIISN


CLIMATE REPORT
NATIONAL WEATHER SERVICE BISMARCK ND
222 AM CDT TUE MAY 23 2017


...................................

...THE WILLISTON ND CLIMATE SUMMARY FOR MAY 22 2017...

CLIMATE NORMAL PERIOD 1981 TO 2010
CLIMATE RECORD PERIOD 1894 TO 2017


WEATHER ITEM   OBSERVED TIME   RECORD YEAR NORMAL DEPARTURE LAST
                VALUE   (LST)  VALUE       VALUE  FROM      YEAR
                                                  NORMAL
..................................................................
TEMPERATURE (F)
 YESTERDAY
  MAXIMUM         70    438 PM 106    1980  69      1       79
  MINIMUM         46   1108 PM  28    1963  43      3       54
  AVERAGE         58                        56      2       67

PRECIPITATION (IN)
  YESTERDAY        0.01          1.49 1903   0.07  -0.06     0.00
  MONTH TO DATE    0.76                      1.26  -0.50     0.21
  SINCE MAR 1      2.11                      2.97  -0.86     2.34
  SINCE JAN 1      3.25                      3.95  -0.70     3.47

SNOWFALL (IN)
  YESTERDAY       MM
  SNOW DEPTH      MM

DEGREE DAYS
 HEATING
  YESTERDAY        7                         9     -2        0
  MONTH TO DATE  191                       276    -85      193
  SINCE MAR 1   1849                      2033   -184     1660
  SINCE JUL 1   7871                      8801   -930     7270

 COOLING
  YESTERDAY        0                         0      0        2
  MONTH TO DATE   22                         0     22       10
  SINCE MAR 1     22                         1     21       10
  SINCE JAN 1     22                         1     21       10
..................................................................


WIND (MPH)
  HIGHEST WIND SPEED    23   HIGHEST WIND DIRECTION     N (10)
  HIGHEST GUST SPEED    30   HIGHEST GUST DIRECTION    NW (330)
  AVERAGE WIND SPEED    11.2


SKY COVER
  POSSIBLE SUNSHINE  MM
  AVERAGE SKY COVER 0.6


WEATHER CONDITIONS
 THE FOLLOWING WEATHER WAS RECORDED YESTERDAY.
  LIGHT RAIN


RELATIVE HUMIDITY (PERCENT)
 HIGHEST    71           500 AM
 LOWEST     26           500 PM
 AVERAGE    49

..........................................................


THE WILLISTON ND CLIMATE NORMALS FOR TODAY
                         NORMAL    RECORD    YEAR
 MAXIMUM TEMPERATURE (F)   70        95      1980
 MINIMUM TEMPERATURE (F)   43        27      2001


SUNRISE AND SUNSET
MAY 23 2017...........SUNRISE   606 AM CDT   SUNSET   938 PM CDT
MAY 24 2017...........SUNRISE   605 AM CDT   SUNSET   939 PM CDT


-  INDICATES NEGATIVE NUMBERS.
R  INDICATES RECORD WAS SET OR TIED.
MM INDICATES DATA IS MISSING.
T  INDICATES TRACE AMOUNT.




$$
