000
CDUS43 KBIS 242234
CLIISN


CLIMATE REPORT
NATIONAL WEATHER SERVICE BISMARCK ND
522 PM CDT MON JUL 24 2017


...................................

...THE WILLISTON ND CLIMATE SUMMARY FOR JULY 24 2017...
VALID TODAY AS OF 0500 PM LOCAL TIME.

CLIMATE NORMAL PERIOD 1981 TO 2010
CLIMATE RECORD PERIOD 1894 TO 2017


WEATHER ITEM   OBSERVED TIME   RECORD YEAR NORMAL DEPARTURE LAST
                VALUE   (LST)  VALUE       VALUE  FROM      YEAR
                                                  NORMAL
..................................................................
TEMPERATURE (F)
 TODAY
  MAXIMUM         97    213 PM 107    2007  86     11       88
  MINIMUM         72    543 AM  43    1911  57     15       57
  AVERAGE         85                        71     14       73

PRECIPITATION (IN)
  TODAY            0.00          0.58 1963   0.07  -0.07     0.00
  MONTH TO DATE    0.45                      2.11  -1.66     2.31
  SINCE JUN 1      1.74                      4.63  -2.89     4.15
  SINCE JAN 1      5.21                      9.24  -4.03     9.22

SNOWFALL (IN)
  TODAY           MM

DEGREE DAYS
 HEATING
  TODAY            0                         0      0        0
  MONTH TO DATE    0                        21    -21        1
  SINCE JUN 1     31                       141   -110       17
  SINCE JUL 1      0                        21    -21        1

 COOLING
  TODAY           20                         7     13        8
  MONTH TO DATE  299                       133    166      164
  SINCE JUN 1    389                       201    188      260
  SINCE JAN 1    412                       214    198      270
..................................................................


WIND (MPH)
  HIGHEST WIND SPEED    21   HIGHEST WIND DIRECTION     N (350)
  HIGHEST GUST SPEED    25   HIGHEST GUST DIRECTION     N (360)
  AVERAGE WIND SPEED    10.8


SKY COVER
  POSSIBLE SUNSHINE  MM
  AVERAGE SKY COVER 0.0


WEATHER CONDITIONS
 THE FOLLOWING WEATHER WAS RECORDED TODAY.
  NO SIGNIFICANT WEATHER WAS OBSERVED.


RELATIVE HUMIDITY (PERCENT)
 HIGHEST    54           800 AM
 LOWEST     20           200 PM
 AVERAGE    37

..........................................................


THE WILLISTON ND CLIMATE NORMALS FOR TOMORROW
                         NORMAL    RECORD    YEAR
 MAXIMUM TEMPERATURE (F)   86       105      1931
 MINIMUM TEMPERATURE (F)   57        44      1911


SUNRISE AND SUNSET
JULY 24 2017..........SUNRISE   620 AM CDT   SUNSET   941 PM CDT
JULY 25 2017..........SUNRISE   622 AM CDT   SUNSET   940 PM CDT


-  INDICATES NEGATIVE NUMBERS.
R  INDICATES RECORD WAS SET OR TIED.
MM INDICATES DATA IS MISSING.
T  INDICATES TRACE AMOUNT.




$$
