000
CDUS41 KOKX 090622
CLIISP


CLIMATE REPORT
NATIONAL WEATHER SERVICE NEW YORK NY
122 AM EST TUE FEB 9 2016


...................................

...THE ISLIP NY CLIMATE SUMMARY FOR FEBRUARY 8 2016...

CLIMATE NORMAL PERIOD 1981 TO 2010
CLIMATE RECORD PERIOD 1986 TO 2016


WEATHER ITEM   OBSERVED TIME   RECORD YEAR NORMAL DEPARTURE LAST
                VALUE   (LST)  VALUE       VALUE  FROM      YEAR
                                                  NORMAL
..................................................................
TEMPERATURE (F)
 YESTERDAY
  MAXIMUM         38    550 AM  59    2009  39     -1       39
  MINIMUM         26    945 PM  11    2003  24      2       26
                                      1995
                                      1985
  AVERAGE         32                        32      0       33

PRECIPITATION (IN)
  YESTERDAY        0.18          2.21 2013   0.10   0.08      T
  MONTH TO DATE    1.89                      0.86   1.03     1.48
  SINCE DEC 1     11.69                      8.56   3.13    12.85
  SINCE JAN 1      6.36                      4.50   1.86     6.73

SNOWFALL (IN)
  YESTERDAY        2.5          16.7  2013   0.3    2.2       T
  MONTH TO DATE   12.3                       1.9   10.4      5.8
  SINCE OCT 1     37.1                      14.5   22.6     36.4
  SINCE JUL 1     37.1                      14.5   22.6     36.4
  SNOW DEPTH       3

DEGREE DAYS
 HEATING
  YESTERDAY       33                        33      0       32
  MONTH TO DATE  211                       270    -59      330
  SINCE DEC 1   1696                      2246   -550     2229
  SINCE JUL 1   2448                      3262   -814     3142

 COOLING
  YESTERDAY        0                         0      0        0
  MONTH TO DATE    0                         0      0        0
  SINCE DEC 1      0                         0      0        0
  SINCE JAN 1      0                         0      0        0
..................................................................


WIND (MPH)
  HIGHEST WIND SPEED    28   HIGHEST WIND DIRECTION    NE (30)
  HIGHEST GUST SPEED    34   HIGHEST GUST DIRECTION     N (20)
  AVERAGE WIND SPEED    15.5


SKY COVER
  AVERAGE SKY COVER 1.0


WEATHER CONDITIONS
 THE FOLLOWING WEATHER WAS RECORDED YESTERDAY.
  SNOW
  LIGHT SNOW
  FOG
  HAZE


RELATIVE HUMIDITY (PERCENT)
 HIGHEST    85           900 AM
 LOWEST     70          1200 AM
 AVERAGE    78

..........................................................


THE ISLIP NY CLIMATE NORMALS FOR TODAY
                         NORMAL    RECORD    YEAR
 MAXIMUM TEMPERATURE (F)   39        52      2005
                                             1991
                                             1990
 MINIMUM TEMPERATURE (F)   24        15      1994
                                             1985


SUNRISE AND SUNSET
FEBRUARY  9 2016......SUNRISE   655 AM EST   SUNSET   519 PM EST
FEBRUARY 10 2016......SUNRISE   653 AM EST   SUNSET   520 PM EST


-  INDICATES NEGATIVE NUMBERS.
R  INDICATES RECORD WAS SET OR TIED.
MM INDICATES DATA IS MISSING.
T  INDICATES TRACE AMOUNT.




$$
