000
CDCA42 TJSJ 010504
CLIIST


CLIMATE REPORT
NATIONAL WEATHER SERVICE SAN JUAN, PR
103 AM AST SAT AUG 1 2015


...................................

...THE CYRIL E. KING AP/ST THOMAS  CLIMATE SUMMARY FOR JULY 31 2015...

CLIMATE NORMAL PERIOD 1981 TO 2010
CLIMATE RECORD PERIOD 1953 TO 2015


WEATHER ITEM   OBSERVED TIME   RECORD YEAR NORMAL DEPARTURE LAST
                VALUE   (LST)  VALUE       VALUE  FROM      YEAR
                                                  NORMAL
..................................................................
TEMPERATURE (F)
 YESTERDAY
  MAXIMUM         91   1003 AM  97    1993  90      1       89
  MINIMUM         82   1156 PM  72    1955  78      4       80
  AVERAGE         87                        84      3       85

PRECIPITATION (IN)
  YESTERDAY        T             1.16 1963   0.10  -0.10     0.06
  MONTH TO DATE    0.22                      2.85  -2.63     0.81
  SINCE JUN 1      1.29                      5.38  -4.09     0.95
  SINCE JAN 1     25.33                     16.41   8.92    14.19

SNOWFALL (IN)
  YESTERDAY        0.0                       0.0    0.0      0.0
  MONTH TO DATE    0.0                       0.0    0.0      0.0
  SINCE JUN 1      0.0                       0.0    0.0      0.0
  SINCE JUL 1      0.0                       0.0    0.0      0.0

DEGREE DAYS
 HEATING
  YESTERDAY        0                         0      0        0
  MONTH TO DATE    0                         0      0        0
  SINCE JUN 1      0                         0      0        0
  SINCE JUL 1      0                         0      0        0

 COOLING
  YESTERDAY       22                        19      3       20
  MONTH TO DATE  642                       589     53      607
  SINCE JUN 1   1211                      1144     67     1182
  SINCE JAN 1   3450                      3396     54     3405
..................................................................


WIND (MPH)
  HIGHEST WIND SPEED    23   HIGHEST WIND DIRECTION    SE (130)
  HIGHEST GUST SPEED    27   HIGHEST GUST DIRECTION    SE (130)
  AVERAGE WIND SPEED    13.0


SKY COVER
  AVERAGE SKY COVER 0.5


WEATHER CONDITIONS
 THE FOLLOWING WEATHER WAS RECORDED YESTERDAY.
  NO SIGNIFICANT WEATHER WAS OBSERVED.


RELATIVE HUMIDITY (PERCENT)
 HIGHEST    74
 LOWEST     59
 AVERAGE    67

..........................................................


THE CYRIL E. KING AP/ST THOMAS  CLIMATE NORMALS FOR TODAY
                         NORMAL    RECORD    YEAR
 MAXIMUM TEMPERATURE (F)   90        97      1994
 MINIMUM TEMPERATURE (F)   78        73      1992


SUNRISE AND SUNSET
AUGUST  1 2015........SUNRISE   558 AM AST   SUNSET   654 PM AST
AUGUST  2 2015........SUNRISE   558 AM AST   SUNSET   654 PM AST


-  INDICATES NEGATIVE NUMBERS.
R  INDICATES RECORD WAS SET OR TIED.
MM INDICATES DATA IS MISSING.
T  INDICATES TRACE AMOUNT.




$$
