000
CDCA42 TJSJ 250445
CLIISX


CLIMATE REPORT
NATIONAL WEATHER SERVICE SAN JUAN, PR
1245 AM AST THU DEC 25 2014


...................................

...THE HENRY E. ROHLSEN AIRPORT/USVI CLIMATE SUMMARY FOR DECEMBER 24 2014...

CLIMATE NORMAL PERIOD 1981 TO 2010
CLIMATE RECORD PERIOD 1951 TO 2014


WEATHER ITEM   OBSERVED TIME   RECORD YEAR NORMAL DEPARTURE LAST
                VALUE   (LST)  VALUE       VALUE  FROM      YEAR
                                                  NORMAL
..................................................................
TEMPERATURE (F)
 YESTERDAY
  MAXIMUM         84        MM  88    1993  84      0       83
  MINIMUM         73        MM  61    1964  73      0       71
  AVERAGE         79                        79      0       77

PRECIPITATION (IN)
  YESTERDAY        T             0.78 1996   0.08  -0.08     0.38
  MONTH TO DATE    5.30                      2.37   2.93     6.18
  SINCE DEC 1      5.30                      2.37   2.93     6.18
  SINCE JAN 1     39.57                     38.07   1.50    43.81

SNOWFALL (IN)
  YESTERDAY        0.0
  MONTH TO DATE    0.0
  SINCE DEC 1      0.0
  SINCE JUL 1      0.0

DEGREE DAYS
 HEATING
  YESTERDAY        0                         0      0        0
  MONTH TO DATE    0                         0      0        0
  SINCE DEC 1      0                         0      0        0
  SINCE JUL 1      0                         0      0        0

 COOLING
  YESTERDAY       14                        14      0       12
  MONTH TO DATE  321                       341    -20      366
  SINCE DEC 1    321                       341    -20      366
  SINCE JAN 1   5864                      5738    126     5605
..................................................................


WIND (MPH)
  RESULTANT WIND SPEED  12   RESULTANT WIND DIRECTION  NE (60)
  HIGHEST WIND SPEED    16   HIGHEST WIND DIRECTION     E (70)
  AVERAGE WIND SPEED    12.0


SKY COVER
  AVERAGE SKY COVER 0.4


WEATHER CONDITIONS
 THE FOLLOWING WEATHER WAS RECORDED YESTERDAY.
  NO SIGNIFICANT WEATHER WAS OBSERVED.


RELATIVE HUMIDITY (PERCENT)
 HIGHEST    79
 LOWEST     65
 AVERAGE    72

..........................................................


THE HENRY E. ROHLSEN AIRPORT/USVI CLIMATE NORMALS FOR TODAY
                         NORMAL    RECORD    YEAR
 MAXIMUM TEMPERATURE (F)   84        89      1995
 MINIMUM TEMPERATURE (F)   73        64      2010
                                             1964


SUNRISE AND SUNSET
DECEMBER 25 2014......SUNRISE   647 AM AST   SUNSET   552 PM AST
DECEMBER 26 2014......SUNRISE   648 AM AST   SUNSET   552 PM AST


-  INDICATES NEGATIVE NUMBERS.
R  INDICATES RECORD WAS SET OR TIED.
MM INDICATES DATA IS MISSING.
T  INDICATES TRACE AMOUNT.




$$
