643
CDHW43 PHFO 171245
CLIITO


CLIMATE REPORT
NATIONAL WEATHER SERVICE HONOLULU HI
245 AM HST TUE JAN 17 2017


...................................

...THE HILO HI CLIMATE SUMMARY FOR JANUARY 16 2017...

CLIMATE NORMAL PERIOD 1981 TO 2010
CLIMATE RECORD PERIOD 1946 TO 2017


WEATHER ITEM   OBSERVED TIME   RECORD YEAR NORMAL DEPARTURE LAST
                VALUE   (LST)  VALUE       VALUE  FROM      YEAR
                                                  NORMAL
..................................................................
TEMPERATURE (F)
 YESTERDAY
  MAXIMUM         82    142 PM  89    1977  79      3       85
  MINIMUM         64    754 AM  57    1985  64      0       59
  AVERAGE         73                        71      2       72

PRECIPITATION (IN)
  YESTERDAY        0.00          2.58 1979   0.27  -0.27     0.00
  MONTH TO DATE    1.21                      4.41  -3.20     0.49
  SINCE DEC 1     21.61                     15.98   5.63    14.59
  SINCE JAN 1      1.21                      4.41  -3.20     0.49

SNOWFALL (IN)
  YESTERDAY        0.0
  MONTH TO DATE    0.0
  SINCE DEC 1      0.0
  SINCE JUL 1      0.0
  SNOW DEPTH       0

DEGREE DAYS
 HEATING
  YESTERDAY        0                         0      0        0
  MONTH TO DATE    0                         0      0        0
  SINCE DEC 1      0                         0      0        0
  SINCE JUL 1      0                         0      0        0

 COOLING
  YESTERDAY        8                         6      2        7
  MONTH TO DATE  107                       107      0      134
  SINCE DEC 1    337                       332      5      440
  SINCE JAN 1    107                       107      0      134
..................................................................


WIND (MPH)
  HIGHEST WIND SPEED    14   HIGHEST WIND DIRECTION     E (90)
  HIGHEST GUST SPEED    19   HIGHEST GUST DIRECTION    SE (140)
  AVERAGE WIND SPEED     7.2


SKY COVER
  POSSIBLE SUNSHINE  MM
  AVERAGE SKY COVER 0.2


WEATHER CONDITIONS
 THE FOLLOWING WEATHER WAS RECORDED YESTERDAY.
  NO SIGNIFICANT WEATHER WAS OBSERVED.


RELATIVE HUMIDITY (PERCENT)
 HIGHEST    87          1200 AM
 LOWEST     51          1200 PM
 AVERAGE    69

..........................................................


THE HILO HI CLIMATE NORMALS FOR TODAY
                         NORMAL    RECORD    YEAR
 MAXIMUM TEMPERATURE (F)   79        89      1959
 MINIMUM TEMPERATURE (F)   64        60      1985
                                             1966


SUNRISE AND SUNSET
JANUARY 17 2017.......SUNRISE   658 AM HST   SUNSET   604 PM HST
JANUARY 18 2017.......SUNRISE   658 AM HST   SUNSET   604 PM HST


-  INDICATES NEGATIVE NUMBERS.
R  INDICATES RECORD WAS SET OR TIED.
MM INDICATES DATA IS MISSING.
T  INDICATES TRACE AMOUNT.




$$
