000
CDHW43 PHFO 011245
CLIITO


CLIMATE REPORT
NATIONAL WEATHER SERVICE HONOLULU HI
245 AM HST SUN MAR 1 2015


...................................

...THE HILO HI CLIMATE SUMMARY FOR FEBRUARY 28 2015...

CLIMATE NORMAL PERIOD 1981 TO 2010
CLIMATE RECORD PERIOD 1946 TO 2015


WEATHER ITEM   OBSERVED TIME   RECORD YEAR NORMAL DEPARTURE LAST
                VALUE   (LST)  VALUE       VALUE  FROM      YEAR
                                                  NORMAL
..................................................................
TEMPERATURE (F)
 YESTERDAY
  MAXIMUM         82    320 PM  88    1995  79      3       82
  MINIMUM         68   1159 PM  57    1965  64      4       62
  AVERAGE         75                        71      4       72

PRECIPITATION (IN)
  YESTERDAY        0.48          3.94 1985   0.38   0.10     0.00
  MONTH TO DATE    5.29                      9.56  -4.27     2.57
  SINCE DEC 1     14.19                     30.39 -16.20    28.43
  SINCE JAN 1      8.09                     18.82 -10.73     8.23

SNOWFALL (IN)
  YESTERDAY        0.0
  MONTH TO DATE    0.0
  SINCE DEC 1      0.0
  SINCE JUL 1      0.0
  SNOW DEPTH       0

DEGREE DAYS
 HEATING
  YESTERDAY        0                         0      0        0
  MONTH TO DATE    0                         0      0        0
  SINCE DEC 1      0                         0      0        0
  SINCE JUL 1      0                         0      0        0

 COOLING
  YESTERDAY       10                         6      4        7
  MONTH TO DATE  268                       172     96      246
  SINCE DEC 1    767                       595    172      705
  SINCE JAN 1    526                       370    156      458
..................................................................


WIND (MPH)
  HIGHEST WIND SPEED    13   HIGHEST WIND DIRECTION    NE (60)
  HIGHEST GUST SPEED    17   HIGHEST GUST DIRECTION     E (100)
  AVERAGE WIND SPEED     5.2


SKY COVER
  POSSIBLE SUNSHINE  MM
  AVERAGE SKY COVER 0.7


WEATHER CONDITIONS
 THE FOLLOWING WEATHER WAS RECORDED YESTERDAY.
  RAIN
  LIGHT RAIN


RELATIVE HUMIDITY (PERCENT)
 HIGHEST    97          1100 PM
 LOWEST     58           300 PM
 AVERAGE    78

..........................................................


THE HILO HI CLIMATE NORMALS FOR TODAY
                         NORMAL    RECORD    YEAR
 MAXIMUM TEMPERATURE (F)   79        88      2004
                                             1968
 MINIMUM TEMPERATURE (F)   64        59      1983
                                             1970
                                             1965


SUNRISE AND SUNSET
MARCH  1 2015.........SUNRISE   640 AM HST   SUNSET   625 PM HST
MARCH  2 2015.........SUNRISE   639 AM HST   SUNSET   626 PM HST


-  INDICATES NEGATIVE NUMBERS.
R  INDICATES RECORD WAS SET OR TIED.
MM INDICATES DATA IS MISSING.
T  INDICATES TRACE AMOUNT.




$$
