000
CDHW43 PHFO 231245
CLIITO


CLIMATE REPORT
NATIONAL WEATHER SERVICE HONOLULU HI
245 AM HST TUE AUG 23 2016


...................................

...THE HILO HI CLIMATE SUMMARY FOR AUGUST 22 2016...

CLIMATE NORMAL PERIOD 1981 TO 2010
CLIMATE RECORD PERIOD 1946 TO 2016


WEATHER ITEM   OBSERVED TIME   RECORD YEAR NORMAL DEPARTURE LAST
                VALUE   (LST)  VALUE       VALUE  FROM      YEAR
                                                  NORMAL
..................................................................
TEMPERATURE (F)
 YESTERDAY
  MAXIMUM         79   1235 PM  90    2015  83     -4       90
  MINIMUM         73   1110 PM  64    1980  70      3       77
                                      1956
  AVERAGE         76                        76      0       84

PRECIPITATION (IN)
  YESTERDAY        4.04R         2.99 1982   0.30   3.74     1.53
  MONTH TO DATE    9.63                      7.22   2.41    14.76
  SINCE JUN 1     28.18                     25.40   2.78    28.03
  SINCE JAN 1     53.04                     77.31 -24.27    66.95

SNOWFALL (IN)
  YESTERDAY        0.0
  MONTH TO DATE    0.0
  SINCE JUN 1      0.0
  SINCE JUL 1      0.0
  SNOW DEPTH       0

DEGREE DAYS
 HEATING
  YESTERDAY        0                         0      0        0
  MONTH TO DATE    0                         0      0        0
  SINCE JUN 1      0                         0      0        0
  SINCE JUL 1      0                         0      0        0

 COOLING
  YESTERDAY       11                        11      0       19
  MONTH TO DATE  298                       242     56      291
  SINCE JUN 1   1093                       891    202     1075
  SINCE JAN 1   2639                      1959    680     2393
..................................................................


WIND (MPH)
  HIGHEST WIND SPEED    12   HIGHEST WIND DIRECTION    SE (140)
  HIGHEST GUST SPEED    13   HIGHEST GUST DIRECTION     E (90)
  AVERAGE WIND SPEED     3.7


SKY COVER
  POSSIBLE SUNSHINE  MM
  AVERAGE SKY COVER 0.9


WEATHER CONDITIONS
 THE FOLLOWING WEATHER WAS RECORDED YESTERDAY.
  THUNDERSTORM
  HEAVY RAIN
  RAIN
  LIGHT RAIN
  FOG


RELATIVE HUMIDITY (PERCENT)
 HIGHEST   100           100 AM
 LOWEST     87          1200 AM
 AVERAGE    94

..........................................................


THE HILO HI CLIMATE NORMALS FOR TODAY
                         NORMAL    RECORD    YEAR
 MAXIMUM TEMPERATURE (F)   83        88      2015
                                             2007
                                             1996
 MINIMUM TEMPERATURE (F)   70        64      1956


SUNRISE AND SUNSET
AUGUST 23 2016........SUNRISE   603 AM HST   SUNSET   642 PM HST
AUGUST 24 2016........SUNRISE   603 AM HST   SUNSET   641 PM HST


-  INDICATES NEGATIVE NUMBERS.
R  INDICATES RECORD WAS SET OR TIED.
MM INDICATES DATA IS MISSING.
T  INDICATES TRACE AMOUNT.




$$
