000
CDHW43 PHFO 220233
CLIITO


CLIMATE REPORT
NATIONAL WEATHER SERVICE HONOLULU HI
433 PM HST MON AUG 21 2017


...................................

...THE HILO HI CLIMATE SUMMARY FOR AUGUST 21 2017...
VALID TODAY AS OF 0400 PM LOCAL TIME.

CLIMATE NORMAL PERIOD 1981 TO 2010
CLIMATE RECORD PERIOD 1946 TO 2017


WEATHER ITEM   OBSERVED TIME   RECORD YEAR NORMAL DEPARTURE LAST
                VALUE   (LST)  VALUE       VALUE  FROM      YEAR
                                                  NORMAL
..................................................................
TEMPERATURE (F)
 TODAY
  MAXIMUM         85    210 PM  87    2008  83      2       86
                                      1995
                                      1987
  MINIMUM         70    556 AM  65    1979  70      0       68
                                      1966
                                      1961
  AVERAGE         78                        77      1       77

PRECIPITATION (IN)
  TODAY            0.03          3.12 1978   0.32  -0.29     0.16
  MONTH TO DATE    4.55                      6.92  -2.37     5.59
  SINCE JUN 1     14.65                     25.10 -10.45    24.14
  SINCE JAN 1     49.29                     77.01 -27.72    49.00

SNOWFALL (IN)
  TODAY            0.0
  MONTH TO DATE    0.0
  SINCE JUN 1      0.0
  SINCE JUL 1      0.0
  SNOW DEPTH      MM

DEGREE DAYS
 HEATING
  TODAY            0                         0      0        0
  MONTH TO DATE    0                         0      0        0
  SINCE JUN 1      0                         0      0        0
  SINCE JUL 1      0                         0      0        0

 COOLING
  TODAY           13                        11      2       12
  MONTH TO DATE  261                       231     30      287
  SINCE JUN 1    990                       880    110     1082
  SINCE JAN 1   2294                      1948    346     2628
..................................................................


WIND (MPH)
  HIGHEST WIND SPEED    17   HIGHEST WIND DIRECTION     E (90)
  HIGHEST GUST SPEED    22   HIGHEST GUST DIRECTION     E (90)
  AVERAGE WIND SPEED    MM


SKY COVER
  POSSIBLE SUNSHINE  MM
  AVERAGE SKY COVER  MM


WEATHER CONDITIONS
 THE FOLLOWING WEATHER WAS RECORDED TODAY.
  FOG


RELATIVE HUMIDITY (PERCENT)
 HIGHEST    MM
 LOWEST     MM
 AVERAGE    MM

..........................................................


THE HILO HI CLIMATE NORMALS FOR TOMORROW
                         NORMAL    RECORD    YEAR
 MAXIMUM TEMPERATURE (F)   83        90      2015
 MINIMUM TEMPERATURE (F)   70        64      1980
                                             1956


SUNRISE AND SUNSET
AUGUST 21 2017........SUNRISE   602 AM HST   SUNSET   644 PM HST
AUGUST 22 2017........SUNRISE   603 AM HST   SUNSET   643 PM HST


-  INDICATES NEGATIVE NUMBERS.
R  INDICATES RECORD WAS SET OR TIED.
MM INDICATES DATA IS MISSING.
T  INDICATES TRACE AMOUNT.




$$
