000
CDHW43 PHFO 260225
CLIITO


CLIMATE REPORT
NATIONAL WEATHER SERVICE HONOLULU HI
425 PM HST FRI JUL 25 2014


...................................

...THE HILO HI CLIMATE SUMMARY FOR JULY 25 2014...
VALID TODAY AS OF 0400 PM LOCAL TIME.

CLIMATE NORMAL PERIOD 1981 TO 2010
CLIMATE RECORD PERIOD 1946 TO 2014


WEATHER ITEM   OBSERVED TIME   RECORD YEAR NORMAL DEPARTURE LAST
                VALUE   (LST)  VALUE       VALUE  FROM      YEAR
                                                  NORMAL
..................................................................
TEMPERATURE (F)
 TODAY
  MAXIMUM         84    136 PM  89    2003  83      1       84
  MINIMUM         70    637 AM  63    1955  70      0       69
  AVERAGE         77                        76      1       77

PRECIPITATION (IN)
  TODAY            0.14          3.79 1966   0.37  -0.23     0.02
  MONTH TO DATE   15.82                      8.58   7.24     3.37
  SINCE JUN 1     22.39                     15.95   6.44     7.88
  SINCE JAN 1     70.13                     67.86   2.27    54.92

SNOWFALL (IN)
  TODAY            0.0
  MONTH TO DATE    0.0
  SINCE JUN 1      0.0
  SINCE JUL 1      0.0
  SNOW DEPTH       0

DEGREE DAYS
 HEATING
  TODAY            0                         0      0        0
  MONTH TO DATE    0                         0      0        0
  SINCE JUN 1      0                         0      0        0
  SINCE JUL 1      0                         0      0        0

 COOLING
  TODAY           12                        11      1       12
  MONTH TO DATE  265                       275    -10      301
  SINCE JUN 1    531                       581    -50      622
  SINCE JAN 1   1787                      1649    138     1775
..................................................................


WIND (MPH)
  HIGHEST WIND SPEED    15   HIGHEST WIND DIRECTION     E (80)
  HIGHEST GUST SPEED    20   HIGHEST GUST DIRECTION    NE (60)
  AVERAGE WIND SPEED     6.3


SKY COVER
  POSSIBLE SUNSHINE  MM
  AVERAGE SKY COVER 0.8


WEATHER CONDITIONS
 THE FOLLOWING WEATHER WAS RECORDED TODAY.
  LIGHT RAIN
  FOG


RELATIVE HUMIDITY (PERCENT)
 HIGHEST    97           300 AM
 LOWEST     65          1100 AM
 AVERAGE    81

..........................................................


THE HILO HI CLIMATE NORMALS FOR TOMORROW
                         NORMAL    RECORD    YEAR
 MAXIMUM TEMPERATURE (F)   83        89      2003
 MINIMUM TEMPERATURE (F)   70        64      2012
                                             1971
                                             1956


SUNRISE AND SUNSET
JULY 25 2014..........SUNRISE   554 AM HST   SUNSET   700 PM HST
JULY 26 2014..........SUNRISE   554 AM HST   SUNSET   659 PM HST


-  INDICATES NEGATIVE NUMBERS.
R  INDICATES RECORD WAS SET OR TIED.
MM INDICATES DATA IS MISSING.
T  INDICATES TRACE AMOUNT.




$$
