000
CDHW43 PHFO 290240
CLIITO


CLIMATE REPORT
NATIONAL WEATHER SERVICE HONOLULU HI
438 PM HST FRI APR 28 2017


...................................

...THE HILO HI CLIMATE SUMMARY FOR APRIL 28 2017...
VALID TODAY AS OF 0400 PM LOCAL TIME.

CLIMATE NORMAL PERIOD 1981 TO 2010
CLIMATE RECORD PERIOD 1946 TO 2017


WEATHER ITEM   OBSERVED TIME   RECORD YEAR NORMAL DEPARTURE LAST
                VALUE   (LST)  VALUE       VALUE  FROM      YEAR
                                                  NORMAL
..................................................................
TEMPERATURE (F)
 TODAY
  MAXIMUM         84    114 PM  87    1954  79      5       82
  MINIMUM         66    624 AM  60    1972  66      0       68
  AVERAGE         75                        73      2       75

PRECIPITATION (IN)
  TODAY            0.04          5.25 1989   0.33  -0.29     0.11
  MONTH TO DATE    4.22                     10.90  -6.68     9.12
  SINCE MAR 1      7.62                     24.33 -16.71    14.01
  SINCE JAN 1     26.11                     43.15 -17.04    18.58

SNOWFALL (IN)
  TODAY            0.0
  MONTH TO DATE    0.0
  SINCE MAR 1      0.0
  SINCE JUL 1      0.0
  SNOW DEPTH      MM

DEGREE DAYS
 HEATING
  TODAY            0                         0      0        0
  MONTH TO DATE    0                         0      0        0
  SINCE MAR 1      0                         0      0        0
  SINCE JUL 1      0                         0      0        0

 COOLING
  TODAY           10                         8      2       10
  MONTH TO DATE  264                       198     66      294
  SINCE MAR 1    566                       409    157      603
  SINCE JAN 1    975                       779    196     1167
..................................................................


WIND (MPH)
  HIGHEST WIND SPEED    16   HIGHEST WIND DIRECTION     S (170)
  HIGHEST GUST SPEED    21   HIGHEST GUST DIRECTION    SE (130)
  AVERAGE WIND SPEED    MM


SKY COVER
  POSSIBLE SUNSHINE  MM
  AVERAGE SKY COVER  MM


WEATHER CONDITIONS
 THE FOLLOWING WEATHER WAS RECORDED TODAY.
  FOG


RELATIVE HUMIDITY (PERCENT)
 HIGHEST    MM
 LOWEST     MM
 AVERAGE    MM

..........................................................


THE HILO HI CLIMATE NORMALS FOR TOMORROW
                         NORMAL    RECORD    YEAR
 MAXIMUM TEMPERATURE (F)   79        86      2010
                                             1954
 MINIMUM TEMPERATURE (F)   66        63      2003
                                             1985
                                             1976


SUNRISE AND SUNSET
APRIL 28 2017.........SUNRISE   553 AM HST   SUNSET   643 PM HST
APRIL 29 2017.........SUNRISE   552 AM HST   SUNSET   643 PM HST


-  INDICATES NEGATIVE NUMBERS.
R  INDICATES RECORD WAS SET OR TIED.
MM INDICATES DATA IS MISSING.
T  INDICATES TRACE AMOUNT.




$$
