000
CDHW43 PHFO 140245
CLIITO


CLIMATE REPORT
NATIONAL WEATHER SERVICE HONOLULU HI
444 PM HST WED DEC 13 2017


...................................

...THE HILO HI CLIMATE SUMMARY FOR DECEMBER 13 2017...
VALID TODAY AS OF 0400 PM LOCAL TIME.

CLIMATE NORMAL PERIOD 1981 TO 2010
CLIMATE RECORD PERIOD 1946 TO 2017


WEATHER ITEM   OBSERVED TIME   RECORD YEAR NORMAL DEPARTURE LAST
                VALUE   (LST)  VALUE       VALUE  FROM      YEAR
                                                  NORMAL
..................................................................
TEMPERATURE (F)
 TODAY
  MAXIMUM         76    219 PM  87    1995  79     -3       79
  MINIMUM         61    422 AM  60    1953  65     -4       67
  AVERAGE         69                        72     -3       73

PRECIPITATION (IN)
  TODAY            0.03          7.62 1987   0.41  -0.38     0.38
  MONTH TO DATE    3.26                      5.26  -2.00    12.68
  SINCE DEC 1      3.26                      5.26  -2.00    12.68
  SINCE JAN 1     98.51                    120.41 -21.90   120.68

SNOWFALL (IN)
  TODAY            0.0
  MONTH TO DATE    0.0
  SINCE DEC 1      0.0
  SINCE JUL 1      0.0
  SNOW DEPTH      MM

DEGREE DAYS
 HEATING
  TODAY            0                         0      0        0
  MONTH TO DATE    0                         0      0        0
  SINCE DEC 1      0                         0      0        0
  SINCE JUL 1      0                         0      0        0

 COOLING
  TODAY            4                         7     -3        8
  MONTH TO DATE   77                       100    -23      102
  SINCE DEC 1     77                       100    -23      102
  SINCE JAN 1   3462                      3107    355     3863
..................................................................


WIND (MPH)
  HIGHEST WIND SPEED    21   HIGHEST WIND DIRECTION     N (340)
  HIGHEST GUST SPEED    27   HIGHEST GUST DIRECTION     N (350)
  AVERAGE WIND SPEED    MM


SKY COVER
  POSSIBLE SUNSHINE  MM
  AVERAGE SKY COVER  MM


WEATHER CONDITIONS
 THE FOLLOWING WEATHER WAS RECORDED TODAY.
  FOG


RELATIVE HUMIDITY (PERCENT)
 HIGHEST    MM
 LOWEST     MM
 AVERAGE    MM

..........................................................


THE HILO HI CLIMATE NORMALS FOR TOMORROW
                         NORMAL    RECORD    YEAR
 MAXIMUM TEMPERATURE (F)   79        93      1980
 MINIMUM TEMPERATURE (F)   65        61      1989
                                             1953


SUNRISE AND SUNSET
DECEMBER 13 2017......SUNRISE   646 AM HST   SUNSET   543 PM HST
DECEMBER 14 2017......SUNRISE   647 AM HST   SUNSET   544 PM HST


-  INDICATES NEGATIVE NUMBERS.
R  INDICATES RECORD WAS SET OR TIED.
MM INDICATES DATA IS MISSING.
T  INDICATES TRACE AMOUNT.




$$
