000
CDHW43 PHFO 301245
CLIITO


CLIMATE REPORT
NATIONAL WEATHER SERVICE HONOLULU HI
245 AM HST MON MAY 30 2016


...................................

...THE HILO HI CLIMATE SUMMARY FOR MAY 29 2016...

CLIMATE NORMAL PERIOD 1981 TO 2010
CLIMATE RECORD PERIOD 1946 TO 2016


WEATHER ITEM   OBSERVED TIME   RECORD YEAR NORMAL DEPARTURE LAST
                VALUE   (LST)  VALUE       VALUE  FROM      YEAR
                                                  NORMAL
..................................................................
TEMPERATURE (F)
 YESTERDAY
  MAXIMUM         85    138 PM  89    1992  82      3       83
  MINIMUM         67    608 AM  64    2001  68     -1       68
                                      1998
                                      1977
  AVERAGE         76                        75      1       76

PRECIPITATION (IN)
  YESTERDAY        0.00          2.73 1987   0.21  -0.21     0.23
  MONTH TO DATE    5.21                      7.71  -2.50     7.43
  SINCE MAR 1     19.67                     32.68 -13.01    30.66
  SINCE JAN 1     24.24                     51.50 -27.26    38.75

SNOWFALL (IN)
  YESTERDAY        0.0
  MONTH TO DATE    0.0
  SINCE MAR 1      0.0
  SINCE JUL 1      0.0
  SNOW DEPTH       0

DEGREE DAYS
 HEATING
  YESTERDAY        0                         0      0        0
  MONTH TO DATE    0                         0      0        0
  SINCE MAR 1      0                         0      0        0
  SINCE JUL 1      0                         0      0        0

 COOLING
  YESTERDAY       11                        10      1       11
  MONTH TO DATE  333                       251     82      240
  SINCE MAR 1    959                       678    281      768
  SINCE JAN 1   1523                      1048    475     1294
..................................................................


WIND (MPH)
  HIGHEST WIND SPEED    14   HIGHEST WIND DIRECTION     E (110)
  HIGHEST GUST SPEED    17   HIGHEST GUST DIRECTION     E (90)
  AVERAGE WIND SPEED     6.4


SKY COVER
  POSSIBLE SUNSHINE  MM
  AVERAGE SKY COVER 0.3


WEATHER CONDITIONS
 THE FOLLOWING WEATHER WAS RECORDED YESTERDAY.
  NO SIGNIFICANT WEATHER WAS OBSERVED.


RELATIVE HUMIDITY (PERCENT)
 HIGHEST    84          1200 AM
 LOWEST     55          1200 PM
 AVERAGE    70

..........................................................


THE HILO HI CLIMATE NORMALS FOR TODAY
                         NORMAL    RECORD    YEAR
 MAXIMUM TEMPERATURE (F)   82        87      2007
                                             1992
                                             1980
 MINIMUM TEMPERATURE (F)   68        62      1964


SUNRISE AND SUNSET
MAY 30 2016...........SUNRISE   541 AM HST   SUNSET   655 PM HST
MAY 31 2016...........SUNRISE   541 AM HST   SUNSET   655 PM HST


-  INDICATES NEGATIVE NUMBERS.
R  INDICATES RECORD WAS SET OR TIED.
MM INDICATES DATA IS MISSING.
T  INDICATES TRACE AMOUNT.




$$
