833
CDHW43 PHFO 071245
CLIITO


CLIMATE REPORT
NATIONAL WEATHER SERVICE HONOLULU HI
245 AM HST SUN FEB 7 2016


...................................

...THE HILO HI CLIMATE SUMMARY FOR FEBRUARY 6 2016...

CLIMATE NORMAL PERIOD 1981 TO 2010
CLIMATE RECORD PERIOD 1946 TO 2016


WEATHER ITEM   OBSERVED TIME   RECORD YEAR NORMAL DEPARTURE LAST
                VALUE   (LST)  VALUE       VALUE  FROM      YEAR
                                                  NORMAL
..................................................................
TEMPERATURE (F)
 YESTERDAY
  MAXIMUM         85    225 PM  86    1960  79      6       81
  MINIMUM         64    719 AM  57    1978  63      1       66
  AVERAGE         75                        71      4       74

PRECIPITATION (IN)
  YESTERDAY        0.00          1.77 2013   0.33  -0.33     0.00
  MONTH TO DATE    0.90                      2.01  -1.11      T
  SINCE DEC 1     16.29                     22.84  -6.55     8.90
  SINCE JAN 1      2.19                     11.27  -9.08     2.80

SNOWFALL (IN)
  YESTERDAY        0.0
  MONTH TO DATE    0.0
  SINCE DEC 1      0.0
  SINCE JUL 1      0.0
  SNOW DEPTH       0

DEGREE DAYS
 HEATING
  YESTERDAY        0                         0      0        0
  MONTH TO DATE    0                         0      0        0
  SINCE DEC 1      0                         0      0        0
  SINCE JUL 1      0                         0      0        0

 COOLING
  YESTERDAY       10                         6      4        9
  MONTH TO DATE   58                        36     22       62
  SINCE DEC 1    651                       459    192      561
  SINCE JAN 1    345                       234    111      320
..................................................................


WIND (MPH)
  HIGHEST WIND SPEED    18   HIGHEST WIND DIRECTION     E (110)
  HIGHEST GUST SPEED    22   HIGHEST GUST DIRECTION     E (110)
  AVERAGE WIND SPEED     6.9


SKY COVER
  POSSIBLE SUNSHINE  MM
  AVERAGE SKY COVER 0.2


WEATHER CONDITIONS
 THE FOLLOWING WEATHER WAS RECORDED YESTERDAY.
  NO SIGNIFICANT WEATHER WAS OBSERVED.


RELATIVE HUMIDITY (PERCENT)
 HIGHEST    90          1000 PM
 LOWEST     54           900 AM
 AVERAGE    72

..........................................................


THE HILO HI CLIMATE NORMALS FOR TODAY
                         NORMAL    RECORD    YEAR
 MAXIMUM TEMPERATURE (F)   79        90      1968
 MINIMUM TEMPERATURE (F)   63        56      1954


SUNRISE AND SUNSET
FEBRUARY  7 2016......SUNRISE   653 AM HST   SUNSET   616 PM HST
FEBRUARY  8 2016......SUNRISE   653 AM HST   SUNSET   616 PM HST


-  INDICATES NEGATIVE NUMBERS.
R  INDICATES RECORD WAS SET OR TIED.
MM INDICATES DATA IS MISSING.
T  INDICATES TRACE AMOUNT.




$$
