000
CDHW43 PHFO 201245
CLIITO


CLIMATE REPORT
NATIONAL WEATHER SERVICE HONOLULU HI
245 AM HST WED AUG 20 2014


...................................

...THE HILO HI CLIMATE SUMMARY FOR AUGUST 19 2014...

CLIMATE NORMAL PERIOD 1981 TO 2010
CLIMATE RECORD PERIOD 1946 TO 2014


WEATHER ITEM   OBSERVED TIME   RECORD YEAR NORMAL DEPARTURE LAST
                VALUE   (LST)  VALUE       VALUE  FROM      YEAR
                                                  NORMAL
..................................................................
TEMPERATURE (F)
 YESTERDAY
  MAXIMUM         85    134 PM  88    1997  83      2       83
                                      1986
  MINIMUM         69    622 AM  66    1983  70     -1       67
                                      1963
  AVERAGE         77                        77      0       75

PRECIPITATION (IN)
  YESTERDAY        0.22          1.72 2005   0.31  -0.09     1.13
  MONTH TO DATE    7.57                      6.29   1.28     8.06
  SINCE JUN 1     30.13                     24.47   5.66    16.86
  SINCE JAN 1     77.87                     76.38   1.49    63.90

SNOWFALL (IN)
  YESTERDAY        0.0
  MONTH TO DATE    0.0
  SINCE JUN 1      0.0
  SINCE JUL 1      0.0
  SNOW DEPTH       0

DEGREE DAYS
 HEATING
  YESTERDAY        0                         0      0        0
  MONTH TO DATE    0                         0      0        0
  SINCE JUN 1      0                         0      0        0
  SINCE JUL 1      0                         0      0        0

 COOLING
  YESTERDAY       12                        11      1       10
  MONTH TO DATE  252                       209     43      220
  SINCE JUN 1    864                       858      6      922
  SINCE JAN 1   2120                      1926    194     2075
..................................................................


WIND (MPH)
  HIGHEST WIND SPEED    14   HIGHEST WIND DIRECTION    NE (40)
  HIGHEST GUST SPEED    17   HIGHEST GUST DIRECTION    NE (50)
  AVERAGE WIND SPEED     6.3


SKY COVER
  POSSIBLE SUNSHINE  MM
  AVERAGE SKY COVER 0.5


WEATHER CONDITIONS
 THE FOLLOWING WEATHER WAS RECORDED YESTERDAY.
  MIXED PRECIP
  HEAVY RAIN
  RAIN
  LIGHT RAIN
  FOG


RELATIVE HUMIDITY (PERCENT)
 HIGHEST    97           300 AM
 LOWEST     61          1200 PM
 AVERAGE    79

..........................................................


THE HILO HI CLIMATE NORMALS FOR TODAY
                         NORMAL    RECORD    YEAR
 MAXIMUM TEMPERATURE (F)   83        89      1963
 MINIMUM TEMPERATURE (F)   70        64      1983


SUNRISE AND SUNSET
AUGUST 20 2014........SUNRISE   602 AM HST   SUNSET   645 PM HST
AUGUST 21 2014........SUNRISE   602 AM HST   SUNSET   644 PM HST


-  INDICATES NEGATIVE NUMBERS.
R  INDICATES RECORD WAS SET OR TIED.
MM INDICATES DATA IS MISSING.
T  INDICATES TRACE AMOUNT.




$$
