000
CDUS43 KGLD 220748
CLIITR

CLIMATE REPORT
NATIONAL WEATHER SERVICE GOODLAND
1248 AM MST WED FEB 22 2017


...................................

...THE BURLINGTON CO CLIMATE SUMMARY FOR FEBRUARY 21 2017...

CLIMATE NORMAL PERIOD 1981 TO 2010
CLIMATE RECORD PERIOD 1896 TO 2017


WEATHER ITEM   OBSERVED TIME   RECORD YEAR NORMAL DEPARTURE LAST
                VALUE   (LST)  VALUE       VALUE  FROM      YEAR
                                                  NORMAL
..................................................................
TEMPERATURE (F)
 YESTERDAY
  MAXIMUM         77R   357 PM  72    2000  46     31       49
  MINIMUM         30    517 AM  -4    1911  19     11       27
  AVERAGE         54                        33     21       38

PRECIPITATION (IN)
  YESTERDAY        0.00                      0.01  -0.01     0.00
  MONTH TO DATE    T                         0.27  -0.27     0.80
  SINCE DEC 1      0.90                      1.08  -0.18     1.07
  SINCE JAN 1      0.56                      0.65  -0.09     0.81

..................................................................

THE BURLINGTON CO CLIMATE NORMALS FOR TODAY
                         NORMAL    RECORD    YEAR
 MAXIMUM TEMPERATURE (F)   46        76      1982
 MINIMUM TEMPERATURE (F)   19        -7      1913



-  INDICATES NEGATIVE NUMBERS.
R  INDICATES RECORD WAS SET OR TIED.
MM INDICATES DATA IS MISSING.
T  INDICATES TRACE AMOUNT.




$$
