000
CDUS43 KGLD 260747
CLIITR

CLIMATE REPORT
NATIONAL WEATHER SERVICE GOODLAND
147 AM MDT THU MAR 26 2015


...................................

...THE BURLINGTON CO CLIMATE SUMMARY FOR MARCH 25 2015...

CLIMATE NORMAL PERIOD 1981 TO 2010
CLIMATE RECORD PERIOD 1896 TO 2015


WEATHER ITEM   OBSERVED TIME   RECORD YEAR NORMAL DEPARTURE LAST
                VALUE   (LST)  VALUE       VALUE  FROM      YEAR
                                                  NORMAL
..................................................................
TEMPERATURE (F)
 YESTERDAY
  MAXIMUM         47   1245 AM  83    1998  57    -10       56
  MINIMUM         28   1149 PM  -2    2013  28      0       24
  AVERAGE         38                        42     -4       40

PRECIPITATION (IN)
  YESTERDAY        0.07                      0.02   0.05     0.00
  MONTH TO DATE    0.32                      0.68  -0.36     0.20
  SINCE MAR 1      0.32                      0.68  -0.36     0.20
  SINCE JAN 1      1.46                      1.48  -0.02     0.90

..................................................................

THE BURLINGTON CO CLIMATE NORMALS FOR TODAY
                         NORMAL    RECORD    YEAR
 MAXIMUM TEMPERATURE (F)   58        84      1998
 MINIMUM TEMPERATURE (F)   28        -1      1996



-  INDICATES NEGATIVE NUMBERS.
R  INDICATES RECORD WAS SET OR TIED.
MM INDICATES DATA IS MISSING.
T  INDICATES TRACE AMOUNT.




$$
