000
CDUS43 KGLD 040811
CLIITR

CLIMATE REPORT
NATIONAL WEATHER SERVICE GOODLAND
208 AM MDT FRI SEP 4 2015
...................................

...THE BURLINGTON CO CLIMATE SUMMARY FOR SEPTEMBER 3 2015...

CLIMATE NORMAL PERIOD 1981 TO 2010
CLIMATE RECORD PERIOD 1896 TO 2015

WEATHER ITEM   OBSERVED TIME   RECORD YEAR NORMAL DEPARTURE LAST
                VALUE   (LST)  VALUE       VALUE  FROM      YEAR
                                                  NORMAL
..................................................................
TEMPERATURE (F)
 YESTERDAY
  MAXIMUM         93   1211 PM 100    2014  83     10      100
                                      1960
  MINIMUM         57    224 AM  38    1974  53      4       64
  AVERAGE         75                        68      7       82

PRECIPITATION (IN)
  YESTERDAY        0.00                      0.05  -0.05     0.00
  MONTH TO DATE    0.00                      0.14  -0.14     0.00
  SINCE SEP 1      0.00                      0.14  -0.14     0.00
  SINCE JAN 1     19.46                     14.29   5.17     9.90

..................................................................

THE BURLINGTON CO CLIMATE NORMALS FOR TODAY
                         NORMAL    RECORD    YEAR
 MAXIMUM TEMPERATURE (F)   82        99      1960
 MINIMUM TEMPERATURE (F)   53        38      2008
                                             1961

-  INDICATES NEGATIVE NUMBERS.
R  INDICATES RECORD WAS SET OR TIED.
MM INDICATES DATA IS MISSING.
T  INDICATES TRACE AMOUNT.

$$
