000
CDUS44 KJAN 262313
CLIJAN


CLIMATE REPORT
NATIONAL WEATHER SERVICE JACKSON MS
504 PM CST THU FEB 26 2015


...................................

...THE JACKSON CLIMATE SUMMARY FOR FEBRUARY 26 2015...
VALID TODAY AS OF 0500 PM LOCAL TIME.

CLIMATE NORMAL PERIOD 1981 TO 2010
CLIMATE RECORD PERIOD 1896 TO 2015


WEATHER ITEM   OBSERVED TIME   RECORD YEAR NORMAL DEPARTURE LAST
                VALUE   (LST)  VALUE       VALUE  FROM      YEAR
                                                  NORMAL
..................................................................
TEMPERATURE (F)
 TODAY
  MAXIMUM         47    218 PM  83    1917  63    -16       52
  MINIMUM         33    525 AM  19    1974  41     -8       30
  AVERAGE         40                        52    -12       41

PRECIPITATION (IN)
  TODAY            0.00          2.52 1987   0.16  -0.16     0.15
  MONTH TO DATE    5.48                      4.43   1.05     5.44
  SINCE DEC 1     14.13                     14.55  -0.42    11.55
  SINCE JAN 1     10.20                      9.40   0.80     7.05

SNOWFALL (IN)
  TODAY            0.0           T    1942   0.0    0.0      0.0
  MONTH TO DATE    T                         0.1   -0.1       T
  SINCE DEC 1      T                         0.7   -0.7      0.8
  SINCE JUL 1      T                         0.7   -0.7      0.8

DEGREE DAYS
 HEATING
  TODAY           25                        13     12       24
  MONTH TO DATE  548                       412    136      435
  SINCE DEC 1   1583                      1556     27     1756
  SINCE JUL 1   2083                      1964    119     2218

 COOLING
  TODAY            0                         0      0        0
  MONTH TO DATE    0                         0      0        6
  SINCE DEC 1      2                        12    -10       18
  SINCE JAN 1      0                         4     -4        6
..................................................................


WIND (MPH)
  HIGHEST WIND SPEED    21   HIGHEST WIND DIRECTION    NW (330)
  HIGHEST GUST SPEED    24   HIGHEST GUST DIRECTION     N (350)
  AVERAGE WIND SPEED     9.0


SKY COVER
  POSSIBLE SUNSHINE  MM
  AVERAGE SKY COVER 0.9


WEATHER CONDITIONS
 THE FOLLOWING WEATHER WAS RECORDED TODAY.
  FOG


RELATIVE HUMIDITY (PERCENT)
 HIGHEST    96          1200 AM
 LOWEST     53           200 PM
 AVERAGE    75

..........................................................


THE JACKSON CLIMATE NORMALS FOR TOMORROW
                         NORMAL    RECORD    YEAR
 MAXIMUM TEMPERATURE (F)   64        86      1918
 MINIMUM TEMPERATURE (F)   41        21      2014
                                             1934


SUNRISE AND SUNSET
FEBRUARY 26 2015......SUNRISE   631 AM CST   SUNSET   555 PM CST
FEBRUARY 27 2015......SUNRISE   630 AM CST   SUNSET   556 PM CST


-  INDICATES NEGATIVE NUMBERS.
R  INDICATES RECORD WAS SET OR TIED.
MM INDICATES DATA IS MISSING.
T  INDICATES TRACE AMOUNT.

&&

AT 4 PM:

THE PEARL RIVER STAGE AT JACKSON WAS 26.3 FEET. THE RIVER HAS
RISEN 2.3 FEET OVER THE PAST 24 HOURS.

THE MISSISSIPPI RIVER STAGE AT VICKSBURG WAS 17.7 FEET. THE
RIVER HAS RISEN 0.6 FEET OVER THE PAST 24 HOURS.

THE AIR QUALITY INDEX AT JACKSON WAS 73...WHICH IS MODERATE.


$$
