000
CDUS44 KJAN 112212
CLIJAN


CLIMATE REPORT
NATIONAL WEATHER SERVICE JACKSON MS
410 PM CST THU FEB 11 2016


...................................

...THE JACKSON CLIMATE SUMMARY FOR FEBRUARY 11 2016...
VALID TODAY AS OF 0400 PM LOCAL TIME.

CLIMATE NORMAL PERIOD 1981 TO 2010
CLIMATE RECORD PERIOD 1896 TO 2016


WEATHER ITEM   OBSERVED TIME   RECORD YEAR NORMAL DEPARTURE LAST
                VALUE   (LST)  VALUE       VALUE  FROM      YEAR
                                                  NORMAL
..................................................................
TEMPERATURE (F)
 TODAY
  MAXIMUM         74    345 PM  84    1922  60     14       68
  MINIMUM         40    142 AM  18    2011  38      2       30
                                      1973
  AVERAGE         57                        48      9       49

PRECIPITATION (IN)
  TODAY            0.00          2.45 1965   0.17  -0.17     0.00
  MONTH TO DATE    5.15                      1.91   3.24     0.58
  SINCE DEC 1     14.39                     12.03   2.36     9.23
  SINCE JAN 1      8.52                      6.88   1.64     5.30

SNOWFALL (IN)
  TODAY            0.0           1.0  1963   0.0    0.0      0.0
  MONTH TO DATE    0.0                       0.1   -0.1      0.0
  SINCE DEC 1      T                         0.7   -0.7      0.0
  SINCE JUL 1      T                         0.7   -0.7      0.0

DEGREE DAYS
 HEATING
  TODAY            8                        17     -9       16
  MONTH TO DATE  181                       193    -12      191
  SINCE DEC 1   1018                      1337   -319     1226
  SINCE JUL 1   1210                      1745   -535     1726

 COOLING
  TODAY            0                         0      0        0
  MONTH TO DATE    5                         0      5        0
  SINCE DEC 1     74                        12     62        2
  SINCE JAN 1      5                         4      1        0
..................................................................


WIND (MPH)
  HIGHEST WIND SPEED    17   HIGHEST WIND DIRECTION     W (260)
  HIGHEST GUST SPEED    24   HIGHEST GUST DIRECTION     W (260)
  AVERAGE WIND SPEED     9.6


SKY COVER
  POSSIBLE SUNSHINE  MM
  AVERAGE SKY COVER 0.0


WEATHER CONDITIONS
 THE FOLLOWING WEATHER WAS RECORDED TODAY.
  NO SIGNIFICANT WEATHER WAS OBSERVED.


RELATIVE HUMIDITY (PERCENT)
 HIGHEST    82           700 AM
 LOWEST     29           300 PM
 AVERAGE    56

..........................................................


THE JACKSON CLIMATE NORMALS FOR TOMORROW
                         NORMAL    RECORD    YEAR
 MAXIMUM TEMPERATURE (F)   60        84      1922
 MINIMUM TEMPERATURE (F)   38        14      1968


SUNRISE AND SUNSET
FEBRUARY 11 2016......SUNRISE   647 AM CST   SUNSET   542 PM CST
FEBRUARY 12 2016......SUNRISE   646 AM CST   SUNSET   543 PM CST


-  INDICATES NEGATIVE NUMBERS.
R  INDICATES RECORD WAS SET OR TIED.
MM INDICATES DATA IS MISSING.
T  INDICATES TRACE AMOUNT.

&&

AT 4 PM:

THE PEARL RIVER STAGE AT JACKSON WAS 27.0 FEET. THE RIVER HAS
FALLEN 1.18 FEET OVER THE PAST 24 HOURS.

THE MISSISSIPPI RIVER STAGE AT VICKSBURG WAS 35.7 FEET. THE RIVER
HAS RISEN 0.5 FEET OVER THE PAST 24 HOURS.

THE AIR QUALITY INDEX AT JACKSON WAS 40...WHICH IS GOOD.


$$
