000
CDUS44 KJAN 010827
CLIJAN


CLIMATE REPORT
NATIONAL WEATHER SERVICE JACKSON MS
325 AM CDT SAT AUG 1 2015


...................................

...THE JACKSON CLIMATE SUMMARY FOR JULY 31 2015...

CLIMATE NORMAL PERIOD 1981 TO 2010
CLIMATE RECORD PERIOD 1896 TO 2015


WEATHER ITEM   OBSERVED TIME   RECORD YEAR NORMAL DEPARTURE LAST
                VALUE   (LST)  VALUE       VALUE  FROM      YEAR
                                                  NORMAL
..................................................................
TEMPERATURE (F)
 YESTERDAY
  MAXIMUM         96    354 PM 103    1930  92      4       85
                                      1896
  MINIMUM         74    558 AM  62    1897  72      2       69
  AVERAGE         85                        82      3       77

PRECIPITATION (IN)
  YESTERDAY        0.00          1.69 1975   0.15  -0.15      T
  MONTH TO DATE    1.49                      4.81  -3.32     2.14
  SINCE JUN 1      7.93                      8.93  -1.00     8.57
  SINCE JAN 1     36.21                     33.04   3.17    40.17

SNOWFALL (IN)
  YESTERDAY        0.0           0.0  2002   0.0    0.0      0.0
                                      2001
  MONTH TO DATE    0.0                       0.0    0.0      0.0
  SINCE JUN 1      0.0                       0.0    0.0      0.0
  SINCE JUL 1      0.0                       0.0    0.0      0.0

DEGREE DAYS
 HEATING
  YESTERDAY        0                         0      0        0
  MONTH TO DATE    0                         0      0        0
  SINCE JUN 1      0                         0      0        0
  SINCE JUL 1      0                         0      0        0

 COOLING
  YESTERDAY       20                        17      3       12
  MONTH TO DATE  618                       515    103      440
  SINCE JUN 1   1100                       937    163      883
  SINCE JAN 1   1553                      1295    258     1214
..................................................................


WIND (MPH)
  HIGHEST WIND SPEED    22   HIGHEST WIND DIRECTION     N (10)
  HIGHEST GUST SPEED    27   HIGHEST GUST DIRECTION    NE (50)
  AVERAGE WIND SPEED    10.4


SKY COVER
  POSSIBLE SUNSHINE  MM
  AVERAGE SKY COVER 0.0


WEATHER CONDITIONS
 THE FOLLOWING WEATHER WAS RECORDED YESTERDAY.
  NO SIGNIFICANT WEATHER WAS OBSERVED.


RELATIVE HUMIDITY (PERCENT)
 HIGHEST    73           500 AM
 LOWEST     22           400 PM
 AVERAGE    48

..........................................................


THE JACKSON CLIMATE NORMALS FOR TODAY
                         NORMAL    RECORD    YEAR
 MAXIMUM TEMPERATURE (F)   92       104      1896
 MINIMUM TEMPERATURE (F)   72        60      1965


SUNRISE AND SUNSET
AUGUST  1 2015........SUNRISE   615 AM CDT   SUNSET   758 PM CDT
AUGUST  2 2015........SUNRISE   616 AM CDT   SUNSET   757 PM CDT


-  INDICATES NEGATIVE NUMBERS.
R  INDICATES RECORD WAS SET OR TIED.
MM INDICATES DATA IS MISSING.
T  INDICATES TRACE AMOUNT.

AT 2 AM:

THE PEARL RIVER STAGE AT JACKSON WAS 3.5 FEET. THE RIVER STAGE HAS FALLEN
0.1 FEET OVER THE PAST 24 HOURS.

THE MISSISSIPPI RIVER STAGE AT VICKSBURG WAS 45.2 FEET. THE RIVER STAGE
HAS FALLEN 0.3 FEET OVER THE PAST 24 HOURS.



$$
