000
CDUS44 KJAN 260700
CLIJAN


CLIMATE REPORT
NATIONAL WEATHER SERVICE JACKSON MS
157 AM CDT WED JUL 26 2017


...................................

...THE JACKSON CLIMATE SUMMARY FOR JULY 25 2017...

CLIMATE NORMAL PERIOD 1981 TO 2010
CLIMATE RECORD PERIOD 1896 TO 2017


WEATHER ITEM   OBSERVED TIME   RECORD YEAR NORMAL DEPARTURE LAST
                VALUE   (LST)  VALUE       VALUE  FROM      YEAR
                                                  NORMAL
..................................................................
TEMPERATURE (F)
 YESTERDAY
  MAXIMUM         83    341 PM 103    1952  92     -9       95
  MINIMUM         73   1159 PM  61    1904  72      1       73
  AVERAGE         78                        82     -4       84

PRECIPITATION (IN)
  YESTERDAY        0.07          4.65 1975   0.16  -0.09     0.00
  MONTH TO DATE    6.68                      3.89   2.79     6.33
  SINCE JUN 1     15.10                      8.01   7.09     9.36
  SINCE JAN 1     46.59                     32.12  14.47    41.81

SNOWFALL (IN)
  YESTERDAY        0.0           0.0  2002   0.0    0.0      0.0
                                      2001
  MONTH TO DATE    0.0                       0.0    0.0      0.0
  SINCE JUN 1      0.0                       0.0    0.0      0.0
  SINCE JUL 1      0.0                       0.0    0.0      0.0

DEGREE DAYS
 HEATING
  YESTERDAY        0                         0      0        0
  MONTH TO DATE    0                         0      0        0
  SINCE JUN 1      0                         0      0        0
  SINCE JUL 1      0                         0      0        0

 COOLING
  YESTERDAY       13                        17     -4       19
  MONTH TO DATE  451                       418     33      495
  SINCE JUN 1    832                       840     -8     1011
  SINCE JAN 1   1328                      1198    130     1399
..................................................................


WIND (MPH)
  HIGHEST WIND SPEED    13   HIGHEST WIND DIRECTION    NW (310)
  HIGHEST GUST SPEED    17   HIGHEST GUST DIRECTION    NW (310)
  AVERAGE WIND SPEED     4.1


SKY COVER
  POSSIBLE SUNSHINE  MM
  AVERAGE SKY COVER 0.8


WEATHER CONDITIONS
 THE FOLLOWING WEATHER WAS RECORDED YESTERDAY.
  THUNDERSTORM
  LIGHT RAIN
  FOG


RELATIVE HUMIDITY (PERCENT)
 HIGHEST   100          1200 AM
 LOWEST     74           500 PM
 AVERAGE    87

..........................................................


THE JACKSON CLIMATE NORMALS FOR TODAY
                         NORMAL    RECORD    YEAR
 MAXIMUM TEMPERATURE (F)   92       101      1952
 MINIMUM TEMPERATURE (F)   72        58      1911


SUNRISE AND SUNSET
JULY 26 2017..........SUNRISE   611 AM CDT   SUNSET   802 PM CDT
JULY 27 2017..........SUNRISE   612 AM CDT   SUNSET   801 PM CDT


-  INDICATES NEGATIVE NUMBERS.
R  INDICATES RECORD WAS SET OR TIED.
MM INDICATES DATA IS MISSING.
T  INDICATES TRACE AMOUNT.

AT 2 AM:

THE PEARL RIVER STAGE AT JACKSON WAS 4.9 FEET. THE RIVER ROSE 0.3 FEET
OVER THE PAST 24 HOURS.

THE MISSISSIPPI RIVER STAGE AT VICKSBURG WAS 22.9 FEET. THE RIVER FELL 0.2 FEET OVER
THE PAST 24 HOURS.



$$
