000
CDUS44 KJAN 280726
CLIJAN


CLIMATE REPORT
NATIONAL WEATHER SERVICE JACKSON MS
224 AM CDT THU JUL 28 2016


...................................

...THE JACKSON CLIMATE SUMMARY FOR JULY 27 2016...

CLIMATE NORMAL PERIOD 1981 TO 2010
CLIMATE RECORD PERIOD 1896 TO 2016


WEATHER ITEM   OBSERVED TIME   RECORD YEAR NORMAL DEPARTURE LAST
                VALUE   (LST)  VALUE       VALUE  FROM      YEAR
                                                  NORMAL
..................................................................
TEMPERATURE (F)
 YESTERDAY
  MAXIMUM         85   1003 AM 103    1952  92     -7       98
  MINIMUM         74   1159 PM  58    1911  72      2       73
  AVERAGE         80                        82     -2       86

PRECIPITATION (IN)
  YESTERDAY        0.58          2.28 1950   0.15   0.43     0.00
  MONTH TO DATE    6.98                      4.20   2.78     1.39
  SINCE JUN 1     10.01                      8.32   1.69     7.83
  SINCE JAN 1     42.46                     32.43  10.03    36.11

SNOWFALL (IN)
  YESTERDAY        0.0           0.0  2002   0.0    0.0      0.0
                                      2001
  MONTH TO DATE    0.0                       0.0    0.0      0.0
  SINCE JUN 1      0.0                       0.0    0.0      0.0
  SINCE JUL 1      0.0                       0.0    0.0      0.0

DEGREE DAYS
 HEATING
  YESTERDAY        0                         0      0        0
  MONTH TO DATE    0                         0      0        0
  SINCE JUN 1      0                         0      0        0
  SINCE JUL 1      0                         0      0        0

 COOLING
  YESTERDAY       15                        17     -2       21
  MONTH TO DATE  529                       452     77      528
  SINCE JUN 1   1045                       874    171     1010
  SINCE JAN 1   1433                      1232    201     1463
..................................................................


WIND (MPH)
  HIGHEST WIND SPEED    16   HIGHEST WIND DIRECTION     S (200)
  HIGHEST GUST SPEED    22   HIGHEST GUST DIRECTION    SW (230)
  AVERAGE WIND SPEED     8.6


SKY COVER
  POSSIBLE SUNSHINE  MM
  AVERAGE SKY COVER 0.8


WEATHER CONDITIONS
 THE FOLLOWING WEATHER WAS RECORDED YESTERDAY.
  THUNDERSTORM
  HEAVY RAIN
  RAIN
  LIGHT RAIN
  FOG
  HAZE


RELATIVE HUMIDITY (PERCENT)
 HIGHEST    94           200 AM
 LOWEST     74          1000 AM
 AVERAGE    84

..........................................................


THE JACKSON CLIMATE NORMALS FOR TODAY
                         NORMAL    RECORD    YEAR
 MAXIMUM TEMPERATURE (F)   92       102      1930
 MINIMUM TEMPERATURE (F)   72        60      1911


SUNRISE AND SUNSET
JULY 28 2016..........SUNRISE   613 AM CDT   SUNSET   800 PM CDT
JULY 29 2016..........SUNRISE   613 AM CDT   SUNSET   800 PM CDT


-  INDICATES NEGATIVE NUMBERS.
R  INDICATES RECORD WAS SET OR TIED.
MM INDICATES DATA IS MISSING.
T  INDICATES TRACE AMOUNT.

&&

AT 2 AM:

THE PEARL RIVER STAGE AT JACKSON WAS 4.2 FEET. THE RIVER ROSE 0.5
FEET OVER THE PAST 24 HOURS.

THE MISSISSIPPI RIVER STAGE AT VICKSBURG WAS 18.0 FEET. THE RIVER
FELL 0.5 FEET OVER THE PAST 24 HOURS.

$$
