000
CDUS44 KJAN 202206
CLIJAN


CLIMATE REPORT
NATIONAL WEATHER SERVICE JACKSON MS
404 PM CST MON NOV 20 2017


...................................

...THE JACKSON CLIMATE SUMMARY FOR NOVEMBER 20 2017...
VALID TODAY AS OF 0400 PM LOCAL TIME.

CLIMATE NORMAL PERIOD 1981 TO 2010
CLIMATE RECORD PERIOD 1896 TO 2017


WEATHER ITEM   OBSERVED TIME   RECORD YEAR NORMAL DEPARTURE LAST
                VALUE   (LST)  VALUE       VALUE  FROM      YEAR
                                                  NORMAL
..................................................................
TEMPERATURE (F)
 TODAY
  MAXIMUM         58    156 PM  81    1933  66     -8       62
                                      1913
  MINIMUM         31    657 AM  21    1914  43    -12       29
  AVERAGE         45                        54     -9       46

PRECIPITATION (IN)
  TODAY            0.00          2.06 1973   0.18  -0.18     0.00
  MONTH TO DATE    0.94                      2.99  -2.05     0.70
  SINCE SEP 1      4.19                      9.94  -5.75     1.52
  SINCE JAN 1     58.08                     47.22  10.86    54.72

SNOWFALL (IN)
  TODAY            0.0           0.0    MM   0.0    0.0      0.0
  MONTH TO DATE    0.0                       0.0    0.0      0.0
  SINCE SEP 1      0.0                       0.0    0.0      0.0
  SINCE JUL 1      0.0                       0.0    0.0      0.0

DEGREE DAYS
 HEATING
  TODAY           20                        11      9       19
  MONTH TO DATE   84                       173    -89       93
  SINCE SEP 1    151                       280   -129      108
  SINCE JUL 1    151                       280   -129      108

 COOLING
  TODAY            0                         1     -1        0
  MONTH TO DATE   73                        21     52       29
  SINCE SEP 1    612                       453    159      725
  SINCE JAN 1   2537                      2252    285     2799
..................................................................


WIND (MPH)
  HIGHEST WIND SPEED     8   HIGHEST WIND DIRECTION    NE (40)
  HIGHEST GUST SPEED    11   HIGHEST GUST DIRECTION    NE (40)
  AVERAGE WIND SPEED     2.5


SKY COVER
  POSSIBLE SUNSHINE  MM
  AVERAGE SKY COVER 0.3


WEATHER CONDITIONS
 THE FOLLOWING WEATHER WAS RECORDED TODAY.
  NO SIGNIFICANT WEATHER WAS OBSERVED.


RELATIVE HUMIDITY (PERCENT)
 HIGHEST    92           700 AM
 LOWEST     33           200 PM
 AVERAGE    63

..........................................................


THE JACKSON CLIMATE NORMALS FOR TOMORROW
                         NORMAL    RECORD    YEAR
 MAXIMUM TEMPERATURE (F)   66        82      1913
                                             1909
                                             1900
 MINIMUM TEMPERATURE (F)   42        21      1937


SUNRISE AND SUNSET
NOVEMBER 20 2017......SUNRISE   634 AM CST   SUNSET   457 PM CST
NOVEMBER 21 2017......SUNRISE   635 AM CST   SUNSET   457 PM CST


-  INDICATES NEGATIVE NUMBERS.
R  INDICATES RECORD WAS SET OR TIED.
MM INDICATES DATA IS MISSING.
T  INDICATES TRACE AMOUNT.



AT 4 PM:

THE PEARL RIVER STAGE AT JACKSON WAS 3.6 FEET. THE RIVER HAS
REMAINED STEADY OVER THE PAST 24 HOURS.

THE MISSISSIPPI RIVER STAGE AT VICKSBURG WAS 22.1 FEET. THE RIVER
HAS FALLEN 0.8 FEET OVER THE PAST 24 HOURS.

THE AIR QUALITY INDEX IN JACKSON WAS 28...WHICH IS GOOD.

$$
