000
CDUS44 KJAN 240745
CLIJAN


CLIMATE REPORT
NATIONAL WEATHER SERVICE JACKSON MS
143 AM CST FRI FEB 24 2017


...................................

...THE JACKSON CLIMATE SUMMARY FOR FEBRUARY 23 2017...

CLIMATE NORMAL PERIOD 1981 TO 2010
CLIMATE RECORD PERIOD 1896 TO 2017


WEATHER ITEM   OBSERVED TIME   RECORD YEAR NORMAL DEPARTURE LAST
                VALUE   (LST)  VALUE       VALUE  FROM      YEAR
                                                  NORMAL
..................................................................
TEMPERATURE (F)
 YESTERDAY
  MAXIMUM         80    418 PM  84    2012  63     17       67
  MINIMUM         48    431 AM  17    1964  40      8       54
  AVERAGE         64                        52     12       61

PRECIPITATION (IN)
  YESTERDAY        0.00          3.26 1979   0.17  -0.17     0.69
  MONTH TO DATE    1.09                      3.95  -2.86     7.99
  SINCE DEC 1     14.73                     14.07   0.66    17.23
  SINCE JAN 1      8.99                      8.92   0.07    11.36

SNOWFALL (IN)
  YESTERDAY        0.0           4.0  1901   0.0    0.0      0.0
  MONTH TO DATE    0.0                       0.1   -0.1      0.0
  SINCE DEC 1      0.8                       0.7    0.1       T
  SINCE JUL 1      0.8                       0.7    0.1       T

DEGREE DAYS
 HEATING
  YESTERDAY        1                        14    -13        4
  MONTH TO DATE  157                       373   -216      277
  SINCE DEC 1    881                      1517   -636     1114
  SINCE JUL 1   1085                      1925   -840     1306

 COOLING
  YESTERDAY        0                         0      0        0
  MONTH TO DATE   22                         0     22        9
  SINCE DEC 1     75                        12     63       78
  SINCE JAN 1     45                         4     41        9
..................................................................


WIND (MPH)
  HIGHEST WIND SPEED    15   HIGHEST WIND DIRECTION     S (200)
  HIGHEST GUST SPEED    21   HIGHEST GUST DIRECTION     S (180)
  AVERAGE WIND SPEED     6.4


SKY COVER
  POSSIBLE SUNSHINE  MM
  AVERAGE SKY COVER 0.1


WEATHER CONDITIONS
 THE FOLLOWING WEATHER WAS RECORDED YESTERDAY.
  FOG


RELATIVE HUMIDITY (PERCENT)
 HIGHEST   100           100 AM
 LOWEST     45           300 PM
 AVERAGE    73

..........................................................


THE JACKSON CLIMATE NORMALS FOR TODAY
                         NORMAL    RECORD    YEAR
 MAXIMUM TEMPERATURE (F)   63        83      1927
                                             1918
 MINIMUM TEMPERATURE (F)   41        18      1968


SUNRISE AND SUNSET
FEBRUARY 24 2017......SUNRISE   633 AM CST   SUNSET   554 PM CST
FEBRUARY 25 2017......SUNRISE   632 AM CST   SUNSET   555 PM CST


-  INDICATES NEGATIVE NUMBERS.
R  INDICATES RECORD WAS SET OR TIED.
MM INDICATES DATA IS MISSING.
T  INDICATES TRACE AMOUNT.

&&

AT 1 AM:

THE PEARL RIVER STAGE AT JACKSON WAS 5.8 FEET. THE RIVER LEVEL FELL 0.6
FEET OVER THE PAST 24 HOURS.

THE MISSISSIPPI RIVER STAGE AT VICKSBURG WAS 21.0 FEET. THE RIVER LEVEL
FELL 0.2 FEET OVER THE PAST 24 HOURS.

$$
