000
CDUS44 KJAN 212115
CLIJAN


CLIMATE REPORT
NATIONAL WEATHER SERVICE JACKSON MS
412 PM CDT THU SEP 21 2017


...................................

...THE JACKSON CLIMATE SUMMARY FOR SEPTEMBER 21 2017...
VALID TODAY AS OF 0400 PM LOCAL TIME.

CLIMATE NORMAL PERIOD 1981 TO 2010
CLIMATE RECORD PERIOD 1896 TO 2017


WEATHER ITEM   OBSERVED TIME   RECORD YEAR NORMAL DEPARTURE LAST
                VALUE   (LST)  VALUE       VALUE  FROM      YEAR
                                                  NORMAL
..................................................................
TEMPERATURE (F)
 TODAY
  MAXIMUM         92    254 PM 105    1925  85      7       96
  MINIMUM         67    551 AM  43    1918  63      4       62
  AVERAGE         80                        74      6       79

PRECIPITATION (IN)
  TODAY            0.00          3.80 2013   0.10  -0.10     0.00
  MONTH TO DATE    1.16                      2.08  -0.92     0.28
  SINCE SEP 1      1.16                      2.08  -0.92     0.28
  SINCE JAN 1     55.05                     39.36  15.69    53.48

SNOWFALL (IN)
  TODAY            0.0           0.0  2002   0.0    0.0      0.0
                                      2001
  MONTH TO DATE    0.0                       0.0    0.0      0.0
  SINCE SEP 1      0.0                       0.0    0.0      0.0
  SINCE JUL 1      0.0                       0.0    0.0      0.0

DEGREE DAYS
 HEATING
  TODAY            0                         0      0        0
  MONTH TO DATE    2                         0      2        0
  SINCE SEP 1      2                         0      2        0
  SINCE JUL 1      2                         0      2        0

 COOLING
  TODAY           15                         9      6       14
  MONTH TO DATE  220                       257    -37      363
  SINCE SEP 1    220                       257    -37      363
  SINCE JAN 1   2145                      2056     89     2437
..................................................................


WIND (MPH)
  HIGHEST WIND SPEED     9   HIGHEST WIND DIRECTION    NE (40)
  HIGHEST GUST SPEED    12   HIGHEST GUST DIRECTION    NE (40)
  AVERAGE WIND SPEED     1.9


SKY COVER
  POSSIBLE SUNSHINE  MM
  AVERAGE SKY COVER 0.1


WEATHER CONDITIONS
 THE FOLLOWING WEATHER WAS RECORDED TODAY.
  FOG


RELATIVE HUMIDITY (PERCENT)
 HIGHEST   100           200 AM
 LOWEST     49           200 PM
 AVERAGE    75

..........................................................


THE JACKSON CLIMATE NORMALS FOR TOMORROW
                         NORMAL    RECORD    YEAR
 MAXIMUM TEMPERATURE (F)   85       101      1925
 MINIMUM TEMPERATURE (F)   62        41      1983


SUNRISE AND SUNSET
SEPTEMBER 21 2017.....SUNRISE   648 AM CDT   SUNSET   658 PM CDT
SEPTEMBER 22 2017.....SUNRISE   649 AM CDT   SUNSET   657 PM CDT


-  INDICATES NEGATIVE NUMBERS.
R  INDICATES RECORD WAS SET OR TIED.
MM INDICATES DATA IS MISSING.
T  INDICATES TRACE AMOUNT.


&&

AT 4 PM:

THE PEARL RIVER STAGE AT JACKSON WAS 4.2 FEET. THE RIVER HAS
RISEN 0.4 FEET OVER THE PAST 24 HOURS.

THE MISSISSIPPI RIVER STAGE AT VICKSBURG WAS 12.1 FEET. THE
RIVER HAS FALLEN 0.7 FEET OVER THE PAST 24 HOURS.

THE AIR QUALITY INDEX IN JACKSON WAS 48...WHICH IS GOOD.


$$
