000
CDUS44 KJAN 282213
CLIJAN


CLIMATE REPORT
NATIONAL WEATHER SERVICE JACKSON MS
412 PM CST SUN DEC 28 2014


...................................

...THE JACKSON CLIMATE SUMMARY FOR DECEMBER 28 2014...
VALID TODAY AS OF 0400 PM LOCAL TIME.

CLIMATE NORMAL PERIOD 1981 TO 2010
CLIMATE RECORD PERIOD 1896 TO 2014


WEATHER ITEM   OBSERVED TIME   RECORD YEAR NORMAL DEPARTURE LAST
                VALUE   (LST)  VALUE       VALUE  FROM      YEAR
                                                  NORMAL
..................................................................
TEMPERATURE (F)
 TODAY
  MAXIMUM         61    229 AM  76    1990  56      5       47
                                      1984
                                      1946
  MINIMUM         47    359 PM  13    1925  36     11       42
  AVERAGE         54                        46      8       45

PRECIPITATION (IN)
  TODAY            0.48          2.19 1915   0.14   0.34     0.83
  MONTH TO DATE    3.61                      4.71  -1.10     4.50
  SINCE DEC 1      3.61                      4.71  -1.10     4.50
  SINCE JAN 1     55.87                     53.70   2.17    64.26

SNOWFALL (IN)
  TODAY            0.0           T    1967   0.0    0.0      0.0
  MONTH TO DATE    0.0                       0.3   -0.3      0.0
  SINCE DEC 1      0.0                       0.3   -0.3      0.0
  SINCE JUL 1      0.0                       0.3   -0.3      0.0

DEGREE DAYS
 HEATING
  TODAY           11                        19     -8       20
  MONTH TO DATE  364                       483   -119      499
  SINCE DEC 1    364                       483   -119      499
  SINCE JUL 1    864                       891    -27      961

 COOLING
  TODAY            0                         0      0        0
  MONTH TO DATE    2                         0      2       12
  SINCE DEC 1      2                         0      2       12
  SINCE JAN 1   2285                      2253     32     2359
..................................................................


WIND (MPH)
  HIGHEST WIND SPEED    15   HIGHEST WIND DIRECTION     N (340)
  HIGHEST GUST SPEED    18   HIGHEST GUST DIRECTION    NW (320)
  AVERAGE WIND SPEED     7.4


SKY COVER
  POSSIBLE SUNSHINE  MM
  AVERAGE SKY COVER 0.9


WEATHER CONDITIONS
 THE FOLLOWING WEATHER WAS RECORDED TODAY.
  HEAVY RAIN
  RAIN
  LIGHT RAIN
  FOG


RELATIVE HUMIDITY (PERCENT)
 HIGHEST   100           100 AM
 LOWEST     93           300 AM
 AVERAGE    97

..........................................................


THE JACKSON CLIMATE NORMALS FOR TOMORROW
                         NORMAL    RECORD    YEAR
 MAXIMUM TEMPERATURE (F)   56        79      1990
                                             1984
 MINIMUM TEMPERATURE (F)   36        18      1995
                                             1983


SUNRISE AND SUNSET
DECEMBER 28 2014......SUNRISE   701 AM CST   SUNSET   503 PM CST
DECEMBER 29 2014......SUNRISE   701 AM CST   SUNSET   504 PM CST


-  INDICATES NEGATIVE NUMBERS.
R  INDICATES RECORD WAS SET OR TIED.
MM INDICATES DATA IS MISSING.
T  INDICATES TRACE AMOUNT.

&&

AT 4 PM:

THE PEARL RIVER STAGE AT JACKSON WAS 18.5 FEET. THE RIVER
HAS RISEN 7.3 FEET OVER THE PAST 24 HOURS.

THE MISSISSIPPI RIVER STAGE AT VICKSBURG WAS 14.8 FEET. THE
RIVER HAS REMAINED THE SAME OVER THE PAST 24 HOURS.

THE AIR QUALITY INDEX AT JACKSON WAS 18...WHICH IS GOOD.


$$
